[INFO] cloning repository https://github.com/wenhaozhao/rload
[INFO] running `Command { std: "git" "-c" "credential.helper=" "-c" "credential.helper=/workspace/cargo-home/bin/git-credential-null" "clone" "--bare" "https://github.com/wenhaozhao/rload" "/workspace/cache/git-repos/https%3A%2F%2Fgithub.com%2Fwenhaozhao%2Frload", kill_on_drop: false }`
[INFO] [stderr] Cloning into bare repository '/workspace/cache/git-repos/https%3A%2F%2Fgithub.com%2Fwenhaozhao%2Frload'...
[INFO] running `Command { std: "git" "rev-parse" "HEAD", kill_on_drop: false }`
[INFO] [stdout] 6c5ccfeba2680fbac7164cff4d64894c2d25d425
[INFO] testing wenhaozhao/rload against 1.99.0-beta.8+cargoflags=--release for beta-release-1.100-2
[INFO] running `Command { std: "git" "clone" "/workspace/cache/git-repos/https%3A%2F%2Fgithub.com%2Fwenhaozhao%2Frload" "/workspace/builds/worker-3-tc1/source", kill_on_drop: false }`
[INFO] [stderr] Cloning into '/workspace/builds/worker-3-tc1/source'...
[INFO] [stderr] done.
[INFO] started tweaking git repo https://github.com/wenhaozhao/rload
[INFO] finished tweaking git repo https://github.com/wenhaozhao/rload
[INFO] tweaked toml for git repo https://github.com/wenhaozhao/rload written to /workspace/builds/worker-3-tc1/source/Cargo.toml
[INFO] validating manifest of git repo https://github.com/wenhaozhao/rload on toolchain 1.99.0-beta.8
[INFO] running `Command { std: CARGO_HOME="/workspace/cargo-home" RUSTUP_HOME="/workspace/rustup-home" "/workspace/cargo-home/bin/cargo" "+1.99.0-beta.8" "metadata" "--manifest-path" "Cargo.toml" "--no-deps", kill_on_drop: false }`
[INFO] crate git repo https://github.com/wenhaozhao/rload already has a lockfile, it will not be regenerated
[INFO] running `Command { std: CARGO_HOME="/workspace/cargo-home" RUSTUP_HOME="/workspace/rustup-home" "/workspace/cargo-home/bin/cargo" "+1.99.0-beta.8" "fetch" "--manifest-path" "Cargo.toml", kill_on_drop: false }`
[INFO] [stderr]  Downloading crates ...
[INFO] [stderr]   Downloaded rcgen v0.14.8
[INFO] running `Command { std: "docker" "create" "-v" "/var/lib/crater-agent-workspace/builds/worker-3-tc1/source:/opt/rustwide/workdir:ro,Z" "-v" "/var/lib/crater-agent-workspace/builds/worker-3-tc1/target:/opt/rustwide/target:rw,Z" "-v" "/var/lib/crater-agent-workspace/cargo-home:/opt/rustwide/cargo-home:ro,Z" "-v" "/var/lib/crater-agent-workspace/rustup-home:/opt/rustwide/rustup-home:ro,Z" "-m" "1610612736" "--network" "none" "ghcr.io/rust-lang/crates-build-env/linux@sha256:77db811e55d90add9212f6832c23229e3de5f1c1f9905e8cb07319ea15df73ac" "sleep" "infinity", kill_on_drop: false }`
[INFO] [stdout] a738b55c337ddd8773746f1ae9ce4c2338271583b3f8875aa0f53f8ea906c127
[INFO] running `Command { std: "docker" "start" "a738b55c337ddd8773746f1ae9ce4c2338271583b3f8875aa0f53f8ea906c127", kill_on_drop: false }`
[INFO] running `Command { std: "docker" "inspect" "a738b55c337ddd8773746f1ae9ce4c2338271583b3f8875aa0f53f8ea906c127", kill_on_drop: false }`
[INFO] running `Command { std: "docker" "exec" "-e" "SOURCE_DIR=/opt/rustwide/workdir" "-e" "CARGO_HOME=/opt/rustwide/cargo-home" "-e" "RUSTUP_HOME=/opt/rustwide/rustup-home" "-e" "CARGO_TARGET_DIR=/opt/rustwide/target" "-w" "/opt/rustwide/workdir" "--user" "0:0" "a738b55c337ddd8773746f1ae9ce4c2338271583b3f8875aa0f53f8ea906c127" "/opt/rustwide/cargo-home/bin/cargo" "+1.99.0-beta.8" "metadata" "--no-deps" "--format-version=1", kill_on_drop: false }`
[INFO] running `Command { std: "docker" "inspect" "a738b55c337ddd8773746f1ae9ce4c2338271583b3f8875aa0f53f8ea906c127", kill_on_drop: false }`
[INFO] running `Command { std: "docker" "exec" "-e" "SOURCE_DIR=/opt/rustwide/workdir" "-e" "CARGO_HOME=/opt/rustwide/cargo-home" "-e" "RUSTUP_HOME=/opt/rustwide/rustup-home" "-e" "CARGO_TARGET_DIR=/opt/rustwide/target" "-e" "CARGO_INCREMENTAL=0" "-e" "RUST_BACKTRACE=full" "-e" "RUSTFLAGS=--cap-lints=warn" "-e" "RUSTDOCFLAGS=--cap-lints=warn" "-w" "/opt/rustwide/workdir" "--user" "0:0" "a738b55c337ddd8773746f1ae9ce4c2338271583b3f8875aa0f53f8ea906c127" "/opt/rustwide/cargo-home/bin/cargo" "+1.99.0-beta.8" "build" "--frozen" "--message-format=json" "--release", kill_on_drop: false }`
[INFO] [stderr]    Compiling libc v0.2.186
[INFO] [stderr]    Compiling proc-macro2 v1.0.106
[INFO] [stderr]    Compiling quote v1.0.46
[INFO] [stderr]    Compiling serde_core v1.0.228
[INFO] [stderr]    Compiling cc v1.2.66
[INFO] [stderr]    Compiling zeroize v1.9.0
[INFO] [stderr]    Compiling zmij v1.0.21
[INFO] [stderr]    Compiling serde v1.0.228
[INFO] [stderr]    Compiling rustls-pki-types v1.15.0
[INFO] [stderr]    Compiling serde_json v1.0.150
[INFO] [stderr]    Compiling rustls v0.23.41
[INFO] [stderr]    Compiling hashbrown v0.17.1
[INFO] [stderr]    Compiling log v0.4.33
[INFO] [stderr]    Compiling unsafe-libyaml v0.2.11
[INFO] [stderr]    Compiling ryu v1.0.23
[INFO] [stderr]    Compiling once_cell v1.21.4
[INFO] [stderr]    Compiling indexmap v2.14.0
[INFO] [stderr]    Compiling syn v2.0.118
[INFO] [stderr]    Compiling hdrhistogram v7.5.4
[INFO] [stderr]    Compiling webpki-roots v1.0.8
[INFO] [stderr]    Compiling chrono v0.4.45
[INFO] [stderr]    Compiling getrandom v0.2.17
[INFO] [stderr]    Compiling mio v1.2.1
[INFO] [stderr]    Compiling ring v0.17.14
[INFO] [stderr]    Compiling serde_derive v1.0.228
[INFO] [stderr]    Compiling serde_yaml v0.9.34+deprecated
[INFO] [stderr]    Compiling rustls-webpki v0.103.13
[INFO] [stderr]    Compiling rload v0.3.1 (/opt/rustwide/workdir)
[INFO] [stderr]     Finished `release` profile [optimized] target(s) in 1m 28s
[INFO] running `Command { std: "docker" "inspect" "a738b55c337ddd8773746f1ae9ce4c2338271583b3f8875aa0f53f8ea906c127", kill_on_drop: false }`
[INFO] running `Command { std: "docker" "exec" "-e" "SOURCE_DIR=/opt/rustwide/workdir" "-e" "CARGO_HOME=/opt/rustwide/cargo-home" "-e" "RUSTUP_HOME=/opt/rustwide/rustup-home" "-e" "CARGO_TARGET_DIR=/opt/rustwide/target" "-e" "CARGO_INCREMENTAL=0" "-e" "RUST_BACKTRACE=full" "-e" "RUSTFLAGS=--cap-lints=warn" "-e" "RUSTDOCFLAGS=--cap-lints=warn" "-w" "/opt/rustwide/workdir" "--user" "0:0" "a738b55c337ddd8773746f1ae9ce4c2338271583b3f8875aa0f53f8ea906c127" "/opt/rustwide/cargo-home/bin/cargo" "+1.99.0-beta.8" "test" "--frozen" "--no-run" "--message-format=json" "--release", kill_on_drop: false }`
[INFO] [stderr]    Compiling time-core v0.1.9
[INFO] [stderr]    Compiling num-conv v0.2.2
[INFO] [stderr]    Compiling deranged v0.5.8
[INFO] [stderr]    Compiling time v0.3.53
[INFO] [stderr]    Compiling yasna v0.6.0
[INFO] [stderr]    Compiling rcgen v0.14.8
[INFO] [stderr]    Compiling rload v0.3.1 (/opt/rustwide/workdir)
[INFO] [stderr]     Finished `release` profile [optimized] target(s) in 32.87s
[INFO] running `Command { std: "docker" "inspect" "a738b55c337ddd8773746f1ae9ce4c2338271583b3f8875aa0f53f8ea906c127", kill_on_drop: false }`
[INFO] running `Command { std: "docker" "exec" "-e" "SOURCE_DIR=/opt/rustwide/workdir" "-e" "CARGO_HOME=/opt/rustwide/cargo-home" "-e" "RUSTUP_HOME=/opt/rustwide/rustup-home" "-e" "CARGO_TARGET_DIR=/opt/rustwide/target" "-e" "CARGO_INCREMENTAL=0" "-e" "RUST_BACKTRACE=full" "-e" "RUSTFLAGS=--cap-lints=warn" "-e" "RUSTDOCFLAGS=--cap-lints=warn" "-w" "/opt/rustwide/workdir" "--user" "0:0" "a738b55c337ddd8773746f1ae9ce4c2338271583b3f8875aa0f53f8ea906c127" "/opt/rustwide/cargo-home/bin/cargo" "+1.99.0-beta.8" "test" "--frozen" "--release", kill_on_drop: false }`
[INFO] [stderr]     Finished `release` profile [optimized] target(s) in 0.06s
[INFO] [stderr]      Running unittests src/lib.rs (/opt/rustwide/target/release/deps/rload-8d304c5c3e3718f7)
[INFO] [stdout] 
[INFO] [stdout] running 43 tests
[INFO] [stdout] test access_log::tests::parses_nginx_local_time_with_fraction_and_offset ... ok
[INFO] [stdout] test assertions::tests::evaluates_count_and_error_metrics ... ok
[INFO] [stdout] test access_log::tests::skips_unsupported_methods ... ok
[INFO] [stdout] test metrics::tests::empty_histogram_has_no_summary_statistics ... ok
[INFO] [stdout] test metrics::tests::merged_uri_top_preserves_one_sided_error_bounds ... ok
[INFO] [stdout] test assertions::tests::validates_latency_units ... ok
[INFO] [stdout] test metrics::tests::merges_method_and_status_groups_consistently ... ok
[INFO] [stdout] test metrics::tests::socket_error_total_is_derived_after_merge ... ok
[INFO] [stdout] test metrics::tests::correction_matches_wrk_strict_interval_rule ... ok
[INFO] [stdout] test metrics::tests::rejects_invalid_percentiles ... ok
[INFO] [stdout] test metrics::tests::method_histograms_allocate_only_after_the_method_is_observed ... ok
[INFO] [stdout] test metrics::tests::uri_top_is_bounded_and_retains_the_heavy_hitter ... ok
[INFO] [stdout] test engine::tests::retries_next_address_when_tls_handshake_io_fails ... ok
[INFO] [stdout] test engine::tests::sends_https_requests_over_a_reused_verified_connection ... ok
[INFO] [stdout] test pacer::tests::does_not_accumulate_a_backlog_after_idle_time ... ok
[INFO] [stdout] test pacer::tests::stage_pacer_switches_rates_at_stage_boundaries ... ok
[INFO] [stdout] test pacer::tests::reserves_evenly_spaced_global_slots ... ok
[INFO] [stdout] test replay_filter::tests::method_and_uri_filters_form_an_intersection ... ok
[INFO] [stdout] test pacer::tests::timestamp_gaps_are_scaled_and_wrap_without_an_invented_gap ... ok
[INFO] [stdout] test replay_filter::tests::rejects_excessive_uri_pattern_work ... ok
[INFO] [stdout] test metrics::tests::merges_samples_and_overflow_counts ... ok
[INFO] [stdout] test replay_filter::tests::rejects_filter_that_excludes_every_request ... ok
[INFO] [stdout] test report::tests::rendering_is_deterministic_and_embeds_data ... ok
[INFO] [stdout] test request_file::tests::accepts_exported_application_log_fixture ... ok
[INFO] [stdout] test request_file::tests::appends_args_with_ampersand_to_existing_query ... ok
[INFO] [stdout] test request_file::tests::defaults_method_and_appends_args_while_ignoring_unknown_fields ... ok
[INFO] [stdout] test replay_filter::tests::glob_matches_literal_and_multiple_wildcards ... ok
[INFO] [stdout] test engine::tests::rejects_an_untrusted_https_certificate ... ok
[INFO] [stdout] test request_file::tests::ignores_business_time_fields_when_timestamp_pacing_is_disabled ... ok
[INFO] [stdout] test request_file::tests::materializes_default_and_schema_timestamp_fields_to_micros ... ok
[INFO] [stdout] test request_file::tests::preserves_or_normalizes_query_separators_by_uri_context ... ok
[INFO] [stdout] test request_file::tests::rejects_transfer_encoding_and_invalid_percent_escape ... ok
[INFO] [stdout] test request_file::tests::schema_fields_container_defaults_to_empty ... ok
[INFO] [stdout] test request_file::tests::skips_invalid_jsonl_records_and_counts_reasons ... ok
[INFO] [stdout] test request_sequence::tests::random_order_is_reproducible_with_a_seed ... ok
[INFO] [stdout] test request_sequence::tests::shuffle_covers_each_entry_once_per_round_and_repeats_with_seed ... ok
[INFO] [stdout] test request_file::tests::rejects_managed_headers_with_line_number ... ok
[INFO] [stdout] test target::tests::parses_https_default_port_and_server_name ... ok
[INFO] [stdout] test target::tests::parses_query_without_path_and_removes_fragment ... ok
[INFO] [stdout] test target::tests::rejects_invalid_bracketed_ipv6_suffix ... ok
[INFO] [stdout] test request_sequence::tests::shares_one_cyclic_cursor_across_threads ... ok
[INFO] [stdout] test request_file::tests::reports_explicit_timestamp_format_in_parse_error ... ok
[INFO] [stdout] test request_file::tests::rejects_oversized_record_before_json_parsing ... ok
[INFO] [stdout] 
[INFO] [stdout] test result: ok. 43 passed; 0 failed; 0 ignored; 0 measured; 0 filtered out; finished in 0.02s
[INFO] [stdout] 
[INFO] [stderr]      Running unittests src/main.rs (/opt/rustwide/target/release/deps/rload-b2676d077100f343)
[INFO] [stdout] 
[INFO] [stdout] running 1 test
[INFO] [stderr]      Running tests/cli.rs (/opt/rustwide/target/release/deps/cli-db5920351f672a2c)
[INFO] [stdout] test tests::duration_supports_wrk_time_units ... ok
[INFO] [stdout] 
[INFO] [stdout] test result: ok. 1 passed; 0 failed; 0 ignored; 0 measured; 0 filtered out; finished in 0.00s
[INFO] [stdout] 
[INFO] [stdout] 
[INFO] [stdout] running 57 tests
[INFO] [stdout] test cli_accepts_seeded_random_replay ... ok
[INFO] [stdout] test cli_applies_rate_stages_to_an_ordinary_custom_request ... ok
[INFO] [stdout] test cli_accepts_attached_request_count ... ok
[INFO] [stdout] test cli_extracts_nested_jsonl_fields_with_partial_schema_fallback ... ok
[INFO] [stdout] test cli_help_describes_version_and_generic_stages ... ok
[INFO] [stdout] test cli_filters_jsonl_replay_by_method_and_uri_glob ... ok
[INFO] [stdout] test cli_accepts_generic_stages_for_both_replay_inputs ... ok
[INFO] [stdout] test cli_help_reports_wrk_compatible_defaults ... ok
[INFO] [stdout] test cli_includes_profile_assertion_message_on_failure ... ok
[INFO] [stdout] test cli_loads_a_static_v1_profile ... ok
[INFO] [stdout] test cli_loads_an_access_log_replay_profile ... ok
[INFO] [stdout] test cli_outputs_machine_readable_json_summary ... ok
[INFO] [stdout] test cli_prints_opt_in_beauty_output_without_changing_default_mode ... ok
[INFO] [stdout] test cli_prints_version_without_requiring_a_target ... ok
[INFO] [stdout] test cli_rejects_attached_lua_script_options ... ok
[INFO] [stdout] test cli_rejects_beauty_with_json_output ... ok
[INFO] [stdout] test cli_rejects_explicit_empty_body_for_get_and_head ... ok
[INFO] [stdout] test cli_rejects_generic_stages_with_other_pacing_modes_in_any_order ... ok
[INFO] [stdout] test cli_rejects_invalid_replay_options ... ok
[INFO] [stdout] test cli_rejects_invalid_replay_stages ... ok
[INFO] [stdout] test cli_rejects_invalid_schema_and_round_combinations ... ok
[INFO] [stdout] test cli_accepts_wrk_timeout_and_latency_options ... ok
[INFO] [stdout] test cli_rejects_lua_script_option ... ok
[INFO] [stdout] test cli_rejects_multiple_replay_inputs ... ok
[INFO] [stdout] test cli_rejects_request_count_with_duration ... ok
[INFO] [stdout] test cli_rejects_stages_with_the_compatibility_alias ... ok
[INFO] [stdout] test cli_rejects_unknown_output_format ... ok
[INFO] [stdout] test cli_rejects_invalid_timestamp_replay_combinations ... ok
[INFO] [stdout] test cli_rejects_unknown_profile_fields_before_running ... ok
[INFO] [stdout] test cli_rejects_zero_connections_and_duration ... ok
[INFO] [stdout] test cli_replay_order_overrides_profile_order ... ok
[INFO] [stdout] test cli_replay_speed_overrides_timestamp_profile_pacing ... ok
[INFO] [stdout] test cli_replays_access_log_for_configured_rounds ... ok
[INFO] [stdout] test cli_replays_access_log_requests_in_order ... ok
[INFO] [stdout] test cli_applies_rate_stages_to_an_ordinary_request ... ok
[INFO] [stdout] test cli_replays_jsonl_post_with_headers_and_body ... ok
[INFO] [stdout] test cli_replays_access_log_with_scaled_timestamp_gaps ... ok
[INFO] [stdout] test cli_replays_the_filtered_sequence_for_configured_rounds ... ok
[INFO] [stdout] test cli_reports_connection_errors_and_succeeds_after_duration ... ok
[INFO] [stdout] test cli_returns_failure_for_invalid_http_response ... ok
[INFO] [stdout] test cli_applies_replay_rate_stages ... ok
[INFO] [stdout] test cli_replays_jsonl_with_schema_timestamp_gaps ... ok
[INFO] [stdout] test cli_seed_composes_with_profile_replay_order_for_jsonl ... ok
[INFO] [stdout] test cli_runs_with_connections_and_millisecond_duration ... ok
[INFO] [stdout] test cli_replays_jsonl_default_timestamps_without_schema ... ok
[INFO] [stdout] test cli_skips_unsupported_access_log_methods_and_reports_them ... ok
[INFO] [stdout] test cli_uses_curl_style_headers_and_joined_data ... ok
[INFO] [stdout] test cli_writes_configuration_failures_only_to_stderr ... ok
[INFO] [stdout] test line_ending_normalization_accepts_windows_fixtures ... ok
[INFO] [stdout] test cli_limits_replay_to_global_request_rate ... ok
[INFO] [stdout] test replay_pacing_does_not_block_duration_shutdown ... ok
[INFO] [stdout] test cli_sends_data_binary_without_text_conversion ... ok
[INFO] [stdout] test cli_seed_requires_a_replay_input ... ok
[INFO] [stdout] test cli_runs_http_load_and_prints_summary ... ok
[INFO] [stdout] test cli_keeps_nginx_replay_stage_rps_within_five_percent ... ok
[INFO] [stdout] test cli_keeps_ordinary_stage_rps_within_five_percent ... ok
[INFO] [stdout] test cli_keeps_jsonl_replay_stage_rps_within_five_percent ... ok
[INFO] [stderr]      Running tests/http_run.rs (/opt/rustwide/target/release/deps/http_run-216d5e8558792efd)
[INFO] [stdout] 
[INFO] [stdout] test result: ok. 57 passed; 0 failed; 0 ignored; 0 measured; 0 filtered out; finished in 30.03s
[INFO] [stdout] 
[INFO] [stdout] 
[INFO] [stdout] running 32 tests
[INFO] [stdout] test duration_run_does_not_recover_invalid_http_responses ... ok
[INFO] [stdout] test fixed_request_run_abandons_requests_after_connection_refusal ... ok
[INFO] [stdout] test request_file_api_accepts_timestamp_replay_without_schema ... ok
[INFO] [stdout] test fixed_request_run_abandons_request_after_recovery_budget_is_exhausted ... ok
[INFO] [stdout] test run_connects_to_loopback_server ... ok
[INFO] [stdout] test run_caps_connections_at_fixed_request_count ... ok
[INFO] [stdout] test run_counts_error_statuses ... ok
[INFO] [stdout] test run_counts_large_body_without_changing_protocol_behavior ... ok
[INFO] [stdout] test run_decodes_chunked_response_split_across_every_byte ... ok
[INFO] [stdout] test run_reads_body_delimited_by_connection_close ... ok
[INFO] [stdout] test run_reads_chunked_response_body ... ok
[INFO] [stdout] test run_distributes_uneven_request_count_and_merges_worker_metrics ... ok
[INFO] [stdout] test run_rejects_invalid_limits_connections_threads_and_timeout ... ok
[INFO] [stdout] test run_rejects_invalid_status_line ... ok
[INFO] [stdout] test run_rejects_oversized_chunk_extensions_and_trailers ... ok
[INFO] [stdout] test run_rejects_response_headers_larger_than_limit ... FAILED
[INFO] [stdout] test duration_run_reports_persistent_connection_refusals_without_failing ... ok
[INFO] [stdout] test run_reuses_connection_for_multiple_requests ... ok
[INFO] [stdout] test run_sends_request_and_records_content_length_response ... ok
[INFO] [stdout] test duration_run_drains_response_started_before_deadline ... ok
[INFO] [stdout] test run_uses_fixed_worker_threads_for_many_connections ... ok
[INFO] [stdout] test run_uses_multiple_connections_concurrently ... ok
[INFO] [stdout] test staged_request_apis_reject_invalid_profiles_before_network_io ... ok
[INFO] [stdout] test duration_run_isolates_one_failed_connection ... ok
[INFO] [stdout] test staged_request_apis_run_valid_profiles ... ok
[INFO] [stdout] test run_reconnects_after_http_1_0_response ... ok
[INFO] [stdout] test run_sends_requests_until_duration_expires ... ok
[INFO] [stdout] test duration_run_recovers_after_connection_drops_mid_request ... ok
[INFO] [stdout] test duration_run_reports_persistent_timeouts_without_failing ... ok
[INFO] [stdout] test run_times_out_unresponsive_request_near_configured_deadline ... ok
[INFO] [stdout] test timestamp_replay_reconnects_when_server_closes_an_idle_paced_connection ... ok
[INFO] [stderr] error: test failed, to rerun pass `--test http_run`
[INFO] [stdout] test duration_run_resumes_after_server_restart ... ok
[INFO] [stdout] 
[INFO] [stdout] failures:
[INFO] [stdout] 
[INFO] [stdout] ---- run_rejects_response_headers_larger_than_limit stdout ----
[INFO] [stdout] 
[INFO] [stdout] thread '<unnamed>' (1486) panicked at tests/http_run.rs:699:10:
[INFO] [stdout] called `Result::unwrap()` on an `Err` value: Os { code: 104, kind: ConnectionReset, message: "Connection reset by peer" }
[INFO] [stdout] stack backtrace:
[INFO] [stdout]    0:     0x5aa1d94000d1 - <<std[70759c8f55707aa4]::sys::backtrace::BacktraceLock>::print::DisplayBacktrace as core[df12db4294e9bfd3]::fmt::Display>::fmt
[INFO] [stdout]    1:     0x5aa1d9416eda - core[df12db4294e9bfd3]::fmt::write
[INFO] [stdout]    2:     0x5aa1d9404b8c - <alloc[2182bb758b4b3781]::vec::Vec<u8> as core[df12db4294e9bfd3]::io::write::Write>::write_fmt
[INFO] [stdout]    3:     0x5aa1d93dac16 - std[70759c8f55707aa4]::panicking::default_hook::{closure#0}
[INFO] [stdout]    4:     0x5aa1d93f78a9 - std[70759c8f55707aa4]::panicking::default_hook
[INFO] [stdout]    5:     0x5aa1d924c4d0 - test[9d35eded1c95d3be]::test_main_inner::<test[9d35eded1c95d3be]::test_main_static::{closure#0}>::{closure#0}
[INFO] [stdout]    6:     0x5aa1d93f7bd2 - std[70759c8f55707aa4]::panicking::panic_with_hook
[INFO] [stdout]    7:     0x5aa1d93dacc2 - std[70759c8f55707aa4]::panicking::panic_handler::{closure#0}
[INFO] [stdout]    8:     0x5aa1d93d3729 - std[70759c8f55707aa4]::sys::backtrace::__rust_end_short_backtrace::<std[70759c8f55707aa4]::panicking::panic_handler::{closure#0}, !>
[INFO] [stdout]    9:     0x5aa1d93dbaad - __rustc[8fa7c3cbc660c2b3]::rust_begin_unwind
[INFO] [stdout]   10:     0x5aa1d941760c - core[df12db4294e9bfd3]::panicking::panic_fmt
[INFO] [stdout]   11:     0x5aa1d94173e2 - core[df12db4294e9bfd3]::result::unwrap_failed
[INFO] [stdout]   12:     0x5aa1d923a751 - std[70759c8f55707aa4]::sys::backtrace::__rust_begin_short_backtrace::<http_run[7a600291ad8bde6c]::run_rejects_response_headers_larger_than_limit::{closure#0}, ()>
[INFO] [stdout]   13:     0x5aa1d922b8e6 - <std[70759c8f55707aa4]::thread::lifecycle::spawn_unchecked<http_run[7a600291ad8bde6c]::run_rejects_response_headers_larger_than_limit::{closure#0}, ()>::{closure#1} as core[df12db4294e9bfd3]::ops::function::FnOnce<()>>::call_once::{shim:vtable#0}
[INFO] [stdout]   14:     0x5aa1d93fee79 - <std[70759c8f55707aa4]::sys::thread::unix::Thread>::new::thread_start
[INFO] [stdout]   15:     0x7c337dfabdfa - <unknown>
[INFO] [stdout]   16:     0x7c337e03f3d4 - clone
[INFO] [stdout]   17:                0x0 - <unknown>
[INFO] [stdout] 
[INFO] [stdout] thread 'run_rejects_response_headers_larger_than_limit' (1485) panicked at tests/http_run.rs:714:19:
[INFO] [stdout] called `Result::unwrap()` on an `Err` value: Any { .. }
[INFO] [stdout] stack backtrace:
[INFO] [stdout]    0:     0x5aa1d94000d1 - <<std[70759c8f55707aa4]::sys::backtrace::BacktraceLock>::print::DisplayBacktrace as core[df12db4294e9bfd3]::fmt::Display>::fmt
[INFO] [stdout]    1:     0x5aa1d9416eda - core[df12db4294e9bfd3]::fmt::write
[INFO] [stdout]    2:     0x5aa1d9404b8c - <alloc[2182bb758b4b3781]::vec::Vec<u8> as core[df12db4294e9bfd3]::io::write::Write>::write_fmt
[INFO] [stdout]    3:     0x5aa1d93dac16 - std[70759c8f55707aa4]::panicking::default_hook::{closure#0}
[INFO] [stdout]    4:     0x5aa1d93f78a9 - std[70759c8f55707aa4]::panicking::default_hook
[INFO] [stdout]    5:     0x5aa1d924c4d0 - test[9d35eded1c95d3be]::test_main_inner::<test[9d35eded1c95d3be]::test_main_static::{closure#0}>::{closure#0}
[INFO] [stdout]    6:     0x5aa1d93f7bd2 - std[70759c8f55707aa4]::panicking::panic_with_hook
[INFO] [stdout]    7:     0x5aa1d93dacc2 - std[70759c8f55707aa4]::panicking::panic_handler::{closure#0}
[INFO] [stdout]    8:     0x5aa1d93d3729 - std[70759c8f55707aa4]::sys::backtrace::__rust_end_short_backtrace::<std[70759c8f55707aa4]::panicking::panic_handler::{closure#0}, !>
[INFO] [stdout]    9:     0x5aa1d93dbaad - __rustc[8fa7c3cbc660c2b3]::rust_begin_unwind
[INFO] [stdout]   10:     0x5aa1d941760c - core[df12db4294e9bfd3]::panicking::panic_fmt
[INFO] [stdout]   11:     0x5aa1d94173e2 - core[df12db4294e9bfd3]::result::unwrap_failed
[INFO] [stdout]   12:     0x5aa1d9232124 - <http_run[7a600291ad8bde6c]::run_rejects_response_headers_larger_than_limit::{closure#0} as core[df12db4294e9bfd3]::ops::function::FnOnce<()>>::call_once
[INFO] [stdout]   13:     0x5aa1d923f7bb - test[9d35eded1c95d3be]::__rust_begin_short_backtrace::<core[df12db4294e9bfd3]::result::Result<(), alloc[2182bb758b4b3781]::string::String>, fn() -> core[df12db4294e9bfd3]::result::Result<(), alloc[2182bb758b4b3781]::string::String>>
[INFO] [stdout]   14:     0x5aa1d924ce25 - test[9d35eded1c95d3be]::run_test::{closure#0}
[INFO] [stdout]   15:     0x5aa1d92466e4 - std[70759c8f55707aa4]::sys::backtrace::__rust_begin_short_backtrace::<test[9d35eded1c95d3be]::run_test::{closure#1}, ()>
[INFO] [stdout]   16:     0x5aa1d924ff82 - <std[70759c8f55707aa4]::thread::lifecycle::spawn_unchecked<test[9d35eded1c95d3be]::run_test::{closure#1}, ()>::{closure#1} as core[df12db4294e9bfd3]::ops::function::FnOnce<()>>::call_once::{shim:vtable#0}
[INFO] [stdout]   17:     0x5aa1d93fee79 - <std[70759c8f55707aa4]::sys::thread::unix::Thread>::new::thread_start
[INFO] [stdout]   18:     0x7c337dfabdfa - <unknown>
[INFO] [stdout]   19:     0x7c337e03f3d4 - clone
[INFO] [stdout]   20:                0x0 - <unknown>
[INFO] [stdout] 
[INFO] [stdout] 
[INFO] [stdout] failures:
[INFO] [stdout]     run_rejects_response_headers_larger_than_limit
[INFO] [stdout] 
[INFO] [stdout] test result: FAILED. 31 passed; 1 failed; 0 ignored; 0 measured; 0 filtered out; finished in 2.03s
[INFO] [stdout] 
[INFO] running `Command { std: "docker" "inspect" "a738b55c337ddd8773746f1ae9ce4c2338271583b3f8875aa0f53f8ea906c127", kill_on_drop: false }`
[INFO] running `Command { std: "docker" "rm" "-f" "a738b55c337ddd8773746f1ae9ce4c2338271583b3f8875aa0f53f8ea906c127", kill_on_drop: false }`
[INFO] [stdout] a738b55c337ddd8773746f1ae9ce4c2338271583b3f8875aa0f53f8ea906c127
