[INFO] cloning repository https://github.com/thezeeck/zek
[INFO] running `Command { std: "git" "-c" "credential.helper=" "-c" "credential.helper=/workspace/cargo-home/bin/git-credential-null" "clone" "--bare" "https://github.com/thezeeck/zek" "/workspace/cache/git-repos/https%3A%2F%2Fgithub.com%2Fthezeeck%2Fzek", kill_on_drop: false }`
[INFO] [stderr] Cloning into bare repository '/workspace/cache/git-repos/https%3A%2F%2Fgithub.com%2Fthezeeck%2Fzek'...
[INFO] running `Command { std: "git" "rev-parse" "HEAD", kill_on_drop: false }`
[INFO] [stdout] c2758ba241611a9d64f8a71738ba654141568d68
[INFO] testing thezeeck/zek against 1.99.0-beta.8+cargoflags=--release for beta-release-1.100-2
[INFO] running `Command { std: "git" "clone" "/workspace/cache/git-repos/https%3A%2F%2Fgithub.com%2Fthezeeck%2Fzek" "/workspace/builds/worker-2-tc1/source", kill_on_drop: false }`
[INFO] [stderr] Cloning into '/workspace/builds/worker-2-tc1/source'...
[INFO] [stderr] done.
[INFO] started tweaking git repo https://github.com/thezeeck/zek
[INFO] finished tweaking git repo https://github.com/thezeeck/zek
[INFO] tweaked toml for git repo https://github.com/thezeeck/zek written to /workspace/builds/worker-2-tc1/source/Cargo.toml
[INFO] validating manifest of git repo https://github.com/thezeeck/zek on toolchain 1.99.0-beta.8
[INFO] running `Command { std: CARGO_HOME="/workspace/cargo-home" RUSTUP_HOME="/workspace/rustup-home" "/workspace/cargo-home/bin/cargo" "+1.99.0-beta.8" "metadata" "--manifest-path" "Cargo.toml" "--no-deps", kill_on_drop: false }`
[INFO] crate git repo https://github.com/thezeeck/zek already has a lockfile, it will not be regenerated
[INFO] running `Command { std: CARGO_HOME="/workspace/cargo-home" RUSTUP_HOME="/workspace/rustup-home" "/workspace/cargo-home/bin/cargo" "+1.99.0-beta.8" "fetch" "--manifest-path" "Cargo.toml", kill_on_drop: false }`
[INFO] [stderr]  Downloading crates ...
[INFO] [stderr]   Downloaded clap_complete v4.6.9
[INFO] [stderr]   Downloaded libredox v0.1.21
[INFO] running `Command { std: "docker" "create" "-v" "/var/lib/crater-agent-workspace/builds/worker-2-tc1/source:/opt/rustwide/workdir:ro,Z" "-v" "/var/lib/crater-agent-workspace/builds/worker-2-tc1/target:/opt/rustwide/target:rw,Z" "-v" "/var/lib/crater-agent-workspace/cargo-home:/opt/rustwide/cargo-home:ro,Z" "-v" "/var/lib/crater-agent-workspace/rustup-home:/opt/rustwide/rustup-home:ro,Z" "-m" "1610612736" "--network" "none" "ghcr.io/rust-lang/crates-build-env/linux@sha256:77db811e55d90add9212f6832c23229e3de5f1c1f9905e8cb07319ea15df73ac" "sleep" "infinity", kill_on_drop: false }`
[INFO] [stdout] 6df012095d6e60e9dc89e0307cc68919ff906580a198e03763ff86fc0d80964d
[INFO] running `Command { std: "docker" "start" "6df012095d6e60e9dc89e0307cc68919ff906580a198e03763ff86fc0d80964d", kill_on_drop: false }`
[INFO] running `Command { std: "docker" "inspect" "6df012095d6e60e9dc89e0307cc68919ff906580a198e03763ff86fc0d80964d", kill_on_drop: false }`
[INFO] running `Command { std: "docker" "exec" "-e" "SOURCE_DIR=/opt/rustwide/workdir" "-e" "CARGO_HOME=/opt/rustwide/cargo-home" "-e" "RUSTUP_HOME=/opt/rustwide/rustup-home" "-e" "CARGO_TARGET_DIR=/opt/rustwide/target" "-w" "/opt/rustwide/workdir" "--user" "0:0" "6df012095d6e60e9dc89e0307cc68919ff906580a198e03763ff86fc0d80964d" "/opt/rustwide/cargo-home/bin/cargo" "+1.99.0-beta.8" "metadata" "--no-deps" "--format-version=1", kill_on_drop: false }`
[INFO] running `Command { std: "docker" "inspect" "6df012095d6e60e9dc89e0307cc68919ff906580a198e03763ff86fc0d80964d", kill_on_drop: false }`
[INFO] running `Command { std: "docker" "exec" "-e" "SOURCE_DIR=/opt/rustwide/workdir" "-e" "CARGO_HOME=/opt/rustwide/cargo-home" "-e" "RUSTUP_HOME=/opt/rustwide/rustup-home" "-e" "CARGO_TARGET_DIR=/opt/rustwide/target" "-e" "CARGO_INCREMENTAL=0" "-e" "RUST_BACKTRACE=full" "-e" "RUSTFLAGS=--cap-lints=warn" "-e" "RUSTDOCFLAGS=--cap-lints=warn" "-w" "/opt/rustwide/workdir" "--user" "0:0" "6df012095d6e60e9dc89e0307cc68919ff906580a198e03763ff86fc0d80964d" "/opt/rustwide/cargo-home/bin/cargo" "+1.99.0-beta.8" "build" "--frozen" "--message-format=json" "--release", kill_on_drop: false }`
[INFO] [stderr]    Compiling serde_core v1.0.229
[INFO] [stderr]    Compiling futures-core v0.3.34
[INFO] [stderr]    Compiling pest v2.9.0
[INFO] [stderr]    Compiling futures-sink v0.3.34
[INFO] [stderr]    Compiling futures-io v0.3.34
[INFO] [stderr]    Compiling futures-task v0.3.34
[INFO] [stderr]    Compiling syn v3.0.4
[INFO] [stderr]    Compiling syn v2.0.119
[INFO] [stderr]    Compiling num-traits v0.2.19
[INFO] [stderr]    Compiling hashbrown v0.17.1
[INFO] [stderr]    Compiling getrandom v0.4.3
[INFO] [stderr]    Compiling clap_builder v4.6.6
[INFO] [stderr]    Compiling dirs-sys v0.4.1
[INFO] [stderr]    Compiling mio v1.2.2
[INFO] [stderr]    Compiling anyhow v1.0.104
[INFO] [stderr]    Compiling futures-channel v0.3.34
[INFO] [stderr]    Compiling console v0.15.11
[INFO] [stderr]    Compiling tempfile v3.27.0
[INFO] [stderr]    Compiling zeroize v1.9.0
[INFO] [stderr]    Compiling directories v5.0.1
[INFO] [stderr]    Compiling colored v2.2.0
[INFO] [stderr]    Compiling indexmap v2.14.0
[INFO] [stderr]    Compiling chrono v0.4.45
[INFO] [stderr]    Compiling pest_meta v2.9.0
[INFO] [stderr]    Compiling thiserror-impl v1.0.69
[INFO] [stderr]    Compiling pest_generator v2.9.0
[INFO] [stderr]    Compiling futures-macro v0.3.34
[INFO] [stderr]    Compiling serde_derive v1.0.229
[INFO] [stderr]    Compiling clap_derive v4.6.4
[INFO] [stderr]    Compiling tokio-macros v2.7.2
[INFO] [stderr]    Compiling pest_derive v2.9.0
[INFO] [stderr]    Compiling thiserror v1.0.69
[INFO] [stderr]    Compiling dialoguer v0.11.0
[INFO] [stderr]    Compiling serde_json v1.0.151
[INFO] [stderr]    Compiling tokio v1.53.1
[INFO] [stderr]    Compiling futures-util v0.3.34
[INFO] [stderr]    Compiling clap v4.6.6
[INFO] [stderr]    Compiling clap_complete v4.6.9
[INFO] [stderr]    Compiling serde v1.0.229
[INFO] [stderr]    Compiling handlebars v5.1.2
[INFO] [stderr]    Compiling serde_yaml v0.9.34+deprecated
[INFO] [stderr]    Compiling futures-executor v0.3.34
[INFO] [stderr]    Compiling futures v0.3.34
[INFO] [stderr]    Compiling zek-core v0.2.2 (/opt/rustwide/workdir/zek-core)
[INFO] [stderr]    Compiling zek-cli v0.2.2 (/opt/rustwide/workdir/zek-cli)
[INFO] [stderr]     Finished `release` profile [optimized] target(s) in 1m 09s
[INFO] running `Command { std: "docker" "inspect" "6df012095d6e60e9dc89e0307cc68919ff906580a198e03763ff86fc0d80964d", kill_on_drop: false }`
[INFO] running `Command { std: "docker" "exec" "-e" "SOURCE_DIR=/opt/rustwide/workdir" "-e" "CARGO_HOME=/opt/rustwide/cargo-home" "-e" "RUSTUP_HOME=/opt/rustwide/rustup-home" "-e" "CARGO_TARGET_DIR=/opt/rustwide/target" "-e" "CARGO_INCREMENTAL=0" "-e" "RUST_BACKTRACE=full" "-e" "RUSTFLAGS=--cap-lints=warn" "-e" "RUSTDOCFLAGS=--cap-lints=warn" "-w" "/opt/rustwide/workdir" "--user" "0:0" "6df012095d6e60e9dc89e0307cc68919ff906580a198e03763ff86fc0d80964d" "/opt/rustwide/cargo-home/bin/cargo" "+1.99.0-beta.8" "test" "--frozen" "--no-run" "--message-format=json" "--release", kill_on_drop: false }`
[INFO] [stderr]    Compiling zek-core v0.2.2 (/opt/rustwide/workdir/zek-core)
[INFO] [stderr]    Compiling zek-cli v0.2.2 (/opt/rustwide/workdir/zek-cli)
[INFO] [stderr]     Finished `release` profile [optimized] target(s) in 44.32s
[INFO] running `Command { std: "docker" "inspect" "6df012095d6e60e9dc89e0307cc68919ff906580a198e03763ff86fc0d80964d", kill_on_drop: false }`
[INFO] running `Command { std: "docker" "exec" "-e" "SOURCE_DIR=/opt/rustwide/workdir" "-e" "CARGO_HOME=/opt/rustwide/cargo-home" "-e" "RUSTUP_HOME=/opt/rustwide/rustup-home" "-e" "CARGO_TARGET_DIR=/opt/rustwide/target" "-e" "CARGO_INCREMENTAL=0" "-e" "RUST_BACKTRACE=full" "-e" "RUSTFLAGS=--cap-lints=warn" "-e" "RUSTDOCFLAGS=--cap-lints=warn" "-w" "/opt/rustwide/workdir" "--user" "0:0" "6df012095d6e60e9dc89e0307cc68919ff906580a198e03763ff86fc0d80964d" "/opt/rustwide/cargo-home/bin/cargo" "+1.99.0-beta.8" "test" "--frozen" "--release", kill_on_drop: false }`
[INFO] [stderr]     Finished `release` profile [optimized] target(s) in 0.12s
[INFO] [stderr]      Running unittests src/main.rs (/opt/rustwide/target/release/deps/zek-dc5047f19c59de44)
[INFO] [stdout] 
[INFO] [stdout] running 5 tests
[INFO] [stdout] test commands::tests::ignora_argumentos_posicionales ... ok
[INFO] [stdout] test commands::tests::vars_replace_whole_values_and_reject_empty_keys ... ok
[INFO] [stdout] test commands::tests::parsea_clave_igual_valor ... ok
[INFO] [stdout] test commands::tests::parsea_clave_valor_y_flag ... ok
[INFO] [stdout] test commands::tests::vars_preserve_json_types_and_literal_text ... ok
[INFO] [stdout] 
[INFO] [stdout] test result: ok. 5 passed; 0 failed; 0 ignored; 0 measured; 0 filtered out; finished in 0.00s
[INFO] [stdout] 
[INFO] [stderr]      Running tests/test_confirmation.rs (/opt/rustwide/target/release/deps/test_confirmation-61152e1b38113e03)
[INFO] [stdout] 
[INFO] [stdout] running 1 test
[INFO] [stdout] test noninteractive_confirmation_does_not_execute_step ... ok
[INFO] [stdout] 
[INFO] [stdout] test result: ok. 1 passed; 0 failed; 0 ignored; 0 measured; 0 filtered out; finished in 0.09s
[INFO] [stdout] 
[INFO] [stderr]      Running tests/test_history_watch.rs (/opt/rustwide/target/release/deps/test_history_watch-e87fe82ae6f9df86)
[INFO] [stdout] 
[INFO] [stdout] running 4 tests
[INFO] [stdout] test cli_history_filters_and_logs_match_report_run_id ... ok
[INFO] [stdout] test global_timeout_is_distinct_from_interrupt_in_history ... ok
[INFO] [stdout] test watch_interrupt_kills_active_work_and_records_cancellation ... ok
[INFO] [stderr]      Running tests/test_planning.rs (/opt/rustwide/target/release/deps/test_planning-d86c2397dd3fd86c)
[INFO] [stdout] test watch_coalesces_active_changes_ignores_history_and_recovers_invalid_yaml ... ok
[INFO] [stdout] 
[INFO] [stdout] test result: ok. 4 passed; 0 failed; 0 ignored; 0 measured; 0 filtered out; finished in 1.76s
[INFO] [stdout] 
[INFO] [stdout] 
[INFO] [stdout] running 9 tests
[INFO] [stdout] test sequential_selection_can_read_outputs_of_selected_subflows ... ok
[INFO] [stdout] test partial_selection_checks_reusable_commands_and_nested_inputs_before_execution ... ok
[INFO] [stdout] test dag_partial_selection_can_read_scoped_child_outputs ... ok
[INFO] [stdout] test trailing_selection_flags_remain_flow_arguments ... ok
[INFO] [stdout] test graph_and_dry_run_never_execute_and_share_selected_nodes ... ok
[INFO] [stdout] test selection_diagnostics_follow_configured_language ... ok
[INFO] [stdout] test excluded_and_condition_skipped_are_separate_in_both_reports ... ok
[INFO] [stdout] test until_and_step_execute_only_selected_nodes_and_keep_cleanup ... ok
[INFO] [stdout] test invalid_selection_and_dependencies_fail_before_any_process ... ok
[INFO] [stdout] 
[INFO] [stdout] test result: ok. 9 passed; 0 failed; 0 ignored; 0 measured; 0 filtered out; finished in 0.11s
[INFO] [stdout] 
[INFO] [stderr]      Running tests/test_vars.rs (/opt/rustwide/target/release/deps/test_vars-0cab8e19d8f27186)
[INFO] [stdout] 
[INFO] [stdout] running 4 tests
[INFO] [stdout] test typed_cli_overrides_take_precedence_and_preserve_legacy_args ... ok
[INFO] [stdout] test trailing_var_stays_a_legacy_argument ... ok
[INFO] [stdout] test malformed_var_overrides_fail_before_execution_in_both_languages ... ok
[INFO] [stdout] test overrides_are_rejected_for_direct_commands_and_builtin_subcommands ... ok
[INFO] [stdout] 
[INFO] [stdout] test result: ok. 4 passed; 0 failed; 0 ignored; 0 measured; 0 filtered out; finished in 0.05s
[INFO] [stdout] 
[INFO] [stderr]      Running unittests src/lib.rs (/opt/rustwide/target/release/deps/zek_core-a7d0eccbdbbcff23)
[INFO] [stdout] 
[INFO] [stdout] running 109 tests
[INFO] [stdout] test commands::tests::from_str_parsea_y_defaults ... ok
[INFO] [stdout] test condition::tests::comparacion_numerica ... ok
[INFO] [stdout] test condition::tests::comparacion_de_cadenas ... ok
[INFO] [stdout] test condition::tests::logica_y_parentesis ... ok
[INFO] [stdout] test condition::tests::errores_de_sintaxis ... ok
[INFO] [stdout] test config::tests::config_dir_respeta_xdg_config_home ... ok
[INFO] [stdout] test commands::tests::load_all_indexa_por_nombre ... ok
[INFO] [stdout] test config::tests::from_str_parsea_yaml_valido ... ok
[INFO] [stdout] test config::tests::from_str_error_yaml_con_linea ... ok
[INFO] [stdout] test config::tests::from_str_error_tipo_incorrecto ... ok
[INFO] [stdout] test config::tests::find_project_config_desde_subdirectorio ... ok
[INFO] [stdout] test config::tests::apply_project_respeta_workdir_absoluto_y_language ... ok
[INFO] [stdout] test config::tests::find_project_config_devuelve_none_sin_archivo ... ok
[INFO] [stdout] test claude::tests::corre_claude_y_extrae_session_id ... ok
[INFO] [stdout] test condition::tests::valores_de_verdad ... ok
[INFO] [stdout] test commands::tests::load_all_rechaza_nombres_duplicados ... ok
[INFO] [stdout] test config::tests::apply_project_resuelve_workdir_relativo ... ok
[INFO] [stdout] test config::tests::config_dir_cae_en_home_config_sin_xdg ... ok
[INFO] [stdout] test config::tests::config_path_termina_en_config_yaml ... ok
[INFO] [stdout] test condition::tests::numeros_negativos ... ok
[INFO] [stdout] test config::tests::from_str_parsea_idioma ... ok
[INFO] [stdout] test config::tests::load_from_no_encontrado ... ok
[INFO] [stdout] test config::tests::save_to_crea_directorios_padre ... ok
[INFO] [stdout] test config::tests::project_config_parsea ... ok
[INFO] [stdout] test config::tests::validate_rechaza_workdir_inexistente ... ok
[INFO] [stdout] test context::tests::render_expande_steps_y_flow ... ok
[INFO] [stdout] test config::tests::save_to_y_load_from_roundtrip ... ok
[INFO] [stdout] test context::tests::lista_pasos_fallidos_en_orden ... ok
[INFO] [stdout] test context::tests::rastrea_targeted ... ok
[INFO] [stdout] test context::tests::render_resuelve_variable_faltante_a_vacio ... ok
[INFO] [stdout] test context::tests::guarda_y_recupera_resultados ... ok
[INFO] [stdout] test context::tests::render_expande_args ... ok
[INFO] [stdout] test config::tests::validate_detecta_carpeta_faltante ... ok
[INFO] [stdout] test config::tests::validate_rechaza_workdir_que_no_es_dir ... ok
[INFO] [stdout] test claude::tests::pasa_resume_cuando_hay_session_id ... ok
[INFO] [stdout] test exec::tests::captura_stderr ... ok
[INFO] [stdout] test exec::tests::captura_exit_code_de_fallo ... ok
[INFO] [stdout] test exec::tests::status_helpers ... ok
[INFO] [stdout] test exec::tests::ejecuta_comando_exitoso ... ok
[INFO] [stdout] test exec::tests::sobrescribe_entorno ... ok
[INFO] [stdout] test exec::tests::respeta_cwd ... ok
[INFO] [stdout] test execution::tests::env_se_injecta_en_comando ... ok
[INFO] [stderr] [31merror
[INFO] [stdout] hola
[INFO] [stdout] test execution::tests::end_termina_el_flujo ... ok
[INFO] [stdout] test execution::tests::continue_session_opencode_usa_sesion_anterior ... ok
[INFO] [stdout] test execution::tests::finally_corre_tras_stop ... ok
[INFO] [stdout] test exec::tests::streaming_captura_igual ... ok
[INFO] [stdout] test execution::tests::continue_session_usa_sesion_anterior ... FAILED
[INFO] [stdout] test execution::tests::args_se_renderizan_en_comandos ... ok
[INFO] [stdout] test execution::tests::entry_only_no_referenciado_se_salta ... ok
[INFO] [stdout] test execution::tests::finally_falla_y_tumba_el_flujo ... ok
[INFO] [stdout] test execution::tests::flujo_con_step_claude ... ok
[INFO] [stdout] test execution::tests::flujo_con_step_opencode ... ok
[INFO] [stdout] test execution::tests::flujo_simple_exitoso ... ok
[INFO] [stdout] test execution::tests::when_invalido_da_error ... ok
[INFO] [stdout] test execution::tests::env_referencia_var_de_proceso ... ok
[INFO] [stdout] test flows::tests::acepta_parallel_sin_acciones ... ok
[INFO] [stdout] test execution::tests::continue_avanza_con_fallo ... ok
[INFO] [stdout] test flows::tests::avisa_step_muerto ... ok
[INFO] [stdout] test flows::tests::detecta_ciclo_estatico ... ok
[INFO] [stdout] test flows::tests::error_incluye_numero_de_linea ... ok
[INFO] [stdout] test flows::tests::flujo_valido_sin_warnings ... ok
[INFO] [stdout] test flows::tests::load_all_indexa_por_nombre ... ok
[INFO] [stdout] test flows::tests::no_avisa_si_step_es_referenciado ... ok
[INFO] [stdout] test flows::tests::rechaza_finally_que_solapa_con_steps ... ok
[INFO] [stdout] test exec::tests::retries_respeta_limite ... ok
[INFO] [stdout] test execution::tests::stop_corta_el_flujo ... ok
[INFO] [stdout] test execution::tests::flow_step_invoca_otro_flujo ... ok
[INFO] [stdout] test flows::tests::referenced_commands_recolecta_todos ... ok
[INFO] [stdout] test flows::tests::rechaza_goto_a_si_mismo ... ok
[INFO] [stdout] test flows::tests::rechaza_goto_a_step_inexistente ... ok
[INFO] [stdout] test flows::tests::rechaza_nombres_duplicados ... ok
[INFO] [stdout] test execution::tests::parallel_falla_si_alguno_falla ... ok
[INFO] [stdout] test execution::tests::when_falso_salta_el_step ... ok
[INFO] [stdout] test execution::tests::resuelve_comando_nombrado ... ok
[INFO] [stdout] test flows::tests::referenced_flows_recolecta_todos ... ok
[INFO] [stdout] test exec::tests::retries_hasta_exito ... ok
[INFO] [stdout] test flows::tests::rechaza_goto_de_finally_hacia_steps ... ok
[INFO] [stdout] test flows::tests::rechaza_parallel_con_on_error ... ok
[INFO] [stdout] test execution::tests::goto_salta_a_otro_step ... ok
[INFO] [stdout] test execution::tests::parallel_corre_steps_concurrentes ... ok
[INFO] [stdout] test lang::tests::as_str_es_estable ... ok
[INFO] [stdout] test lang::tests::lenguaje_por_defecto_es_en ... ok
[INFO] [stdout] test lang::tests::parsea_codigos_de_idioma ... ok
[INFO] [stdout] test parser::tests::extrae_json_suelto ... ok
[INFO] [stdout] test step::tests::defaults_son_cero_y_sin_acciones ... ok
[INFO] [stdout] test parser::tests::parsea_json_crudo ... ok
[INFO] [stdout] test step::tests::on_error_goto ... ok
[INFO] [stdout] test parser::tests::parsea_json_valido ... ok
[INFO] [stdout] test step::tests::on_success_end ... ok
[INFO] [stdout] test parser::tests::sin_json_devuelve_none ... ok
[INFO] [stdout] test execution::tests::loop_infinito_se_aborta ... ok
[INFO] [stdout] test step::tests::effective_on_error_segun_scope ... ok
[INFO] [stdout] test step::tests::effective_respeta_valor_explicito ... ok
[INFO] [stdout] test step::tests::parsea_step_command_completo ... ok
[INFO] [stdout] test step::tests::goto_vacio_da_error ... ok
[INFO] [stdout] test parser::tests::extrae_fenced_block_json ... ok
[INFO] [stdout] test step::tests::on_error_invalido_da_error ... ok
[INFO] [stdout] test step::tests::parsea_step_opencode ... ok
[INFO] [stdout] test step::tests::parsea_step_claude ... ok
[INFO] [stdout] test util::tests::escapa_dolar_doble ... ok
[INFO] [stdout] test step::tests::parsea_step_flow_y_parallel ... ok
[INFO] [stdout] test util::tests::texto_sin_variables_no_cambia ... ok
[INFO] [stdout] test opencode::tests::corre_opencode_y_extrae_session_id ... ok
[INFO] [stdout] test util::tests::variable_no_definida_se_resuelve_a_vacio ... ok
[INFO] [stdout] test util::tests::expande_var_de_entorno ... ok
[INFO] [stdout] test opencode::tests::pasa_modelo_agente_y_sesion ... ok
[INFO] [stdout] test execution::tests::when_compara_exit_code ... ok
[INFO] [stdout] test execution::tests::reintenta_hasta_exito ... ok
[INFO] [stdout] test exec::tests::aplica_timeout ... ok
[INFO] [stdout] 
[INFO] [stdout] failures:
[INFO] [stdout] 
[INFO] [stdout] ---- execution::tests::continue_session_usa_sesion_anterior stdout ----
[INFO] [stdout] 
[INFO] [stdout] thread 'execution::tests::continue_session_usa_sesion_anterior' (3561) panicked at zek-core/src/execution.rs:1490:54:
[INFO] [stdout] called `Option::unwrap()` on a `None` value
[INFO] [stdout] stack backtrace:
[INFO] [stdout]    0:     0x5f7d381616d1 - <<std[70759c8f55707aa4]::sys::backtrace::BacktraceLock>::print::DisplayBacktrace as core[df12db4294e9bfd3]::fmt::Display>::fmt
[INFO] [stdout]    1:     0x5f7d38177e1a - core[df12db4294e9bfd3]::fmt::write
[INFO] [stdout]    2:     0x5f7d381660dc - <alloc[2182bb758b4b3781]::vec::Vec<u8> as core[df12db4294e9bfd3]::io::write::Write>::write_fmt
[INFO] [stdout]    3:     0x5f7d381398a6 - std[70759c8f55707aa4]::panicking::default_hook::{closure#0}
[INFO] [stdout]    4:     0x5f7d38157e69 - std[70759c8f55707aa4]::panicking::default_hook
[INFO] [stdout]    5:     0x5f7d38046050 - test[9d35eded1c95d3be]::test_main_inner::<test[9d35eded1c95d3be]::test_main_static::{closure#0}>::{closure#0}
[INFO] [stdout]    6:     0x5f7d38158192 - std[70759c8f55707aa4]::panicking::panic_with_hook
[INFO] [stdout]    7:     0x5f7d38139984 - std[70759c8f55707aa4]::panicking::panic_handler::{closure#0}
[INFO] [stdout]    8:     0x5f7d38132199 - std[70759c8f55707aa4]::sys::backtrace::__rust_end_short_backtrace::<std[70759c8f55707aa4]::panicking::panic_handler::{closure#0}, !>
[INFO] [stdout]    9:     0x5f7d3813a91d - __rustc[8fa7c3cbc660c2b3]::rust_begin_unwind
[INFO] [stdout]   10:     0x5f7d3817857c - core[df12db4294e9bfd3]::panicking::panic_fmt
[INFO] [stdout]   11:     0x5f7d38178542 - core[df12db4294e9bfd3]::panicking::panic
[INFO] [stdout]   12:     0x5f7d381782f9 - core[df12db4294e9bfd3]::option::unwrap_failed
[INFO] [stdout]   13:     0x5f7d37fe756c - zek_core[38a60f72320278b5]::execution::tests::continue_session_usa_sesion_anterior::{closure#0}
[INFO] [stdout]   14:     0x5f7d37f94013 - <tokio[63a5e2dac6c732f3]::runtime::scheduler::current_thread::Context>::enter::<core[df12db4294e9bfd3]::task::poll::Poll<()>, <tokio[63a5e2dac6c732f3]::runtime::scheduler::current_thread::CoreGuard>::block_on<core[df12db4294e9bfd3]::pin::Pin<&mut core[df12db4294e9bfd3]::pin::Pin<&mut dyn core[df12db4294e9bfd3]::future::future::Future<Output = ()>>>>::{closure#0}::{closure#0}>
[INFO] [stdout]   15:     0x5f7d380302cc - <tokio[63a5e2dac6c732f3]::runtime::context::scoped::Scoped<tokio[63a5e2dac6c732f3]::runtime::scheduler::Context>>::set::<<tokio[63a5e2dac6c732f3]::runtime::scheduler::current_thread::CoreGuard>::enter<<tokio[63a5e2dac6c732f3]::runtime::scheduler::current_thread::CoreGuard>::block_on<core[df12db4294e9bfd3]::pin::Pin<&mut core[df12db4294e9bfd3]::pin::Pin<&mut dyn core[df12db4294e9bfd3]::future::future::Future<Output = ()>>>>::{closure#0}, core[df12db4294e9bfd3]::option::Option<()>>::{closure#0}, (alloc[2182bb758b4b3781]::boxed::Box<tokio[63a5e2dac6c732f3]::runtime::scheduler::current_thread::Core>, core[df12db4294e9bfd3]::option::Option<()>)>
[INFO] [stdout]   16:     0x5f7d37f94337 - <tokio[63a5e2dac6c732f3]::runtime::scheduler::current_thread::CoreGuard>::block_on::<core[df12db4294e9bfd3]::pin::Pin<&mut core[df12db4294e9bfd3]::pin::Pin<&mut dyn core[df12db4294e9bfd3]::future::future::Future<Output = ()>>>>
[INFO] [stdout]   17:     0x5f7d37fce68d - tokio[63a5e2dac6c732f3]::runtime::context::runtime::enter_runtime::<<tokio[63a5e2dac6c732f3]::runtime::scheduler::current_thread::CurrentThread>::block_on<core[df12db4294e9bfd3]::pin::Pin<&mut dyn core[df12db4294e9bfd3]::future::future::Future<Output = ()>>>::{closure#0}, ()>
[INFO] [stdout]   18:     0x5f7d37fc83f3 - <tokio[63a5e2dac6c732f3]::runtime::runtime::Runtime>::block_on::<core[df12db4294e9bfd3]::pin::Pin<&mut dyn core[df12db4294e9bfd3]::future::future::Future<Output = ()>>>
[INFO] [stdout]   19:     0x5f7d37fea2bb - zek_core[38a60f72320278b5]::execution::tests::continue_session_usa_sesion_anterior
[INFO] [stdout]   20:     0x5f7d37ff6929 - <zek_core[38a60f72320278b5]::execution::tests::continue_session_usa_sesion_anterior::{closure#0} as core[df12db4294e9bfd3]::ops::function::FnOnce<()>>::call_once
[INFO] [stdout]   21:     0x5f7d3803933b - test[9d35eded1c95d3be]::__rust_begin_short_backtrace::<core[df12db4294e9bfd3]::result::Result<(), alloc[2182bb758b4b3781]::string::String>, fn() -> core[df12db4294e9bfd3]::result::Result<(), alloc[2182bb758b4b3781]::string::String>>
[INFO] [stdout]   22:     0x5f7d380469a5 - test[9d35eded1c95d3be]::run_test::{closure#0}
[INFO] [stdout]   23:     0x5f7d38040264 - std[70759c8f55707aa4]::sys::backtrace::__rust_begin_short_backtrace::<test[9d35eded1c95d3be]::run_test::{closure#1}, ()>
[INFO] [stdout]   24:     0x5f7d38049b02 - <std[70759c8f55707aa4]::thread::lifecycle::spawn_unchecked<test[9d35eded1c95d3be]::run_test::{closure#1}, ()>::{closure#1} as core[df12db4294e9bfd3]::ops::function::FnOnce<()>>::call_once::{shim:vtable#0}
[INFO] [stdout]   25:     0x5f7d38160719 - <std[70759c8f55707aa4]::sys::thread::unix::Thread>::new::thread_start
[INFO] [stdout]   26:     0x7feea7054dfa - <unknown>
[INFO] [stdout]   27:     0x7feea70e83d4 - clone
[INFO] [stdout]   28:                0x0 - <unknown>
[INFO] [stdout] 
[INFO] [stdout] 
[INFO] [stdout] failures:
[INFO] [stdout]     execution::tests::continue_session_usa_sesion_anterior
[INFO] [stdout] 
[INFO] [stdout] test result: FAILED. 108 passed; 1 failed; 0 ignored; 0 measured; 0 filtered out; finished in 0.23s
[INFO] [stdout] 
[INFO] [stderr] [0merror: test failed, to rerun pass `-p zek-core --lib`
[INFO] running `Command { std: "docker" "inspect" "6df012095d6e60e9dc89e0307cc68919ff906580a198e03763ff86fc0d80964d", kill_on_drop: false }`
[INFO] running `Command { std: "docker" "rm" "-f" "6df012095d6e60e9dc89e0307cc68919ff906580a198e03763ff86fc0d80964d", kill_on_drop: false }`
[INFO] [stdout] 6df012095d6e60e9dc89e0307cc68919ff906580a198e03763ff86fc0d80964d
