[INFO] cloning repository https://github.com/sergeyanton/Dead-Mans_Switch
[INFO] running `Command { std: "git" "-c" "credential.helper=" "-c" "credential.helper=/workspace/cargo-home/bin/git-credential-null" "clone" "--bare" "https://github.com/sergeyanton/Dead-Mans_Switch" "/workspace/cache/git-repos/https%3A%2F%2Fgithub.com%2Fsergeyanton%2FDead-Mans_Switch", kill_on_drop: false }`
[INFO] [stderr] Cloning into bare repository '/workspace/cache/git-repos/https%3A%2F%2Fgithub.com%2Fsergeyanton%2FDead-Mans_Switch'...
[INFO] running `Command { std: "git" "rev-parse" "HEAD", kill_on_drop: false }`
[INFO] [stdout] 00e58a9a276c7d303d4587cd084808535887faa9
[INFO] testing sergeyanton/Dead-Mans_Switch against 1.99.0-beta.8+cargoflags=--release for beta-release-1.100-2
[INFO] running `Command { std: "git" "clone" "/workspace/cache/git-repos/https%3A%2F%2Fgithub.com%2Fsergeyanton%2FDead-Mans_Switch" "/workspace/builds/worker-1-tc1/source", kill_on_drop: false }`
[INFO] [stderr] Cloning into '/workspace/builds/worker-1-tc1/source'...
[INFO] [stderr] done.
[INFO] started tweaking git repo https://github.com/sergeyanton/Dead-Mans_Switch
[INFO] finished tweaking git repo https://github.com/sergeyanton/Dead-Mans_Switch
[INFO] tweaked toml for git repo https://github.com/sergeyanton/Dead-Mans_Switch written to /workspace/builds/worker-1-tc1/source/Cargo.toml
[INFO] validating manifest of git repo https://github.com/sergeyanton/Dead-Mans_Switch on toolchain 1.99.0-beta.8
[INFO] running `Command { std: CARGO_HOME="/workspace/cargo-home" RUSTUP_HOME="/workspace/rustup-home" "/workspace/cargo-home/bin/cargo" "+1.99.0-beta.8" "metadata" "--manifest-path" "Cargo.toml" "--no-deps", kill_on_drop: false }`
[INFO] crate git repo https://github.com/sergeyanton/Dead-Mans_Switch already has a lockfile, it will not be regenerated
[INFO] running `Command { std: CARGO_HOME="/workspace/cargo-home" RUSTUP_HOME="/workspace/rustup-home" "/workspace/cargo-home/bin/cargo" "+1.99.0-beta.8" "fetch" "--manifest-path" "Cargo.toml", kill_on_drop: false }`
[INFO] [stderr] warning: profiles for the non root package will be ignored, specify profiles at the workspace root:
[INFO] [stderr] package:   /workspace/builds/worker-1-tc1/source/contract/Cargo.toml
[INFO] [stderr] workspace: /workspace/builds/worker-1-tc1/source/Cargo.toml
[INFO] [stderr] warning: virtual workspace defaulting to `resolver = "1"` despite one or more workspace members being on edition 2021 which implies `resolver = "2"`
[INFO] [stderr]   |
[INFO] [stderr]   = note: to keep the current resolver, specify `workspace.resolver = "1"` in the workspace root's manifest
[INFO] [stderr]   = note: to use the edition 2021 resolver, specify `workspace.resolver = "2"` in the workspace root's manifest
[INFO] [stderr]   = note: for more details see https://doc.rust-lang.org/cargo/reference/resolver.html#resolver-versions
[INFO] [stderr]     Updating crates.io index
[INFO] [stderr]     Updating git repository `https://github.com/scrtlabs/secret-toolkit`
[INFO] [stderr]  Downloading crates ...
[INFO] [stderr]   Downloaded secret-cosmwasm-storage v1.1.11
[INFO] [stderr]   Downloaded uint v0.9.5
[INFO] [stderr]   Downloaded serde-json-wasm v0.4.1
[INFO] [stderr]   Downloaded cosmwasm-schema-derive v1.5.11
[INFO] [stderr]   Downloaded dyn-clone v1.0.19
[INFO] [stderr]   Downloaded cosmwasm-schema v1.5.11
[INFO] [stderr]   Downloaded forward_ref v1.0.0
[INFO] [stderr]   Downloaded cosmwasm-derive v1.5.11
[INFO] [stderr]   Downloaded secret-cosmwasm-crypto v1.1.11
[INFO] [stderr]   Downloaded ed25519-zebra v3.1.0
[INFO] [stderr]   Downloaded remain v0.2.15
[INFO] [stderr]   Downloaded schemars_derive v0.8.22
[INFO] [stderr]   Downloaded ripemd v0.1.3
[INFO] [stderr]   Downloaded base64ct v1.7.3
[INFO] [stderr]   Downloaded bincode2 v2.0.1
[INFO] [stderr]   Downloaded schemars v0.8.22
[INFO] [stderr]   Downloaded secp256k1 v0.27.0
[INFO] [stderr]   Downloaded zerocopy-derive v0.8.25
[INFO] [stderr]   Downloaded secret-cosmwasm-std v1.1.11
[INFO] [stderr]   Downloaded k256 v0.11.6
[INFO] [stderr]   Downloaded syn v2.0.101
[INFO] [stderr]   Downloaded zerocopy v0.8.25
[INFO] [stderr]   Downloaded curve25519-dalek v3.2.0
[INFO] [stderr]   Downloaded secp256k1-sys v0.8.1
[INFO] running `Command { std: "docker" "create" "-v" "/var/lib/crater-agent-workspace/builds/worker-1-tc1/source:/opt/rustwide/workdir:ro,Z" "-v" "/var/lib/crater-agent-workspace/builds/worker-1-tc1/target:/opt/rustwide/target:rw,Z" "-v" "/var/lib/crater-agent-workspace/cargo-home:/opt/rustwide/cargo-home:ro,Z" "-v" "/var/lib/crater-agent-workspace/rustup-home:/opt/rustwide/rustup-home:ro,Z" "-m" "1610612736" "--network" "none" "ghcr.io/rust-lang/crates-build-env/linux@sha256:77db811e55d90add9212f6832c23229e3de5f1c1f9905e8cb07319ea15df73ac" "sleep" "infinity", kill_on_drop: false }`
[INFO] [stdout] 390a02b5060818ca4c77069de9cbed8091671e46b1eaf66819038c9e23b742d3
[INFO] running `Command { std: "docker" "start" "390a02b5060818ca4c77069de9cbed8091671e46b1eaf66819038c9e23b742d3", kill_on_drop: false }`
[INFO] running `Command { std: "docker" "inspect" "390a02b5060818ca4c77069de9cbed8091671e46b1eaf66819038c9e23b742d3", kill_on_drop: false }`
[INFO] running `Command { std: "docker" "exec" "-e" "SOURCE_DIR=/opt/rustwide/workdir" "-e" "CARGO_HOME=/opt/rustwide/cargo-home" "-e" "RUSTUP_HOME=/opt/rustwide/rustup-home" "-e" "CARGO_TARGET_DIR=/opt/rustwide/target" "-w" "/opt/rustwide/workdir" "--user" "0:0" "390a02b5060818ca4c77069de9cbed8091671e46b1eaf66819038c9e23b742d3" "/opt/rustwide/cargo-home/bin/cargo" "+1.99.0-beta.8" "metadata" "--no-deps" "--format-version=1", kill_on_drop: false }`
[INFO] running `Command { std: "docker" "inspect" "390a02b5060818ca4c77069de9cbed8091671e46b1eaf66819038c9e23b742d3", kill_on_drop: false }`
[INFO] running `Command { std: "docker" "exec" "-e" "SOURCE_DIR=/opt/rustwide/workdir" "-e" "CARGO_HOME=/opt/rustwide/cargo-home" "-e" "RUSTUP_HOME=/opt/rustwide/rustup-home" "-e" "CARGO_TARGET_DIR=/opt/rustwide/target" "-e" "CARGO_INCREMENTAL=0" "-e" "RUST_BACKTRACE=full" "-e" "RUSTFLAGS=--cap-lints=warn" "-e" "RUSTDOCFLAGS=--cap-lints=warn" "-w" "/opt/rustwide/workdir" "--user" "0:0" "390a02b5060818ca4c77069de9cbed8091671e46b1eaf66819038c9e23b742d3" "/opt/rustwide/cargo-home/bin/cargo" "+1.99.0-beta.8" "build" "--frozen" "--message-format=json" "--release", kill_on_drop: false }`
[INFO] [stderr] warning: profiles for the non root package will be ignored, specify profiles at the workspace root:
[INFO] [stderr] package:   /opt/rustwide/workdir/contract/Cargo.toml
[INFO] [stderr] workspace: /opt/rustwide/workdir/Cargo.toml
[INFO] [stderr] warning: virtual workspace defaulting to `resolver = "1"` despite one or more workspace members being on edition 2021 which implies `resolver = "2"`
[INFO] [stderr]   |
[INFO] [stderr]   = note: to keep the current resolver, specify `workspace.resolver = "1"` in the workspace root's manifest
[INFO] [stderr]   = note: to use the edition 2021 resolver, specify `workspace.resolver = "2"` in the workspace root's manifest
[INFO] [stderr]   = note: for more details see https://doc.rust-lang.org/cargo/reference/resolver.html#resolver-versions
[INFO] [stderr] warning: invalid feature `schema` in required-features of target `schema`: `schema` is not present in [features] section
[INFO] [stderr]    Compiling version_check v0.9.5
[INFO] [stderr]    Compiling typenum v1.18.0
[INFO] [stderr]    Compiling proc-macro2 v1.0.95
[INFO] [stderr]    Compiling unicode-ident v1.0.18
[INFO] [stderr]    Compiling libc v0.2.172
[INFO] [stderr]    Compiling subtle v2.6.1
[INFO] [stderr]    Compiling cfg-if v1.0.0
[INFO] [stderr]    Compiling zeroize v1.8.1
[INFO] [stderr]    Compiling serde v1.0.219
[INFO] [stderr]    Compiling const-oid v0.9.6
[INFO] [stderr]    Compiling base64ct v1.7.3
[INFO] [stderr]    Compiling syn v1.0.109
[INFO] [stderr]    Compiling byteorder v1.5.0
[INFO] [stderr]    Compiling base16ct v0.1.1
[INFO] [stderr]    Compiling cpufeatures v0.2.17
[INFO] [stderr]    Compiling serde_json v1.0.140
[INFO] [stderr]    Compiling once_cell v1.21.3
[INFO] [stderr]    Compiling thiserror v1.0.69
[INFO] [stderr]    Compiling schemars v0.8.22
[INFO] [stderr]    Compiling ryu v1.0.20
[INFO] [stderr]    Compiling rand_core v0.5.1
[INFO] [stderr]    Compiling memchr v2.7.4
[INFO] [stderr]    Compiling itoa v1.0.15
[INFO] [stderr]    Compiling generic-array v0.14.7
[INFO] [stderr]    Compiling ahash v0.7.8
[INFO] [stderr]    Compiling der v0.6.1
[INFO] [stderr]    Compiling hex v0.4.3
[INFO] [stderr]    Compiling crunchy v0.2.3
[INFO] [stderr]    Compiling opaque-debug v0.3.1
[INFO] [stderr]    Compiling dyn-clone v1.0.19
[INFO] [stderr]    Compiling static_assertions v1.1.0
[INFO] [stderr]    Compiling base64 v0.13.1
[INFO] [stderr]    Compiling forward_ref v1.0.0
[INFO] [stderr]    Compiling zerocopy v0.8.25
[INFO] [stderr]    Compiling cc v1.1.10
[INFO] [stderr]    Compiling bech32 v0.9.1
[INFO] [stderr]    Compiling uint v0.9.5
[INFO] [stderr]    Compiling quote v1.0.40
[INFO] [stderr]    Compiling syn v2.0.101
[INFO] [stderr]    Compiling getrandom v0.2.16
[INFO] [stderr]    Compiling secp256k1-sys v0.8.1
[INFO] [stderr]    Compiling rand_core v0.6.4
[INFO] [stderr]    Compiling spki v0.6.0
[INFO] [stderr]    Compiling block-buffer v0.10.4
[INFO] [stderr]    Compiling crypto-common v0.1.6
[INFO] [stderr]    Compiling digest v0.9.0
[INFO] [stderr]    Compiling crypto-bigint v0.4.9
[INFO] [stderr]    Compiling ff v0.12.1
[INFO] [stderr]    Compiling block-buffer v0.9.0
[INFO] [stderr]    Compiling curve25519-dalek v3.2.0
[INFO] [stderr]    Compiling digest v0.10.7
[INFO] [stderr]    Compiling pkcs8 v0.9.0
[INFO] [stderr]    Compiling group v0.12.1
[INFO] [stderr]    Compiling sha2 v0.9.9
[INFO] [stderr]    Compiling hashbrown v0.12.3
[INFO] [stderr]    Compiling hmac v0.12.1
[INFO] [stderr]    Compiling sec1 v0.3.0
[INFO] [stderr]    Compiling signature v1.6.4
[INFO] [stderr]    Compiling sha2 v0.10.9
[INFO] [stderr]    Compiling hkdf v0.12.4
[INFO] [stderr]    Compiling ripemd v0.1.3
[INFO] [stderr]    Compiling elliptic-curve v0.12.3
[INFO] [stderr]    Compiling rfc6979 v0.3.1
[INFO] [stderr]    Compiling ppv-lite86 v0.2.21
[INFO] [stderr]    Compiling ecdsa v0.14.8
[INFO] [stderr]    Compiling rand_chacha v0.3.1
[INFO] [stderr]    Compiling k256 v0.11.6
[INFO] [stderr]    Compiling serde_derive_internals v0.29.1
[INFO] [stderr]    Compiling cosmwasm-derive v1.5.11
[INFO] [stderr]    Compiling derivative v2.2.0
[INFO] [stderr]    Compiling cosmwasm-schema-derive v1.5.11
[INFO] [stderr]    Compiling serde_derive v1.0.219
[INFO] [stderr]    Compiling thiserror-impl v1.0.69
[INFO] [stderr]    Compiling remain v0.2.15
[INFO] [stderr]    Compiling schemars_derive v0.8.22
[INFO] [stderr]    Compiling secp256k1 v0.27.0
[INFO] [stderr]    Compiling ed25519-zebra v3.1.0
[INFO] [stderr]    Compiling serde-json-wasm v0.4.1
[INFO] [stderr]    Compiling bincode2 v2.0.1
[INFO] [stderr]    Compiling secret-cosmwasm-crypto v1.1.11
[INFO] [stderr]    Compiling secret-cosmwasm-std v1.1.11
[INFO] [stderr]    Compiling cosmwasm-schema v1.5.11
[INFO] [stderr]    Compiling secret-cosmwasm-storage v1.1.11
[INFO] [stderr]    Compiling secret-toolkit-crypto v0.10.2 (https://github.com/scrtlabs/secret-toolkit?tag=v0.10.3#cc089ba2)
[INFO] [stderr]    Compiling secret-toolkit-serialization v0.10.2 (https://github.com/scrtlabs/secret-toolkit?tag=v0.10.3#cc089ba2)
[INFO] [stderr]    Compiling secret-toolkit-permit v0.10.2 (https://github.com/scrtlabs/secret-toolkit?tag=v0.10.3#cc089ba2)
[INFO] [stderr]    Compiling secret-toolkit-utils v0.10.2 (https://github.com/scrtlabs/secret-toolkit?tag=v0.10.3#cc089ba2)
[INFO] [stderr]    Compiling secret-toolkit-storage v0.10.2 (https://github.com/scrtlabs/secret-toolkit?tag=v0.10.3#cc089ba2)
[INFO] [stderr]    Compiling secret-toolkit-snip721 v0.10.2 (https://github.com/scrtlabs/secret-toolkit?tag=v0.10.3#cc089ba2)
[INFO] [stderr]    Compiling secret-toolkit-snip20 v0.10.2 (https://github.com/scrtlabs/secret-toolkit?tag=v0.10.3#cc089ba2)
[INFO] [stderr]    Compiling secret-toolkit v0.10.2 (https://github.com/scrtlabs/secret-toolkit?tag=v0.10.3#cc089ba2)
[INFO] [stderr]    Compiling secret_contract_example v0.1.0 (/opt/rustwide/workdir/contract)
[INFO] [stderr]     Finished `release` profile [optimized] target(s) in 1m 13s
[INFO] running `Command { std: "docker" "inspect" "390a02b5060818ca4c77069de9cbed8091671e46b1eaf66819038c9e23b742d3", kill_on_drop: false }`
[INFO] running `Command { std: "docker" "exec" "-e" "SOURCE_DIR=/opt/rustwide/workdir" "-e" "CARGO_HOME=/opt/rustwide/cargo-home" "-e" "RUSTUP_HOME=/opt/rustwide/rustup-home" "-e" "CARGO_TARGET_DIR=/opt/rustwide/target" "-e" "CARGO_INCREMENTAL=0" "-e" "RUST_BACKTRACE=full" "-e" "RUSTFLAGS=--cap-lints=warn" "-e" "RUSTDOCFLAGS=--cap-lints=warn" "-w" "/opt/rustwide/workdir" "--user" "0:0" "390a02b5060818ca4c77069de9cbed8091671e46b1eaf66819038c9e23b742d3" "/opt/rustwide/cargo-home/bin/cargo" "+1.99.0-beta.8" "test" "--frozen" "--no-run" "--message-format=json" "--release", kill_on_drop: false }`
[INFO] [stderr] warning: profiles for the non root package will be ignored, specify profiles at the workspace root:
[INFO] [stderr] package:   /opt/rustwide/workdir/contract/Cargo.toml
[INFO] [stderr] workspace: /opt/rustwide/workdir/Cargo.toml
[INFO] [stderr] warning: virtual workspace defaulting to `resolver = "1"` despite one or more workspace members being on edition 2021 which implies `resolver = "2"`
[INFO] [stderr]   |
[INFO] [stderr]   = note: to keep the current resolver, specify `workspace.resolver = "1"` in the workspace root's manifest
[INFO] [stderr]   = note: to use the edition 2021 resolver, specify `workspace.resolver = "2"` in the workspace root's manifest
[INFO] [stderr]   = note: for more details see https://doc.rust-lang.org/cargo/reference/resolver.html#resolver-versions
[INFO] [stderr] warning: invalid feature `schema` in required-features of target `schema`: `schema` is not present in [features] section
[INFO] [stderr]    Compiling secret_contract_example v0.1.0 (/opt/rustwide/workdir/contract)
[INFO] [stderr]     Finished `release` profile [optimized] target(s) in 10.88s
[INFO] running `Command { std: "docker" "inspect" "390a02b5060818ca4c77069de9cbed8091671e46b1eaf66819038c9e23b742d3", kill_on_drop: false }`
[INFO] running `Command { std: "docker" "exec" "-e" "SOURCE_DIR=/opt/rustwide/workdir" "-e" "CARGO_HOME=/opt/rustwide/cargo-home" "-e" "RUSTUP_HOME=/opt/rustwide/rustup-home" "-e" "CARGO_TARGET_DIR=/opt/rustwide/target" "-e" "CARGO_INCREMENTAL=0" "-e" "RUST_BACKTRACE=full" "-e" "RUSTFLAGS=--cap-lints=warn" "-e" "RUSTDOCFLAGS=--cap-lints=warn" "-w" "/opt/rustwide/workdir" "--user" "0:0" "390a02b5060818ca4c77069de9cbed8091671e46b1eaf66819038c9e23b742d3" "/opt/rustwide/cargo-home/bin/cargo" "+1.99.0-beta.8" "test" "--frozen" "--release", kill_on_drop: false }`
[INFO] [stderr] warning: profiles for the non root package will be ignored, specify profiles at the workspace root:
[INFO] [stderr] package:   /opt/rustwide/workdir/contract/Cargo.toml
[INFO] [stderr] workspace: /opt/rustwide/workdir/Cargo.toml
[INFO] [stderr] warning: virtual workspace defaulting to `resolver = "1"` despite one or more workspace members being on edition 2021 which implies `resolver = "2"`
[INFO] [stderr]   |
[INFO] [stderr]   = note: to keep the current resolver, specify `workspace.resolver = "1"` in the workspace root's manifest
[INFO] [stderr]   = note: to use the edition 2021 resolver, specify `workspace.resolver = "2"` in the workspace root's manifest
[INFO] [stderr]   = note: for more details see https://doc.rust-lang.org/cargo/reference/resolver.html#resolver-versions
[INFO] [stderr] warning: invalid feature `schema` in required-features of target `schema`: `schema` is not present in [features] section
[INFO] [stderr]     Finished `release` profile [optimized] target(s) in 0.12s
[INFO] [stderr]      Running unittests src/lib.rs (/opt/rustwide/target/release/deps/secret_contract_example-849af1c652c103fa)
[INFO] [stdout] 
[INFO] [stdout] running 19 tests
[INFO] [stdout] test tests::emergency::test_emergency_functions_from_wrong_user ... ok
[INFO] [stdout] test tests::clear_switch::test_clear_switch_wrong_sender ... ok
[INFO] [stdout] test tests::create_switch::test_create_switch_invalid_past_time_inactivity ... ok
[INFO] [stdout] test tests::clear_switch::test_clear_switch_no_active_switch ... ok
[INFO] [stdout] test tests::recipients::test_add_recipient_from_wrong_user ... ok
[INFO] [stdout] test tests::recipients::test_remove_recipient_from_wrong_user ... ok
[INFO] [stdout] test tests::emergency::test_successful_emergency_deactivate ... ok
[INFO] [stdout] test tests::create_switch::test_create_switch_invalid_no_message ... ok
[INFO] [stdout] test tests::create_switch::test_recreating_a_switch ... ok
[INFO] [stdout] test tests::create_switch::test_create_switch_invalid_past_time_absolute_release ... ok
[INFO] [stdout] test tests::emergency::test_successful_emergency_trigger ... ok
[INFO] [stdout] test tests::inactivity::test_inactivity_trigger ... ok
[INFO] [stdout] test tests::ping::test_ping_from_wrong_user ... ok
[INFO] [stdout] test tests::ping::test_ping_functionality ... ok
[INFO] [stdout] test tests::clear_switch::test_clear_switch ... FAILED
[INFO] [stdout] test tests::create_switch::test_create_switch_invalid_no_conditions ... ok
[INFO] [stdout] test tests::recipients::test_successful_add_remove_recipient ... ok
[INFO] [stdout] test tests::ping::test_pinging_a_triggered_switch ... ok
[INFO] [stdout] test tests::create_switch::test_create_switch ... ok
[INFO] [stdout] 
[INFO] [stdout] failures:
[INFO] [stdout] 
[INFO] [stdout] ---- tests::clear_switch::test_clear_switch stdout ----
[INFO] [stdout] 
[INFO] [stdout] thread 'tests::clear_switch::test_clear_switch' (1870) panicked at /opt/rustwide/cargo-home/git/checkouts/secret-toolkit-7ec33d5e35f26e9f/cc089ba/packages/storage/src/keymap.rs:738:44:
[INFO] [stdout] index out of bounds: the len is 0 but the index is 0
[INFO] [stdout] stack backtrace:
[INFO] [stdout]    0:     0x5678cf193261 - <<std[70759c8f55707aa4]::sys::backtrace::BacktraceLock>::print::DisplayBacktrace as core[df12db4294e9bfd3]::fmt::Display>::fmt
[INFO] [stdout]    1:     0x5678cf1a890a - core[df12db4294e9bfd3]::fmt::write
[INFO] [stdout]    2:     0x5678cf1977ac - <alloc[2182bb758b4b3781]::vec::Vec<u8> as core[df12db4294e9bfd3]::io::write::Write>::write_fmt
[INFO] [stdout]    3:     0x5678cf16f856 - std[70759c8f55707aa4]::panicking::default_hook::{closure#0}
[INFO] [stdout]    4:     0x5678cf18b9c9 - std[70759c8f55707aa4]::panicking::default_hook
[INFO] [stdout]    5:     0x5678cf0ebc40 - test[9d35eded1c95d3be]::test_main_inner::<test[9d35eded1c95d3be]::test_main_static::{closure#0}>::{closure#0}
[INFO] [stdout]    6:     0x5678cf18bb82 - std[70759c8f55707aa4]::panicking::panic_with_hook
[INFO] [stdout]    7:     0x5678cf16f902 - std[70759c8f55707aa4]::panicking::panic_handler::{closure#0}
[INFO] [stdout]    8:     0x5678cf168659 - std[70759c8f55707aa4]::sys::backtrace::__rust_end_short_backtrace::<std[70759c8f55707aa4]::panicking::panic_handler::{closure#0}, !>
[INFO] [stdout]    9:     0x5678cf1704fd - __rustc[8fa7c3cbc660c2b3]::rust_begin_unwind
[INFO] [stdout]   10:     0x5678cf1a903c - core[df12db4294e9bfd3]::panicking::panic_fmt
[INFO] [stdout]   11:     0x5678cf1a8e8c - core[df12db4294e9bfd3]::panicking::panic_bounds_check
[INFO] [stdout]   12:     0x5678cf0bd12a - <secret_toolkit_storage[3d7a31205a11aac2]::keymap::KeyItemIter<secret_cosmwasm_std[2877ccb1144ebd88]::addresses::CanonicalAddr, bool, secret_toolkit_serialization[88db85077fe4ad8f]::bincode2::Bincode2> as core[df12db4294e9bfd3]::iter::traits::iterator::Iterator>::next
[INFO] [stdout]   13:     0x5678cf0d4b4b - <alloc[2182bb758b4b3781]::vec::Vec<secret_cosmwasm_std[2877ccb1144ebd88]::addresses::CanonicalAddr> as alloc[2182bb758b4b3781]::vec::spec_from_iter::SpecFromIter<secret_cosmwasm_std[2877ccb1144ebd88]::addresses::CanonicalAddr, core[df12db4294e9bfd3]::iter::adapters::GenericShunt<core[df12db4294e9bfd3]::iter::adapters::map::Map<secret_toolkit_storage[3d7a31205a11aac2]::keymap::KeyItemIter<secret_cosmwasm_std[2877ccb1144ebd88]::addresses::CanonicalAddr, bool, secret_toolkit_serialization[88db85077fe4ad8f]::bincode2::Bincode2>, secret_contract_example[e8ed61760fddeefb]::contract::try_clear_switch::{closure#0}>, core[df12db4294e9bfd3]::result::Result<core[df12db4294e9bfd3]::convert::Infallible, secret_cosmwasm_std[2877ccb1144ebd88]::errors::std_error::StdError>>>>::from_iter
[INFO] [stdout]   14:     0x5678cf0d641c - core[df12db4294e9bfd3]::iter::adapters::try_process::<core[df12db4294e9bfd3]::iter::adapters::map::Map<secret_toolkit_storage[3d7a31205a11aac2]::keymap::KeyItemIter<secret_cosmwasm_std[2877ccb1144ebd88]::addresses::CanonicalAddr, bool, secret_toolkit_serialization[88db85077fe4ad8f]::bincode2::Bincode2>, secret_contract_example[e8ed61760fddeefb]::contract::try_clear_switch::{closure#0}>, secret_cosmwasm_std[2877ccb1144ebd88]::addresses::CanonicalAddr, core[df12db4294e9bfd3]::result::Result<core[df12db4294e9bfd3]::convert::Infallible, secret_cosmwasm_std[2877ccb1144ebd88]::errors::std_error::StdError>, <core[df12db4294e9bfd3]::result::Result<alloc[2182bb758b4b3781]::vec::Vec<secret_cosmwasm_std[2877ccb1144ebd88]::addresses::CanonicalAddr>, secret_cosmwasm_std[2877ccb1144ebd88]::errors::std_error::StdError> as core[df12db4294e9bfd3]::iter::traits::collect::FromIterator<core[df12db4294e9bfd3]::result::Result<secret_cosmwasm_std[2877ccb1144ebd88]::addresses::CanonicalAddr, secret_cosmwasm_std[2877ccb1144ebd88]::errors::std_error::StdError>>>::from_iter<core[df12db4294e9bfd3]::iter::adapters::map::Map<secret_toolkit_storage[3d7a31205a11aac2]::keymap::KeyItemIter<secret_cosmwasm_std[2877ccb1144ebd88]::addresses::CanonicalAddr, bool, secret_toolkit_serialization[88db85077fe4ad8f]::bincode2::Bincode2>, secret_contract_example[e8ed61760fddeefb]::contract::try_clear_switch::{closure#0}>>::{closure#0}, alloc[2182bb758b4b3781]::vec::Vec<secret_cosmwasm_std[2877ccb1144ebd88]::addresses::CanonicalAddr>>
[INFO] [stdout]   15:     0x5678cf0c7e93 - secret_contract_example[e8ed61760fddeefb]::contract::execute
[INFO] [stdout]   16:     0x5678cf0cdde1 - secret_contract_example[e8ed61760fddeefb]::tests::clear_switch::test_clear_switch
[INFO] [stdout]   17:     0x5678cf0d1c79 - <secret_contract_example[e8ed61760fddeefb]::tests::clear_switch::test_clear_switch::{closure#0} as core[df12db4294e9bfd3]::ops::function::FnOnce<()>>::call_once
[INFO] [stdout]   18:     0x5678cf0def2b - test[9d35eded1c95d3be]::__rust_begin_short_backtrace::<core[df12db4294e9bfd3]::result::Result<(), alloc[2182bb758b4b3781]::string::String>, fn() -> core[df12db4294e9bfd3]::result::Result<(), alloc[2182bb758b4b3781]::string::String>>
[INFO] [stdout]   19:     0x5678cf0ec595 - test[9d35eded1c95d3be]::run_test::{closure#0}
[INFO] [stdout]   20:     0x5678cf0e5e54 - std[70759c8f55707aa4]::sys::backtrace::__rust_begin_short_backtrace::<test[9d35eded1c95d3be]::run_test::{closure#1}, ()>
[INFO] [stdout]   21:     0x5678cf0ef6f2 - <std[70759c8f55707aa4]::thread::lifecycle::spawn_unchecked<test[9d35eded1c95d3be]::run_test::{closure#1}, ()>::{closure#1} as core[df12db4294e9bfd3]::ops::function::FnOnce<()>>::call_once::{shim:vtable#0}
[INFO] [stdout]   22:     0x5678cf192b39 - <std[70759c8f55707aa4]::sys::thread::unix::Thread>::new::thread_start
[INFO] [stdout]   23:     0x717afe4dcdfa - <unknown>
[INFO] [stdout]   24:     0x717afe5703d4 - clone
[INFO] [stdout]   25:                0x0 - <unknown>
[INFO] [stdout] 
[INFO] [stdout] 
[INFO] [stdout] failures:
[INFO] [stdout]     tests::clear_switch::test_clear_switch
[INFO] [stdout] 
[INFO] [stdout] test result: FAILED. 18 passed; 1 failed; 0 ignored; 0 measured; 0 filtered out; finished in 0.01s
[INFO] [stdout] 
[INFO] [stderr] error: test failed, to rerun pass `--lib`
[INFO] running `Command { std: "docker" "inspect" "390a02b5060818ca4c77069de9cbed8091671e46b1eaf66819038c9e23b742d3", kill_on_drop: false }`
[INFO] running `Command { std: "docker" "rm" "-f" "390a02b5060818ca4c77069de9cbed8091671e46b1eaf66819038c9e23b742d3", kill_on_drop: false }`
[INFO] [stdout] 390a02b5060818ca4c77069de9cbed8091671e46b1eaf66819038c9e23b742d3
