[INFO] cloning repository https://github.com/qb20nh/ironclad
[INFO] running `Command { std: "git" "-c" "credential.helper=" "-c" "credential.helper=/workspace/cargo-home/bin/git-credential-null" "clone" "--bare" "https://github.com/qb20nh/ironclad" "/workspace/cache/git-repos/https%3A%2F%2Fgithub.com%2Fqb20nh%2Fironclad", kill_on_drop: false }`
[INFO] [stderr] Cloning into bare repository '/workspace/cache/git-repos/https%3A%2F%2Fgithub.com%2Fqb20nh%2Fironclad'...
[INFO] running `Command { std: "git" "rev-parse" "HEAD", kill_on_drop: false }`
[INFO] [stdout] 02e2fc5d10323172b46e0d59d28670066b91e6b4
[INFO] testing qb20nh/ironclad against 1.99.0-beta.8+cargoflags=--release for beta-release-1.100-2
[INFO] running `Command { std: "git" "clone" "/workspace/cache/git-repos/https%3A%2F%2Fgithub.com%2Fqb20nh%2Fironclad" "/workspace/builds/worker-2-tc1/source", kill_on_drop: false }`
[INFO] [stderr] Cloning into '/workspace/builds/worker-2-tc1/source'...
[INFO] [stderr] done.
[INFO] started tweaking git repo https://github.com/qb20nh/ironclad
[INFO] finished tweaking git repo https://github.com/qb20nh/ironclad
[INFO] tweaked toml for git repo https://github.com/qb20nh/ironclad written to /workspace/builds/worker-2-tc1/source/Cargo.toml
[INFO] validating manifest of git repo https://github.com/qb20nh/ironclad on toolchain 1.99.0-beta.8
[INFO] running `Command { std: CARGO_HOME="/workspace/cargo-home" RUSTUP_HOME="/workspace/rustup-home" "/workspace/cargo-home/bin/cargo" "+1.99.0-beta.8" "metadata" "--manifest-path" "Cargo.toml" "--no-deps", kill_on_drop: false }`
[INFO] crate git repo https://github.com/qb20nh/ironclad already has a lockfile, it will not be regenerated
[INFO] running `Command { std: CARGO_HOME="/workspace/cargo-home" RUSTUP_HOME="/workspace/rustup-home" "/workspace/cargo-home/bin/cargo" "+1.99.0-beta.8" "fetch" "--manifest-path" "Cargo.toml", kill_on_drop: false }`
[INFO] [stderr]     Updating crates.io index
[INFO] [stderr]  Downloading crates ...
[INFO] [stderr]   Downloaded lru v0.7.8
[INFO] [stderr]   Downloaded unicode-ident v1.0.23
[INFO] [stderr]   Downloaded reed-solomon-erasure v6.0.0
[INFO] [stderr]   Downloaded syn v2.0.115
[INFO] running `Command { std: "docker" "create" "-v" "/var/lib/crater-agent-workspace/builds/worker-2-tc1/source:/opt/rustwide/workdir:ro,Z" "-v" "/var/lib/crater-agent-workspace/builds/worker-2-tc1/target:/opt/rustwide/target:rw,Z" "-v" "/var/lib/crater-agent-workspace/cargo-home:/opt/rustwide/cargo-home:ro,Z" "-v" "/var/lib/crater-agent-workspace/rustup-home:/opt/rustwide/rustup-home:ro,Z" "-m" "1610612736" "--network" "none" "ghcr.io/rust-lang/crates-build-env/linux@sha256:77db811e55d90add9212f6832c23229e3de5f1c1f9905e8cb07319ea15df73ac" "sleep" "infinity", kill_on_drop: false }`
[INFO] [stdout] 5752699efb7b97bfe225b38c85ffe25367f83db786fb8b3573f4eab796337ae8
[INFO] running `Command { std: "docker" "start" "5752699efb7b97bfe225b38c85ffe25367f83db786fb8b3573f4eab796337ae8", kill_on_drop: false }`
[INFO] running `Command { std: "docker" "inspect" "5752699efb7b97bfe225b38c85ffe25367f83db786fb8b3573f4eab796337ae8", kill_on_drop: false }`
[INFO] running `Command { std: "docker" "exec" "-e" "SOURCE_DIR=/opt/rustwide/workdir" "-e" "CARGO_HOME=/opt/rustwide/cargo-home" "-e" "RUSTUP_HOME=/opt/rustwide/rustup-home" "-e" "CARGO_TARGET_DIR=/opt/rustwide/target" "-w" "/opt/rustwide/workdir" "--user" "0:0" "5752699efb7b97bfe225b38c85ffe25367f83db786fb8b3573f4eab796337ae8" "/opt/rustwide/cargo-home/bin/cargo" "+1.99.0-beta.8" "metadata" "--no-deps" "--format-version=1", kill_on_drop: false }`
[INFO] running `Command { std: "docker" "inspect" "5752699efb7b97bfe225b38c85ffe25367f83db786fb8b3573f4eab796337ae8", kill_on_drop: false }`
[INFO] running `Command { std: "docker" "exec" "-e" "SOURCE_DIR=/opt/rustwide/workdir" "-e" "CARGO_HOME=/opt/rustwide/cargo-home" "-e" "RUSTUP_HOME=/opt/rustwide/rustup-home" "-e" "CARGO_TARGET_DIR=/opt/rustwide/target" "-e" "CARGO_INCREMENTAL=0" "-e" "RUST_BACKTRACE=full" "-e" "RUSTFLAGS=--cap-lints=warn" "-e" "RUSTDOCFLAGS=--cap-lints=warn" "-w" "/opt/rustwide/workdir" "--user" "0:0" "5752699efb7b97bfe225b38c85ffe25367f83db786fb8b3573f4eab796337ae8" "/opt/rustwide/cargo-home/bin/cargo" "+1.99.0-beta.8" "build" "--frozen" "--message-format=json" "--release", kill_on_drop: false }`
[INFO] [stderr]    Compiling typenum v1.19.0
[INFO] [stderr]    Compiling unicode-ident v1.0.23
[INFO] [stderr]    Compiling once_cell v1.21.3
[INFO] [stderr]    Compiling generic-array v0.14.7
[INFO] [stderr]    Compiling ahash v0.7.8
[INFO] [stderr]    Compiling instant v0.1.13
[INFO] [stderr]    Compiling getrandom v0.2.17
[INFO] [stderr]    Compiling serde v1.0.228
[INFO] [stderr]    Compiling zstd-safe v7.2.4
[INFO] [stderr]    Compiling zstd-sys v2.0.16+zstd.1.5.7
[INFO] [stderr]    Compiling blake3 v1.8.3
[INFO] [stderr]    Compiling virtue v0.0.18
[INFO] [stderr]    Compiling anyhow v1.0.101
[INFO] [stderr]    Compiling reed-solomon-erasure v6.0.0
[INFO] [stderr]    Compiling spin v0.9.8
[INFO] [stderr]    Compiling constant_time_eq v0.4.2
[INFO] [stderr]    Compiling proc-macro2 v1.0.106
[INFO] [stderr]    Compiling parking_lot_core v0.8.6
[INFO] [stderr]    Compiling arrayvec v0.7.6
[INFO] [stderr]    Compiling memchr v2.8.0
[INFO] [stderr]    Compiling arrayref v0.3.9
[INFO] [stderr]    Compiling unty v0.0.4
[INFO] [stderr]    Compiling rand_core v0.6.4
[INFO] [stderr]    Compiling hashbrown v0.12.3
[INFO] [stderr]    Compiling parking_lot v0.11.2
[INFO] [stderr]    Compiling quote v1.0.44
[INFO] [stderr]    Compiling bincode_derive v2.0.1
[INFO] [stderr]    Compiling lru v0.7.8
[INFO] [stderr]    Compiling serde_json v1.0.149
[INFO] [stderr]    Compiling syn v2.0.115
[INFO] [stderr]    Compiling crypto-common v0.1.7
[INFO] [stderr]    Compiling inout v0.1.4
[INFO] [stderr]    Compiling cipher v0.4.4
[INFO] [stderr]    Compiling universal-hash v0.5.1
[INFO] [stderr]    Compiling polyval v0.6.2
[INFO] [stderr]    Compiling ctr v0.9.2
[INFO] [stderr]    Compiling aes v0.8.4
[INFO] [stderr]    Compiling ghash v0.5.1
[INFO] [stderr]    Compiling aead v0.5.2
[INFO] [stderr]    Compiling aes-gcm v0.10.3
[INFO] [stderr]    Compiling serde_derive v1.0.228
[INFO] [stderr]    Compiling clap_derive v4.5.55
[INFO] [stderr]    Compiling clap v4.5.58
[INFO] [stderr]    Compiling bincode v2.0.1
[INFO] [stderr]    Compiling zstd v0.13.3
[INFO] [stderr]    Compiling ironclad v0.1.0 (/opt/rustwide/workdir)
[INFO] [stderr]     Finished `release` profile [optimized] target(s) in 59.67s
[INFO] running `Command { std: "docker" "inspect" "5752699efb7b97bfe225b38c85ffe25367f83db786fb8b3573f4eab796337ae8", kill_on_drop: false }`
[INFO] running `Command { std: "docker" "exec" "-e" "SOURCE_DIR=/opt/rustwide/workdir" "-e" "CARGO_HOME=/opt/rustwide/cargo-home" "-e" "RUSTUP_HOME=/opt/rustwide/rustup-home" "-e" "CARGO_TARGET_DIR=/opt/rustwide/target" "-e" "CARGO_INCREMENTAL=0" "-e" "RUST_BACKTRACE=full" "-e" "RUSTFLAGS=--cap-lints=warn" "-e" "RUSTDOCFLAGS=--cap-lints=warn" "-w" "/opt/rustwide/workdir" "--user" "0:0" "5752699efb7b97bfe225b38c85ffe25367f83db786fb8b3573f4eab796337ae8" "/opt/rustwide/cargo-home/bin/cargo" "+1.99.0-beta.8" "test" "--frozen" "--no-run" "--message-format=json" "--release", kill_on_drop: false }`
[INFO] [stderr]    Compiling ahash v0.7.8
[INFO] [stderr]    Compiling rustix v1.1.3
[INFO] [stderr]    Compiling hashbrown v0.12.3
[INFO] [stderr]    Compiling lru v0.7.8
[INFO] [stderr]    Compiling reed-solomon-erasure v6.0.0
[INFO] [stderr]    Compiling ironclad v0.1.0 (/opt/rustwide/workdir)
[INFO] [stderr]    Compiling tempfile v3.25.0
[INFO] [stderr]     Finished `release` profile [optimized] target(s) in 12.04s
[INFO] running `Command { std: "docker" "inspect" "5752699efb7b97bfe225b38c85ffe25367f83db786fb8b3573f4eab796337ae8", kill_on_drop: false }`
[INFO] running `Command { std: "docker" "exec" "-e" "SOURCE_DIR=/opt/rustwide/workdir" "-e" "CARGO_HOME=/opt/rustwide/cargo-home" "-e" "RUSTUP_HOME=/opt/rustwide/rustup-home" "-e" "CARGO_TARGET_DIR=/opt/rustwide/target" "-e" "CARGO_INCREMENTAL=0" "-e" "RUST_BACKTRACE=full" "-e" "RUSTFLAGS=--cap-lints=warn" "-e" "RUSTDOCFLAGS=--cap-lints=warn" "-w" "/opt/rustwide/workdir" "--user" "0:0" "5752699efb7b97bfe225b38c85ffe25367f83db786fb8b3573f4eab796337ae8" "/opt/rustwide/cargo-home/bin/cargo" "+1.99.0-beta.8" "test" "--frozen" "--release", kill_on_drop: false }`
[INFO] [stderr]     Finished `release` profile [optimized] target(s) in 0.10s
[INFO] [stderr]      Running unittests src/lib.rs (/opt/rustwide/target/release/deps/ironclad-c4256b1632a3d72b)
[INFO] [stdout] 
[INFO] [stdout] running 23 tests
[INFO] [stdout] test chunk_format::tests::test_chunk_round_trip_meta_only ... ok
[INFO] [stdout] test aont::tests::test_wrong_mask_key_fails_decrypt ... ok
[INFO] [stdout] test erasure::tests::test_erasure_round_trip ... ok
[INFO] [stdout] test aont::tests::test_round_trip ... ok
[INFO] [stdout] test integrity::tests::test_manifest_with_epoch_preserves_content ... ok
[INFO] [stdout] test aont::tests::test_tamper_ciphertext ... ok
[INFO] [stdout] test chunk_format::tests::test_chunk_tamper_fails_mac ... ok
[INFO] [stdout] test integrity::tests::test_manifest_validation ... ok
[INFO] [stdout] test chunk_format::tests::test_chunk_round_trip_data_shard ... ok
[INFO] [stdout] test key_material::tests::test_root_key_from_hex_round_trip ... ok
[INFO] [stdout] test key_material::tests::test_root_key_from_hex_rejects_bad_length ... ok
[INFO] [stdout] test key_material::tests::test_derive_separates_subkeys ... ok
[INFO] [stdout] test manifest_recovery::tests::test_recovery_conflict_same_epoch_fails ... ok
[INFO] [stdout] test io_guard::tests::test_read_verified_hash_mismatch_returns_none ... ok
[INFO] [stdout] test erasure::tests::test_custom_config ... ok
[INFO] [stdout] test key_material::tests::test_root_key_from_hex_rejects_bad_chars ... ok
[INFO] [stdout] test aont::tests::test_tamper_canary ... ok
[INFO] [stdout] test erasure::tests::test_insufficient_shards ... ok
[INFO] [stdout] test manifest_recovery::tests::test_recovery_selects_highest_epoch_quorum ... ok
[INFO] [stdout] test io_guard::tests::test_read_verified_missing_returns_none ... ok
[INFO] [stdout] test manifest_recovery::tests::test_recovery_ignores_bad_mac_copy ... ok
[INFO] [stdout] test io_guard::tests::test_read_verified_recovers_after_transient_mismatch ... FAILED
[INFO] [stdout] test io_guard::tests::test_write_atomic_verified_rejects_bad_expected_hash ... ok
[INFO] [stdout] 
[INFO] [stdout] failures:
[INFO] [stdout] 
[INFO] [stdout] ---- io_guard::tests::test_read_verified_recovers_after_transient_mismatch stdout ----
[INFO] [stdout] 
[INFO] [stdout] thread 'io_guard::tests::test_read_verified_recovers_after_transient_mismatch' (1514) panicked at src/io_guard.rs:238:9:
[INFO] [stdout] assertion `left == right` failed
[INFO] [stdout]   left: None
[INFO] [stdout]  right: Some([103, 111, 111, 100])
[INFO] [stdout] stack backtrace:
[INFO] [stdout]    0:     0x5699b6725531 - <<std[70759c8f55707aa4]::sys::backtrace::BacktraceLock>::print::DisplayBacktrace as core[df12db4294e9bfd3]::fmt::Display>::fmt
[INFO] [stdout]    1:     0x5699b673a5ca - core[df12db4294e9bfd3]::fmt::write
[INFO] [stdout]    2:     0x5699b672a33c - <alloc[2182bb758b4b3781]::vec::Vec<u8> as core[df12db4294e9bfd3]::io::write::Write>::write_fmt
[INFO] [stdout]    3:     0x5699b66ff016 - std[70759c8f55707aa4]::panicking::default_hook::{closure#0}
[INFO] [stdout]    4:     0x5699b671cb59 - std[70759c8f55707aa4]::panicking::default_hook
[INFO] [stdout]    5:     0x5699b669bac0 - test[9d35eded1c95d3be]::test_main_inner::<test[9d35eded1c95d3be]::test_main_static::{closure#0}>::{closure#0}
[INFO] [stdout]    6:     0x5699b671cd12 - std[70759c8f55707aa4]::panicking::panic_with_hook
[INFO] [stdout]    7:     0x5699b66ff0c2 - std[70759c8f55707aa4]::panicking::panic_handler::{closure#0}
[INFO] [stdout]    8:     0x5699b66f74d9 - std[70759c8f55707aa4]::sys::backtrace::__rust_end_short_backtrace::<std[70759c8f55707aa4]::panicking::panic_handler::{closure#0}, !>
[INFO] [stdout]    9:     0x5699b66ffebd - __rustc[8fa7c3cbc660c2b3]::rust_begin_unwind
[INFO] [stdout]   10:     0x5699b673acfc - core[df12db4294e9bfd3]::panicking::panic_fmt
[INFO] [stdout]   11:     0x5699b673ac13 - core[df12db4294e9bfd3]::panicking::assert_failed_inner
[INFO] [stdout]   12:     0x5699b65ad321 - core[df12db4294e9bfd3]::panicking::assert_failed::<core[df12db4294e9bfd3]::option::Option<alloc[2182bb758b4b3781]::vec::Vec<u8>>, core[df12db4294e9bfd3]::option::Option<alloc[2182bb758b4b3781]::vec::Vec<u8>>>
[INFO] [stdout]   13:     0x5699b65ba290 - <ironclad[55131690581a9f8d]::io_guard::tests::test_read_verified_recovers_after_transient_mismatch::{closure#0} as core[df12db4294e9bfd3]::ops::function::FnOnce<()>>::call_once
[INFO] [stdout]   14:     0x5699b668edab - test[9d35eded1c95d3be]::__rust_begin_short_backtrace::<core[df12db4294e9bfd3]::result::Result<(), alloc[2182bb758b4b3781]::string::String>, fn() -> core[df12db4294e9bfd3]::result::Result<(), alloc[2182bb758b4b3781]::string::String>>
[INFO] [stdout]   15:     0x5699b669c415 - test[9d35eded1c95d3be]::run_test::{closure#0}
[INFO] [stdout]   16:     0x5699b6695cd4 - std[70759c8f55707aa4]::sys::backtrace::__rust_begin_short_backtrace::<test[9d35eded1c95d3be]::run_test::{closure#1}, ()>
[INFO] [stdout]   17:     0x5699b669f572 - <std[70759c8f55707aa4]::thread::lifecycle::spawn_unchecked<test[9d35eded1c95d3be]::run_test::{closure#1}, ()>::{closure#1} as core[df12db4294e9bfd3]::ops::function::FnOnce<()>>::call_once::{shim:vtable#0}
[INFO] [stdout]   18:     0x5699b67248f9 - <std[70759c8f55707aa4]::sys::thread::unix::Thread>::new::thread_start
[INFO] [stdout]   19:     0x75cce984cdfa - <unknown>
[INFO] [stdout]   20:     0x75cce98e03d4 - clone
[INFO] [stdout]   21:                0x0 - <unknown>
[INFO] [stdout] 
[INFO] [stdout] 
[INFO] [stdout] failures:
[INFO] [stdout]     io_guard::tests::test_read_verified_recovers_after_transient_mismatch
[INFO] [stdout] 
[INFO] [stdout] test result: FAILED. 22 passed; 1 failed; 0 ignored; 0 measured; 0 filtered out; finished in 0.03s
[INFO] [stdout] 
[INFO] [stderr] error: test failed, to rerun pass `--lib`
[INFO] running `Command { std: "docker" "inspect" "5752699efb7b97bfe225b38c85ffe25367f83db786fb8b3573f4eab796337ae8", kill_on_drop: false }`
[INFO] running `Command { std: "docker" "rm" "-f" "5752699efb7b97bfe225b38c85ffe25367f83db786fb8b3573f4eab796337ae8", kill_on_drop: false }`
[INFO] [stdout] 5752699efb7b97bfe225b38c85ffe25367f83db786fb8b3573f4eab796337ae8
