[INFO] cloning repository https://github.com/p-vbordei/gbt-quantile
[INFO] running `Command { std: "git" "-c" "credential.helper=" "-c" "credential.helper=/workspace/cargo-home/bin/git-credential-null" "clone" "--bare" "https://github.com/p-vbordei/gbt-quantile" "/workspace/cache/git-repos/https%3A%2F%2Fgithub.com%2Fp-vbordei%2Fgbt-quantile", kill_on_drop: false }`
[INFO] [stderr] Cloning into bare repository '/workspace/cache/git-repos/https%3A%2F%2Fgithub.com%2Fp-vbordei%2Fgbt-quantile'...
[INFO] running `Command { std: "git" "rev-parse" "HEAD", kill_on_drop: false }`
[INFO] [stdout] 8b65449ea46573261ecf913f3fb2d93bc01bef3a
[INFO] testing p-vbordei/gbt-quantile against 1.99.0-beta.8+cargoflags=--release for beta-release-1.100-2
[INFO] running `Command { std: "git" "clone" "/workspace/cache/git-repos/https%3A%2F%2Fgithub.com%2Fp-vbordei%2Fgbt-quantile" "/workspace/builds/worker-0-tc1/source", kill_on_drop: false }`
[INFO] [stderr] Cloning into '/workspace/builds/worker-0-tc1/source'...
[INFO] [stderr] done.
[INFO] started tweaking git repo https://github.com/p-vbordei/gbt-quantile
[INFO] finished tweaking git repo https://github.com/p-vbordei/gbt-quantile
[INFO] tweaked toml for git repo https://github.com/p-vbordei/gbt-quantile written to /workspace/builds/worker-0-tc1/source/Cargo.toml
[INFO] validating manifest of git repo https://github.com/p-vbordei/gbt-quantile on toolchain 1.99.0-beta.8
[INFO] running `Command { std: CARGO_HOME="/workspace/cargo-home" RUSTUP_HOME="/workspace/rustup-home" "/workspace/cargo-home/bin/cargo" "+1.99.0-beta.8" "metadata" "--manifest-path" "Cargo.toml" "--no-deps", kill_on_drop: false }`
[INFO] crate git repo https://github.com/p-vbordei/gbt-quantile already has a lockfile, it will not be regenerated
[INFO] running `Command { std: CARGO_HOME="/workspace/cargo-home" RUSTUP_HOME="/workspace/rustup-home" "/workspace/cargo-home/bin/cargo" "+1.99.0-beta.8" "fetch" "--manifest-path" "Cargo.toml", kill_on_drop: false }`
[INFO] running `Command { std: "docker" "create" "-v" "/var/lib/crater-agent-workspace/builds/worker-0-tc1/source:/opt/rustwide/workdir:ro,Z" "-v" "/var/lib/crater-agent-workspace/builds/worker-0-tc1/target:/opt/rustwide/target:rw,Z" "-v" "/var/lib/crater-agent-workspace/cargo-home:/opt/rustwide/cargo-home:ro,Z" "-v" "/var/lib/crater-agent-workspace/rustup-home:/opt/rustwide/rustup-home:ro,Z" "-m" "1610612736" "--network" "none" "ghcr.io/rust-lang/crates-build-env/linux@sha256:77db811e55d90add9212f6832c23229e3de5f1c1f9905e8cb07319ea15df73ac" "sleep" "infinity", kill_on_drop: false }`
[INFO] [stdout] 6bff622e3909b86b88b74f354f0394e943b2a3838b4e343aa8897e73542e1e7b
[INFO] running `Command { std: "docker" "start" "6bff622e3909b86b88b74f354f0394e943b2a3838b4e343aa8897e73542e1e7b", kill_on_drop: false }`
[INFO] running `Command { std: "docker" "inspect" "6bff622e3909b86b88b74f354f0394e943b2a3838b4e343aa8897e73542e1e7b", kill_on_drop: false }`
[INFO] running `Command { std: "docker" "exec" "-e" "SOURCE_DIR=/opt/rustwide/workdir" "-e" "CARGO_HOME=/opt/rustwide/cargo-home" "-e" "RUSTUP_HOME=/opt/rustwide/rustup-home" "-e" "CARGO_TARGET_DIR=/opt/rustwide/target" "-w" "/opt/rustwide/workdir" "--user" "0:0" "6bff622e3909b86b88b74f354f0394e943b2a3838b4e343aa8897e73542e1e7b" "/opt/rustwide/cargo-home/bin/cargo" "+1.99.0-beta.8" "metadata" "--no-deps" "--format-version=1", kill_on_drop: false }`
[INFO] running `Command { std: "docker" "inspect" "6bff622e3909b86b88b74f354f0394e943b2a3838b4e343aa8897e73542e1e7b", kill_on_drop: false }`
[INFO] running `Command { std: "docker" "exec" "-e" "SOURCE_DIR=/opt/rustwide/workdir" "-e" "CARGO_HOME=/opt/rustwide/cargo-home" "-e" "RUSTUP_HOME=/opt/rustwide/rustup-home" "-e" "CARGO_TARGET_DIR=/opt/rustwide/target" "-e" "CARGO_INCREMENTAL=0" "-e" "RUST_BACKTRACE=full" "-e" "RUSTFLAGS=--cap-lints=warn" "-e" "RUSTDOCFLAGS=--cap-lints=warn" "-w" "/opt/rustwide/workdir" "--user" "0:0" "6bff622e3909b86b88b74f354f0394e943b2a3838b4e343aa8897e73542e1e7b" "/opt/rustwide/cargo-home/bin/cargo" "+1.99.0-beta.8" "build" "--frozen" "--message-format=json" "--release", kill_on_drop: false }`
[INFO] [stderr]    Compiling proc-macro2 v1.0.106
[INFO] [stderr]    Compiling quote v1.0.45
[INFO] [stderr]    Compiling serde_json v1.0.149
[INFO] [stderr]    Compiling rayon v1.11.0
[INFO] [stderr]    Compiling syn v2.0.117
[INFO] [stderr]    Compiling serde_derive v1.0.228
[INFO] [stderr]    Compiling serde v1.0.228
[INFO] [stderr]    Compiling gbt-quantile v0.2.1 (/opt/rustwide/workdir)
[INFO] [stderr]     Finished `release` profile [optimized] target(s) in 12.74s
[INFO] running `Command { std: "docker" "inspect" "6bff622e3909b86b88b74f354f0394e943b2a3838b4e343aa8897e73542e1e7b", kill_on_drop: false }`
[INFO] running `Command { std: "docker" "exec" "-e" "SOURCE_DIR=/opt/rustwide/workdir" "-e" "CARGO_HOME=/opt/rustwide/cargo-home" "-e" "RUSTUP_HOME=/opt/rustwide/rustup-home" "-e" "CARGO_TARGET_DIR=/opt/rustwide/target" "-e" "CARGO_INCREMENTAL=0" "-e" "RUST_BACKTRACE=full" "-e" "RUSTFLAGS=--cap-lints=warn" "-e" "RUSTDOCFLAGS=--cap-lints=warn" "-w" "/opt/rustwide/workdir" "--user" "0:0" "6bff622e3909b86b88b74f354f0394e943b2a3838b4e343aa8897e73542e1e7b" "/opt/rustwide/cargo-home/bin/cargo" "+1.99.0-beta.8" "test" "--frozen" "--no-run" "--message-format=json" "--release", kill_on_drop: false }`
[INFO] [stderr]    Compiling gbt-quantile v0.2.1 (/opt/rustwide/workdir)
[INFO] [stderr]     Finished `release` profile [optimized] target(s) in 7.59s
[INFO] running `Command { std: "docker" "inspect" "6bff622e3909b86b88b74f354f0394e943b2a3838b4e343aa8897e73542e1e7b", kill_on_drop: false }`
[INFO] running `Command { std: "docker" "exec" "-e" "SOURCE_DIR=/opt/rustwide/workdir" "-e" "CARGO_HOME=/opt/rustwide/cargo-home" "-e" "RUSTUP_HOME=/opt/rustwide/rustup-home" "-e" "CARGO_TARGET_DIR=/opt/rustwide/target" "-e" "CARGO_INCREMENTAL=0" "-e" "RUST_BACKTRACE=full" "-e" "RUSTFLAGS=--cap-lints=warn" "-e" "RUSTDOCFLAGS=--cap-lints=warn" "-w" "/opt/rustwide/workdir" "--user" "0:0" "6bff622e3909b86b88b74f354f0394e943b2a3838b4e343aa8897e73542e1e7b" "/opt/rustwide/cargo-home/bin/cargo" "+1.99.0-beta.8" "test" "--frozen" "--release", kill_on_drop: false }`
[INFO] [stderr]     Finished `release` profile [optimized] target(s) in 0.07s
[INFO] [stderr]      Running unittests src/lib.rs (/opt/rustwide/target/release/deps/gbt_quantile-4636d12d34d40e6f)
[INFO] [stdout] 
[INFO] [stdout] running 43 tests
[INFO] [stdout] test metrics::tests::test_length_mismatch ... ok
[INFO] [stdout] test metrics::tests::test_empty_arrays ... ok
[INFO] [stdout] test metrics::tests::test_pinball_loss_median ... ok
[INFO] [stdout] test metrics::tests::test_known_mae_rmse ... ok
[INFO] [stdout] test split::tests::test_all_test ... ok
[INFO] [stdout] test config::tests::test_default_config ... ok
[INFO] [stdout] test metrics::tests::test_pinball_loss_over_prediction ... ok
[INFO] [stdout] test ensemble::tests::test_ensemble_p_lookup ... ok
[INFO] [stdout] test ensemble::tests::test_predict_batch ... ok
[INFO] [stdout] test split::tests::test_all_train ... ok
[INFO] [stdout] test metrics::tests::test_pinball_loss_asymmetry ... ok
[INFO] [stdout] test metrics::tests::test_r2_constant_target ... ok
[INFO] [stdout] test metrics::tests::test_r2_known ... ok
[INFO] [stdout] test trainer::tests::test_empty_data ... ok
[INFO] [stdout] test metrics::tests::test_perfect_predictions ... ok
[INFO] [stdout] test trainer::tests::test_incremental_validation_accuracy ... ok
[INFO] [stdout] test trainer::tests::test_percentile_thresholds_constant ... ok
[INFO] [stdout] test trainer::tests::test_quantile_value_empty ... ok
[INFO] [stdout] test trainer::tests::test_feature_names_custom ... ok
[INFO] [stdout] test trainer::tests::test_quantile_value_interpolation ... ok
[INFO] [stdout] test trainer::tests::test_feature_names_default ... ok
[INFO] [stdout] test trainer::tests::test_static_thresholds_binary ... ok
[INFO] [stdout] test trainer::tests::test_static_thresholds_dow ... ok
[INFO] [stdout] test trainer::tests::test_static_thresholds_hour ... ok
[INFO] [stdout] test ensemble::tests::test_ensemble_serialization_roundtrip ... ok
[INFO] [stdout] test tree::tests::test_bytes_roundtrip ... ok
[INFO] [stdout] test tree::tests::test_feature_importance ... ok
[INFO] [stdout] test split::tests::test_empty_data ... ok
[INFO] [stdout] test metrics::tests::test_mape_skips_near_zero ... ok
[INFO] [stdout] test split::tests::test_no_data_loss ... ok
[INFO] [stdout] test split::tests::test_shuffled_split_differs_from_temporal ... ok
[INFO] [stdout] test split::tests::test_shuffled_split_is_deterministic ... ok
[INFO] [stdout] test tree::tests::test_predict_batch ... ok
[INFO] [stdout] test tree::tests::test_predict_left_right ... ok
[INFO] [stdout] test split::tests::test_split_sizes ... ok
[INFO] [stdout] test split::tests::test_temporal_split_preserves_order ... ok
[INFO] [stdout] test trainer::tests::test_early_stopping_works ... ok
[INFO] [stdout] test trainer::tests::test_binning_roundtrip ... ok
[INFO] [stdout] test ensemble::tests::test_enforce_monotonicity ... ok
[INFO] [stdout] test trainer::tests::test_train_learns_linear ... ok
[INFO] [stdout] test tree::tests::test_json_roundtrip ... ok
[INFO] [stdout] test ensemble::tests::test_ensemble_quantile_ordering ... ok
[INFO] [stdout] test trainer::tests::test_quantile_p10_below_p90 ... ok
[INFO] [stdout] 
[INFO] [stdout] test result: ok. 43 passed; 0 failed; 0 ignored; 0 measured; 0 filtered out; finished in 0.07s
[INFO] [stdout] 
[INFO] [stderr]      Running tests/adversarial_monotonicity.rs (/opt/rustwide/target/release/deps/adversarial_monotonicity-19fe0e4532fb4297)
[INFO] [stdout] 
[INFO] [stdout] running 6 tests
[INFO] [stdout] test test_adversarial_unordered_and_duplicate_quantiles ... ok
[INFO] [stdout] test test_unconstrained_trainer_vs_ensemble_monotonicity ... ok
[INFO] [stdout] test test_adversarial_fine_grained_quantiles ... ok
[INFO] [stdout] test test_adversarial_bimodal_distribution_cross_check ... ok
[INFO] [stdout] test test_adversarial_pathological_constant_and_zero_variance ... ok
[INFO] [stdout] test test_adversarial_heteroscedastic_quantile_monotonicity ... ok
[INFO] [stdout] 
[INFO] [stdout] test result: ok. 6 passed; 0 failed; 0 ignored; 0 measured; 0 filtered out; finished in 0.26s
[INFO] [stdout] 
[INFO] [stderr]      Running tests/adversarial_perf.rs (/opt/rustwide/target/release/deps/adversarial_perf-edcb0e42168ac855)
[INFO] [stdout] 
[INFO] [stdout] running 3 tests
[INFO] [stdout] test test_105_days_multi_quantile_ensemble_latency_and_monotonicity ... ok
[INFO] [stdout] test test_105_days_training_latency_and_memory ... ok
[INFO] [stdout] test test_worst_case_no_early_stopping_latency ... FAILED
[INFO] [stdout] 
[INFO] [stdout] failures:
[INFO] [stdout] 
[INFO] [stdout] ---- test_worst_case_no_early_stopping_latency stdout ----
[INFO] [stdout] Full 80 trees (no early stopping) latency: 332.34 ms (trees=80)
[INFO] [stdout] 
[INFO] [stdout] thread 'test_worst_case_no_early_stopping_latency' (631) panicked at tests/adversarial_perf.rs:266:5:
[INFO] [stdout] Worst-case full 80 trees in release mode must be under 200 ms, got 332.34 ms
[INFO] [stdout] stack backtrace:
[INFO] [stdout]    0:     0x6294006aee71 - <<std[70759c8f55707aa4]::sys::backtrace::BacktraceLock>::print::DisplayBacktrace as core[df12db4294e9bfd3]::fmt::Display>::fmt
[INFO] [stdout]    1:     0x6294006c30ca - core[df12db4294e9bfd3]::fmt::write
[INFO] [stdout]    2:     0x6294006b335c - <alloc[2182bb758b4b3781]::vec::Vec<u8> as core[df12db4294e9bfd3]::io::write::Write>::write_fmt
[INFO] [stdout]    3:     0x62940068b2c6 - std[70759c8f55707aa4]::panicking::default_hook::{closure#0}
[INFO] [stdout]    4:     0x6294006a73b9 - std[70759c8f55707aa4]::panicking::default_hook
[INFO] [stdout]    5:     0x62940061f1a0 - test[9d35eded1c95d3be]::test_main_inner::<test[9d35eded1c95d3be]::test_main_static::{closure#0}>::{closure#0}
[INFO] [stdout]    6:     0x6294006a76e2 - std[70759c8f55707aa4]::panicking::panic_with_hook
[INFO] [stdout]    7:     0x62940068b372 - std[70759c8f55707aa4]::panicking::panic_handler::{closure#0}
[INFO] [stdout]    8:     0x6294006840f9 - std[70759c8f55707aa4]::sys::backtrace::__rust_end_short_backtrace::<std[70759c8f55707aa4]::panicking::panic_handler::{closure#0}, !>
[INFO] [stdout]    9:     0x62940068be4d - __rustc[8fa7c3cbc660c2b3]::rust_begin_unwind
[INFO] [stdout]   10:     0x6294006c37fc - core[df12db4294e9bfd3]::panicking::panic_fmt
[INFO] [stdout]   11:     0x629400611b19 - <adversarial_perf[78e9866d1635ded9]::test_worst_case_no_early_stopping_latency::{closure#0} as core[df12db4294e9bfd3]::ops::function::FnOnce<()>>::call_once
[INFO] [stdout]   12:     0x62940061248b - test[9d35eded1c95d3be]::__rust_begin_short_backtrace::<core[df12db4294e9bfd3]::result::Result<(), alloc[2182bb758b4b3781]::string::String>, fn() -> core[df12db4294e9bfd3]::result::Result<(), alloc[2182bb758b4b3781]::string::String>>
[INFO] [stdout]   13:     0x62940061faf5 - test[9d35eded1c95d3be]::run_test::{closure#0}
[INFO] [stdout]   14:     0x6294006193b4 - std[70759c8f55707aa4]::sys::backtrace::__rust_begin_short_backtrace::<test[9d35eded1c95d3be]::run_test::{closure#1}, ()>
[INFO] [stdout]   15:     0x629400622c52 - <std[70759c8f55707aa4]::thread::lifecycle::spawn_unchecked<test[9d35eded1c95d3be]::run_test::{closure#1}, ()>::{closure#1} as core[df12db4294e9bfd3]::ops::function::FnOnce<()>>::call_once::{shim:vtable#0}
[INFO] [stdout]   16:     0x6294006ae739 - <std[70759c8f55707aa4]::sys::thread::unix::Thread>::new::thread_start
[INFO] [stdout]   17:     0x7e0c8a277dfa - <unknown>
[INFO] [stdout]   18:     0x7e0c8a30b3d4 - clone
[INFO] [stdout]   19:                0x0 - <unknown>
[INFO] [stdout] 
[INFO] [stdout] 
[INFO] [stdout] failures:
[INFO] [stdout]     test_worst_case_no_early_stopping_latency
[INFO] [stdout] 
[INFO] [stdout] test result: FAILED. 2 passed; 1 failed; 0 ignored; 0 measured; 0 filtered out; finished in 0.34s
[INFO] [stdout] 
[INFO] [stderr] error: test failed, to rerun pass `--test adversarial_perf`
[INFO] running `Command { std: "docker" "inspect" "6bff622e3909b86b88b74f354f0394e943b2a3838b4e343aa8897e73542e1e7b", kill_on_drop: false }`
[INFO] running `Command { std: "docker" "rm" "-f" "6bff622e3909b86b88b74f354f0394e943b2a3838b4e343aa8897e73542e1e7b", kill_on_drop: false }`
[INFO] [stdout] 6bff622e3909b86b88b74f354f0394e943b2a3838b4e343aa8897e73542e1e7b
