[INFO] cloning repository https://github.com/nktkt/quant-signature
[INFO] running `Command { std: "git" "-c" "credential.helper=" "-c" "credential.helper=/workspace/cargo-home/bin/git-credential-null" "clone" "--bare" "https://github.com/nktkt/quant-signature" "/workspace/cache/git-repos/https%3A%2F%2Fgithub.com%2Fnktkt%2Fquant-signature", kill_on_drop: false }`
[INFO] [stderr] Cloning into bare repository '/workspace/cache/git-repos/https%3A%2F%2Fgithub.com%2Fnktkt%2Fquant-signature'...
[INFO] running `Command { std: "git" "rev-parse" "HEAD", kill_on_drop: false }`
[INFO] [stdout] 7522905c2249c9297353c488e7f00b55218eba82
[INFO] testing nktkt/quant-signature against 1.99.0-beta.8+cargoflags=--release for beta-release-1.100-2
[INFO] running `Command { std: "git" "clone" "/workspace/cache/git-repos/https%3A%2F%2Fgithub.com%2Fnktkt%2Fquant-signature" "/workspace/builds/worker-5-tc1/source", kill_on_drop: false }`
[INFO] [stderr] Cloning into '/workspace/builds/worker-5-tc1/source'...
[INFO] [stderr] done.
[INFO] started tweaking git repo https://github.com/nktkt/quant-signature
[INFO] finished tweaking git repo https://github.com/nktkt/quant-signature
[INFO] tweaked toml for git repo https://github.com/nktkt/quant-signature written to /workspace/builds/worker-5-tc1/source/Cargo.toml
[INFO] validating manifest of git repo https://github.com/nktkt/quant-signature on toolchain 1.99.0-beta.8
[INFO] running `Command { std: CARGO_HOME="/workspace/cargo-home" RUSTUP_HOME="/workspace/rustup-home" "/workspace/cargo-home/bin/cargo" "+1.99.0-beta.8" "metadata" "--manifest-path" "Cargo.toml" "--no-deps", kill_on_drop: false }`
[INFO] crate git repo https://github.com/nktkt/quant-signature already has a lockfile, it will not be regenerated
[INFO] running `Command { std: CARGO_HOME="/workspace/cargo-home" RUSTUP_HOME="/workspace/rustup-home" "/workspace/cargo-home/bin/cargo" "+1.99.0-beta.8" "fetch" "--manifest-path" "Cargo.toml", kill_on_drop: false }`
[INFO] [stderr]     Updating crates.io index
[INFO] [stderr]  Downloading crates ...
[INFO] [stderr]   Downloaded cubecl-wgpu v0.4.0
[INFO] [stderr]   Downloaded burn-ndarray v0.16.1
[INFO] [stderr]   Downloaded sanitize-filename v0.5.0
[INFO] [stderr]   Downloaded cubecl v0.4.0
[INFO] [stderr]   Downloaded ndarray-rand v0.15.0
[INFO] [stderr]   Downloaded cubecl-cuda v0.4.0
[INFO] [stderr]   Downloaded cubecl-common v0.4.0
[INFO] [stderr]   Downloaded cubecl-runtime v0.4.0
[INFO] [stderr]   Downloaded burn-common v0.16.1
[INFO] [stderr]   Downloaded cubecl-reduce v0.4.0
[INFO] [stderr]   Downloaded cubecl-hip v0.4.0
[INFO] [stderr]   Downloaded cubecl-macros v0.4.0
[INFO] [stderr]   Downloaded cubecl-cpp v0.4.0
[INFO] [stderr]   Downloaded wgpu-types v23.0.0
[INFO] [stderr]   Downloaded burn v0.16.1
[INFO] [stderr]   Downloaded cubecl-linalg v0.4.0
[INFO] [stderr]   Downloaded burn-autodiff v0.16.1
[INFO] [stderr]   Downloaded burn-train v0.16.1
[INFO] [stderr]   Downloaded cubecl-core v0.4.0
[INFO] [stderr]   Downloaded wgpu v23.0.1
[INFO] [stderr]   Downloaded sysinfo v0.32.1
[INFO] [stderr]   Downloaded burn-tensor v0.16.1
[INFO] [stderr]   Downloaded wgpu-core v23.0.1
[INFO] [stderr]   Downloaded wgpu-hal v23.0.1
[INFO] [stderr]   Downloaded cubecl-hip-sys v6.4.0
[INFO] [stderr]   Downloaded nvml-wrapper v0.10.0
[INFO] [stderr]   Downloaded naga v23.1.0
[INFO] [stderr]   Downloaded nvml-wrapper-sys v0.8.0
[INFO] [stderr]   Downloaded burn-core v0.16.1
[INFO] [stderr]   Downloaded cudarc v0.12.1
[INFO] [stderr]   Downloaded burn-jit v0.16.1
[INFO] [stderr]   Downloaded burn-tch v0.16.1
[INFO] [stderr]   Downloaded burn-wgpu v0.16.1
[INFO] [stderr]   Downloaded burn-fusion v0.16.1
[INFO] [stderr]   Downloaded tch v0.15.0
[INFO] [stderr]   Downloaded torch-sys v0.15.0
[INFO] [stderr]   Downloaded burn-derive v0.16.1
[INFO] [stderr]   Downloaded burn-hip v0.16.1
[INFO] [stderr]   Downloaded burn-dataset v0.16.1
[INFO] [stderr]   Downloaded burn-router v0.16.1
[INFO] [stderr]   Downloaded serde_rusqlite v0.36.0
[INFO] [stderr]   Downloaded r2d2_sqlite v0.25.0
[INFO] [stderr]   Downloaded gix-fs v0.12.1
[INFO] [stderr]   Downloaded gix-utils v0.1.14
[INFO] [stderr]   Downloaded gix-tempfile v15.0.0
[INFO] [stderr]   Downloaded gix-features v0.39.1
[INFO] [stderr]   Downloaded gix-hash v0.15.1
[INFO] [stderr]   Downloaded zip v1.1.4
[INFO] [stderr]   Downloaded burn-candle v0.16.1
[INFO] [stderr]   Downloaded burn-cuda v0.16.1
[INFO] [stderr]   Downloaded candle-core v0.8.4
[INFO] [stderr]   Downloaded ug v0.1.0
[INFO] [stderr]   Downloaded faster-hex v0.9.0
[INFO] [stderr]   Downloaded safetensors v0.4.5
[INFO] [stderr]   Downloaded gemm v0.17.1
[INFO] [stderr]   Downloaded raw-cpuid v10.7.0
[INFO] [stderr]   Downloaded gemm-f64 v0.17.1
[INFO] [stderr]   Downloaded gemm-f32 v0.17.1
[INFO] [stderr]   Downloaded gemm-c64 v0.17.1
[INFO] [stderr]   Downloaded gemm-c32 v0.17.1
[INFO] [stderr]   Downloaded gemm-f16 v0.17.1
[INFO] [stderr]   Downloaded gemm-common v0.17.1
[INFO] running `Command { std: "docker" "create" "-v" "/var/lib/crater-agent-workspace/builds/worker-5-tc1/source:/opt/rustwide/workdir:ro,Z" "-v" "/var/lib/crater-agent-workspace/builds/worker-5-tc1/target:/opt/rustwide/target:rw,Z" "-v" "/var/lib/crater-agent-workspace/cargo-home:/opt/rustwide/cargo-home:ro,Z" "-v" "/var/lib/crater-agent-workspace/rustup-home:/opt/rustwide/rustup-home:ro,Z" "-m" "1610612736" "--network" "none" "ghcr.io/rust-lang/crates-build-env/linux@sha256:77db811e55d90add9212f6832c23229e3de5f1c1f9905e8cb07319ea15df73ac" "sleep" "infinity", kill_on_drop: false }`
[INFO] [stdout] 06e0d302dac63e9e7aa8d285e53a21885b3b88954f943d4ed692339656f8e96b
[INFO] running `Command { std: "docker" "start" "06e0d302dac63e9e7aa8d285e53a21885b3b88954f943d4ed692339656f8e96b", kill_on_drop: false }`
[INFO] running `Command { std: "docker" "inspect" "06e0d302dac63e9e7aa8d285e53a21885b3b88954f943d4ed692339656f8e96b", kill_on_drop: false }`
[INFO] running `Command { std: "docker" "exec" "-e" "SOURCE_DIR=/opt/rustwide/workdir" "-e" "CARGO_HOME=/opt/rustwide/cargo-home" "-e" "RUSTUP_HOME=/opt/rustwide/rustup-home" "-e" "CARGO_TARGET_DIR=/opt/rustwide/target" "-w" "/opt/rustwide/workdir" "--user" "0:0" "06e0d302dac63e9e7aa8d285e53a21885b3b88954f943d4ed692339656f8e96b" "/opt/rustwide/cargo-home/bin/cargo" "+1.99.0-beta.8" "metadata" "--no-deps" "--format-version=1", kill_on_drop: false }`
[INFO] running `Command { std: "docker" "inspect" "06e0d302dac63e9e7aa8d285e53a21885b3b88954f943d4ed692339656f8e96b", kill_on_drop: false }`
[INFO] running `Command { std: "docker" "exec" "-e" "SOURCE_DIR=/opt/rustwide/workdir" "-e" "CARGO_HOME=/opt/rustwide/cargo-home" "-e" "RUSTUP_HOME=/opt/rustwide/rustup-home" "-e" "CARGO_TARGET_DIR=/opt/rustwide/target" "-e" "CARGO_INCREMENTAL=0" "-e" "RUST_BACKTRACE=full" "-e" "RUSTFLAGS=--cap-lints=warn" "-e" "RUSTDOCFLAGS=--cap-lints=warn" "-w" "/opt/rustwide/workdir" "--user" "0:0" "06e0d302dac63e9e7aa8d285e53a21885b3b88954f943d4ed692339656f8e96b" "/opt/rustwide/cargo-home/bin/cargo" "+1.99.0-beta.8" "build" "--frozen" "--message-format=json" "--release", kill_on_drop: false }`
[INFO] [stderr]    Compiling proc-macro2 v1.0.106
[INFO] [stderr]    Compiling quote v1.0.45
[INFO] [stderr]    Compiling unicode-ident v1.0.24
[INFO] [stderr]    Compiling autocfg v1.5.0
[INFO] [stderr]    Compiling libc v0.2.183
[INFO] [stderr]    Compiling cfg-if v1.0.4
[INFO] [stderr]    Compiling libm v0.2.16
[INFO] [stderr]    Compiling zerocopy v0.8.42
[INFO] [stderr]    Compiling crossbeam-utils v0.8.21
[INFO] [stderr]    Compiling serde_core v1.0.228
[INFO] [stderr]    Compiling serde v1.0.228
[INFO] [stderr]    Compiling rayon-core v1.13.0
[INFO] [stderr]    Compiling once_cell v1.21.4
[INFO] [stderr]    Compiling either v1.15.0
[INFO] [stderr]    Compiling portable-atomic v1.13.1
[INFO] [stderr]    Compiling scopeguard v1.2.0
[INFO] [stderr]    Compiling rawpointer v0.2.1
[INFO] [stderr]    Compiling lock_api v0.4.14
[INFO] [stderr]    Compiling cubecl-common v0.4.0
[INFO] [stderr]    Compiling futures-core v0.3.32
[INFO] [stderr]    Compiling pin-project-lite v0.2.17
[INFO] [stderr]    Compiling fastrand v2.3.0
[INFO] [stderr]    Compiling parking v2.2.1
[INFO] [stderr]    Compiling futures-io v0.3.32
[INFO] [stderr]    Compiling embassy-futures v0.1.2
[INFO] [stderr]    Compiling log v0.4.29
[INFO] [stderr]    Compiling foldhash v0.1.5
[INFO] [stderr]    Compiling equivalent v1.0.2
[INFO] [stderr]    Compiling getrandom v0.3.4
[INFO] [stderr]    Compiling paste v1.0.15
[INFO] [stderr]    Compiling allocator-api2 v0.2.21
[INFO] [stderr]    Compiling lazy_static v1.5.0
[INFO] [stderr]    Compiling thiserror v2.0.18
[INFO] [stderr]    Compiling colored v2.2.0
[INFO] [stderr]    Compiling zmij v1.0.21
[INFO] [stderr]    Compiling typenum v1.19.0
[INFO] [stderr]    Compiling futures-lite v2.6.1
[INFO] [stderr]    Compiling version_check v0.9.5
[INFO] [stderr]    Compiling crc32fast v1.5.0
[INFO] [stderr]    Compiling num-traits v0.2.19
[INFO] [stderr]    Compiling matrixmultiply v0.3.10
[INFO] [stderr]    Compiling simd-adler32 v0.3.8
[INFO] [stderr]    Compiling serde_json v1.0.149
[INFO] [stderr]    Compiling adler2 v2.0.1
[INFO] [stderr]    Compiling ahash v0.8.12
[INFO] [stderr]    Compiling miniz_oxide v0.8.9
[INFO] [stderr]    Compiling crossbeam-epoch v0.9.18
[INFO] [stderr]    Compiling crossbeam-channel v0.5.15
[INFO] [stderr]    Compiling itoa v1.0.17
[INFO] [stderr]    Compiling memchr v2.8.0
[INFO] [stderr]    Compiling unty v0.0.4
[INFO] [stderr]    Compiling data-encoding v2.10.0
[INFO] [stderr]    Compiling uuid v1.22.0
[INFO] [stderr]    Compiling syn v2.0.117
[INFO] [stderr]    Compiling crossbeam-deque v0.8.6
[INFO] [stderr]    Compiling spin v0.9.8
[INFO] [stderr]    Compiling burn-ndarray v0.16.1
[INFO] [stderr]    Compiling atomic_float v1.1.0
[INFO] [stderr]    Compiling thread-tree v0.3.3
[INFO] [stderr]    Compiling flate2 v1.1.9
[INFO] [stderr]    Compiling getrandom v0.2.17
[INFO] [stderr]    Compiling num_cpus v1.17.0
[INFO] [stderr]    Compiling rand_core v0.9.5
[INFO] [stderr]    Compiling rand_core v0.6.4
[INFO] [stderr]    Compiling rayon v1.11.0
[INFO] [stderr]    Compiling num-integer v0.1.46
[INFO] [stderr]    Compiling num-complex v0.4.6
[INFO] [stderr]    Compiling approx v0.5.1
[INFO] [stderr]    Compiling rmp v0.8.15
[INFO] [stderr]    Compiling serde_bytes v0.11.19
[INFO] [stderr]    Compiling num-rational v0.4.2
[INFO] [stderr]    Compiling ndarray v0.16.1
[INFO] [stderr]    Compiling zerocopy-derive v0.8.42
[INFO] [stderr]    Compiling serde_derive v1.0.228
[INFO] [stderr]    Compiling bytemuck_derive v1.10.2
[INFO] [stderr]    Compiling derive-new v0.6.0
[INFO] [stderr]    Compiling derive-new v0.7.0
[INFO] [stderr]    Compiling thiserror-impl v2.0.18
[INFO] [stderr]    Compiling burn-derive v0.16.1
[INFO] [stderr]    Compiling bytemuck v1.25.0
[INFO] [stderr]    Compiling safe_arch v0.7.4
[INFO] [stderr]    Compiling wide v0.7.33
[INFO] [stderr]    Compiling hashbrown v0.15.5
[INFO] [stderr]    Compiling bincode v2.0.1
[INFO] [stderr]    Compiling rmp-serde v1.3.1
[INFO] [stderr]    Compiling simba v0.9.1
[INFO] [stderr]    Compiling ppv-lite86 v0.2.21
[INFO] [stderr]    Compiling half v2.7.1
[INFO] [stderr]    Compiling rand_chacha v0.3.1
[INFO] [stderr]    Compiling rand_chacha v0.9.0
[INFO] [stderr]    Compiling rand v0.8.5
[INFO] [stderr]    Compiling rand v0.9.2
[INFO] [stderr]    Compiling rand_distr v0.4.3
[INFO] [stderr]    Compiling rand_distr v0.5.1
[INFO] [stderr]    Compiling burn-common v0.16.1
[INFO] [stderr]    Compiling ndarray-rand v0.15.0
[INFO] [stderr]    Compiling burn-tensor v0.16.1
[INFO] [stderr]    Compiling signature-core v0.1.0 (/opt/rustwide/workdir/crates/signature-core)
[INFO] [stderr]    Compiling nalgebra v0.33.2
[INFO] [stderr]    Compiling burn-core v0.16.1
[INFO] [stderr]    Compiling burn-autodiff v0.16.1
[INFO] [stderr]    Compiling statrs v0.18.0
[INFO] [stderr]    Compiling market-gen v0.1.0 (/opt/rustwide/workdir/crates/market-gen)
[INFO] [stderr]    Compiling signature-pricing v0.1.0 (/opt/rustwide/workdir/crates/signature-pricing)
[INFO] [stderr]    Compiling burn v0.16.1
[INFO] [stderr]    Compiling neural-rde v0.1.0 (/opt/rustwide/workdir/crates/neural-rde)
[INFO] [stdout] warning: use of deprecated method `std::sync::atomic::Atomic::<u64>::fetch_update`: renamed to `try_update` for consistency
[INFO] [stdout]    --> crates/neural-rde/src/rde_cell.rs:111:10
[INFO] [stdout]     |
[INFO] [stdout] 111 |         .fetch_update(Ordering::Relaxed, Ordering::Relaxed, |s| {
[INFO] [stdout]     |          ^^^^^^^^^^^^
[INFO] [stdout]     |
[INFO] [stdout]     = note: `#[warn(deprecated)]` on by default
[INFO] [stdout] help: replace the use of the deprecated method
[INFO] [stdout]     |
[INFO] [stdout] 111 -         .fetch_update(Ordering::Relaxed, Ordering::Relaxed, |s| {
[INFO] [stdout] 111 +         .try_update(Ordering::Relaxed, Ordering::Relaxed, |s| {
[INFO] [stdout]     |
[INFO] [stdout] 
[INFO] [stdout] 
[INFO] [stderr]     Finished `release` profile [optimized] target(s) in 1m 10s
[INFO] running `Command { std: "docker" "inspect" "06e0d302dac63e9e7aa8d285e53a21885b3b88954f943d4ed692339656f8e96b", kill_on_drop: false }`
[INFO] running `Command { std: "docker" "exec" "-e" "SOURCE_DIR=/opt/rustwide/workdir" "-e" "CARGO_HOME=/opt/rustwide/cargo-home" "-e" "RUSTUP_HOME=/opt/rustwide/rustup-home" "-e" "CARGO_TARGET_DIR=/opt/rustwide/target" "-e" "CARGO_INCREMENTAL=0" "-e" "RUST_BACKTRACE=full" "-e" "RUSTFLAGS=--cap-lints=warn" "-e" "RUSTDOCFLAGS=--cap-lints=warn" "-w" "/opt/rustwide/workdir" "--user" "0:0" "06e0d302dac63e9e7aa8d285e53a21885b3b88954f943d4ed692339656f8e96b" "/opt/rustwide/cargo-home/bin/cargo" "+1.99.0-beta.8" "test" "--frozen" "--no-run" "--message-format=json" "--release", kill_on_drop: false }`
[INFO] [stderr]    Compiling either v1.15.0
[INFO] [stderr]    Compiling serde_json v1.0.149
[INFO] [stderr]    Compiling clap_lex v1.1.0
[INFO] [stderr]    Compiling anstyle v1.0.14
[INFO] [stderr]    Compiling regex-syntax v0.8.10
[INFO] [stderr]    Compiling plotters-backend v0.3.7
[INFO] [stderr]    Compiling ciborium-io v0.2.2
[INFO] [stderr]    Compiling same-file v1.0.6
[INFO] [stderr]    Compiling cast v0.3.0
[INFO] [stderr]    Compiling is-terminal v0.4.17
[INFO] [stderr]    Compiling anes v0.1.6
[INFO] [stderr]    Compiling oorandom v11.1.5
[INFO] [stderr]    Compiling ciborium-ll v0.2.2
[INFO] [stderr]    Compiling walkdir v2.5.0
[INFO] [stderr]    Compiling clap_builder v4.6.0
[INFO] [stderr]    Compiling plotters-svg v0.3.7
[INFO] [stderr]    Compiling rayon v1.11.0
[INFO] [stderr]    Compiling itertools v0.10.5
[INFO] [stderr]    Compiling ciborium v0.2.2
[INFO] [stderr]    Compiling plotters v0.3.7
[INFO] [stderr]    Compiling tinytemplate v1.2.1
[INFO] [stderr]    Compiling regex-automata v0.4.14
[INFO] [stderr]    Compiling criterion-plot v0.5.0
[INFO] [stderr]    Compiling clap v4.6.0
[INFO] [stderr]    Compiling ndarray v0.16.1
[INFO] [stderr]    Compiling burn-common v0.16.1
[INFO] [stderr]    Compiling burn-tensor v0.16.1
[INFO] [stderr]    Compiling regex v1.12.3
[INFO] [stderr]    Compiling criterion v0.5.1
[INFO] [stderr]    Compiling ndarray-rand v0.15.0
[INFO] [stderr]    Compiling burn-core v0.16.1
[INFO] [stderr]    Compiling burn-autodiff v0.16.1
[INFO] [stderr]    Compiling signature-core v0.1.0 (/opt/rustwide/workdir/crates/signature-core)
[INFO] [stderr]    Compiling market-gen v0.1.0 (/opt/rustwide/workdir/crates/market-gen)
[INFO] [stderr]    Compiling signature-pricing v0.1.0 (/opt/rustwide/workdir/crates/signature-pricing)
[INFO] [stderr]    Compiling burn-ndarray v0.16.1
[INFO] [stderr]    Compiling burn v0.16.1
[INFO] [stderr]    Compiling neural-rde v0.1.0 (/opt/rustwide/workdir/crates/neural-rde)
[INFO] [stdout] warning: use of deprecated method `std::sync::atomic::Atomic::<u64>::fetch_update`: renamed to `try_update` for consistency
[INFO] [stdout]    --> crates/neural-rde/src/rde_cell.rs:111:10
[INFO] [stdout]     |
[INFO] [stdout] 111 |         .fetch_update(Ordering::Relaxed, Ordering::Relaxed, |s| {
[INFO] [stdout]     |          ^^^^^^^^^^^^
[INFO] [stdout]     |
[INFO] [stdout]     = note: `#[warn(deprecated)]` on by default
[INFO] [stdout] help: replace the use of the deprecated method
[INFO] [stdout]     |
[INFO] [stdout] 111 -         .fetch_update(Ordering::Relaxed, Ordering::Relaxed, |s| {
[INFO] [stdout] 111 +         .try_update(Ordering::Relaxed, Ordering::Relaxed, |s| {
[INFO] [stdout]     |
[INFO] [stdout] 
[INFO] [stdout] 
[INFO] [stdout] warning: use of deprecated method `std::sync::atomic::Atomic::<u64>::fetch_update`: renamed to `try_update` for consistency
[INFO] [stdout]    --> crates/neural-rde/src/rde_cell.rs:111:10
[INFO] [stdout]     |
[INFO] [stdout] 111 |         .fetch_update(Ordering::Relaxed, Ordering::Relaxed, |s| {
[INFO] [stdout]     |          ^^^^^^^^^^^^
[INFO] [stdout]     |
[INFO] [stdout]     = note: `#[warn(deprecated)]` on by default
[INFO] [stdout] help: replace the use of the deprecated method
[INFO] [stdout]     |
[INFO] [stdout] 111 -         .fetch_update(Ordering::Relaxed, Ordering::Relaxed, |s| {
[INFO] [stdout] 111 +         .try_update(Ordering::Relaxed, Ordering::Relaxed, |s| {
[INFO] [stdout]     |
[INFO] [stdout] 
[INFO] [stdout] 
[INFO] [stderr]     Finished `release` profile [optimized] target(s) in 1m 12s
[INFO] running `Command { std: "docker" "inspect" "06e0d302dac63e9e7aa8d285e53a21885b3b88954f943d4ed692339656f8e96b", kill_on_drop: false }`
[INFO] running `Command { std: "docker" "exec" "-e" "SOURCE_DIR=/opt/rustwide/workdir" "-e" "CARGO_HOME=/opt/rustwide/cargo-home" "-e" "RUSTUP_HOME=/opt/rustwide/rustup-home" "-e" "CARGO_TARGET_DIR=/opt/rustwide/target" "-e" "CARGO_INCREMENTAL=0" "-e" "RUST_BACKTRACE=full" "-e" "RUSTFLAGS=--cap-lints=warn" "-e" "RUSTDOCFLAGS=--cap-lints=warn" "-w" "/opt/rustwide/workdir" "--user" "0:0" "06e0d302dac63e9e7aa8d285e53a21885b3b88954f943d4ed692339656f8e96b" "/opt/rustwide/cargo-home/bin/cargo" "+1.99.0-beta.8" "test" "--frozen" "--release", kill_on_drop: false }`
[INFO] [stderr] warning: use of deprecated method `std::sync::atomic::Atomic::<u64>::fetch_update`: renamed to `try_update` for consistency
[INFO] [stderr]    --> crates/neural-rde/src/rde_cell.rs:111:10
[INFO] [stderr]     |
[INFO] [stderr] 111 |         .fetch_update(Ordering::Relaxed, Ordering::Relaxed, |s| {
[INFO] [stderr]     |          ^^^^^^^^^^^^
[INFO] [stderr]     |
[INFO] [stderr]     = note: `#[warn(deprecated)]` on by default
[INFO] [stderr] help: replace the use of the deprecated method
[INFO] [stderr]     |
[INFO] [stderr] 111 -         .fetch_update(Ordering::Relaxed, Ordering::Relaxed, |s| {
[INFO] [stderr] 111 +         .try_update(Ordering::Relaxed, Ordering::Relaxed, |s| {
[INFO] [stderr]     |
[INFO] [stderr] 
[INFO] [stderr] warning: `neural-rde` (lib) generated 1 warning (run `cargo fix --lib -p neural-rde` to apply 1 suggestion)
[INFO] [stderr] warning: `neural-rde` (lib test) generated 1 warning (1 duplicate)
[INFO] [stderr]     Finished `release` profile [optimized] target(s) in 0.46s
[INFO] [stderr]      Running unittests src/lib.rs (/opt/rustwide/target/release/deps/market_gen-10b76e755027bf61)
[INFO] [stdout] 
[INFO] [stdout] running 4 tests
[INFO] [stdout] test signature_kernel::tests::test_signature_kernel_self ... ok
[INFO] [stdout] test signature_kernel::tests::test_gram_matrix_symmetric ... ok
[INFO] [stdout] test mmd::tests::test_mmd_same_distribution ... FAILED
[INFO] [stdout] test gbm::tests::test_gbm_paths ... ok
[INFO] [stdout] 
[INFO] [stdout] failures:
[INFO] [stdout] 
[INFO] [stdout] ---- mmd::tests::test_mmd_same_distribution stdout ----
[INFO] [stdout] 
[INFO] [stdout] thread 'mmd::tests::test_mmd_same_distribution' (2169) panicked at crates/market-gen/src/mmd.rs:89:9:
[INFO] [stdout] MMD too large: 135.1382658301195
[INFO] [stdout] stack backtrace:
[INFO] [stdout]    0:     0x57dde0155997 - <<std[70759c8f55707aa4]::sys::backtrace::BacktraceLock>::print::DisplayBacktrace as core[df12db4294e9bfd3]::fmt::Display>::fmt
[INFO] [stdout]    1:     0x57dde012e5ba - core[df12db4294e9bfd3]::fmt::write
[INFO] [stdout]    2:     0x57dde0154f4b - <alloc[2182bb758b4b3781]::vec::Vec<u8> as core[df12db4294e9bfd3]::io::write::Write>::write_fmt
[INFO] [stdout]    3:     0x57dde0154a2f - std[70759c8f55707aa4]::panicking::default_hook::{closure#0}
[INFO] [stdout]    4:     0x57dde015465a - std[70759c8f55707aa4]::panicking::default_hook
[INFO] [stdout]    5:     0x57dde0154192 - std[70759c8f55707aa4]::panicking::panic_with_hook
[INFO] [stdout]    6:     0x57dde017b5b1 - std[70759c8f55707aa4]::panicking::panic_handler::{closure#0}
[INFO] [stdout]    7:     0x57dde017b569 - std[70759c8f55707aa4]::sys::backtrace::__rust_end_short_backtrace::<std[70759c8f55707aa4]::panicking::panic_handler::{closure#0}, !>
[INFO] [stdout]    8:     0x57dde017ba7c - __rustc[8fa7c3cbc660c2b3]::rust_begin_unwind
[INFO] [stdout]    9:     0x57dde012e44b - core[df12db4294e9bfd3]::panicking::panic_fmt
[INFO] [stdout]   10:     0x57dde012cb6e - <market_gen[f2ad866b5635ab26]::mmd::tests::test_mmd_same_distribution::{closure#0} as core[df12db4294e9bfd3]::ops::function::FnOnce<()>>::call_once
[INFO] [stdout]   11:     0x57dde0195e3b - test[9d35eded1c95d3be]::__rust_begin_short_backtrace::<core[df12db4294e9bfd3]::result::Result<(), alloc[2182bb758b4b3781]::string::String>, fn() -> core[df12db4294e9bfd3]::result::Result<(), alloc[2182bb758b4b3781]::string::String>>
[INFO] [stdout]   12:     0x57dde019144f - test[9d35eded1c95d3be]::run_test::{closure#0}
[INFO] [stdout]   13:     0x57dde0190ecc - std[70759c8f55707aa4]::sys::backtrace::__rust_begin_short_backtrace::<test[9d35eded1c95d3be]::run_test::{closure#1}, ()>
[INFO] [stdout]   14:     0x57dde01ac02c - <std[70759c8f55707aa4]::thread::lifecycle::spawn_unchecked<test[9d35eded1c95d3be]::run_test::{closure#1}, ()>::{closure#1} as core[df12db4294e9bfd3]::ops::function::FnOnce<()>>::call_once::{shim:vtable#0}
[INFO] [stdout]   15:     0x57dde017d042 - <std[70759c8f55707aa4]::sys::thread::unix::Thread>::new::thread_start
[INFO] [stdout]   16:     0x796c04a10dfa - <unknown>
[INFO] [stdout]   17:     0x796c04aa43d4 - clone
[INFO] [stdout]   18:                0x0 - <unknown>
[INFO] [stdout] 
[INFO] [stdout] 
[INFO] [stdout] failures:
[INFO] [stdout]     mmd::tests::test_mmd_same_distribution
[INFO] [stdout] 
[INFO] [stdout] test result: FAILED. 3 passed; 1 failed; 0 ignored; 0 measured; 0 filtered out; finished in 0.01s
[INFO] [stdout] 
[INFO] [stderr] error: test failed, to rerun pass `-p market-gen --lib`
[INFO] running `Command { std: "docker" "inspect" "06e0d302dac63e9e7aa8d285e53a21885b3b88954f943d4ed692339656f8e96b", kill_on_drop: false }`
[INFO] running `Command { std: "docker" "rm" "-f" "06e0d302dac63e9e7aa8d285e53a21885b3b88954f943d4ed692339656f8e96b", kill_on_drop: false }`
[INFO] [stdout] 06e0d302dac63e9e7aa8d285e53a21885b3b88954f943d4ed692339656f8e96b
