[INFO] cloning repository https://github.com/microchip-ung/fercc
[INFO] running `Command { std: "git" "-c" "credential.helper=" "-c" "credential.helper=/workspace/cargo-home/bin/git-credential-null" "clone" "--bare" "https://github.com/microchip-ung/fercc" "/workspace/cache/git-repos/https%3A%2F%2Fgithub.com%2Fmicrochip-ung%2Ffercc", kill_on_drop: false }`
[INFO] [stderr] Cloning into bare repository '/workspace/cache/git-repos/https%3A%2F%2Fgithub.com%2Fmicrochip-ung%2Ffercc'...
[INFO] running `Command { std: "git" "rev-parse" "HEAD", kill_on_drop: false }`
[INFO] [stdout] 0df22204bf8acf8df79483934e217e40a6cb7ed5
[INFO] testing microchip-ung/fercc against 1.99.0-beta.8+cargoflags=--release for beta-release-1.100-2
[INFO] running `Command { std: "git" "clone" "/workspace/cache/git-repos/https%3A%2F%2Fgithub.com%2Fmicrochip-ung%2Ffercc" "/workspace/builds/worker-5-tc1/source", kill_on_drop: false }`
[INFO] [stderr] Cloning into '/workspace/builds/worker-5-tc1/source'...
[INFO] [stderr] done.
[INFO] started tweaking git repo https://github.com/microchip-ung/fercc
[INFO] finished tweaking git repo https://github.com/microchip-ung/fercc
[INFO] tweaked toml for git repo https://github.com/microchip-ung/fercc written to /workspace/builds/worker-5-tc1/source/Cargo.toml
[INFO] validating manifest of git repo https://github.com/microchip-ung/fercc on toolchain 1.99.0-beta.8
[INFO] running `Command { std: CARGO_HOME="/workspace/cargo-home" RUSTUP_HOME="/workspace/rustup-home" "/workspace/cargo-home/bin/cargo" "+1.99.0-beta.8" "metadata" "--manifest-path" "Cargo.toml" "--no-deps", kill_on_drop: false }`
[INFO] crate git repo https://github.com/microchip-ung/fercc already has a lockfile, it will not be regenerated
[INFO] running `Command { std: CARGO_HOME="/workspace/cargo-home" RUSTUP_HOME="/workspace/rustup-home" "/workspace/cargo-home/bin/cargo" "+1.99.0-beta.8" "fetch" "--manifest-path" "Cargo.toml", kill_on_drop: false }`
[INFO] [stderr]     Updating crates.io index
[INFO] [stderr]  Downloading crates ...
[INFO] [stderr]   Downloaded unescaper v0.1.10
[INFO] [stderr]   Downloaded serde_yml v0.0.13
[INFO] [stderr]   Downloaded serialport v4.10.1
[INFO] [stderr]   Downloaded noyalib v0.0.5
[INFO] running `Command { std: "docker" "create" "-v" "/var/lib/crater-agent-workspace/builds/worker-5-tc1/source:/opt/rustwide/workdir:ro,Z" "-v" "/var/lib/crater-agent-workspace/builds/worker-5-tc1/target:/opt/rustwide/target:rw,Z" "-v" "/var/lib/crater-agent-workspace/cargo-home:/opt/rustwide/cargo-home:ro,Z" "-v" "/var/lib/crater-agent-workspace/rustup-home:/opt/rustwide/rustup-home:ro,Z" "-m" "1610612736" "--network" "none" "ghcr.io/rust-lang/crates-build-env/linux@sha256:77db811e55d90add9212f6832c23229e3de5f1c1f9905e8cb07319ea15df73ac" "sleep" "infinity", kill_on_drop: false }`
[INFO] [stdout] f8fcd37c8015db894011ee30e8d8322ae8433931f1b02dbda960c5467fd28508
[INFO] running `Command { std: "docker" "start" "f8fcd37c8015db894011ee30e8d8322ae8433931f1b02dbda960c5467fd28508", kill_on_drop: false }`
[INFO] running `Command { std: "docker" "inspect" "f8fcd37c8015db894011ee30e8d8322ae8433931f1b02dbda960c5467fd28508", kill_on_drop: false }`
[INFO] running `Command { std: "docker" "exec" "-e" "SOURCE_DIR=/opt/rustwide/workdir" "-e" "CARGO_HOME=/opt/rustwide/cargo-home" "-e" "RUSTUP_HOME=/opt/rustwide/rustup-home" "-e" "CARGO_TARGET_DIR=/opt/rustwide/target" "-w" "/opt/rustwide/workdir" "--user" "0:0" "f8fcd37c8015db894011ee30e8d8322ae8433931f1b02dbda960c5467fd28508" "/opt/rustwide/cargo-home/bin/cargo" "+1.99.0-beta.8" "metadata" "--no-deps" "--format-version=1", kill_on_drop: false }`
[INFO] running `Command { std: "docker" "inspect" "f8fcd37c8015db894011ee30e8d8322ae8433931f1b02dbda960c5467fd28508", kill_on_drop: false }`
[INFO] running `Command { std: "docker" "exec" "-e" "SOURCE_DIR=/opt/rustwide/workdir" "-e" "CARGO_HOME=/opt/rustwide/cargo-home" "-e" "RUSTUP_HOME=/opt/rustwide/rustup-home" "-e" "CARGO_TARGET_DIR=/opt/rustwide/target" "-e" "CARGO_INCREMENTAL=0" "-e" "RUST_BACKTRACE=full" "-e" "RUSTFLAGS=--cap-lints=warn" "-e" "RUSTDOCFLAGS=--cap-lints=warn" "-w" "/opt/rustwide/workdir" "--user" "0:0" "f8fcd37c8015db894011ee30e8d8322ae8433931f1b02dbda960c5467fd28508" "/opt/rustwide/cargo-home/bin/cargo" "+1.99.0-beta.8" "build" "--frozen" "--message-format=json" "--release", kill_on_drop: false }`
[INFO] [stderr]    Compiling unicode-ident v1.0.26
[INFO] [stderr]    Compiling rustix v1.1.5
[INFO] [stderr]    Compiling noyalib v0.0.5
[INFO] [stderr]    Compiling crc32fast v1.5.2
[INFO] [stderr]    Compiling scopeguard v1.2.0
[INFO] [stderr]    Compiling smallvec v1.16.1
[INFO] [stderr]    Compiling serde_json v1.0.151
[INFO] [stderr]    Compiling indexmap v2.14.2
[INFO] [stderr]    Compiling nix v0.26.4
[INFO] [stderr]    Compiling filetime v0.2.29
[INFO] [stderr]    Compiling cbor v0.1.0 (/opt/rustwide/workdir/cbor)
[INFO] [stderr]    Compiling regex-lite v0.1.9
[INFO] [stderr]    Compiling proc-macro2 v1.0.107
[INFO] [stderr]    Compiling flate2 v1.1.10
[INFO] [stderr]    Compiling quote v1.0.47
[INFO] [stderr]    Compiling syn v3.0.6
[INFO] [stderr]    Compiling xattr v1.6.1
[INFO] [stderr]    Compiling tar v0.4.46
[INFO] [stderr]    Compiling thiserror-impl v2.0.20
[INFO] [stderr]    Compiling serde_derive v1.0.229
[INFO] [stderr]    Compiling clap_derive v4.6.7
[INFO] [stderr]    Compiling thiserror v2.0.20
[INFO] [stderr]    Compiling unescaper v0.1.10
[INFO] [stderr]    Compiling serialport v4.10.1
[INFO] [stderr]    Compiling clap v4.6.7
[INFO] [stderr]    Compiling mup1 v0.1.0 (/opt/rustwide/workdir/mup1)
[INFO] [stderr]    Compiling coap v0.1.0 (/opt/rustwide/workdir/coap)
[INFO] [stderr]    Compiling serde v1.0.229
[INFO] [stderr]    Compiling serde_yml v0.0.13
[INFO] [stderr]    Compiling yang v0.1.0 (/opt/rustwide/workdir/yang)
[INFO] [stderr]    Compiling fercc v0.1.0 (/opt/rustwide/workdir/fercc)
[INFO] [stderr]     Finished `release` profile [optimized] target(s) in 33.69s
[INFO] running `Command { std: "docker" "inspect" "f8fcd37c8015db894011ee30e8d8322ae8433931f1b02dbda960c5467fd28508", kill_on_drop: false }`
[INFO] running `Command { std: "docker" "exec" "-e" "SOURCE_DIR=/opt/rustwide/workdir" "-e" "CARGO_HOME=/opt/rustwide/cargo-home" "-e" "RUSTUP_HOME=/opt/rustwide/rustup-home" "-e" "CARGO_TARGET_DIR=/opt/rustwide/target" "-e" "CARGO_INCREMENTAL=0" "-e" "RUST_BACKTRACE=full" "-e" "RUSTFLAGS=--cap-lints=warn" "-e" "RUSTDOCFLAGS=--cap-lints=warn" "-w" "/opt/rustwide/workdir" "--user" "0:0" "f8fcd37c8015db894011ee30e8d8322ae8433931f1b02dbda960c5467fd28508" "/opt/rustwide/cargo-home/bin/cargo" "+1.99.0-beta.8" "test" "--frozen" "--no-run" "--message-format=json" "--release", kill_on_drop: false }`
[INFO] [stderr]    Compiling cbor v0.1.0 (/opt/rustwide/workdir/cbor)
[INFO] [stderr]    Compiling yang v0.1.0 (/opt/rustwide/workdir/yang)
[INFO] [stderr]    Compiling mup1 v0.1.0 (/opt/rustwide/workdir/mup1)
[INFO] [stderr]    Compiling coap v0.1.0 (/opt/rustwide/workdir/coap)
[INFO] [stderr]    Compiling fercc v0.1.0 (/opt/rustwide/workdir/fercc)
[INFO] [stderr]     Finished `release` profile [optimized] target(s) in 10.58s
[INFO] running `Command { std: "docker" "inspect" "f8fcd37c8015db894011ee30e8d8322ae8433931f1b02dbda960c5467fd28508", kill_on_drop: false }`
[INFO] running `Command { std: "docker" "exec" "-e" "SOURCE_DIR=/opt/rustwide/workdir" "-e" "CARGO_HOME=/opt/rustwide/cargo-home" "-e" "RUSTUP_HOME=/opt/rustwide/rustup-home" "-e" "CARGO_TARGET_DIR=/opt/rustwide/target" "-e" "CARGO_INCREMENTAL=0" "-e" "RUST_BACKTRACE=full" "-e" "RUSTFLAGS=--cap-lints=warn" "-e" "RUSTDOCFLAGS=--cap-lints=warn" "-w" "/opt/rustwide/workdir" "--user" "0:0" "f8fcd37c8015db894011ee30e8d8322ae8433931f1b02dbda960c5467fd28508" "/opt/rustwide/cargo-home/bin/cargo" "+1.99.0-beta.8" "test" "--frozen" "--release", kill_on_drop: false }`
[INFO] [stderr]     Finished `release` profile [optimized] target(s) in 0.09s
[INFO] [stderr]      Running unittests src/lib.rs (/opt/rustwide/target/release/deps/cbor-6e25056583b5cc07)
[INFO] [stdout] 
[INFO] [stdout] running 22 tests
[INFO] [stdout] test tests::arrays_and_maps ... ok
[INFO] [stdout] test tests::decoding_a_sequence ... ok
[INFO] [stdout] test tests::bare_break_byte_is_an_error ... ok
[INFO] [stdout] test tests::accessors ... ok
[INFO] [stdout] test tests::indefinite_length_array ... ok
[INFO] [stdout] test tests::indefinite_length_string_chunk_must_match_major_type ... ok
[INFO] [stdout] test tests::indefinite_length_text_string ... ok
[INFO] [stdout] test tests::reserved_additional_info_is_an_error ... ok
[INFO] [stdout] test tests::integer_width_boundaries ... ok
[INFO] [stdout] test tests::indefinite_length_byte_string ... ok
[INFO] [stdout] test tests::integers ... ok
[INFO] [stdout] test tests::simple_values ... ok
[INFO] [stdout] test tests::strings ... ok
[INFO] [stdout] test tests::tags ... ok
[INFO] [stderr]      Running unittests src/lib.rs (/opt/rustwide/target/release/deps/coap-32cf41e4e8d8b270)
[INFO] [stdout] test tests::byte_string_length_past_end_of_input_is_an_error ... ok
[INFO] [stdout] test tests::indefinite_length_map ... ok
[INFO] [stdout] test tests::empty_input_is_an_error ... ok
[INFO] [stdout] test tests::unsupported_one_byte_simple_value_is_an_error ... ok
[INFO] [stdout] test tests::unterminated_indefinite_array_is_an_error ... ok
[INFO] [stdout] test tests::truncated_length_prefix_is_an_error ... ok
[INFO] [stdout] test tests::decoding_any_float_width_is_an_error ... ok
[INFO] [stdout] test tests::text_string_must_be_valid_utf8 ... ok
[INFO] [stdout] 
[INFO] [stdout] test result: ok. 22 passed; 0 failed; 0 ignored; 0 measured; 0 filtered out; finished in 0.01s
[INFO] [stdout] 
[INFO] [stdout] 
[INFO] [stderr]      Running unittests src/lib.rs (/opt/rustwide/target/release/deps/fercc-6f63f0add233a6ca)
[INFO] [stdout] running 3 tests
[INFO] [stdout] test message::tests::block_size_round_trips_through_szx ... ok
[INFO] [stdout] test message::tests::encodes_a_simple_get_with_uri_path_and_query ... ok
[INFO] [stdout] test message::tests::round_trips_response_with_content_format_and_block2 ... ok
[INFO] [stdout] 
[INFO] [stdout] test result: ok. 3 passed; 0 failed; 0 ignored; 0 measured; 0 filtered out; finished in 0.00s
[INFO] [stdout] 
[INFO] [stdout] 
[INFO] [stdout] running 9 tests
[INFO] [stderr]      Running unittests src/main.rs (/opt/rustwide/target/release/deps/fercc-37112343ba4f6bd1)
[INFO] [stdout] test io::tests::parses_json_text ... ok
[INFO] [stdout] test io::tests::renders_json_and_yaml ... ok
[INFO] [stdout] test io::tests::parses_yaml_text ... ok
[INFO] [stdout] test io::tests::read_input_infers_json_from_extension_when_no_flag_given ... ok
[INFO] [stdout] test io::tests::read_input_defaults_to_yaml_with_no_flag_or_recognized_extension ... ok
[INFO] [stdout] test io::tests::read_input_uses_explicit_format_flag_over_extension ... ok
[INFO] [stdout] test io::tests::write_output_skips_empty_values ... ok
[INFO] [stdout] test io::tests::write_output_explicit_format_flag_overrides_extension ... ok
[INFO] [stdout] test io::tests::write_output_infers_json_from_extension_when_no_flag_given ... ok
[INFO] [stdout] 
[INFO] [stdout] test result: ok. 9 passed; 0 failed; 0 ignored; 0 measured; 0 filtered out; finished in 0.00s
[INFO] [stdout] 
[INFO] [stdout] 
[INFO] [stderr]      Running tests/conv_validation.rs (/opt/rustwide/target/release/deps/conv_validation-e7ca3510c5a75290)
[INFO] [stdout] running 0 tests
[INFO] [stdout] 
[INFO] [stdout] test result: ok. 0 passed; 0 failed; 0 ignored; 0 measured; 0 filtered out; finished in 0.00s
[INFO] [stdout] 
[INFO] [stdout] 
[INFO] [stdout] running 2 tests
[INFO] [stdout] test error_res_fixtures_decode_correctly_in_every_direction ... ok
[INFO] [stdout] test round_trip_fixtures_convert_correctly_in_every_direction ... ok
[INFO] [stderr]      Running unittests src/lib.rs (/opt/rustwide/target/release/deps/mup1-5224d2825951e832)
[INFO] [stdout] 
[INFO] [stdout] test result: ok. 2 passed; 0 failed; 0 ignored; 0 measured; 0 filtered out; finished in 0.09s
[INFO] [stdout] 
[INFO] [stdout] 
[INFO] [stdout] running 16 tests
[INFO] [stdout] test frame::tests::checksum_zero_sentinel_is_accepted_regardless_of_content ... ok
[INFO] [stdout] test checksum::tests::base128_round_trips_every_crc_value_shape ... ok
[INFO] [stdout] test frame::tests::even_size_data_with_internet_checksum_doubles_eof ... ok
[INFO] [stdout] test frame::tests::get_on_empty_decoder_is_none ... ok
[INFO] [stdout] test frame::tests::idle_byte_with_no_preceding_sof_becomes_raw ... ok
[INFO] [stdout] test frame::tests::escapes_every_special_byte_and_round_trips ... ok
[INFO] [stdout] test frame::tests::multiple_frames_come_out_in_order ... ok
[INFO] [stdout] test checksum::tests::ignore_sentinel_only_applies_to_internet ... ok
[INFO] [stdout] test frame::tests::overflow_of_raw_buffer_drops_exactly_one_byte ... ok
[INFO] [stdout] test frame::tests::trailer_cr_lf_after_success_is_consumed_not_raw ... ok
[INFO] [stdout] test frame::tests::tick_times_out_a_stuck_attempt_and_progress_resets_it ... ok
[INFO] [stdout] test checksum::tests::internet_checksum_of_empty_is_all_ones_complement ... ok
[INFO] [stdout] test frame::tests::rejects_a_genuinely_wrong_checksum ... ok
[INFO] [stdout] test frame::tests::illegal_escape_target_does_not_abort_and_is_preserved_verbatim_on_failure ... ok
[INFO] [stdout] test frame::tests::plain_data_no_escaping_odd_size_single_eof ... ok
[INFO] [stdout] test frame::tests::crc32_checksum_round_trips ... ok
[INFO] [stdout] 
[INFO] [stdout] test result: ok. 16 passed; 0 failed; 0 ignored; 0 measured; 0 filtered out; finished in 0.01s
[INFO] [stdout] 
[INFO] [stderr]      Running unittests src/lib.rs (/opt/rustwide/target/release/deps/yang-ea41e61f1e29b003)
[INFO] [stdout] 
[INFO] [stdout] running 34 tests
[INFO] [stdout] test codec::tests::base64_round_trips ... ok
[INFO] [stdout] test codec::tests::container_shape_mismatch_hard_fails_without_continue_and_is_empty_with_it ... ok
[INFO] [stdout] test codec::tests::bits_sparse_encoding_matches_ruby_spec_exact_bytes ... ok
[INFO] [stdout] test codec::tests::decimal64_decode_always_shows_a_decimal_point ... ok
[INFO] [stdout] test codec::tests::leaf_list_shape_mismatch_is_always_a_hard_error_regardless_of_continue ... ok
[INFO] [stdout] test codec::tests::decimal64_exponent_is_always_fraction_digits ... ok
[INFO] [stdout] test codec::tests::bits_dense_encoding_is_a_plain_bytestring ... ok
[INFO] [stdout] test codec::tests::missing_mandatory_field_hard_fails_without_continue_and_is_absent_with_it ... ok
[INFO] [stdout] test codec::tests::length_violation_is_rejected_with_the_actual_bound_shown ... ok
[INFO] [stdout] test codec::tests::malformed_leaf_value_hard_fails_without_continue_and_passes_through_raw_with_it ... ok
[INFO] [stdout] test codec::tests::pattern_violation_hard_fails_without_continue_and_degrades_with_it ... ok
[INFO] [stdout] test codec::tests::rejects_a_non_map_array_entry ... ok
[INFO] [stdout] test codec::tests::rejects_a_scalar_entry ... ok
[INFO] [stdout] test codec::tests::rejects_a_null_entry ... ok
[INFO] [stdout] test codec::tests::list_shape_mismatch_hard_fails_without_continue_and_is_empty_with_it ... ok
[INFO] [stdout] test codec::tests::empty_typed_leaf_requires_the_null_array_shape ... ok
[INFO] [stdout] test codec::tests::bits_decode_is_the_exact_inverse ... ok
[INFO] [stdout] test codec::tests::rejects_an_empty_map ... ok
[INFO] [stdout] test parser::tests::handles_single_quoted_strings_without_escapes ... ok
[INFO] [stdout] test parser::tests::parses_a_minimal_module ... ok
[INFO] [stdout] test parser::tests::handles_string_concatenation_and_comments ... ok
[INFO] [stdout] test codec::tests::unknown_field_hard_fails_without_continue_and_is_skipped_with_it ... ok
[INFO] [stdout] test catalog::tests::external_fetcher_contract_end_to_end ... FAILED
[INFO] [stdout] test catalog::tests::a_failing_command_reports_its_stderr ... ok
[INFO] [stdout] test codec::tests::range_violation_hard_fails_without_continue_and_degrades_with_it ... ok
[INFO] [stdout] test codec::tests::missing_list_key_hard_fails_without_continue_and_is_absent_with_it ... ok
[INFO] [stdout] test parser::tests::parses_extension_statements_with_a_prefix ... ok
[INFO] [stdout] test codec::tests::format_ruby_float_matches_expected_quirk ... ok
[INFO] [stdout] test codec::tests::rejects_an_entry_with_two_keys_listing_them ... ok
[INFO] [stdout] test codec::tests::union_mismatch_names_the_value_and_the_allowed_types_not_an_internal_id ... ok
[INFO] [stdout] test catalog::tests::command_capturing_stdout_returns_its_stdout_bytes ... ok
[INFO] [stdout] test parser::tests::rejects_non_module_top_level_statement ... ok
[INFO] [stdout] test catalog::tests::nonexistent_fetcher_command_gives_a_clear_error ... ok
[INFO] [stderr] error: test failed, to rerun pass `-p yang --lib`
[INFO] [stdout] test sid::tests::parses_a_minimal_sid_file ... ok
[INFO] [stdout] 
[INFO] [stdout] failures:
[INFO] [stdout] 
[INFO] [stdout] ---- catalog::tests::external_fetcher_contract_end_to_end stdout ----
[INFO] [stdout] 
[INFO] [stdout] thread 'catalog::tests::external_fetcher_contract_end_to_end' (1262) panicked at yang/src/catalog.rs:265:105:
[INFO] [stdout] called `Result::unwrap()` on an `Err` value: CatalogError("couldn't run '/tmp/fercc-catalog-test-1259-fetcher-script.sh': Text file busy (os error 26)")
[INFO] [stdout] stack backtrace:
[INFO] [stdout]    0:     0x59b21b8dbd31 - <<std[70759c8f55707aa4]::sys::backtrace::BacktraceLock>::print::DisplayBacktrace as core[df12db4294e9bfd3]::fmt::Display>::fmt
[INFO] [stdout]    1:     0x59b21b8f1b3a - core[df12db4294e9bfd3]::fmt::write
[INFO] [stdout]    2:     0x59b21b8e082c - <alloc[2182bb758b4b3781]::vec::Vec<u8> as core[df12db4294e9bfd3]::io::write::Write>::write_fmt
[INFO] [stdout]    3:     0x59b21b8b5806 - std[70759c8f55707aa4]::panicking::default_hook::{closure#0}
[INFO] [stdout]    4:     0x59b21b8d2e89 - std[70759c8f55707aa4]::panicking::default_hook
[INFO] [stdout]    5:     0x59b21b8660f0 - test[9d35eded1c95d3be]::test_main_inner::<test[9d35eded1c95d3be]::test_main_static::{closure#0}>::{closure#0}
[INFO] [stdout]    6:     0x59b21b8d3042 - std[70759c8f55707aa4]::panicking::panic_with_hook
[INFO] [stdout]    7:     0x59b21b8b58b2 - std[70759c8f55707aa4]::panicking::panic_handler::{closure#0}
[INFO] [stdout]    8:     0x59b21b8ae219 - std[70759c8f55707aa4]::sys::backtrace::__rust_end_short_backtrace::<std[70759c8f55707aa4]::panicking::panic_handler::{closure#0}, !>
[INFO] [stdout]    9:     0x59b21b8b674d - __rustc[8fa7c3cbc660c2b3]::rust_begin_unwind
[INFO] [stdout]   10:     0x59b21b8f229c - core[df12db4294e9bfd3]::panicking::panic_fmt
[INFO] [stdout]   11:     0x59b21b8f2072 - core[df12db4294e9bfd3]::result::unwrap_failed
[INFO] [stdout]   12:     0x59b21b828061 - yang[57441df26bb119ce]::catalog::tests::external_fetcher_contract_end_to_end
[INFO] [stdout]   13:     0x59b21b833749 - <yang[57441df26bb119ce]::catalog::tests::external_fetcher_contract_end_to_end::{closure#0} as core[df12db4294e9bfd3]::ops::function::FnOnce<()>>::call_once
[INFO] [stdout]   14:     0x59b21b8593db - test[9d35eded1c95d3be]::__rust_begin_short_backtrace::<core[df12db4294e9bfd3]::result::Result<(), alloc[2182bb758b4b3781]::string::String>, fn() -> core[df12db4294e9bfd3]::result::Result<(), alloc[2182bb758b4b3781]::string::String>>
[INFO] [stdout]   15:     0x59b21b866a45 - test[9d35eded1c95d3be]::run_test::{closure#0}
[INFO] [stdout]   16:     0x59b21b860304 - std[70759c8f55707aa4]::sys::backtrace::__rust_begin_short_backtrace::<test[9d35eded1c95d3be]::run_test::{closure#1}, ()>
[INFO] [stdout]   17:     0x59b21b869ba2 - <std[70759c8f55707aa4]::thread::lifecycle::spawn_unchecked<test[9d35eded1c95d3be]::run_test::{closure#1}, ()>::{closure#1} as core[df12db4294e9bfd3]::ops::function::FnOnce<()>>::call_once::{shim:vtable#0}
[INFO] [stdout]   18:     0x59b21b8db0a9 - <std[70759c8f55707aa4]::sys::thread::unix::Thread>::new::thread_start
[INFO] [stdout]   19:     0x73ab8b801dfa - <unknown>
[INFO] [stdout]   20:     0x73ab8b8953d4 - clone
[INFO] [stdout]   21:                0x0 - <unknown>
[INFO] [stdout] 
[INFO] [stdout] 
[INFO] [stdout] failures:
[INFO] [stdout]     catalog::tests::external_fetcher_contract_end_to_end
[INFO] [stdout] 
[INFO] [stdout] test result: FAILED. 33 passed; 1 failed; 0 ignored; 0 measured; 0 filtered out; finished in 0.02s
[INFO] [stdout] 
[INFO] running `Command { std: "docker" "inspect" "f8fcd37c8015db894011ee30e8d8322ae8433931f1b02dbda960c5467fd28508", kill_on_drop: false }`
[INFO] running `Command { std: "docker" "rm" "-f" "f8fcd37c8015db894011ee30e8d8322ae8433931f1b02dbda960c5467fd28508", kill_on_drop: false }`
[INFO] [stdout] f8fcd37c8015db894011ee30e8d8322ae8433931f1b02dbda960c5467fd28508
