[INFO] cloning repository https://github.com/micahscopes/act-locally
[INFO] running `Command { std: "git" "-c" "credential.helper=" "-c" "credential.helper=/workspace/cargo-home/bin/git-credential-null" "clone" "--bare" "https://github.com/micahscopes/act-locally" "/workspace/cache/git-repos/https%3A%2F%2Fgithub.com%2Fmicahscopes%2Fact-locally", kill_on_drop: false }`
[INFO] [stderr] Cloning into bare repository '/workspace/cache/git-repos/https%3A%2F%2Fgithub.com%2Fmicahscopes%2Fact-locally'...
[INFO] running `Command { std: "git" "rev-parse" "HEAD", kill_on_drop: false }`
[INFO] [stdout] 36ae49603b6503f42c2e8becaf7b3834d5e166b8
[INFO] testing micahscopes/act-locally against 1.99.0-beta.8+cargoflags=--release for beta-release-1.100-2
[INFO] running `Command { std: "git" "clone" "/workspace/cache/git-repos/https%3A%2F%2Fgithub.com%2Fmicahscopes%2Fact-locally" "/workspace/builds/worker-7-tc1/source", kill_on_drop: false }`
[INFO] [stderr] Cloning into '/workspace/builds/worker-7-tc1/source'...
[INFO] [stderr] done.
[INFO] started tweaking git repo https://github.com/micahscopes/act-locally
[INFO] finished tweaking git repo https://github.com/micahscopes/act-locally
[INFO] tweaked toml for git repo https://github.com/micahscopes/act-locally written to /workspace/builds/worker-7-tc1/source/Cargo.toml
[INFO] validating manifest of git repo https://github.com/micahscopes/act-locally on toolchain 1.99.0-beta.8
[INFO] running `Command { std: CARGO_HOME="/workspace/cargo-home" RUSTUP_HOME="/workspace/rustup-home" "/workspace/cargo-home/bin/cargo" "+1.99.0-beta.8" "metadata" "--manifest-path" "Cargo.toml" "--no-deps", kill_on_drop: false }`
[INFO] crate git repo https://github.com/micahscopes/act-locally already has a lockfile, it will not be regenerated
[INFO] running `Command { std: CARGO_HOME="/workspace/cargo-home" RUSTUP_HOME="/workspace/rustup-home" "/workspace/cargo-home/bin/cargo" "+1.99.0-beta.8" "fetch" "--manifest-path" "Cargo.toml", kill_on_drop: false }`
[INFO] [stderr]  Downloading crates ...
[INFO] [stderr]   Downloaded async-signal v0.2.10
[INFO] [stderr]   Downloaded async-fs v2.1.2
[INFO] [stderr]   Downloaded async-process v2.3.0
[INFO] [stderr]   Downloaded async-io v2.3.4
[INFO] [stderr]   Downloaded polling v3.7.3
[INFO] running `Command { std: "docker" "create" "-v" "/var/lib/crater-agent-workspace/builds/worker-7-tc1/source:/opt/rustwide/workdir:ro,Z" "-v" "/var/lib/crater-agent-workspace/builds/worker-7-tc1/target:/opt/rustwide/target:rw,Z" "-v" "/var/lib/crater-agent-workspace/cargo-home:/opt/rustwide/cargo-home:ro,Z" "-v" "/var/lib/crater-agent-workspace/rustup-home:/opt/rustwide/rustup-home:ro,Z" "-m" "1610612736" "--network" "none" "ghcr.io/rust-lang/crates-build-env/linux@sha256:77db811e55d90add9212f6832c23229e3de5f1c1f9905e8cb07319ea15df73ac" "sleep" "infinity", kill_on_drop: false }`
[INFO] [stdout] 12a55f12e883513672d078b7cac871a0f76b839bcd2f886d69ea4d832989a461
[INFO] running `Command { std: "docker" "start" "12a55f12e883513672d078b7cac871a0f76b839bcd2f886d69ea4d832989a461", kill_on_drop: false }`
[INFO] running `Command { std: "docker" "inspect" "12a55f12e883513672d078b7cac871a0f76b839bcd2f886d69ea4d832989a461", kill_on_drop: false }`
[INFO] running `Command { std: "docker" "exec" "-e" "SOURCE_DIR=/opt/rustwide/workdir" "-e" "CARGO_HOME=/opt/rustwide/cargo-home" "-e" "RUSTUP_HOME=/opt/rustwide/rustup-home" "-e" "CARGO_TARGET_DIR=/opt/rustwide/target" "-w" "/opt/rustwide/workdir" "--user" "0:0" "12a55f12e883513672d078b7cac871a0f76b839bcd2f886d69ea4d832989a461" "/opt/rustwide/cargo-home/bin/cargo" "+1.99.0-beta.8" "metadata" "--no-deps" "--format-version=1", kill_on_drop: false }`
[INFO] running `Command { std: "docker" "inspect" "12a55f12e883513672d078b7cac871a0f76b839bcd2f886d69ea4d832989a461", kill_on_drop: false }`
[INFO] running `Command { std: "docker" "exec" "-e" "SOURCE_DIR=/opt/rustwide/workdir" "-e" "CARGO_HOME=/opt/rustwide/cargo-home" "-e" "RUSTUP_HOME=/opt/rustwide/rustup-home" "-e" "CARGO_TARGET_DIR=/opt/rustwide/target" "-e" "CARGO_INCREMENTAL=0" "-e" "RUST_BACKTRACE=full" "-e" "RUSTFLAGS=--cap-lints=warn" "-e" "RUSTDOCFLAGS=--cap-lints=warn" "-w" "/opt/rustwide/workdir" "--user" "0:0" "12a55f12e883513672d078b7cac871a0f76b839bcd2f886d69ea4d832989a461" "/opt/rustwide/cargo-home/bin/cargo" "+1.99.0-beta.8" "build" "--frozen" "--message-format=json" "--release", kill_on_drop: false }`
[INFO] [stderr]    Compiling pin-project-lite v0.2.14
[INFO] [stderr]    Compiling proc-macro2 v1.0.86
[INFO] [stderr]    Compiling crossbeam-utils v0.8.20
[INFO] [stderr]    Compiling unicode-ident v1.0.13
[INFO] [stderr]    Compiling futures-core v0.3.30
[INFO] [stderr]    Compiling futures-io v0.3.30
[INFO] [stderr]    Compiling fastrand v2.1.1
[INFO] [stderr]    Compiling rustix v0.38.37
[INFO] [stderr]    Compiling once_cell v1.20.1
[INFO] [stderr]    Compiling bitflags v2.6.0
[INFO] [stderr]    Compiling linux-raw-sys v0.4.14
[INFO] [stderr]    Compiling libc v0.2.159
[INFO] [stderr]    Compiling futures-sink v0.3.30
[INFO] [stderr]    Compiling futures-task v0.3.30
[INFO] [stderr]    Compiling futures-channel v0.3.30
[INFO] [stderr]    Compiling tracing-core v0.1.32
[INFO] [stderr]    Compiling futures-lite v2.3.0
[INFO] [stderr]    Compiling piper v0.2.4
[INFO] [stderr]    Compiling quote v1.0.37
[INFO] [stderr]    Compiling syn v2.0.79
[INFO] [stderr]    Compiling signal-hook-registry v1.4.2
[INFO] [stderr]    Compiling concurrent-queue v2.5.0
[INFO] [stderr]    Compiling event-listener v5.3.1
[INFO] [stderr]    Compiling event-listener-strategy v0.5.2
[INFO] [stderr]    Compiling async-lock v3.4.0
[INFO] [stderr]    Compiling async-channel v2.3.1
[INFO] [stderr]    Compiling async-executor v1.13.1
[INFO] [stderr]    Compiling blocking v1.6.1
[INFO] [stderr]    Compiling async-fs v2.1.2
[INFO] [stderr]    Compiling tracing-attributes v0.1.27
[INFO] [stderr]    Compiling futures-macro v0.3.30
[INFO] [stderr]    Compiling futures-util v0.3.30
[INFO] [stderr]    Compiling tracing v0.1.40
[INFO] [stderr]    Compiling polling v3.7.3
[INFO] [stderr]    Compiling async-io v2.3.4
[INFO] [stderr]    Compiling async-signal v0.2.10
[INFO] [stderr]    Compiling async-net v2.0.0
[INFO] [stderr]    Compiling async-process v2.3.0
[INFO] [stderr]    Compiling smol v2.0.2
[INFO] [stderr]    Compiling futures-executor v0.3.30
[INFO] [stderr]    Compiling futures v0.3.30
[INFO] [stderr]    Compiling act-locally v0.1.1 (/opt/rustwide/workdir)
[INFO] [stdout] warning: unnecessary parentheses around type
[INFO] [stdout]   --> src/message.rs:69:64
[INFO] [stdout]    |
[INFO] [stdout] 69 |     fn downcast<T: Any>(self: Box<Self>) -> Result<Box<T>, Box<(dyn Any + Send + 'static)>>;
[INFO] [stdout]    |                                                                ^                        ^
[INFO] [stdout]    |
[INFO] [stdout]    = note: `#[warn(unused_parens)]` (part of `#[warn(unused)]`) on by default
[INFO] [stdout] help: remove these parentheses
[INFO] [stdout]    |
[INFO] [stdout] 69 -     fn downcast<T: Any>(self: Box<Self>) -> Result<Box<T>, Box<(dyn Any + Send + 'static)>>;
[INFO] [stdout] 69 +     fn downcast<T: Any>(self: Box<Self>) -> Result<Box<T>, Box<dyn Any + Send + 'static>>;
[INFO] [stdout]    |
[INFO] [stdout] 
[INFO] [stdout] 
[INFO] [stdout] warning: unnecessary parentheses around type
[INFO] [stdout]   --> src/message.rs:77:64
[INFO] [stdout]    |
[INFO] [stdout] 77 |     fn downcast<R: Any>(self: Box<Self>) -> Result<Box<R>, Box<(dyn Any + Send + 'static)>> {
[INFO] [stdout]    |                                                                ^                        ^
[INFO] [stdout]    |
[INFO] [stdout] help: remove these parentheses
[INFO] [stdout]    |
[INFO] [stdout] 77 -     fn downcast<R: Any>(self: Box<Self>) -> Result<Box<R>, Box<(dyn Any + Send + 'static)>> {
[INFO] [stdout] 77 +     fn downcast<R: Any>(self: Box<Self>) -> Result<Box<R>, Box<dyn Any + Send + 'static>> {
[INFO] [stdout]    |
[INFO] [stdout] 
[INFO] [stdout] 
[INFO] [stdout] warning: unnecessary parentheses around type
[INFO] [stdout]    --> src/message.rs:100:64
[INFO] [stdout]     |
[INFO] [stdout] 100 |     fn downcast<T: Any>(self: Box<Self>) -> Result<Box<T>, Box<(dyn Any + Send + 'static)>>;
[INFO] [stdout]     |                                                                ^                        ^
[INFO] [stdout]     |
[INFO] [stdout] help: remove these parentheses
[INFO] [stdout]     |
[INFO] [stdout] 100 -     fn downcast<T: Any>(self: Box<Self>) -> Result<Box<T>, Box<(dyn Any + Send + 'static)>>;
[INFO] [stdout] 100 +     fn downcast<T: Any>(self: Box<Self>) -> Result<Box<T>, Box<dyn Any + Send + 'static>>;
[INFO] [stdout]     |
[INFO] [stdout] 
[INFO] [stdout] 
[INFO] [stdout] warning: unnecessary parentheses around type
[INFO] [stdout]    --> src/message.rs:108:64
[INFO] [stdout]     |
[INFO] [stdout] 108 |     fn downcast<M: Any>(self: Box<Self>) -> Result<Box<M>, Box<(dyn Any + Send + 'static)>> {
[INFO] [stdout]     |                                                                ^                        ^
[INFO] [stdout]     |
[INFO] [stdout] help: remove these parentheses
[INFO] [stdout]     |
[INFO] [stdout] 108 -     fn downcast<M: Any>(self: Box<Self>) -> Result<Box<M>, Box<(dyn Any + Send + 'static)>> {
[INFO] [stdout] 108 +     fn downcast<M: Any>(self: Box<Self>) -> Result<Box<M>, Box<dyn Any + Send + 'static>> {
[INFO] [stdout]     |
[INFO] [stdout] 
[INFO] [stdout] 
[INFO] [stderr]     Finished `release` profile [optimized] target(s) in 23.66s
[INFO] running `Command { std: "docker" "inspect" "12a55f12e883513672d078b7cac871a0f76b839bcd2f886d69ea4d832989a461", kill_on_drop: false }`
[INFO] running `Command { std: "docker" "exec" "-e" "SOURCE_DIR=/opt/rustwide/workdir" "-e" "CARGO_HOME=/opt/rustwide/cargo-home" "-e" "RUSTUP_HOME=/opt/rustwide/rustup-home" "-e" "CARGO_TARGET_DIR=/opt/rustwide/target" "-e" "CARGO_INCREMENTAL=0" "-e" "RUST_BACKTRACE=full" "-e" "RUSTFLAGS=--cap-lints=warn" "-e" "RUSTDOCFLAGS=--cap-lints=warn" "-w" "/opt/rustwide/workdir" "--user" "0:0" "12a55f12e883513672d078b7cac871a0f76b839bcd2f886d69ea4d832989a461" "/opt/rustwide/cargo-home/bin/cargo" "+1.99.0-beta.8" "test" "--frozen" "--no-run" "--message-format=json" "--release", kill_on_drop: false }`
[INFO] [stderr]    Compiling similar v2.6.0
[INFO] [stderr]    Compiling console v0.15.8
[INFO] [stdout] warning: unnecessary parentheses around type
[INFO] [stdout]   --> src/message.rs:69:64
[INFO] [stdout]    |
[INFO] [stdout] 69 |     fn downcast<T: Any>(self: Box<Self>) -> Result<Box<T>, Box<(dyn Any + Send + 'static)>>;
[INFO] [stdout]    |                                                                ^                        ^
[INFO] [stdout]    |
[INFO] [stdout]    = note: `#[warn(unused_parens)]` (part of `#[warn(unused)]`) on by default
[INFO] [stdout] help: remove these parentheses
[INFO] [stdout]    |
[INFO] [stdout] 69 -     fn downcast<T: Any>(self: Box<Self>) -> Result<Box<T>, Box<(dyn Any + Send + 'static)>>;
[INFO] [stdout] 69 +     fn downcast<T: Any>(self: Box<Self>) -> Result<Box<T>, Box<dyn Any + Send + 'static>>;
[INFO] [stdout]    |
[INFO] [stdout] 
[INFO] [stdout] 
[INFO] [stdout] warning: unnecessary parentheses around type
[INFO] [stdout]   --> src/message.rs:77:64
[INFO] [stdout]    |
[INFO] [stdout] 77 |     fn downcast<R: Any>(self: Box<Self>) -> Result<Box<R>, Box<(dyn Any + Send + 'static)>> {
[INFO] [stdout]    |                                                                ^                        ^
[INFO] [stdout]    |
[INFO] [stdout] help: remove these parentheses
[INFO] [stdout]    |
[INFO] [stdout] 77 -     fn downcast<R: Any>(self: Box<Self>) -> Result<Box<R>, Box<(dyn Any + Send + 'static)>> {
[INFO] [stdout] 77 +     fn downcast<R: Any>(self: Box<Self>) -> Result<Box<R>, Box<dyn Any + Send + 'static>> {
[INFO] [stdout]    |
[INFO] [stdout] 
[INFO] [stdout] 
[INFO] [stdout] warning: unnecessary parentheses around type
[INFO] [stdout]    --> src/message.rs:100:64
[INFO] [stdout]     |
[INFO] [stdout] 100 |     fn downcast<T: Any>(self: Box<Self>) -> Result<Box<T>, Box<(dyn Any + Send + 'static)>>;
[INFO] [stdout]     |                                                                ^                        ^
[INFO] [stdout]     |
[INFO] [stdout] help: remove these parentheses
[INFO] [stdout]     |
[INFO] [stdout] 100 -     fn downcast<T: Any>(self: Box<Self>) -> Result<Box<T>, Box<(dyn Any + Send + 'static)>>;
[INFO] [stdout] 100 +     fn downcast<T: Any>(self: Box<Self>) -> Result<Box<T>, Box<dyn Any + Send + 'static>>;
[INFO] [stdout]     |
[INFO] [stdout] 
[INFO] [stdout] 
[INFO] [stdout] warning: unnecessary parentheses around type
[INFO] [stdout]    --> src/message.rs:108:64
[INFO] [stdout]     |
[INFO] [stdout] 108 |     fn downcast<M: Any>(self: Box<Self>) -> Result<Box<M>, Box<(dyn Any + Send + 'static)>> {
[INFO] [stdout]     |                                                                ^                        ^
[INFO] [stdout]     |
[INFO] [stdout] help: remove these parentheses
[INFO] [stdout]     |
[INFO] [stdout] 108 -     fn downcast<M: Any>(self: Box<Self>) -> Result<Box<M>, Box<(dyn Any + Send + 'static)>> {
[INFO] [stdout] 108 +     fn downcast<M: Any>(self: Box<Self>) -> Result<Box<M>, Box<dyn Any + Send + 'static>> {
[INFO] [stdout]     |
[INFO] [stdout] 
[INFO] [stdout] 
[INFO] [stderr]    Compiling insta v1.41.1
[INFO] [stderr]    Compiling act-locally v0.1.1 (/opt/rustwide/workdir)
[INFO] [stdout] warning: unnecessary parentheses around type
[INFO] [stdout]   --> src/message.rs:69:64
[INFO] [stdout]    |
[INFO] [stdout] 69 |     fn downcast<T: Any>(self: Box<Self>) -> Result<Box<T>, Box<(dyn Any + Send + 'static)>>;
[INFO] [stdout]    |                                                                ^                        ^
[INFO] [stdout]    |
[INFO] [stdout]    = note: `#[warn(unused_parens)]` (part of `#[warn(unused)]`) on by default
[INFO] [stdout] help: remove these parentheses
[INFO] [stdout]    |
[INFO] [stdout] 69 -     fn downcast<T: Any>(self: Box<Self>) -> Result<Box<T>, Box<(dyn Any + Send + 'static)>>;
[INFO] [stdout] 69 +     fn downcast<T: Any>(self: Box<Self>) -> Result<Box<T>, Box<dyn Any + Send + 'static>>;
[INFO] [stdout]    |
[INFO] [stdout] 
[INFO] [stdout] 
[INFO] [stdout] warning: unnecessary parentheses around type
[INFO] [stdout]   --> src/message.rs:77:64
[INFO] [stdout]    |
[INFO] [stdout] 77 |     fn downcast<R: Any>(self: Box<Self>) -> Result<Box<R>, Box<(dyn Any + Send + 'static)>> {
[INFO] [stdout]    |                                                                ^                        ^
[INFO] [stdout]    |
[INFO] [stdout] help: remove these parentheses
[INFO] [stdout]    |
[INFO] [stdout] 77 -     fn downcast<R: Any>(self: Box<Self>) -> Result<Box<R>, Box<(dyn Any + Send + 'static)>> {
[INFO] [stdout] 77 +     fn downcast<R: Any>(self: Box<Self>) -> Result<Box<R>, Box<dyn Any + Send + 'static>> {
[INFO] [stdout]    |
[INFO] [stdout] 
[INFO] [stdout] 
[INFO] [stdout] warning: unnecessary parentheses around type
[INFO] [stdout]    --> src/message.rs:100:64
[INFO] [stdout]     |
[INFO] [stdout] 100 |     fn downcast<T: Any>(self: Box<Self>) -> Result<Box<T>, Box<(dyn Any + Send + 'static)>>;
[INFO] [stdout]     |                                                                ^                        ^
[INFO] [stdout]     |
[INFO] [stdout] help: remove these parentheses
[INFO] [stdout]     |
[INFO] [stdout] 100 -     fn downcast<T: Any>(self: Box<Self>) -> Result<Box<T>, Box<(dyn Any + Send + 'static)>>;
[INFO] [stdout] 100 +     fn downcast<T: Any>(self: Box<Self>) -> Result<Box<T>, Box<dyn Any + Send + 'static>>;
[INFO] [stdout]     |
[INFO] [stdout] 
[INFO] [stdout] 
[INFO] [stdout] warning: unnecessary parentheses around type
[INFO] [stdout]    --> src/message.rs:108:64
[INFO] [stdout]     |
[INFO] [stdout] 108 |     fn downcast<M: Any>(self: Box<Self>) -> Result<Box<M>, Box<(dyn Any + Send + 'static)>> {
[INFO] [stdout]     |                                                                ^                        ^
[INFO] [stdout]     |
[INFO] [stdout] help: remove these parentheses
[INFO] [stdout]     |
[INFO] [stdout] 108 -     fn downcast<M: Any>(self: Box<Self>) -> Result<Box<M>, Box<(dyn Any + Send + 'static)>> {
[INFO] [stdout] 108 +     fn downcast<M: Any>(self: Box<Self>) -> Result<Box<M>, Box<dyn Any + Send + 'static>> {
[INFO] [stdout]     |
[INFO] [stdout] 
[INFO] [stdout] 
[INFO] [stderr]     Finished `release` profile [optimized] target(s) in 16.58s
[INFO] running `Command { std: "docker" "inspect" "12a55f12e883513672d078b7cac871a0f76b839bcd2f886d69ea4d832989a461", kill_on_drop: false }`
[INFO] running `Command { std: "docker" "exec" "-e" "SOURCE_DIR=/opt/rustwide/workdir" "-e" "CARGO_HOME=/opt/rustwide/cargo-home" "-e" "RUSTUP_HOME=/opt/rustwide/rustup-home" "-e" "CARGO_TARGET_DIR=/opt/rustwide/target" "-e" "CARGO_INCREMENTAL=0" "-e" "RUST_BACKTRACE=full" "-e" "RUSTFLAGS=--cap-lints=warn" "-e" "RUSTDOCFLAGS=--cap-lints=warn" "-w" "/opt/rustwide/workdir" "--user" "0:0" "12a55f12e883513672d078b7cac871a0f76b839bcd2f886d69ea4d832989a461" "/opt/rustwide/cargo-home/bin/cargo" "+1.99.0-beta.8" "test" "--frozen" "--release", kill_on_drop: false }`
[INFO] [stderr] warning: unnecessary parentheses around type
[INFO] [stderr]   --> src/message.rs:69:64
[INFO] [stderr]    |
[INFO] [stderr] 69 |     fn downcast<T: Any>(self: Box<Self>) -> Result<Box<T>, Box<(dyn Any + Send + 'static)>>;
[INFO] [stderr]    |                                                                ^                        ^
[INFO] [stderr]    |
[INFO] [stderr]    = note: `#[warn(unused_parens)]` (part of `#[warn(unused)]`) on by default
[INFO] [stderr] help: remove these parentheses
[INFO] [stderr]    |
[INFO] [stderr] 69 -     fn downcast<T: Any>(self: Box<Self>) -> Result<Box<T>, Box<(dyn Any + Send + 'static)>>;
[INFO] [stderr] 69 +     fn downcast<T: Any>(self: Box<Self>) -> Result<Box<T>, Box<dyn Any + Send + 'static>>;
[INFO] [stderr]    |
[INFO] [stderr] 
[INFO] [stderr] warning: unnecessary parentheses around type
[INFO] [stderr]   --> src/message.rs:77:64
[INFO] [stderr]    |
[INFO] [stderr] 77 |     fn downcast<R: Any>(self: Box<Self>) -> Result<Box<R>, Box<(dyn Any + Send + 'static)>> {
[INFO] [stderr]    |                                                                ^                        ^
[INFO] [stderr]    |
[INFO] [stderr] help: remove these parentheses
[INFO] [stderr]    |
[INFO] [stderr] 77 -     fn downcast<R: Any>(self: Box<Self>) -> Result<Box<R>, Box<(dyn Any + Send + 'static)>> {
[INFO] [stderr] 77 +     fn downcast<R: Any>(self: Box<Self>) -> Result<Box<R>, Box<dyn Any + Send + 'static>> {
[INFO] [stderr]    |
[INFO] [stderr] 
[INFO] [stderr] warning: unnecessary parentheses around type
[INFO] [stderr]    --> src/message.rs:100:64
[INFO] [stderr]     |
[INFO] [stderr] 100 |     fn downcast<T: Any>(self: Box<Self>) -> Result<Box<T>, Box<(dyn Any + Send + 'static)>>;
[INFO] [stderr]     |                                                                ^                        ^
[INFO] [stderr]     |
[INFO] [stderr] help: remove these parentheses
[INFO] [stderr]     |
[INFO] [stderr] 100 -     fn downcast<T: Any>(self: Box<Self>) -> Result<Box<T>, Box<(dyn Any + Send + 'static)>>;
[INFO] [stderr] 100 +     fn downcast<T: Any>(self: Box<Self>) -> Result<Box<T>, Box<dyn Any + Send + 'static>>;
[INFO] [stderr]     |
[INFO] [stderr] 
[INFO] [stderr] warning: unnecessary parentheses around type
[INFO] [stderr]    --> src/message.rs:108:64
[INFO] [stderr]     |
[INFO] [stderr] 108 |     fn downcast<M: Any>(self: Box<Self>) -> Result<Box<M>, Box<(dyn Any + Send + 'static)>> {
[INFO] [stderr]     |                                                                ^                        ^
[INFO] [stderr]     |
[INFO] [stderr] help: remove these parentheses
[INFO] [stderr]     |
[INFO] [stderr] 108 -     fn downcast<M: Any>(self: Box<Self>) -> Result<Box<M>, Box<(dyn Any + Send + 'static)>> {
[INFO] [stderr] 108 +     fn downcast<M: Any>(self: Box<Self>) -> Result<Box<M>, Box<dyn Any + Send + 'static>> {
[INFO] [stderr]     |
[INFO] [stderr] 
[INFO] [stderr] warning: `act-locally` (lib) generated 4 warnings (run `cargo fix --lib -p act-locally` to apply 4 suggestions)
[INFO] [stderr] warning: `act-locally` (lib test) generated 4 warnings (4 duplicates)
[INFO] [stderr]     Finished `release` profile [optimized] target(s) in 0.10s
[INFO] [stdout] 
[INFO] [stderr]      Running unittests src/lib.rs (/opt/rustwide/target/release/deps/act_locally-1934517bba1b8f9a)
[INFO] [stdout] running 19 tests
[INFO] [stdout] test handler::tests::test_async_non_mutating_message_handler ... ok
[INFO] [stdout] test handler::tests::test_sync_mutating_message_handler ... ok
[INFO] [stdout] test handler::tests::test_sync_non_mutating_func_wrapper ... ok
[INFO] [stdout] test handler::tests::test_store_sync_handlers_in_hashmap ... ok
[INFO] [stdout] test handler::tests::test_async_mutating_message_handler ... ok
[INFO] [stdout] test handler::tests::test_async_non_mutating_func_wrapper ... ok
[INFO] [stdout] test handler::tests::test_store_handlers_in_hashmap ... ok
[INFO] [stdout] test dispatcher::tests::test_message_wrapping_and_unwrapping ... ok
[INFO] [stdout] test dispatcher::tests::test_message_key_generation ... ok
[INFO] [stdout] test handler::tests::test_sync_mutating_func_wrapper ... ok
[INFO] [stdout] test handler::tests::test_async_mutating_func_wrapper ... ok
[INFO] [stdout] test handler::tests::test_sync_non_mutating_message_handler ... ok
[INFO] [stdout] test action_dispatcher::tests::test_action_dispatcher ... ok
[INFO] [stdout] test dispatcher::tests::test_integration_with_actor ... ok
[INFO] [stdout] test actor::tests::test_async_handlers_execution_order ... ok
[INFO] [stdout] test actor::tests::test_comprehensive_handler_execution_order ... ok
[INFO] [stdout] test actor::tests::test_sync_handlers_execution_order ... ok
[INFO] [stdout] test actor::tests::test_actor_with_custom_dispatcher ... ok
[INFO] [stdout] test actor::tests::test_yielding_handlers ... FAILED
[INFO] [stdout] 
[INFO] [stdout] failures:
[INFO] [stdout] 
[INFO] [stdout] ---- actor::tests::test_yielding_handlers stdout ----
[INFO] [stdout] ━━━━━━━━━━━━━━━━━━━━━━━━━━━━━━━ Snapshot Summary ━━━━━━━━━━━━━━━━━━━━━━━━━━━━━━━
[INFO] [stdout] Snapshot file: src/snapshots/act_locally__actor__tests__yielding_handlers.snap
[INFO] [stdout] Snapshot: yielding_handlers
[INFO] [stdout] Source: src/actor.rs:583
[INFO] [stdout] ────────────────────────────────────────────────────────────────────────────────
[INFO] [stdout] Expression: final_order.iter().map(|(id, msg, state)|
[INFO] [stdout] format!("({id}, {msg}, {state})")).collect::<Vec<String>>().join("\n")
[INFO] [stdout] ────────────────────────────────────────────────────────────────────────────────
[INFO] [stdout] -old snapshot
[INFO] [stdout] +new results
[INFO] [stdout] ────────────┬───────────────────────────────────────────────────────────────────
[INFO] [stdout]     0     0 │ (0, A, start)
[INFO] [stdout]           1 │+(0, A, end)
[INFO] [stdout]     1     2 │ (1, B, start)
[INFO] [stdout]     2     3 │ (2, C, start)
[INFO] [stdout]     3       │-(0, A, end)
[INFO] [stdout]     4     4 │ (1, B, end)
[INFO] [stdout]     5     5 │ (2, C, end)
[INFO] [stdout]     6     6 │ (3, +1, start)
[INFO] [stdout]     7     7 │ (3, +1, end)
[INFO] [stdout] ────────────┴───────────────────────────────────────────────────────────────────
[INFO] [stdout] 
[INFO] [stdout] thread 'actor::tests::test_yielding_handlers' (894) panicked at src/actor.rs:583:13:
[INFO] [stdout] called `Result::unwrap()` on an `Err` value: FileIo(Os { code: 30, kind: ReadOnlyFilesystem, message: "Read-only file system" }, "/opt/rustwide/workdir/src/snapshots/act_locally__actor__tests__yielding_handlers.snap.new")
[INFO] [stdout] stack backtrace:
[INFO] [stdout]    0:     0x616f2861c8d1 - <<std[70759c8f55707aa4]::sys::backtrace::BacktraceLock>::print::DisplayBacktrace as core[df12db4294e9bfd3]::fmt::Display>::fmt
[INFO] [stdout]    1:     0x616f2863378a - core[df12db4294e9bfd3]::fmt::write
[INFO] [stdout]    2:     0x616f2862128c - <alloc[2182bb758b4b3781]::vec::Vec<u8> as core[df12db4294e9bfd3]::io::write::Write>::write_fmt
[INFO] [stdout]    3:     0x616f285f60a6 - std[70759c8f55707aa4]::panicking::default_hook::{closure#0}
[INFO] [stdout]    4:     0x616f28614039 - std[70759c8f55707aa4]::panicking::default_hook
[INFO] [stdout]    5:     0x616f28597a30 - test[9d35eded1c95d3be]::test_main_inner::<test[9d35eded1c95d3be]::test_main_static::{closure#0}>::{closure#0}
[INFO] [stdout]    6:     0x616f286141f2 - std[70759c8f55707aa4]::panicking::panic_with_hook
[INFO] [stdout]    7:     0x616f285f6152 - std[70759c8f55707aa4]::panicking::panic_handler::{closure#0}
[INFO] [stdout]    8:     0x616f285ee9c9 - std[70759c8f55707aa4]::sys::backtrace::__rust_end_short_backtrace::<std[70759c8f55707aa4]::panicking::panic_handler::{closure#0}, !>
[INFO] [stdout]    9:     0x616f285f6ded - __rustc[8fa7c3cbc660c2b3]::rust_begin_unwind
[INFO] [stdout]   10:     0x616f28633eec - core[df12db4294e9bfd3]::panicking::panic_fmt
[INFO] [stdout]   11:     0x616f28633cc2 - core[df12db4294e9bfd3]::result::unwrap_failed
[INFO] [stdout]   12:     0x616f284cb057 - <std[70759c8f55707aa4]::thread::local::LocalKey<core[df12db4294e9bfd3]::cell::RefCell<(parking[bb0b0b8fa49f1c1a]::Parker, core[df12db4294e9bfd3]::task::wake::Waker)>>>::with::<futures_lite[1102e43681d93807]::future::block_on<(), act_locally[22f70415bb4dc857]::actor::tests::test_yielding_handlers::{closure#1}>::{closure#0}, ()>
[INFO] [stdout]   13:     0x616f284e8e34 - act_locally[22f70415bb4dc857]::actor::tests::test_yielding_handlers
[INFO] [stdout]   14:     0x616f28511269 - <act_locally[22f70415bb4dc857]::actor::tests::test_yielding_handlers::{closure#0} as core[df12db4294e9bfd3]::ops::function::FnOnce<()>>::call_once
[INFO] [stdout]   15:     0x616f2858ad1b - test[9d35eded1c95d3be]::__rust_begin_short_backtrace::<core[df12db4294e9bfd3]::result::Result<(), alloc[2182bb758b4b3781]::string::String>, fn() -> core[df12db4294e9bfd3]::result::Result<(), alloc[2182bb758b4b3781]::string::String>>
[INFO] [stdout]   16:     0x616f28598385 - test[9d35eded1c95d3be]::run_test::{closure#0}
[INFO] [stdout]   17:     0x616f28591c44 - std[70759c8f55707aa4]::sys::backtrace::__rust_begin_short_backtrace::<test[9d35eded1c95d3be]::run_test::{closure#1}, ()>
[INFO] [stdout]   18:     0x616f2859b4e2 - <std[70759c8f55707aa4]::thread::lifecycle::spawn_unchecked<test[9d35eded1c95d3be]::run_test::{closure#1}, ()>::{closure#1} as core[df12db4294e9bfd3]::ops::function::FnOnce<()>>::call_once::{shim:vtable#0}
[INFO] [stdout]   19:     0x616f2861b8f9 - <std[70759c8f55707aa4]::sys::thread::unix::Thread>::new::thread_start
[INFO] [stdout]   20:     0x79ec91637dfa - <unknown>
[INFO] [stdout]   21:     0x79ec916cb3d4 - clone
[INFO] [stdout]   22:                0x0 - <unknown>
[INFO] [stdout] 
[INFO] [stdout] 
[INFO] [stdout] failures:
[INFO] [stdout]     actor::tests::test_yielding_handlers
[INFO] [stdout] 
[INFO] [stdout] test result: FAILED. 18 passed; 1 failed; 0 ignored; 0 measured; 0 filtered out; finished in 0.43s
[INFO] [stdout] 
[INFO] [stderr] error: test failed, to rerun pass `--lib`
[INFO] running `Command { std: "docker" "inspect" "12a55f12e883513672d078b7cac871a0f76b839bcd2f886d69ea4d832989a461", kill_on_drop: false }`
[INFO] running `Command { std: "docker" "rm" "-f" "12a55f12e883513672d078b7cac871a0f76b839bcd2f886d69ea4d832989a461", kill_on_drop: false }`
[INFO] [stdout] 12a55f12e883513672d078b7cac871a0f76b839bcd2f886d69ea4d832989a461
