[INFO] cloning repository https://github.com/linyinfeng/pi-command-not-found-adapter
[INFO] running `Command { std: "git" "-c" "credential.helper=" "-c" "credential.helper=/workspace/cargo-home/bin/git-credential-null" "clone" "--bare" "https://github.com/linyinfeng/pi-command-not-found-adapter" "/workspace/cache/git-repos/https%3A%2F%2Fgithub.com%2Flinyinfeng%2Fpi-command-not-found-adapter", kill_on_drop: false }`
[INFO] [stderr] Cloning into bare repository '/workspace/cache/git-repos/https%3A%2F%2Fgithub.com%2Flinyinfeng%2Fpi-command-not-found-adapter'...
[INFO] running `Command { std: "git" "rev-parse" "HEAD", kill_on_drop: false }`
[INFO] [stdout] 31bbcb03c93a6e98504b4fc18dbf6337d3728247
[INFO] testing linyinfeng/pi-command-not-found-adapter against 1.99.0-beta.8+cargoflags=--release for beta-release-1.100-2
[INFO] running `Command { std: "git" "clone" "/workspace/cache/git-repos/https%3A%2F%2Fgithub.com%2Flinyinfeng%2Fpi-command-not-found-adapter" "/workspace/builds/worker-3-tc1/source", kill_on_drop: false }`
[INFO] [stderr] Cloning into '/workspace/builds/worker-3-tc1/source'...
[INFO] [stderr] done.
[INFO] started tweaking git repo https://github.com/linyinfeng/pi-command-not-found-adapter
[INFO] finished tweaking git repo https://github.com/linyinfeng/pi-command-not-found-adapter
[INFO] tweaked toml for git repo https://github.com/linyinfeng/pi-command-not-found-adapter written to /workspace/builds/worker-3-tc1/source/Cargo.toml
[INFO] validating manifest of git repo https://github.com/linyinfeng/pi-command-not-found-adapter on toolchain 1.99.0-beta.8
[INFO] running `Command { std: CARGO_HOME="/workspace/cargo-home" RUSTUP_HOME="/workspace/rustup-home" "/workspace/cargo-home/bin/cargo" "+1.99.0-beta.8" "metadata" "--manifest-path" "Cargo.toml" "--no-deps", kill_on_drop: false }`
[INFO] crate git repo https://github.com/linyinfeng/pi-command-not-found-adapter already has a lockfile, it will not be regenerated
[INFO] running `Command { std: CARGO_HOME="/workspace/cargo-home" RUSTUP_HOME="/workspace/rustup-home" "/workspace/cargo-home/bin/cargo" "+1.99.0-beta.8" "fetch" "--manifest-path" "Cargo.toml", kill_on_drop: false }`
[INFO] [stderr]     Updating crates.io index
[INFO] [stderr]  Downloading crates ...
[INFO] [stderr]   Downloaded terminal-colorsaurus v1.0.3
[INFO] [stderr]   Downloaded terminal-trx v0.2.6
[INFO] [stderr]   Downloaded xterm-color v1.0.2
[INFO] [stderr]   Downloaded schemars_derive v1.2.2
[INFO] [stderr]   Downloaded signal-hook v0.4.4
[INFO] [stderr]   Downloaded ref-cast v1.0.27
[INFO] [stderr]   Downloaded serde_derive_internals v0.30.0
[INFO] [stderr]   Downloaded thiserror v2.0.20
[INFO] [stderr]   Downloaded thiserror-impl v2.0.20
[INFO] [stderr]   Downloaded libredox v0.1.24
[INFO] [stderr]   Downloaded ref-cast-impl v1.0.27
[INFO] running `Command { std: "docker" "create" "-v" "/var/lib/crater-agent-workspace/builds/worker-3-tc1/source:/opt/rustwide/workdir:ro,Z" "-v" "/var/lib/crater-agent-workspace/builds/worker-3-tc1/target:/opt/rustwide/target:rw,Z" "-v" "/var/lib/crater-agent-workspace/cargo-home:/opt/rustwide/cargo-home:ro,Z" "-v" "/var/lib/crater-agent-workspace/rustup-home:/opt/rustwide/rustup-home:ro,Z" "-m" "1610612736" "--network" "none" "ghcr.io/rust-lang/crates-build-env/linux@sha256:77db811e55d90add9212f6832c23229e3de5f1c1f9905e8cb07319ea15df73ac" "sleep" "infinity", kill_on_drop: false }`
[INFO] [stdout] ae405cde502beaebee7a702fa2b7f7c1791f6d3d358301de248f4f19ec718b20
[INFO] running `Command { std: "docker" "start" "ae405cde502beaebee7a702fa2b7f7c1791f6d3d358301de248f4f19ec718b20", kill_on_drop: false }`
[INFO] running `Command { std: "docker" "inspect" "ae405cde502beaebee7a702fa2b7f7c1791f6d3d358301de248f4f19ec718b20", kill_on_drop: false }`
[INFO] running `Command { std: "docker" "exec" "-e" "SOURCE_DIR=/opt/rustwide/workdir" "-e" "CARGO_HOME=/opt/rustwide/cargo-home" "-e" "RUSTUP_HOME=/opt/rustwide/rustup-home" "-e" "CARGO_TARGET_DIR=/opt/rustwide/target" "-w" "/opt/rustwide/workdir" "--user" "0:0" "ae405cde502beaebee7a702fa2b7f7c1791f6d3d358301de248f4f19ec718b20" "/opt/rustwide/cargo-home/bin/cargo" "+1.99.0-beta.8" "metadata" "--no-deps" "--format-version=1", kill_on_drop: false }`
[INFO] running `Command { std: "docker" "inspect" "ae405cde502beaebee7a702fa2b7f7c1791f6d3d358301de248f4f19ec718b20", kill_on_drop: false }`
[INFO] running `Command { std: "docker" "exec" "-e" "SOURCE_DIR=/opt/rustwide/workdir" "-e" "CARGO_HOME=/opt/rustwide/cargo-home" "-e" "RUSTUP_HOME=/opt/rustwide/rustup-home" "-e" "CARGO_TARGET_DIR=/opt/rustwide/target" "-e" "CARGO_INCREMENTAL=0" "-e" "RUST_BACKTRACE=full" "-e" "RUSTFLAGS=--cap-lints=warn" "-e" "RUSTDOCFLAGS=--cap-lints=warn" "-w" "/opt/rustwide/workdir" "--user" "0:0" "ae405cde502beaebee7a702fa2b7f7c1791f6d3d358301de248f4f19ec718b20" "/opt/rustwide/cargo-home/bin/cargo" "+1.99.0-beta.8" "build" "--frozen" "--message-format=json" "--release", kill_on_drop: false }`
[INFO] [stderr]    Compiling proc-macro2 v1.0.107
[INFO] [stderr]    Compiling unicode-ident v1.0.24
[INFO] [stderr]    Compiling quote v1.0.47
[INFO] [stderr]    Compiling libc v0.2.189
[INFO] [stderr]    Compiling version_check v0.9.5
[INFO] [stderr]    Compiling serde_core v1.0.229
[INFO] [stderr]    Compiling zmij v1.0.23
[INFO] [stderr]    Compiling serde_json v1.0.151
[INFO] [stderr]    Compiling serde v1.0.229
[INFO] [stderr]    Compiling utf8parse v0.2.2
[INFO] [stderr]    Compiling yansi v1.0.1
[INFO] [stderr]    Compiling memchr v2.8.3
[INFO] [stderr]    Compiling cfg-if v1.0.4
[INFO] [stderr]    Compiling once_cell v1.21.4
[INFO] [stderr]    Compiling is_terminal_polyfill v1.70.2
[INFO] [stderr]    Compiling ref-cast v1.0.27
[INFO] [stderr]    Compiling colorchoice v1.0.5
[INFO] [stderr]    Compiling anstyle-parse v1.0.0
[INFO] [stderr]    Compiling anstyle-query v1.1.5
[INFO] [stderr]    Compiling regex-syntax v0.8.11
[INFO] [stderr]    Compiling itoa v1.0.18
[INFO] [stderr]    Compiling tracing-core v0.1.36
[INFO] [stderr]    Compiling anstyle v1.0.14
[INFO] [stderr]    Compiling strsim v0.11.1
[INFO] [stderr]    Compiling clap_lex v1.1.1
[INFO] [stderr]    Compiling log v0.4.34
[INFO] [stderr]    Compiling lazy_static v1.5.0
[INFO] [stderr]    Compiling signal-hook v0.4.4
[INFO] [stderr]    Compiling heck v0.5.0
[INFO] [stderr]    Compiling proc-macro2-diagnostics v0.10.1
[INFO] [stderr]    Compiling uncased v0.9.10
[INFO] [stderr]    Compiling anstream v1.0.0
[INFO] [stderr]    Compiling figment v0.10.19
[INFO] [stderr]    Compiling option-ext v0.2.0
[INFO] [stderr]    Compiling inlinable_string v0.1.15
[INFO] [stderr]    Compiling anyhow v1.0.104
[INFO] [stderr]    Compiling pin-project-lite v0.2.17
[INFO] [stderr]    Compiling sharded-slab v0.1.7
[INFO] [stderr]    Compiling thread_local v1.1.10
[INFO] [stderr]    Compiling xterm-color v1.0.2
[INFO] [stderr]    Compiling smallvec v1.16.1
[INFO] [stderr]    Compiling clap_builder v4.6.7
[INFO] [stderr]    Compiling unicode-width v0.2.2
[INFO] [stderr]    Compiling nu-ansi-term v0.50.3
[INFO] [stderr]    Compiling dyn-clone v1.0.20
[INFO] [stderr]    Compiling tracing-log v0.2.0
[INFO] [stderr]    Compiling syn v3.0.5
[INFO] [stderr]    Compiling syn v2.0.119
[INFO] [stderr]    Compiling regex-automata v0.4.18
[INFO] [stderr]    Compiling errno v0.3.14
[INFO] [stderr]    Compiling terminal-trx v0.2.6
[INFO] [stderr]    Compiling dirs-sys v0.5.0
[INFO] [stderr]    Compiling mio v1.2.3
[INFO] [stderr]    Compiling console v0.16.6
[INFO] [stderr]    Compiling signal-hook-registry v1.4.8
[INFO] [stderr]    Compiling dirs v7.0.0
[INFO] [stderr]    Compiling terminal-colorsaurus v1.0.3
[INFO] [stderr]    Compiling serde_derive_internals v0.30.0
[INFO] [stderr]    Compiling serde_derive v1.0.229
[INFO] [stderr]    Compiling ref-cast-impl v1.0.27
[INFO] [stderr]    Compiling clap_derive v4.6.7
[INFO] [stderr]    Compiling schemars_derive v1.2.2
[INFO] [stderr]    Compiling matchers v0.2.0
[INFO] [stderr]    Compiling tracing-attributes v0.1.31
[INFO] [stderr]    Compiling pear_codegen v0.2.9
[INFO] [stderr]    Compiling clap v4.6.7
[INFO] [stderr]    Compiling pear v0.2.9
[INFO] [stderr]    Compiling tracing v0.1.44
[INFO] [stderr]    Compiling tracing-subscriber v0.3.23
[INFO] [stderr]    Compiling schemars v1.2.2
[INFO] [stderr]    Compiling pi-command-not-found-adapter v0.1.0 (/opt/rustwide/workdir)
[INFO] [stderr]     Finished `release` profile [optimized] target(s) in 1m 04s
[INFO] running `Command { std: "docker" "inspect" "ae405cde502beaebee7a702fa2b7f7c1791f6d3d358301de248f4f19ec718b20", kill_on_drop: false }`
[INFO] running `Command { std: "docker" "exec" "-e" "SOURCE_DIR=/opt/rustwide/workdir" "-e" "CARGO_HOME=/opt/rustwide/cargo-home" "-e" "RUSTUP_HOME=/opt/rustwide/rustup-home" "-e" "CARGO_TARGET_DIR=/opt/rustwide/target" "-e" "CARGO_INCREMENTAL=0" "-e" "RUST_BACKTRACE=full" "-e" "RUSTFLAGS=--cap-lints=warn" "-e" "RUSTDOCFLAGS=--cap-lints=warn" "-w" "/opt/rustwide/workdir" "--user" "0:0" "ae405cde502beaebee7a702fa2b7f7c1791f6d3d358301de248f4f19ec718b20" "/opt/rustwide/cargo-home/bin/cargo" "+1.99.0-beta.8" "test" "--frozen" "--no-run" "--message-format=json" "--release", kill_on_drop: false }`
[INFO] [stderr]    Compiling pi-command-not-found-adapter v0.1.0 (/opt/rustwide/workdir)
[INFO] [stderr]     Finished `release` profile [optimized] target(s) in 25.46s
[INFO] running `Command { std: "docker" "inspect" "ae405cde502beaebee7a702fa2b7f7c1791f6d3d358301de248f4f19ec718b20", kill_on_drop: false }`
[INFO] running `Command { std: "docker" "exec" "-e" "SOURCE_DIR=/opt/rustwide/workdir" "-e" "CARGO_HOME=/opt/rustwide/cargo-home" "-e" "RUSTUP_HOME=/opt/rustwide/rustup-home" "-e" "CARGO_TARGET_DIR=/opt/rustwide/target" "-e" "CARGO_INCREMENTAL=0" "-e" "RUST_BACKTRACE=full" "-e" "RUSTFLAGS=--cap-lints=warn" "-e" "RUSTDOCFLAGS=--cap-lints=warn" "-w" "/opt/rustwide/workdir" "--user" "0:0" "ae405cde502beaebee7a702fa2b7f7c1791f6d3d358301de248f4f19ec718b20" "/opt/rustwide/cargo-home/bin/cargo" "+1.99.0-beta.8" "test" "--frozen" "--release", kill_on_drop: false }`
[INFO] [stderr]     Finished `release` profile [optimized] target(s) in 0.08s
[INFO] [stderr]      Running unittests src/main.rs (/opt/rustwide/target/release/deps/command_not_found_agent-987c1cc827a4a3bc)
[INFO] [stdout] 
[INFO] [stdout] running 37 tests
[INFO] [stdout] test ask::tests::summarizes_known_argument_keys ... ok
[INFO] [stdout] test config::tests::a_list_variable_is_split_like_the_adapter_reads_it ... ok
[INFO] [stdout] test markdown::tests::only_a_light_terminal_gets_a_theme ... ok
[INFO] [stdout] test cli::tests::run_takes_the_command_after_a_double_dash ... ok
[INFO] [stdout] test cli::tests::config_can_come_before_or_after_the_subcommand ... ok
[INFO] [stdout] test cli::tests::session_id_takes_no_arguments ... ok
[INFO] [stdout] test prompt::tests::prompt_has_fixed_parts_and_both_schemas ... ok
[INFO] [stdout] test cli::tests::run_rejects_the_command_without_the_separator ... ok
[INFO] [stdout] test cli::tests::config_takes_no_arguments ... ok
[INFO] [stdout] test prompt::tests::prompt_is_the_same_for_every_session ... ok
[INFO] [stdout] test protocol::tests::falls_back_to_earlier_text ... ok
[INFO] [stdout] test prompt::tests::a_missing_prompt_file_is_an_error ... ok
[INFO] [stdout] test config::tests::the_system_file_comes_first_and_the_user_file_last ... ok
[INFO] [stdout] test config::tests::an_unknown_key_is_an_error ... ok
[INFO] [stdout] test config::tests::later_layers_win_and_the_rest_survives ... ok
[INFO] [stdout] test protocol::tests::accepts_one_field_only ... ok
[INFO] [stdout] test cli::tests::settings_are_not_options ... ok
[INFO] [stdout] test ask::tests::the_prompt_lists_every_argument_key ... ok
[INFO] [stdout] test ask::tests::prefers_command_over_later_keys ... ok
[INFO] [stdout] test prompt::tests::retry_prompt_mentions_reason ... ok
[INFO] [stdout] test prompt::tests::several_prompts_are_concatenated_in_order ... ok
[INFO] [stdout] test protocol::tests::rejects_wrong_field_types ... ok
[INFO] [stdout] test session::tests::formats_known_instants ... ok
[INFO] [stdout] test session::tests::random_id_is_not_empty ... ok
[INFO] [stdout] test session::tests::sanitizes_path_hostile_ids ... ok
[INFO] [stdout] test ui::tests::keeps_short_lines ... ok
[INFO] [stdout] test protocol::tests::last_valid_object_wins ... ok
[INFO] [stdout] test protocol::tests::accepts_explicit_nulls ... ok
[INFO] [stdout] test protocol::tests::parses_object_inside_prose_and_fences ... ok
[INFO] [stdout] test tests::joins_words ... ok
[INFO] [stdout] test prompt::tests::external_prompt_replaces_the_base_only ... ok
[INFO] [stdout] test protocol::tests::parses_plain_object ... ok
[INFO] [stdout] test protocol::tests::rejects_unrelated_json_objects ... ok
[INFO] [stdout] test ui::tests::clips_wide_characters ... ok
[INFO] [stdout] test tests::quotes_only_what_needs_it ... ok
[INFO] [stdout] test ui::tests::keeps_control_characters_out ... ok
[INFO] [stderr]      Running tests/agent.rs (/opt/rustwide/target/release/deps/agent-6805559f2ea06f9a)
[INFO] [stdout] test cli::tests::run_needs_a_shell ... ok
[INFO] [stdout] 
[INFO] [stdout] test result: ok. 37 passed; 0 failed; 0 ignored; 0 measured; 0 filtered out; finished in 0.03s
[INFO] [stdout] 
[INFO] [stdout] 
[INFO] [stdout] running 12 tests
[INFO] [stdout] test config_prints_the_layered_settings ... ok
[INFO] [stdout] test the_call_s_own_variables_are_not_settings ... ok
[INFO] [stdout] test a_prompt_file_variable_is_split_on_colons ... ok
[INFO] [stdout] test forwards_pi_s_own_diagnostics ... FAILED
[INFO] [stdout] test a_config_file_fills_the_options ... ok
[INFO] [stdout] test hands_pi_the_prompt_not_the_logged_placeholder ... ok
[INFO] [stdout] test the_command_line_wins_over_the_config_file ... ok
[INFO] [stdout] test ignores_messages_before_the_prompt_is_acknowledged ... ok
[INFO] [stdout] test retries_then_prints_the_source ... ok
[INFO] [stdout] test a_list_variable_is_split_into_arguments ... ok
[INFO] [stdout] test omits_the_source_when_there_is_none ... ok
[INFO] [stdout] test fails_after_exhausting_retries ... ok
[INFO] [stdout] 
[INFO] [stdout] failures:
[INFO] [stdout] 
[INFO] [stdout] ---- forwards_pi_s_own_diagnostics stdout ----
[INFO] [stdout] 
[INFO] [stdout] thread 'forwards_pi_s_own_diagnostics' (1479) panicked at tests/agent.rs:266:5:
[INFO] [stdout] [33m WARN[0m no session id given; using 3f3ad4cc-37a0-4138-999f-ae92367d4c61
[INFO] [stdout] note
[INFO] [stdout] 
[INFO] [stdout] ⚡ echo hi
[INFO] [stdout] ────────────────────────────────────────────────────────────────────────────────
[INFO] [stdout] 
[INFO] [stdout] stack backtrace:
[INFO] [stdout]    0:     0x6385561a3c07 - <unknown>
[INFO] [stdout]    1:     0x63855618721a - <unknown>
[INFO] [stdout]    2:     0x6385561a31bb - <unknown>
[INFO] [stdout]    3:     0x6385561a2c9f - <unknown>
[INFO] [stdout]    4:     0x6385561a28ca - <unknown>
[INFO] [stdout]    5:     0x6385561a2402 - <unknown>
[INFO] [stdout]    6:     0x6385561c9221 - <unknown>
[INFO] [stdout]    7:     0x6385561c91d9 - <unknown>
[INFO] [stdout]    8:     0x6385561c96ec - <unknown>
[INFO] [stdout]    9:     0x6385561870ab - <unknown>
[INFO] [stdout]   10:     0x63855617c31f - <unknown>
[INFO] [stdout]   11:     0x6385561e342b - <unknown>
[INFO] [stdout]   12:     0x6385561df5c1 - <unknown>
[INFO] [stdout]   13:     0x6385561dedac - <unknown>
[INFO] [stdout]   14:     0x6385561fb67c - <unknown>
[INFO] [stdout]   15:     0x6385561cab42 - <unknown>
[INFO] [stdout]   16:     0x7be778e55dfa - <unknown>
[INFO] [stdout]   17:     0x7be778ee93d4 - clone
[INFO] [stdout]   18:                0x0 - <unknown>
[INFO] [stdout] 
[INFO] [stdout] 
[INFO] [stdout] failures:
[INFO] [stdout]     forwards_pi_s_own_diagnostics
[INFO] [stdout] 
[INFO] [stdout] test result: FAILED. 11 passed; 1 failed; 0 ignored; 0 measured; 0 filtered out; finished in 0.04s
[INFO] [stdout] 
[INFO] [stderr] error: test failed, to rerun pass `--test agent`
[INFO] running `Command { std: "docker" "inspect" "ae405cde502beaebee7a702fa2b7f7c1791f6d3d358301de248f4f19ec718b20", kill_on_drop: false }`
[INFO] running `Command { std: "docker" "rm" "-f" "ae405cde502beaebee7a702fa2b7f7c1791f6d3d358301de248f4f19ec718b20", kill_on_drop: false }`
[INFO] [stdout] ae405cde502beaebee7a702fa2b7f7c1791f6d3d358301de248f4f19ec718b20
