[INFO] cloning repository https://github.com/lingdiansr/srun-portal
[INFO] running `Command { std: "git" "-c" "credential.helper=" "-c" "credential.helper=/workspace/cargo-home/bin/git-credential-null" "clone" "--bare" "https://github.com/lingdiansr/srun-portal" "/workspace/cache/git-repos/https%3A%2F%2Fgithub.com%2Flingdiansr%2Fsrun-portal", kill_on_drop: false }`
[INFO] [stderr] Cloning into bare repository '/workspace/cache/git-repos/https%3A%2F%2Fgithub.com%2Flingdiansr%2Fsrun-portal'...
[INFO] running `Command { std: "git" "rev-parse" "HEAD", kill_on_drop: false }`
[INFO] [stdout] 964a7dc859f8e6841caab01f7d7ffd222c35c9ce
[INFO] testing lingdiansr/srun-portal against 1.99.0-beta.8+cargoflags=--release for beta-release-1.100-2
[INFO] running `Command { std: "git" "clone" "/workspace/cache/git-repos/https%3A%2F%2Fgithub.com%2Flingdiansr%2Fsrun-portal" "/workspace/builds/worker-2-tc1/source", kill_on_drop: false }`
[INFO] [stderr] Cloning into '/workspace/builds/worker-2-tc1/source'...
[INFO] [stderr] done.
[INFO] started tweaking git repo https://github.com/lingdiansr/srun-portal
[INFO] finished tweaking git repo https://github.com/lingdiansr/srun-portal
[INFO] tweaked toml for git repo https://github.com/lingdiansr/srun-portal written to /workspace/builds/worker-2-tc1/source/Cargo.toml
[INFO] validating manifest of git repo https://github.com/lingdiansr/srun-portal on toolchain 1.99.0-beta.8
[INFO] running `Command { std: CARGO_HOME="/workspace/cargo-home" RUSTUP_HOME="/workspace/rustup-home" "/workspace/cargo-home/bin/cargo" "+1.99.0-beta.8" "metadata" "--manifest-path" "Cargo.toml" "--no-deps", kill_on_drop: false }`
[INFO] crate git repo https://github.com/lingdiansr/srun-portal already has a lockfile, it will not be regenerated
[INFO] running `Command { std: CARGO_HOME="/workspace/cargo-home" RUSTUP_HOME="/workspace/rustup-home" "/workspace/cargo-home/bin/cargo" "+1.99.0-beta.8" "fetch" "--manifest-path" "Cargo.toml", kill_on_drop: false }`
[INFO] running `Command { std: "docker" "create" "-v" "/var/lib/crater-agent-workspace/builds/worker-2-tc1/source:/opt/rustwide/workdir:ro,Z" "-v" "/var/lib/crater-agent-workspace/builds/worker-2-tc1/target:/opt/rustwide/target:rw,Z" "-v" "/var/lib/crater-agent-workspace/cargo-home:/opt/rustwide/cargo-home:ro,Z" "-v" "/var/lib/crater-agent-workspace/rustup-home:/opt/rustwide/rustup-home:ro,Z" "-m" "1610612736" "--network" "none" "ghcr.io/rust-lang/crates-build-env/linux@sha256:77db811e55d90add9212f6832c23229e3de5f1c1f9905e8cb07319ea15df73ac" "sleep" "infinity", kill_on_drop: false }`
[INFO] [stdout] 0d13286aebf23627259a713688305ea62391deb558ba3197e7cb1ab4aa76ae0a
[INFO] running `Command { std: "docker" "start" "0d13286aebf23627259a713688305ea62391deb558ba3197e7cb1ab4aa76ae0a", kill_on_drop: false }`
[INFO] running `Command { std: "docker" "inspect" "0d13286aebf23627259a713688305ea62391deb558ba3197e7cb1ab4aa76ae0a", kill_on_drop: false }`
[INFO] running `Command { std: "docker" "exec" "-e" "SOURCE_DIR=/opt/rustwide/workdir" "-e" "CARGO_HOME=/opt/rustwide/cargo-home" "-e" "RUSTUP_HOME=/opt/rustwide/rustup-home" "-e" "CARGO_TARGET_DIR=/opt/rustwide/target" "-w" "/opt/rustwide/workdir" "--user" "0:0" "0d13286aebf23627259a713688305ea62391deb558ba3197e7cb1ab4aa76ae0a" "/opt/rustwide/cargo-home/bin/cargo" "+1.99.0-beta.8" "metadata" "--no-deps" "--format-version=1", kill_on_drop: false }`
[INFO] running `Command { std: "docker" "inspect" "0d13286aebf23627259a713688305ea62391deb558ba3197e7cb1ab4aa76ae0a", kill_on_drop: false }`
[INFO] running `Command { std: "docker" "exec" "-e" "SOURCE_DIR=/opt/rustwide/workdir" "-e" "CARGO_HOME=/opt/rustwide/cargo-home" "-e" "RUSTUP_HOME=/opt/rustwide/rustup-home" "-e" "CARGO_TARGET_DIR=/opt/rustwide/target" "-e" "CARGO_INCREMENTAL=0" "-e" "RUST_BACKTRACE=full" "-e" "RUSTFLAGS=--cap-lints=warn" "-e" "RUSTDOCFLAGS=--cap-lints=warn" "-w" "/opt/rustwide/workdir" "--user" "0:0" "0d13286aebf23627259a713688305ea62391deb558ba3197e7cb1ab4aa76ae0a" "/opt/rustwide/cargo-home/bin/cargo" "+1.99.0-beta.8" "build" "--frozen" "--message-format=json" "--release", kill_on_drop: false }`
[INFO] [stderr]    Compiling proc-macro2 v1.0.107
[INFO] [stderr]    Compiling unicode-ident v1.0.26
[INFO] [stderr]    Compiling quote v1.0.47
[INFO] [stderr]    Compiling stable_deref_trait v1.2.1
[INFO] [stderr]    Compiling libc v0.2.189
[INFO] [stderr]    Compiling cfg-if v1.0.5
[INFO] [stderr]    Compiling shlex v2.0.1
[INFO] [stderr]    Compiling find-msvc-tools v0.1.13
[INFO] [stderr]    Compiling litemap v0.8.3
[INFO] [stderr]    Compiling writeable v0.6.4
[INFO] [stderr]    Compiling icu_normalizer_data v2.3.0
[INFO] [stderr]    Compiling icu_properties_data v2.3.0
[INFO] [stderr]    Compiling serde_core v1.0.229
[INFO] [stderr]    Compiling typenum v1.20.1
[INFO] [stderr]    Compiling zeroize v1.9.0
[INFO] [stderr]    Compiling smallvec v1.16.1
[INFO] [stderr]    Compiling crc32fast v1.5.2
[INFO] [stderr]    Compiling zmij v1.0.23
[INFO] [stderr]    Compiling simd-adler32 v0.3.10
[INFO] [stderr]    Compiling rustls v0.23.45
[INFO] [stderr]    Compiling percent-encoding v2.3.2
[INFO] [stderr]    Compiling winnow v1.0.4
[INFO] [stderr]    Compiling cc v1.4.7
[INFO] [stderr]    Compiling rustls-pki-types v1.15.1
[INFO] [stderr]    Compiling form_urlencoded v1.2.2
[INFO] [stderr]    Compiling miniz_oxide v0.9.1
[INFO] [stderr]    Compiling serde_json v1.0.151
[INFO] [stderr]    Compiling once_cell v1.21.4
[INFO] [stderr]    Compiling log v0.4.34
[INFO] [stderr]    Compiling memchr v2.8.3
[INFO] [stderr]    Compiling itoa v1.0.18
[INFO] [stderr]    Compiling base64 v0.22.1
[INFO] [stderr]    Compiling winnow v0.7.15
[INFO] [stderr]    Compiling toml_writer v1.1.2+spec-1.1.0
[INFO] [stderr]    Compiling webpki-roots v1.0.9
[INFO] [stderr]    Compiling webpki-roots v0.26.11
[INFO] [stderr]    Compiling toml_parser v1.1.3+spec-1.1.0
[INFO] [stderr]    Compiling generic-array v0.14.7
[INFO] [stderr]    Compiling syn v3.0.6
[INFO] [stderr]    Compiling flate2 v1.1.10
[INFO] [stderr]    Compiling getrandom v0.2.17
[INFO] [stderr]    Compiling dirs-sys v0.5.0
[INFO] [stderr]    Compiling block-buffer v0.10.4
[INFO] [stderr]    Compiling crypto-common v0.1.7
[INFO] [stderr]    Compiling directories v6.0.0
[INFO] [stderr]    Compiling digest v0.10.7
[INFO] [stderr]    Compiling ring v0.17.14
[INFO] [stderr]    Compiling md-5 v0.10.6
[INFO] [stderr]    Compiling sha1 v0.10.7
[INFO] [stderr]    Compiling toml_datetime v0.7.5+spec-1.1.0
[INFO] [stderr]    Compiling serde_spanned v1.1.1
[INFO] [stderr]    Compiling toml v0.9.12+spec-1.1.0
[INFO] [stderr]    Compiling synstructure v0.14.0
[INFO] [stderr]    Compiling zerovec-derive v0.11.6
[INFO] [stderr]    Compiling displaydoc v0.2.7
[INFO] [stderr]    Compiling zerofrom-derive v0.1.8
[INFO] [stderr]    Compiling yoke-derive v0.8.3
[INFO] [stderr]    Compiling zerofrom v0.1.8
[INFO] [stderr]    Compiling yoke v0.8.3
[INFO] [stderr]    Compiling zerotrie v0.2.5
[INFO] [stderr]    Compiling zerovec v0.11.8
[INFO] [stderr]    Compiling tinystr v0.8.4
[INFO] [stderr]    Compiling potential_utf v0.1.6
[INFO] [stderr]    Compiling icu_locale_core v2.3.0
[INFO] [stderr]    Compiling icu_collections v2.3.0
[INFO] [stderr]    Compiling icu_provider v2.3.1
[INFO] [stderr]    Compiling icu_properties v2.3.0
[INFO] [stderr]    Compiling icu_normalizer v2.3.0
[INFO] [stderr]    Compiling idna_adapter v1.2.2
[INFO] [stderr]    Compiling idna v1.1.0
[INFO] [stderr]    Compiling url v2.5.8
[INFO] [stderr]    Compiling rustls-webpki v0.103.15
[INFO] [stderr]    Compiling ureq v2.12.1
[INFO] [stderr]    Compiling srun-portal v0.1.0 (/opt/rustwide/workdir)
[INFO] [stderr]     Finished `release` profile [optimized] target(s) in 1m 03s
[INFO] running `Command { std: "docker" "inspect" "0d13286aebf23627259a713688305ea62391deb558ba3197e7cb1ab4aa76ae0a", kill_on_drop: false }`
[INFO] running `Command { std: "docker" "exec" "-e" "SOURCE_DIR=/opt/rustwide/workdir" "-e" "CARGO_HOME=/opt/rustwide/cargo-home" "-e" "RUSTUP_HOME=/opt/rustwide/rustup-home" "-e" "CARGO_TARGET_DIR=/opt/rustwide/target" "-e" "CARGO_INCREMENTAL=0" "-e" "RUST_BACKTRACE=full" "-e" "RUSTFLAGS=--cap-lints=warn" "-e" "RUSTDOCFLAGS=--cap-lints=warn" "-w" "/opt/rustwide/workdir" "--user" "0:0" "0d13286aebf23627259a713688305ea62391deb558ba3197e7cb1ab4aa76ae0a" "/opt/rustwide/cargo-home/bin/cargo" "+1.99.0-beta.8" "test" "--frozen" "--no-run" "--message-format=json" "--release", kill_on_drop: false }`
[INFO] [stderr]    Compiling srun-portal v0.1.0 (/opt/rustwide/workdir)
[INFO] [stderr]     Finished `release` profile [optimized] target(s) in 10.16s
[INFO] running `Command { std: "docker" "inspect" "0d13286aebf23627259a713688305ea62391deb558ba3197e7cb1ab4aa76ae0a", kill_on_drop: false }`
[INFO] running `Command { std: "docker" "exec" "-e" "SOURCE_DIR=/opt/rustwide/workdir" "-e" "CARGO_HOME=/opt/rustwide/cargo-home" "-e" "RUSTUP_HOME=/opt/rustwide/rustup-home" "-e" "CARGO_TARGET_DIR=/opt/rustwide/target" "-e" "CARGO_INCREMENTAL=0" "-e" "RUST_BACKTRACE=full" "-e" "RUSTFLAGS=--cap-lints=warn" "-e" "RUSTDOCFLAGS=--cap-lints=warn" "-w" "/opt/rustwide/workdir" "--user" "0:0" "0d13286aebf23627259a713688305ea62391deb558ba3197e7cb1ab4aa76ae0a" "/opt/rustwide/cargo-home/bin/cargo" "+1.99.0-beta.8" "test" "--frozen" "--release", kill_on_drop: false }`
[INFO] [stderr]     Finished `release` profile [optimized] target(s) in 0.09s
[INFO] [stderr]      Running unittests src/lib.rs (/opt/rustwide/target/release/deps/srun_portal-291f7ad9f498e8d7)
[INFO] [stdout] 
[INFO] [stdout] running 131 tests
[INFO] [stdout] test cli::tests::parse_args_reads_options_and_one_url ... ok
[INFO] [stdout] test cli::tests::parse_args_reads_the_config_command ... ok
[INFO] [stdout] test cli::tests::parse_args_reads_the_commands ... ok
[INFO] [stdout] test api::tests::double_stack_follows_enable_and_other_stack ... ok
[INFO] [stdout] test api::tests::otp_password_is_plain_but_chksum_covers_hmac ... ok
[INFO] [stdout] test cli::tests::a_url_is_still_a_url ... ok
[INFO] [stdout] test api::tests::logout_pairs_and_notice_url ... ok
[INFO] [stdout] test config::tests::parse_portal_url_accepts_the_documented_shapes ... ok
[INFO] [stdout] test credentials::tests::a_missing_file_is_no_password ... ok
[INFO] [stdout] test cli::tests::split_domain_accepts_an_embedded_domain ... ok
[INFO] [stdout] test config::tests::legacy_env_file_is_read_back ... ok
[INFO] [stdout] test api::tests::dm_sign_and_pairs_match_original_vector ... ok
[INFO] [stdout] test config::tests::legacy_env_file_errors_are_reported ... ok
[INFO] [stdout] test config::tests::legacy_env_file_lives_in_the_passwd_home ... ok
[INFO] [stdout] test config::tests::error_display_matches_the_cli_wording ... ok
[INFO] [stdout] test config::tests::url_from_env_needs_both_fields ... ok
[INFO] [stdout] test config::tests::parse_portal_url_rejects_required_and_invalid_inputs ... ok
[INFO] [stdout] test crypto::tests::empty_inputs_follow_spec_6_4 ... ok
[INFO] [stdout] test api::tests::build_login_matches_original_vector ... ok
[INFO] [stdout] test crypto::tests::hmac_md5_matches_original ... ok
[INFO] [stdout] test crypto::tests::non_ascii_is_lossy_per_spec_12_3 ... ok
[INFO] [stdout] test crypto::tests::info_field_matches_original ... ok
[INFO] [stdout] test crypto::tests::signout_sign_matches_original ... ok
[INFO] [stdout] test crypto::tests::xencode_round_trips ... ok
[INFO] [stdout] test crypto::tests::user_info_json_matches_json_stringify ... ok
[INFO] [stdout] test crypto::tests::xdecode_rejects_bad_blobs ... ok
[INFO] [stdout] test api::tests::sms_visitor_signs_then_authenticates ... ok
[INFO] [stdout] test api::tests::rad_user_info_omits_ip_when_absent ... ok
[INFO] [stdout] test html::tests::data_id_is_not_the_id_attribute ... ok
[INFO] [stdout] test html::tests::first_match_wins ... ok
[INFO] [stdout] test html::tests::comments_are_not_elements ... ok
[INFO] [stdout] test format::tests::time_matches_the_reference_rendering ... ok
[INFO] [stdout] test html::tests::quoted_attribute_values_may_contain_angle_brackets ... ok
[INFO] [stdout] test html::tests::missing_element_is_none ... ok
[INFO] [stdout] test format::tests::flow_matches_the_reference_rendering ... ok
[INFO] [stdout] test html::tests::same_name_nesting_is_balanced ... ok
[INFO] [stdout] test html::tests::single_quoted_and_reordered_attributes_match ... ok
[INFO] [stdout] test html::tests::reads_raw_untrimmed_inner_html ... ok
[INFO] [stdout] test html::tests::void_and_self_closing_elements_are_empty ... ok
[INFO] [stdout] test keyring::tests::secret_tool_argv_is_exact ... ok
[INFO] [stdout] test html::tests::unclosed_element_runs_to_end_of_document ... ok
[INFO] [stdout] test keyring::tests::the_service_name_is_the_crate_name ... ok
[INFO] [stdout] test html::tests::tag_name_is_case_insensitive ... ok
[INFO] [stdout] test portal_config::tests::custom_defaults_when_elements_are_missing ... ok
[INFO] [stdout] test portal_config::tests::domain_keeps_whatever_json_the_portal_sends ... ok
[INFO] [stdout] test portal_config::tests::array_portal_is_not_json ... ok
[INFO] [stdout] test portal_config::tests::empty_cli_version_is_too_low ... ok
[INFO] [stdout] test portal_config::tests::invalid_is_ipv6_is_rejected ... ok
[INFO] [stdout] test portal_config::tests::invalid_json_acid_is_not_json ... ok
[INFO] [stdout] test portal_config::tests::full_page_decodes_every_field ... ok
[INFO] [stdout] test portal_config::tests::missing_domain_is_reported ... ok
[INFO] [stdout] test portal_config::tests::missing_element_is_reported_by_selector ... ok
[INFO] [stdout] test portal_config::tests::missing_cli_version_is_too_low ... ok
[INFO] [stdout] test portal_config::tests::missing_portal_is_not_json ... ok
[INFO] [stdout] test portal_config::tests::optional_flags_are_absent_without_the_property ... ok
[INFO] [stdout] test portal_config::tests::falsy_flags_fall_back_like_js ... ok
[INFO] [stdout] test portal_config::tests::use_logo_requires_the_exact_true_text ... ok
[INFO] [stdout] test reconnect::tests::domain_arg_gains_its_at_sign ... ok
[INFO] [stdout] test portal_config::tests::portal_flags_read_back_through_named_accessors ... ok
[INFO] [stdout] test portal_config::tests::unquoted_number_acid_is_not_a_string ... ok
[INFO] [stdout] test reconnect::tests::host_of_keeps_the_port ... ok
[INFO] [stdout] test runtime::tests::api_version_reads_the_third_component_and_tolerates_missing_fields ... ok
[INFO] [stdout] test runtime::tests::salt_expiry_only_triggers_on_a_positive_window ... ok
[INFO] [stdout] test runtime::tests::now_secs_is_whole_seconds ... ok
[INFO] [stdout] test service::tests::both_cadences_off_installs_a_manual_only_task ... ok
[INFO] [stdout] test runtime::tests::user_info_mapping_uses_defaults_for_missing_fields ... ok
[INFO] [stdout] test credentials::tests::credentials_live_beside_the_configuration ... ok
[INFO] [stdout] test cli::tests::the_panel_header_is_centred_like_the_reference ... ok
[INFO] [stdout] test credentials::tests::the_environment_overrides_the_stored_password ... ok
[INFO] [stdout] test crypto::tests::custom_base64_equals_standard_base64 ... ok
[INFO] [stdout] test service::tests::launchd_plist_is_exact ... ok
[INFO] [stdout] test service::tests::quote_unit_arg_quotes_only_what_needs_it ... ok
[INFO] [stdout] test service::tests::launchd_escapes_xml ... ok
[INFO] [stdout] test service::tests::plan_dispatches_to_this_platform ... ok
[INFO] [stdout] test service::tests::systemd_timer_without_startup_trigger_needs_onactivesec ... ok
[INFO] [stdout] test service::tests::systemd_units_are_exact ... ok
[INFO] [stdout] test api::tests::get_challenge_builds_url_reads_token_and_rejects_bad_responses ... ok
[INFO] [stdout] test service::tests::systemd_quotes_paths_with_spaces ... ok
[INFO] [stdout] test service::tests::one_cadence_at_a_time_is_expressible ... ok
[INFO] [stdout] test service::tests::xml_escape_covers_the_three_entities ... ok
[INFO] [stdout] test service::tests::install_reports_a_failing_command ... ok
[INFO] [stdout] test service::tests::windows_tasks_are_exact ... ok
[INFO] [stdout] test service::tests::windows_quotes_paths_with_spaces ... ok
[INFO] [stdout] test api::tests::get_protocol_reads_nested_fields_and_defaults ... ok
[INFO] [stdout] test settings::tests::a_created_file_shows_the_documented_defaults ... ok
[INFO] [stdout] test credentials::tests::a_wrongly_typed_password_is_an_error ... ok
[INFO] [stdout] test settings::tests::defaults_match_the_documentation ... ok
[INFO] [stdout] test credentials::tests::write_is_private_and_read_round_trips ... ok
[INFO] [stdout] test settings::tests::legacy_is_only_a_fallback ... ok
[INFO] [stdout] test settings::tests::bad_value_reports_path_and_key ... ok
[INFO] [stdout] test settings::tests::non_tty_first_run_defaults_to_system ... ok
[INFO] [stdout] test settings::tests::legacy_seeds_created_config ... ok
[INFO] [stdout] test settings::tests::explicit_config_ignores_the_layering ... ok
[INFO] [stdout] test settings::tests::setting_zero_switches_a_background_off ... ok
[INFO] [stdout] test settings::tests::system_path_uses_the_convention_dir ... ok
[INFO] [stdout] test settings::tests::first_run_creates_the_chosen_location ... ok
[INFO] [stdout] test settings::tests::portable_overrides_system_per_key ... ok
[INFO] [stdout] test settings::tests::unwritable_portable_falls_back_to_system ... ok
[INFO] [stdout] test sys::tests::correct_user_ips_adopts_matching_interface ... ok
[INFO] [stdout] test settings::tests::the_catalogue_covers_every_key_the_loader_reads ... ok
[INFO] [stdout] test sys::tests::device_identity_matches_node_semantics ... ok
[INFO] [stdout] test settings::tests::portable_wins_over_system ... ok
[INFO] [stdout] test settings::tests::unknown_keys_survive_rewrites ... ok
[INFO] [stdout] test sys::tests::interfaces_have_loopback ... ok
[INFO] [stdout] test translate::tests::is_special_error_requires_a_truthy_number_after_the_e ... ok
[INFO] [stdout] test sys::tests::passwd_home_is_absolute ... ok
[INFO] [stdout] test translate::tests::insert_adds_entries_for_any_language ... ok
[INFO] [stdout] test settings::tests::update_writes_only_on_change ... ok
[INFO] [stdout] test transport::tests::endpoint_urls_and_host_swap ... ok
[INFO] [stdout] test translate::tests::message_format_applies_the_separator_and_dot_rules ... ok
[INFO] [stdout] test translate::tests::t_dispatches_strings_errors_codes_and_everything_else ... ok
[INFO] [stdout] test transport::tests::query_string_keeps_order_and_encodes_both_sides ... ok
[INFO] [stdout] test translate::tests::translate_code_handles_ploy_message_success_error_and_silence ... ok
[INFO] [stdout] test transport::tests::urlencode_matches_urlsearchparams ... ok
[INFO] [stdout] test translate::tests::translate_error_follows_the_documented_precedence ... ok
[INFO] [stdout] test util::tests::empty_race_times_out ... ok
[INFO] [stdout] test service::tests::status_reports_query_output ... ok
[INFO] [stdout] test settings::tests::unsetting_returns_to_the_documented_defaults ... ok
[INFO] [stdout] test util::tests::all_failing_rejects_with_timeout ... ok
[INFO] [stdout] test transport::tests::jsonp_and_json_over_loopback ... ok
[INFO] [stdout] test util::tests::first_success_wins_and_orders_nothing ... ok
[INFO] [stdout] test settings::tests::config_set_and_unset_write_through_the_file ... ok
[INFO] [stdout] test service::tests::install_summarises_cleanup_instead_of_erroring ... ok
[INFO] [stdout] test service::tests::install_writes_files_and_reports ... ok
[INFO] [stdout] test credentials::tests::store_read_and_revoke_use_the_best_available_store ... ok
[INFO] [stdout] test service::tests::uninstall_survives_a_failing_disable ... ok
[INFO] [stdout] test keyring::tests::availability_explains_itself ... ok
[INFO] [stdout] test keyring::tests::a_real_wallet_round_trips ... ok
[INFO] [stdout] test credentials::tests::revoke_clears_the_file_even_with_a_keyring_entry ... ok
[INFO] [stdout] test runtime::tests::error_rendering_follows_the_translate_precedence ... ok
[INFO] [stdout] test util::tests::slow_task_is_cut_off_by_the_timeout ... ok
[INFO] [stdout] 
[INFO] [stdout] test result: ok. 131 passed; 0 failed; 0 ignored; 0 measured; 0 filtered out; finished in 0.16s
[INFO] [stdout] 
[INFO] [stderr]      Running unittests src/main.rs (/opt/rustwide/target/release/deps/srun_portal-21d8fae774a85f17)
[INFO] [stdout] 
[INFO] [stdout] running 0 tests
[INFO] [stdout] 
[INFO] [stdout] test result: ok. 0 passed; 0 failed; 0 ignored; 0 measured; 0 filtered out; finished in 0.00s
[INFO] [stdout] 
[INFO] [stderr]      Running tests/flow.rs (/opt/rustwide/target/release/deps/flow-e6d318ecdea01aa6)
[INFO] [stdout] 
[INFO] [stdout] running 10 tests
[INFO] [stdout] test endpoints_keep_the_stub_port_for_both_stacks ... ok
[INFO] [stdout] test configured_callback_is_used ... ok
[INFO] [stdout] test sign_out_carries_the_dm_query_with_a_consistent_sign ... ok
[INFO] [stdout] test login_flow_carries_the_captured_queries ... ok
[INFO] [stdout] test reconnect_once_logs_in_when_the_stub_is_offline ... ok
[INFO] [stdout] test reconnect_once_leaves_an_online_session_alone ... ok
[INFO] [stdout] test double_stack_sign_out_unbinds_both_stacks ... FAILED
[INFO] [stdout] test double_stack_authentication_runs_lv4_then_v6_serially ... ok
[INFO] [stdout] test reconnect_once_reports_a_failed_login ... ok
[INFO] [stdout] test rejected_credentials_are_reported_and_not_retried_by_the_library ... ok
[INFO] [stdout] 
[INFO] [stdout] failures:
[INFO] [stdout] 
[INFO] [stdout] ---- double_stack_sign_out_unbinds_both_stacks stdout ----
[INFO] [stdout] 
[INFO] [stdout] thread 'double_stack_sign_out_unbinds_both_stacks' (1918) panicked at tests/flow.rs:468:5:
[INFO] [stdout] assertion `left == right` failed: one DM per stack: ["ip=10.9.9.9&username=testuser&time=1792294475&unbind=1&sign=d96f83a7bc0c04e6caf59324632c3872e28fd7ed&callback=jsonp"]
[INFO] [stdout]   left: 1
[INFO] [stdout]  right: 2
[INFO] [stdout] stack backtrace:
[INFO] [stdout]    0:     0x5da6a7889ef1 - <<std[70759c8f55707aa4]::sys::backtrace::BacktraceLock>::print::DisplayBacktrace as core[df12db4294e9bfd3]::fmt::Display>::fmt
[INFO] [stdout]    1:     0x5da6a78a1ffa - core[df12db4294e9bfd3]::fmt::write
[INFO] [stdout]    2:     0x5da6a788eaac - <alloc[2182bb758b4b3781]::vec::Vec<u8> as core[df12db4294e9bfd3]::io::write::Write>::write_fmt
[INFO] [stdout]    3:     0x5da6a78648f6 - std[70759c8f55707aa4]::panicking::default_hook::{closure#0}
[INFO] [stdout]    4:     0x5da6a7881c99 - std[70759c8f55707aa4]::panicking::default_hook
[INFO] [stdout]    5:     0x5da6a76b3a00 - test[9d35eded1c95d3be]::test_main_inner::<test[9d35eded1c95d3be]::test_main_static::{closure#0}>::{closure#0}
[INFO] [stdout]    6:     0x5da6a7881e52 - std[70759c8f55707aa4]::panicking::panic_with_hook
[INFO] [stdout]    7:     0x5da6a78649a2 - std[70759c8f55707aa4]::panicking::panic_handler::{closure#0}
[INFO] [stdout]    8:     0x5da6a785d649 - std[70759c8f55707aa4]::sys::backtrace::__rust_end_short_backtrace::<std[70759c8f55707aa4]::panicking::panic_handler::{closure#0}, !>
[INFO] [stdout]    9:     0x5da6a786578d - __rustc[8fa7c3cbc660c2b3]::rust_begin_unwind
[INFO] [stdout]   10:     0x5da6a78a272c - core[df12db4294e9bfd3]::panicking::panic_fmt
[INFO] [stdout]   11:     0x5da6a78a26a3 - core[df12db4294e9bfd3]::panicking::assert_failed_inner
[INFO] [stdout]   12:     0x5da6a789d3a8 - core[df12db4294e9bfd3]::panicking::assert_failed::<usize, usize>
[INFO] [stdout]   13:     0x5da6a769d4af - <flow[6db69ce799c8219b]::double_stack_sign_out_unbinds_both_stacks::{closure#0} as core[df12db4294e9bfd3]::ops::function::FnOnce<()>>::call_once
[INFO] [stdout]   14:     0x5da6a76a6ceb - test[9d35eded1c95d3be]::__rust_begin_short_backtrace::<core[df12db4294e9bfd3]::result::Result<(), alloc[2182bb758b4b3781]::string::String>, fn() -> core[df12db4294e9bfd3]::result::Result<(), alloc[2182bb758b4b3781]::string::String>>
[INFO] [stdout]   15:     0x5da6a76b4355 - test[9d35eded1c95d3be]::run_test::{closure#0}
[INFO] [stdout]   16:     0x5da6a76adc14 - std[70759c8f55707aa4]::sys::backtrace::__rust_begin_short_backtrace::<test[9d35eded1c95d3be]::run_test::{closure#1}, ()>
[INFO] [stdout]   17:     0x5da6a76b74b2 - <std[70759c8f55707aa4]::thread::lifecycle::spawn_unchecked<test[9d35eded1c95d3be]::run_test::{closure#1}, ()>::{closure#1} as core[df12db4294e9bfd3]::ops::function::FnOnce<()>>::call_once::{shim:vtable#0}
[INFO] [stdout]   18:     0x5da6a7889029 - <std[70759c8f55707aa4]::sys::thread::unix::Thread>::new::thread_start
[INFO] [stdout]   19:     0x73d5e6154dfa - <unknown>
[INFO] [stdout]   20:     0x73d5e61e83d4 - clone
[INFO] [stdout]   21:                0x0 - <unknown>
[INFO] [stdout] 
[INFO] [stdout] 
[INFO] [stdout] failures:
[INFO] [stdout]     double_stack_sign_out_unbinds_both_stacks
[INFO] [stdout] 
[INFO] [stdout] test result: FAILED. 9 passed; 1 failed; 0 ignored; 0 measured; 0 filtered out; finished in 2.02s
[INFO] [stdout] 
[INFO] [stderr] error: test failed, to rerun pass `--test flow`
[INFO] running `Command { std: "docker" "inspect" "0d13286aebf23627259a713688305ea62391deb558ba3197e7cb1ab4aa76ae0a", kill_on_drop: false }`
[INFO] running `Command { std: "docker" "rm" "-f" "0d13286aebf23627259a713688305ea62391deb558ba3197e7cb1ab4aa76ae0a", kill_on_drop: false }`
[INFO] [stdout] 0d13286aebf23627259a713688305ea62391deb558ba3197e7cb1ab4aa76ae0a
