[INFO] cloning repository https://github.com/icehunt/ssh-site
[INFO] running `Command { std: "git" "-c" "credential.helper=" "-c" "credential.helper=/workspace/cargo-home/bin/git-credential-null" "clone" "--bare" "https://github.com/icehunt/ssh-site" "/workspace/cache/git-repos/https%3A%2F%2Fgithub.com%2Ficehunt%2Fssh-site", kill_on_drop: false }`
[INFO] [stderr] Cloning into bare repository '/workspace/cache/git-repos/https%3A%2F%2Fgithub.com%2Ficehunt%2Fssh-site'...
[INFO] running `Command { std: "git" "rev-parse" "HEAD", kill_on_drop: false }`
[INFO] [stdout] fbe21290a788948c30170987986ead10fadfb976
[INFO] testing icehunt/ssh-site against 1.99.0-beta.8+cargoflags=--release for beta-release-1.100-2
[INFO] running `Command { std: "git" "clone" "/workspace/cache/git-repos/https%3A%2F%2Fgithub.com%2Ficehunt%2Fssh-site" "/workspace/builds/worker-1-tc1/source", kill_on_drop: false }`
[INFO] [stderr] Cloning into '/workspace/builds/worker-1-tc1/source'...
[INFO] [stderr] done.
[INFO] started tweaking git repo https://github.com/icehunt/ssh-site
[INFO] finished tweaking git repo https://github.com/icehunt/ssh-site
[INFO] tweaked toml for git repo https://github.com/icehunt/ssh-site written to /workspace/builds/worker-1-tc1/source/Cargo.toml
[INFO] validating manifest of git repo https://github.com/icehunt/ssh-site on toolchain 1.99.0-beta.8
[INFO] running `Command { std: CARGO_HOME="/workspace/cargo-home" RUSTUP_HOME="/workspace/rustup-home" "/workspace/cargo-home/bin/cargo" "+1.99.0-beta.8" "metadata" "--manifest-path" "Cargo.toml" "--no-deps", kill_on_drop: false }`
[INFO] crate git repo https://github.com/icehunt/ssh-site already has a lockfile, it will not be regenerated
[INFO] running `Command { std: CARGO_HOME="/workspace/cargo-home" RUSTUP_HOME="/workspace/rustup-home" "/workspace/cargo-home/bin/cargo" "+1.99.0-beta.8" "fetch" "--manifest-path" "Cargo.toml", kill_on_drop: false }`
[INFO] [stderr]  Downloading crates ...
[INFO] [stderr]   Downloaded pageant v0.2.1
[INFO] [stderr]   Downloaded polyval v0.7.2
[INFO] [stderr]   Downloaded p256 v0.14.0-rc.15
[INFO] [stderr]   Downloaded p384 v0.14.0-rc.15
[INFO] [stderr]   Downloaded generic-array v1.4.4
[INFO] [stderr]   Downloaded p521 v0.14.0-rc.15
[INFO] [stderr]   Downloaded ed25519-dalek v3.0.0-rc.1
[INFO] [stderr]   Downloaded russh v0.62.2
[INFO] [stderr]   Downloaded aes-gcm v0.11.0
[INFO] [stderr]   Downloaded curve25519-dalek v5.0.0-rc.1
[INFO] [stderr]   Downloaded regex-automata v0.4.15
[INFO] [stderr]   Downloaded uuid v1.23.5
[INFO] [stderr]   Downloaded pest_meta v2.8.7
[INFO] [stderr]   Downloaded pest v2.8.7
[INFO] [stderr]   Downloaded pest_generator v2.8.7
[INFO] [stderr]   Downloaded pest_derive v2.8.7
[INFO] running `Command { std: "docker" "create" "-v" "/var/lib/crater-agent-workspace/builds/worker-1-tc1/source:/opt/rustwide/workdir:ro,Z" "-v" "/var/lib/crater-agent-workspace/builds/worker-1-tc1/target:/opt/rustwide/target:rw,Z" "-v" "/var/lib/crater-agent-workspace/cargo-home:/opt/rustwide/cargo-home:ro,Z" "-v" "/var/lib/crater-agent-workspace/rustup-home:/opt/rustwide/rustup-home:ro,Z" "-m" "1610612736" "--network" "none" "ghcr.io/rust-lang/crates-build-env/linux@sha256:77db811e55d90add9212f6832c23229e3de5f1c1f9905e8cb07319ea15df73ac" "sleep" "infinity", kill_on_drop: false }`
[INFO] [stdout] 783b3f539513e94d5344ebb8a20a30adaa3bd7449a8e9ae547fd8e5b3b25e047
[INFO] running `Command { std: "docker" "start" "783b3f539513e94d5344ebb8a20a30adaa3bd7449a8e9ae547fd8e5b3b25e047", kill_on_drop: false }`
[INFO] running `Command { std: "docker" "inspect" "783b3f539513e94d5344ebb8a20a30adaa3bd7449a8e9ae547fd8e5b3b25e047", kill_on_drop: false }`
[INFO] running `Command { std: "docker" "exec" "-e" "SOURCE_DIR=/opt/rustwide/workdir" "-e" "CARGO_HOME=/opt/rustwide/cargo-home" "-e" "RUSTUP_HOME=/opt/rustwide/rustup-home" "-e" "CARGO_TARGET_DIR=/opt/rustwide/target" "-w" "/opt/rustwide/workdir" "--user" "0:0" "783b3f539513e94d5344ebb8a20a30adaa3bd7449a8e9ae547fd8e5b3b25e047" "/opt/rustwide/cargo-home/bin/cargo" "+1.99.0-beta.8" "metadata" "--no-deps" "--format-version=1", kill_on_drop: false }`
[INFO] running `Command { std: "docker" "inspect" "783b3f539513e94d5344ebb8a20a30adaa3bd7449a8e9ae547fd8e5b3b25e047", kill_on_drop: false }`
[INFO] running `Command { std: "docker" "exec" "-e" "SOURCE_DIR=/opt/rustwide/workdir" "-e" "CARGO_HOME=/opt/rustwide/cargo-home" "-e" "RUSTUP_HOME=/opt/rustwide/rustup-home" "-e" "CARGO_TARGET_DIR=/opt/rustwide/target" "-e" "CARGO_INCREMENTAL=0" "-e" "RUST_BACKTRACE=full" "-e" "RUSTFLAGS=--cap-lints=warn" "-e" "RUSTDOCFLAGS=--cap-lints=warn" "-w" "/opt/rustwide/workdir" "--user" "0:0" "783b3f539513e94d5344ebb8a20a30adaa3bd7449a8e9ae547fd8e5b3b25e047" "/opt/rustwide/cargo-home/bin/cargo" "+1.99.0-beta.8" "build" "--frozen" "--message-format=json" "--release", kill_on_drop: false }`
[INFO] [stderr]    Compiling libc v0.2.186
[INFO] [stderr]    Compiling cfg-if v1.0.4
[INFO] [stderr]    Compiling zeroize v1.9.0
[INFO] [stderr]    Compiling subtle v2.6.1
[INFO] [stderr]    Compiling typenum v1.20.1
[INFO] [stderr]    Compiling cmov v0.5.4
[INFO] [stderr]    Compiling rand_core v0.10.1
[INFO] [stderr]    Compiling getrandom v0.4.3
[INFO] [stderr]    Compiling proc-macro2 v1.0.106
[INFO] [stderr]    Compiling quote v1.0.46
[INFO] [stderr]    Compiling unicode-ident v1.0.24
[INFO] [stderr]    Compiling const-oid v0.10.2
[INFO] [stderr]    Compiling cpufeatures v0.3.0
[INFO] [stderr]    Compiling cpubits v0.1.1
[INFO] [stderr]    Compiling autocfg v1.5.1
[INFO] [stderr]    Compiling base64ct v1.8.3
[INFO] [stderr]    Compiling bitflags v2.13.0
[INFO] [stderr]    Compiling log v0.4.33
[INFO] [stderr]    Compiling rustversion v1.0.23
[INFO] [stderr]    Compiling foldhash v0.2.0
[INFO] [stderr]    Compiling thiserror v2.0.18
[INFO] [stderr]    Compiling ff v0.14.0
[INFO] [stderr]    Compiling smallvec v1.15.2
[INFO] [stderr]    Compiling equivalent v1.0.2
[INFO] [stderr]    Compiling base16ct v1.0.0
[INFO] [stderr]    Compiling group v0.14.0
[INFO] [stderr]    Compiling allocator-api2 v0.2.21
[INFO] [stderr]    Compiling heck v0.5.0
[INFO] [stderr]    Compiling parking_lot_core v0.9.12
[INFO] [stderr]    Compiling ctutils v0.4.2
[INFO] [stderr]    Compiling pin-project-lite v0.2.17
[INFO] [stderr]    Compiling pem-rfc7468 v1.0.0
[INFO] [stderr]    Compiling ident_case v1.0.1
[INFO] [stderr]    Compiling find-msvc-tools v0.1.9
[INFO] [stderr]    Compiling shlex v2.0.1
[INFO] [stderr]    Compiling num-traits v0.2.19
[INFO] [stderr]    Compiling strsim v0.11.1
[INFO] [stderr]    Compiling scopeguard v1.2.0
[INFO] [stderr]    Compiling bytes v1.12.1
[INFO] [stderr]    Compiling either v1.16.0
[INFO] [stderr]    Compiling semver v1.0.28
[INFO] [stderr]    Compiling lock_api v0.4.14
[INFO] [stderr]    Compiling itoa v1.0.18
[INFO] [stderr]    Compiling der v0.8.1
[INFO] [stderr]    Compiling unicode-segmentation v1.13.3
[INFO] [stderr]    Compiling ryu v1.0.23
[INFO] [stderr]    Compiling rustc_version v0.4.1
[INFO] [stderr]    Compiling itertools v0.14.0
[INFO] [stderr]    Compiling signal-hook v0.3.18
[INFO] [stderr]    Compiling castaway v0.2.4
[INFO] [stderr]    Compiling dunce v1.0.5
[INFO] [stderr]    Compiling hashbrown v0.16.1
[INFO] [stderr]    Compiling hashbrown v0.17.1
[INFO] [stderr]    Compiling instability v0.3.12
[INFO] [stderr]    Compiling unicode-width v0.2.2
[INFO] [stderr]    Compiling fs_extra v1.3.0
[INFO] [stderr]    Compiling static_assertions v1.1.0
[INFO] [stderr]    Compiling pkg-config v0.3.33
[INFO] [stderr]    Compiling curve25519-dalek v5.0.0-rc.1
[INFO] [stderr]    Compiling compact_str v0.9.1
[INFO] [stderr]    Compiling rustix v1.1.4
[INFO] [stderr]    Compiling futures-sink v0.3.32
[INFO] [stderr]    Compiling syn v2.0.118
[INFO] [stderr]    Compiling indoc v2.0.7
[INFO] [stderr]    Compiling cfg_aliases v0.2.1
[INFO] [stderr]    Compiling critical-section v1.2.0
[INFO] [stderr]    Compiling convert_case v0.10.0
[INFO] [stderr]    Compiling version_check v0.9.5
[INFO] [stderr]    Compiling futures-core v0.3.32
[INFO] [stderr]    Compiling hybrid-array v0.4.13
[INFO] [stderr]    Compiling futures-channel v0.3.32
[INFO] [stderr]    Compiling nix v0.31.3
[INFO] [stderr]    Compiling time-core v0.1.9
[INFO] [stderr]    Compiling crc32fast v1.5.0
[INFO] [stderr]    Compiling num_threads v0.1.7
[INFO] [stderr]    Compiling jobserver v0.1.35
[INFO] [stderr]    Compiling slab v0.4.12
[INFO] [stderr]    Compiling generic-array v0.14.7
[INFO] [stderr]    Compiling litrs v1.0.0
[INFO] [stderr]    Compiling futures-io v0.3.32
[INFO] [stderr]    Compiling byteorder v1.5.0
[INFO] [stderr]    Compiling cc v1.2.67
[INFO] [stderr]    Compiling utf8parse v0.2.2
[INFO] [stderr]    Compiling powerfmt v0.2.0
[INFO] [stderr]    Compiling num-conv v0.2.2
[INFO] [stderr]    Compiling memchr v2.8.3
[INFO] [stderr]    Compiling deranged v0.5.8
[INFO] [stderr]    Compiling once_cell v1.21.4
[INFO] [stderr]    Compiling futures-task v0.3.32
[INFO] [stderr]    Compiling linux-raw-sys v0.12.1
[INFO] [stderr]    Compiling anstyle-parse v1.0.0
[INFO] [stderr]    Compiling block-buffer v0.12.1
[INFO] [stderr]    Compiling block-padding v0.4.2
[INFO] [stderr]    Compiling wnaf v0.14.0
[INFO] [stderr]    Compiling num-integer v0.1.46
[INFO] [stderr]    Compiling lru v0.18.1
[INFO] [stderr]    Compiling tracing-core v0.1.36
[INFO] [stderr]    Compiling line-clipping v0.3.7
[INFO] [stderr]    Compiling inout v0.2.2
[INFO] [stderr]    Compiling keccak v0.2.0
[INFO] [stderr]    Compiling document-features v0.2.12
[INFO] [stderr]    Compiling anstyle-query v1.1.5
[INFO] [stderr]    Compiling aws-lc-rs v1.17.1
[INFO] [stderr]    Compiling simd-adler32 v0.3.10
[INFO] [stderr]    Compiling regex-syntax v0.8.11
[INFO] [stderr]    Compiling colorchoice v1.0.5
[INFO] [stderr]    Compiling anstyle v1.0.14
[INFO] [stderr]    Compiling adler2 v2.0.1
[INFO] [stderr]    Compiling is_terminal_polyfill v1.70.2
[INFO] [stderr]    Compiling cmake v0.1.58
[INFO] [stderr]    Compiling miniz_oxide v0.8.9
[INFO] [stderr]    Compiling anstream v1.0.0
[INFO] [stderr]    Compiling module-lattice v0.2.3
[INFO] [stderr]    Compiling untrusted v0.7.1
[INFO] [stderr]    Compiling hex v0.4.3
[INFO] [stderr]    Compiling lazy_static v1.5.0
[INFO] [stderr]    Compiling errno v0.3.14
[INFO] [stderr]    Compiling crypto-common v0.2.2
[INFO] [stderr]    Compiling crypto-bigint v0.7.5
[INFO] [stderr]    Compiling signal-hook-registry v1.4.8
[INFO] [stderr]    Compiling mio v1.2.2
[INFO] [stderr]    Compiling parking_lot v0.12.5
[INFO] [stderr]    Compiling aws-lc-sys v0.42.0
[INFO] [stderr]    Compiling socket2 v0.6.5
[INFO] [stderr]    Compiling spki v0.8.0
[INFO] [stderr]    Compiling sec1 v0.8.1
[INFO] [stderr]    Compiling pkcs1 v0.8.0-rc.4
[INFO] [stderr]    Compiling time v0.3.53
[INFO] [stderr]    Compiling unicode-truncate v2.0.1
[INFO] [stderr]    Compiling signal-hook-mio v0.2.5
[INFO] [stderr]    Compiling anyhow v1.0.103
[INFO] [stderr]    Compiling clap_lex v1.1.0
[INFO] [stderr]    Compiling flate2 v1.1.9
[INFO] [stderr]    Compiling sharded-slab v0.1.7
[INFO] [stderr]    Compiling generic-array v1.4.4
[INFO] [stderr]    Compiling clap_builder v4.6.0
[INFO] [stderr]    Compiling tracing-log v0.2.0
[INFO] [stderr]    Compiling num-bigint v0.4.8
[INFO] [stderr]    Compiling thread_local v1.1.10
[INFO] [stderr]    Compiling md5 v0.8.1
[INFO] [stderr]    Compiling nu-ansi-term v0.50.3
[INFO] [stderr]    Compiling hex-literal v1.1.0
[INFO] [stderr]    Compiling data-encoding v2.11.0
[INFO] [stderr]    Compiling digest v0.11.3
[INFO] [stderr]    Compiling cipher v0.5.2
[INFO] [stderr]    Compiling universal-hash v0.6.1
[INFO] [stderr]    Compiling hmac v0.13.0
[INFO] [stderr]    Compiling polyval v0.7.2
[INFO] [stderr]    Compiling sha2 v0.11.0
[INFO] [stderr]    Compiling pbkdf2 v0.13.0
[INFO] [stderr]    Compiling aead v0.6.1
[INFO] [stderr]    Compiling signature v3.0.0
[INFO] [stderr]    Compiling ghash v0.6.0
[INFO] [stderr]    Compiling hkdf v0.13.0
[INFO] [stderr]    Compiling poly1305 v0.9.1
[INFO] [stderr]    Compiling blake2 v0.11.0-rc.6
[INFO] [stderr]    Compiling regex-automata v0.4.15
[INFO] [stderr]    Compiling sha3 v0.11.0
[INFO] [stderr]    Compiling sha1 v0.11.0
[INFO] [stderr]    Compiling kem v0.3.0
[INFO] [stderr]    Compiling aes v0.9.1
[INFO] [stderr]    Compiling ctr v0.10.1
[INFO] [stderr]    Compiling salsa20 v0.11.0
[INFO] [stderr]    Compiling cbc v0.2.1
[INFO] [stderr]    Compiling chacha20 v0.10.1
[INFO] [stderr]    Compiling blowfish v0.10.0
[INFO] [stderr]    Compiling argon2 v0.6.0-rc.8
[INFO] [stderr]    Compiling rand v0.10.2
[INFO] [stderr]    Compiling ml-kem v0.3.2
[INFO] [stderr]    Compiling aes-gcm v0.11.0
[INFO] [stderr]    Compiling scrypt v0.12.0
[INFO] [stderr]    Compiling darling_core v0.23.0
[INFO] [stderr]    Compiling pkcs5 v0.8.1
[INFO] [stderr]    Compiling bcrypt-pbkdf v0.11.0
[INFO] [stderr]    Compiling internal-russh-num-bigint v0.5.0
[INFO] [stderr]    Compiling pkcs8 v0.11.0
[INFO] [stderr]    Compiling primefield v0.14.0
[INFO] [stderr]    Compiling rfc6979 v0.6.0
[INFO] [stderr]    Compiling thiserror-impl v2.0.18
[INFO] [stderr]    Compiling strum_macros v0.28.0
[INFO] [stderr]    Compiling futures-macro v0.3.32
[INFO] [stderr]    Compiling curve25519-dalek-derive v0.1.1
[INFO] [stderr]    Compiling derive_more-impl v2.1.1
[INFO] [stderr]    Compiling elliptic-curve v0.14.1
[INFO] [stderr]    Compiling ssh-encoding v0.3.0
[INFO] [stderr]    Compiling derive_more v2.1.1
[INFO] [stderr]    Compiling ed25519 v3.0.0
[INFO] [stderr]    Compiling ecdsa v0.17.0
[INFO] [stderr]    Compiling primeorder v0.14.0
[INFO] [stderr]    Compiling futures-util v0.3.32
[INFO] [stderr]    Compiling tokio-macros v2.7.0
[INFO] [stderr]    Compiling crypto-primes v0.7.2
[INFO] [stderr]    Compiling ssh-cipher v0.3.0
[INFO] [stderr]    Compiling crossterm v0.29.0
[INFO] [stderr]    Compiling tracing-attributes v0.1.31
[INFO] [stderr]    Compiling tokio v1.52.3
[INFO] [stderr]    Compiling kasuari v0.4.12
[INFO] [stderr]    Compiling p384 v0.14.0-rc.15
[INFO] [stderr]    Compiling p521 v0.14.0-rc.15
[INFO] [stderr]    Compiling p256 v0.14.0-rc.15
[INFO] [stderr]    Compiling strum v0.28.0
[INFO] [stderr]    Compiling ratatui-core v0.1.2
[INFO] [stderr]    Compiling ed25519-dalek v3.0.0-rc.1
[INFO] [stderr]    Compiling tracing v0.1.44
[INFO] [stderr]    Compiling matchers v0.2.0
[INFO] [stderr]    Compiling russh-cryptovec v0.62.0
[INFO] [stderr]    Compiling darling_macro v0.23.0
[INFO] [stderr]    Compiling clap_derive v4.6.1
[INFO] [stderr]    Compiling darling v0.23.0
[INFO] [stderr]    Compiling delegate v0.13.5
[INFO] [stderr]    Compiling rsa v0.10.0-rc.18
[INFO] [stderr]    Compiling enum_dispatch v0.3.13
[INFO] [stderr]    Compiling tracing-subscriber v0.3.23
[INFO] [stderr]    Compiling ratatui-widgets v0.3.2
[INFO] [stderr]    Compiling ratatui-crossterm v0.1.2
[INFO] [stderr]    Compiling clap v4.6.1
[INFO] [stderr]    Compiling futures-executor v0.3.32
[INFO] [stderr]    Compiling futures v0.3.32
[INFO] [stderr]    Compiling ratatui-macros v0.7.2
[INFO] [stderr]    Compiling ratatui v0.30.2
[INFO] [stderr]    Compiling russh-util v0.52.0
[INFO] [stderr]    Compiling ssh-key v0.7.0-rc.11
[INFO] [stderr]    Compiling russh v0.62.2
[INFO] [stderr]    Compiling zhephod v0.1.0 (/opt/rustwide/workdir)
[INFO] [stderr]     Finished `release` profile [optimized] target(s) in 3m 30s
[INFO] running `Command { std: "docker" "inspect" "783b3f539513e94d5344ebb8a20a30adaa3bd7449a8e9ae547fd8e5b3b25e047", kill_on_drop: false }`
[INFO] running `Command { std: "docker" "exec" "-e" "SOURCE_DIR=/opt/rustwide/workdir" "-e" "CARGO_HOME=/opt/rustwide/cargo-home" "-e" "RUSTUP_HOME=/opt/rustwide/rustup-home" "-e" "CARGO_TARGET_DIR=/opt/rustwide/target" "-e" "CARGO_INCREMENTAL=0" "-e" "RUST_BACKTRACE=full" "-e" "RUSTFLAGS=--cap-lints=warn" "-e" "RUSTDOCFLAGS=--cap-lints=warn" "-w" "/opt/rustwide/workdir" "--user" "0:0" "783b3f539513e94d5344ebb8a20a30adaa3bd7449a8e9ae547fd8e5b3b25e047" "/opt/rustwide/cargo-home/bin/cargo" "+1.99.0-beta.8" "test" "--frozen" "--no-run" "--message-format=json" "--release", kill_on_drop: false }`
[INFO] [stderr]    Compiling zhephod v0.1.0 (/opt/rustwide/workdir)
[INFO] [stderr]     Finished `release` profile [optimized] target(s) in 19.49s
[INFO] running `Command { std: "docker" "inspect" "783b3f539513e94d5344ebb8a20a30adaa3bd7449a8e9ae547fd8e5b3b25e047", kill_on_drop: false }`
[INFO] running `Command { std: "docker" "exec" "-e" "SOURCE_DIR=/opt/rustwide/workdir" "-e" "CARGO_HOME=/opt/rustwide/cargo-home" "-e" "RUSTUP_HOME=/opt/rustwide/rustup-home" "-e" "CARGO_TARGET_DIR=/opt/rustwide/target" "-e" "CARGO_INCREMENTAL=0" "-e" "RUST_BACKTRACE=full" "-e" "RUSTFLAGS=--cap-lints=warn" "-e" "RUSTDOCFLAGS=--cap-lints=warn" "-w" "/opt/rustwide/workdir" "--user" "0:0" "783b3f539513e94d5344ebb8a20a30adaa3bd7449a8e9ae547fd8e5b3b25e047" "/opt/rustwide/cargo-home/bin/cargo" "+1.99.0-beta.8" "test" "--frozen" "--release", kill_on_drop: false }`
[INFO] [stderr]     Finished `release` profile [optimized] target(s) in 0.25s
[INFO] [stderr]      Running unittests src/main.rs (/opt/rustwide/target/release/deps/zhephod-3048c3677279c429)
[INFO] [stdout] 
[INFO] [stdout] running 23 tests
[INFO] [stdout] test app::tests::list_navigation_clamps ... ok
[INFO] [stdout] test backend::tests::merge_pending_caps_by_keeping_latest ... ok
[INFO] [stdout] test backend::tests::write_full_screen_emits_spaces_and_el ... ok
[INFO] [stdout] test input::tests::crlf_is_single_enter ... ok
[INFO] [stdout] test input::tests::delayed_arrow_after_esc_still_parses ... ok
[INFO] [stdout] test app::tests::screen_shortcuts ... ok
[INFO] [stdout] test backend::tests::write_full_screen_prints_content ... ok
[INFO] [stdout] test keys::tests::quit_on_q ... ok
[INFO] [stdout] test input::tests::flush_does_not_turn_incomplete_csi_into_esc ... ok
[INFO] [stdout] test input::tests::fragmented_csi_arrow ... ok
[INFO] [stdout] test input::tests::incomplete_csi_does_not_emit_garbage ... ok
[INFO] [stdout] test input::tests::lone_esc_is_held_until_flush ... ok
[INFO] [stdout] test input::tests::parses_arrows ... ok
[INFO] [stdout] test input::tests::parses_ascii ... ok
[INFO] [stdout] test input::tests::parses_ctrl_c ... ok
[INFO] [stdout] test input::tests::parses_enter ... ok
[INFO] [stdout] test app::tests::detail_open_and_back ... ok
[INFO] [stdout] test content::tests::site_has_expected_sections ... ok
[INFO] [stdout] test keys::tests::single_esc_closes_experience_detail ... ok
[INFO] [stdout] test keys::tests::switch_screen_with_letter ... ok
[INFO] [stdout] test backend::tests::merge_pending_appends_so_setup_is_not_dropped ... ok
[INFO] [stdout] test visitor::tests::increments_and_persists ... ok
[INFO] [stderr] error: test failed, to rerun pass `--bin zhephod`
[INFO] [stdout] test visitor::tests::concurrent_next_does_not_regress_disk ... FAILED
[INFO] [stdout] 
[INFO] [stdout] failures:
[INFO] [stdout] 
[INFO] [stdout] ---- visitor::tests::concurrent_next_does_not_regress_disk stdout ----
[INFO] [stdout] 
[INFO] [stdout] thread 'visitor::tests::concurrent_next_does_not_regress_disk' (3974) panicked at src/visitor.rs:106:9:
[INFO] [stdout] assertion `left == right` failed
[INFO] [stdout]   left: 27
[INFO] [stdout]  right: 32
[INFO] [stdout] stack backtrace:
[INFO] [stdout]    0:     0x5c9d56449f55 - <unknown>
[INFO] [stdout]    1:     0x5c9d5642cbba - <unknown>
[INFO] [stdout]    2:     0x5c9d564495eb - <unknown>
[INFO] [stdout]    3:     0x5c9d564490cf - <unknown>
[INFO] [stdout]    4:     0x5c9d56448cfa - <unknown>
[INFO] [stdout]    5:     0x5c9d56448832 - <unknown>
[INFO] [stdout]    6:     0x5c9d5646f751 - <unknown>
[INFO] [stdout]    7:     0x5c9d5646f709 - <unknown>
[INFO] [stdout]    8:     0x5c9d5646fc1c - <unknown>
[INFO] [stdout]    9:     0x5c9d5642ca4b - <unknown>
[INFO] [stdout]   10:     0x5c9d5642c96d - <unknown>
[INFO] [stdout]   11:     0x5c9d5642dd3d - <unknown>
[INFO] [stdout]   12:     0x5c9d56422bb4 - <unknown>
[INFO] [stdout]   13:     0x5c9d564191e1 - <unknown>
[INFO] [stdout]   14:     0x5c9d56429cd8 - <unknown>
[INFO] [stdout]   15:     0x5c9d5648c57b - <unknown>
[INFO] [stdout]   16:     0x5c9d56487b6f - <unknown>
[INFO] [stdout]   17:     0x5c9d564875ec - <unknown>
[INFO] [stdout]   18:     0x5c9d564a25fc - <unknown>
[INFO] [stdout]   19:     0x5c9d56471432 - <unknown>
[INFO] [stdout]   20:     0x74c682214dfa - <unknown>
[INFO] [stdout]   21:     0x74c6822a83d4 - clone
[INFO] [stdout]   22:                0x0 - <unknown>
[INFO] [stdout] 
[INFO] [stdout] 
[INFO] [stdout] failures:
[INFO] [stdout]     visitor::tests::concurrent_next_does_not_regress_disk
[INFO] [stdout] 
[INFO] [stdout] test result: FAILED. 22 passed; 1 failed; 0 ignored; 0 measured; 0 filtered out; finished in 0.19s
[INFO] [stdout] 
[INFO] running `Command { std: "docker" "inspect" "783b3f539513e94d5344ebb8a20a30adaa3bd7449a8e9ae547fd8e5b3b25e047", kill_on_drop: false }`
[INFO] running `Command { std: "docker" "rm" "-f" "783b3f539513e94d5344ebb8a20a30adaa3bd7449a8e9ae547fd8e5b3b25e047", kill_on_drop: false }`
[INFO] [stdout] 783b3f539513e94d5344ebb8a20a30adaa3bd7449a8e9ae547fd8e5b3b25e047
