[INFO] cloning repository https://github.com/getappz/cli
[INFO] running `Command { std: "git" "-c" "credential.helper=" "-c" "credential.helper=/workspace/cargo-home/bin/git-credential-null" "clone" "--bare" "https://github.com/getappz/cli" "/workspace/cache/git-repos/https%3A%2F%2Fgithub.com%2Fgetappz%2Fcli", kill_on_drop: false }`
[INFO] [stderr] Cloning into bare repository '/workspace/cache/git-repos/https%3A%2F%2Fgithub.com%2Fgetappz%2Fcli'...
[INFO] running `Command { std: "git" "rev-parse" "HEAD", kill_on_drop: false }`
[INFO] [stdout] f1c5d3df9bed63f40264c48396dc59019f8eb9e8
[INFO] testing getappz/cli/f1c5d3df9bed63f40264c48396dc59019f8eb9e8 against 1.99.0-beta.8+cargoflags=--release for beta-release-1.100-2
[INFO] running `Command { std: "git" "clone" "/workspace/cache/git-repos/https%3A%2F%2Fgithub.com%2Fgetappz%2Fcli" "/workspace/builds/worker-7-tc1/source", kill_on_drop: false }`
[INFO] [stderr] Cloning into '/workspace/builds/worker-7-tc1/source'...
[INFO] [stderr] done.
[INFO] started tweaking git repo https://github.com/getappz/cli
[INFO] finished tweaking git repo https://github.com/getappz/cli
[INFO] tweaked toml for git repo https://github.com/getappz/cli written to /workspace/builds/worker-7-tc1/source/Cargo.toml
[INFO] validating manifest of git repo https://github.com/getappz/cli on toolchain 1.99.0-beta.8
[INFO] running `Command { std: CARGO_HOME="/workspace/cargo-home" RUSTUP_HOME="/workspace/rustup-home" "/workspace/cargo-home/bin/cargo" "+1.99.0-beta.8" "metadata" "--manifest-path" "Cargo.toml" "--no-deps", kill_on_drop: false }`
[INFO] crate git repo https://github.com/getappz/cli already has a lockfile, it will not be regenerated
[INFO] running `Command { std: CARGO_HOME="/workspace/cargo-home" RUSTUP_HOME="/workspace/rustup-home" "/workspace/cargo-home/bin/cargo" "+1.99.0-beta.8" "fetch" "--manifest-path" "Cargo.toml", kill_on_drop: false }`
[INFO] [stderr]     Updating crates.io index
[INFO] [stderr]  Downloading crates ...
[INFO] [stderr]   Downloaded cliclack v0.3.8
[INFO] [stderr]   Downloaded junction v1.4.2
[INFO] [stderr]   Downloaded rmcp-macros v2.2.0
[INFO] [stderr]   Downloaded skill v0.8.3
[INFO] [stderr]   Downloaded rmcp v2.2.0
[INFO] running `Command { std: "docker" "create" "-v" "/var/lib/crater-agent-workspace/builds/worker-7-tc1/source:/opt/rustwide/workdir:ro,Z" "-v" "/var/lib/crater-agent-workspace/builds/worker-7-tc1/target:/opt/rustwide/target:rw,Z" "-v" "/var/lib/crater-agent-workspace/cargo-home:/opt/rustwide/cargo-home:ro,Z" "-v" "/var/lib/crater-agent-workspace/rustup-home:/opt/rustwide/rustup-home:ro,Z" "-m" "1610612736" "--network" "none" "ghcr.io/rust-lang/crates-build-env/linux@sha256:77db811e55d90add9212f6832c23229e3de5f1c1f9905e8cb07319ea15df73ac" "sleep" "infinity", kill_on_drop: false }`
[INFO] [stdout] b986d8c75943e595085f31a0792c4efda07d460802097e7e885323bee14d1cc8
[INFO] running `Command { std: "docker" "start" "b986d8c75943e595085f31a0792c4efda07d460802097e7e885323bee14d1cc8", kill_on_drop: false }`
[INFO] running `Command { std: "docker" "inspect" "b986d8c75943e595085f31a0792c4efda07d460802097e7e885323bee14d1cc8", kill_on_drop: false }`
[INFO] running `Command { std: "docker" "exec" "-e" "SOURCE_DIR=/opt/rustwide/workdir" "-e" "CARGO_HOME=/opt/rustwide/cargo-home" "-e" "RUSTUP_HOME=/opt/rustwide/rustup-home" "-e" "CARGO_TARGET_DIR=/opt/rustwide/target" "-w" "/opt/rustwide/workdir" "--user" "0:0" "b986d8c75943e595085f31a0792c4efda07d460802097e7e885323bee14d1cc8" "/opt/rustwide/cargo-home/bin/cargo" "+1.99.0-beta.8" "metadata" "--no-deps" "--format-version=1", kill_on_drop: false }`
[INFO] running `Command { std: "docker" "inspect" "b986d8c75943e595085f31a0792c4efda07d460802097e7e885323bee14d1cc8", kill_on_drop: false }`
[INFO] running `Command { std: "docker" "exec" "-e" "SOURCE_DIR=/opt/rustwide/workdir" "-e" "CARGO_HOME=/opt/rustwide/cargo-home" "-e" "RUSTUP_HOME=/opt/rustwide/rustup-home" "-e" "CARGO_TARGET_DIR=/opt/rustwide/target" "-e" "CARGO_INCREMENTAL=0" "-e" "RUST_BACKTRACE=full" "-e" "RUSTFLAGS=--cap-lints=warn" "-e" "RUSTDOCFLAGS=--cap-lints=warn" "-w" "/opt/rustwide/workdir" "--user" "0:0" "b986d8c75943e595085f31a0792c4efda07d460802097e7e885323bee14d1cc8" "/opt/rustwide/cargo-home/bin/cargo" "+1.99.0-beta.8" "build" "--frozen" "--message-format=json" "--release", kill_on_drop: false }`
[INFO] [stderr]    Compiling proc-macro2 v1.0.107
[INFO] [stderr]    Compiling quote v1.0.47
[INFO] [stderr]    Compiling unicode-ident v1.0.24
[INFO] [stderr]    Compiling libc v0.2.189
[INFO] [stderr]    Compiling cfg-if v1.0.4
[INFO] [stderr]    Compiling find-msvc-tools v0.1.9
[INFO] [stderr]    Compiling shlex v2.0.1
[INFO] [stderr]    Compiling memchr v2.8.3
[INFO] [stderr]    Compiling stable_deref_trait v1.2.1
[INFO] [stderr]    Compiling serde_core v1.0.229
[INFO] [stderr]    Compiling itoa v1.0.18
[INFO] [stderr]    Compiling serde v1.0.229
[INFO] [stderr]    Compiling once_cell v1.21.4
[INFO] [stderr]    Compiling pin-project-lite v0.2.17
[INFO] [stderr]    Compiling dunce v1.0.5
[INFO] [stderr]    Compiling fs_extra v1.3.0
[INFO] [stderr]    Compiling pkg-config v0.3.33
[INFO] [stderr]    Compiling futures-core v0.3.33
[INFO] [stderr]    Compiling zmij v1.0.23
[INFO] [stderr]    Compiling bitflags v2.13.1
[INFO] [stderr]    Compiling bytes v1.12.1
[INFO] [stderr]    Compiling smallvec v1.15.2
[INFO] [stderr]    Compiling futures-sink v0.3.33
[INFO] [stderr]    Compiling writeable v0.6.3
[INFO] [stderr]    Compiling aws-lc-rs v1.17.3
[INFO] [stderr]    Compiling litemap v0.8.2
[INFO] [stderr]    Compiling icu_properties_data v2.2.0
[INFO] [stderr]    Compiling icu_normalizer_data v2.2.0
[INFO] [stderr]    Compiling utf8_iter v1.0.4
[INFO] [stderr]    Compiling futures-channel v0.3.33
[INFO] [stderr]    Compiling untrusted v0.9.0
[INFO] [stderr]    Compiling version_check v0.9.5
[INFO] [stderr]    Compiling typenum v1.20.1
[INFO] [stderr]    Compiling log v0.4.33
[INFO] [stderr]    Compiling percent-encoding v2.3.2
[INFO] [stderr]    Compiling futures-task v0.3.33
[INFO] [stderr]    Compiling slab v0.4.12
[INFO] [stderr]    Compiling rustls v0.23.42
[INFO] [stderr]    Compiling futures-io v0.3.33
[INFO] [stderr]    Compiling serde_json v1.0.151
[INFO] [stderr]    Compiling hashbrown v0.17.1
[INFO] [stderr]    Compiling subtle v2.6.1
[INFO] [stderr]    Compiling equivalent v1.0.2
[INFO] [stderr]    Compiling base64 v0.22.1
[INFO] [stderr]    Compiling autocfg v1.5.1
[INFO] [stderr]    Compiling crc32fast v1.5.0
[INFO] [stderr]    Compiling thiserror v2.0.19
[INFO] [stderr]    Compiling form_urlencoded v1.2.2
[INFO] [stderr]    Compiling simd-adler32 v0.3.10
[INFO] [stderr]    Compiling httparse v1.10.1
[INFO] [stderr]    Compiling cfg_aliases v0.2.2
[INFO] [stderr]    Compiling generic-array v0.14.7
[INFO] [stderr]    Compiling http v1.4.2
[INFO] [stderr]    Compiling nix v0.31.3
[INFO] [stderr]    Compiling tracing-core v0.1.36
[INFO] [stderr]    Compiling rustix v1.1.4
[INFO] [stderr]    Compiling adler2 v2.0.1
[INFO] [stderr]    Compiling try-lock v0.2.5
[INFO] [stderr]    Compiling rustix v0.38.44
[INFO] [stderr]    Compiling num-traits v0.2.19
[INFO] [stderr]    Compiling tower-service v0.3.3
[INFO] [stderr]    Compiling want v0.3.1
[INFO] [stderr]    Compiling miniz_oxide v0.8.9
[INFO] [stderr]    Compiling aho-corasick v1.1.4
[INFO] [stderr]    Compiling unicode-width v0.2.2
[INFO] [stderr]    Compiling syn v2.0.119
[INFO] [stderr]    Compiling syn v3.0.3
[INFO] [stderr]    Compiling indexmap v2.14.0
[INFO] [stderr]    Compiling iana-time-zone v0.1.65
[INFO] [stderr]    Compiling ident_case v1.0.1
[INFO] [stderr]    Compiling hybrid-array v0.4.13
[INFO] [stderr]    Compiling jobserver v0.1.35
[INFO] [stderr]    Compiling linux-raw-sys v0.12.1
[INFO] [stderr]    Compiling anyhow v1.0.104
[INFO] [stderr]    Compiling atomic-waker v1.1.2
[INFO] [stderr]    Compiling regex-syntax v0.8.11
[INFO] [stderr]    Compiling ryu v1.0.23
[INFO] [stderr]    Compiling cc v1.3.0
[INFO] [stderr]    Compiling linux-raw-sys v0.4.15
[INFO] [stderr]    Compiling strsim v0.11.1
[INFO] [stderr]    Compiling flate2 v1.1.9
[INFO] [stderr]    Compiling sync_wrapper v1.0.2
[INFO] [stderr]    Compiling ref-cast v1.0.26
[INFO] [stderr]    Compiling getrandom v0.4.3
[INFO] [stderr]    Compiling http-body v1.1.0
[INFO] [stderr]    Compiling winnow v0.7.15
[INFO] [stderr]    Compiling tower-layer v0.3.3
[INFO] [stderr]    Compiling utf8parse v0.2.2
[INFO] [stderr]    Compiling unicode-width v0.1.14
[INFO] [stderr]    Compiling home v0.5.12
[INFO] [stderr]    Compiling portable-atomic v1.14.0
[INFO] [stderr]    Compiling openssl-probe v0.2.1
[INFO] [stderr]    Compiling toml_write v0.1.2
[INFO] [stderr]    Compiling ipnet v2.12.0
[INFO] [stderr]    Compiling either v1.16.0
[INFO] [stderr]    Compiling cmake v0.1.58
[INFO] [stderr]    Compiling anstyle-parse v1.0.0
[INFO] [stderr]    Compiling block-buffer v0.12.1
[INFO] [stderr]    Compiling crypto-common v0.2.2
[INFO] [stderr]    Compiling errno v0.3.14
[INFO] [stderr]    Compiling mio v1.2.2
[INFO] [stderr]    Compiling getrandom v0.2.17
[INFO] [stderr]    Compiling signal-hook-registry v1.4.8
[INFO] [stderr]    Compiling socket2 v0.6.5
[INFO] [stderr]    Compiling serde_yml v0.0.12
[INFO] [stderr]    Compiling aws-lc-sys v0.43.0
[INFO] [stderr]    Compiling ring v0.17.14
[INFO] [stderr]    Compiling option-ext v0.2.0
[INFO] [stderr]    Compiling shell-words v1.1.1
[INFO] [stderr]    Compiling is_terminal_polyfill v1.70.2
[INFO] [stderr]    Compiling colorchoice v1.0.5
[INFO] [stderr]    Compiling const-oid v0.10.2
[INFO] [stderr]    Compiling regex-automata v0.4.16
[INFO] [stderr]    Compiling anstyle v1.0.14
[INFO] [stderr]    Compiling unsafe-libyaml v0.2.11
[INFO] [stderr]    Compiling ctrlc v3.5.2
[INFO] [stderr]    Compiling anstyle-query v1.1.5
[INFO] [stderr]    Compiling anstream v1.0.0
[INFO] [stderr]    Compiling digest v0.11.3
[INFO] [stderr]    Compiling dirs-sys v0.5.0
[INFO] [stderr]    Compiling libyml v0.0.5
[INFO] [stderr]    Compiling console v0.16.4
[INFO] [stderr]    Compiling which v6.0.3
[INFO] [stderr]    Compiling block-buffer v0.10.4
[INFO] [stderr]    Compiling crypto-common v0.1.7
[INFO] [stderr]    Compiling http-body-util v0.1.4
[INFO] [stderr]    Compiling heck v0.5.0
[INFO] [stderr]    Compiling dyn-clone v1.0.20
[INFO] [stderr]    Compiling cpufeatures v0.3.0
[INFO] [stderr]    Compiling zip v2.4.2
[INFO] [stderr]    Compiling unicode-linebreak v0.1.5
[INFO] [stderr]    Compiling glob v0.3.4
[INFO] [stderr]    Compiling clap_lex v1.1.0
[INFO] [stderr]    Compiling rmcp v2.2.0
[INFO] [stderr]    Compiling bumpalo v3.20.3
[INFO] [stderr]    Compiling unit-prefix v0.5.2
[INFO] [stderr]    Compiling smawk v0.3.3
[INFO] [stderr]    Compiling fastrand v2.5.0
[INFO] [stderr]    Compiling textwrap v0.16.2
[INFO] [stderr]    Compiling synstructure v0.13.2
[INFO] [stderr]    Compiling darling_core v0.23.0
[INFO] [stderr]    Compiling serde_derive_internals v0.29.1
[INFO] [stderr]    Compiling tempfile v3.27.0
[INFO] [stderr]    Compiling zopfli v0.8.3
[INFO] [stderr]    Compiling serde_derive v1.0.229
[INFO] [stderr]    Compiling thiserror-impl v2.0.19
[INFO] [stderr]    Compiling ref-cast-impl v1.0.26
[INFO] [stderr]    Compiling async-trait v0.1.91
[INFO] [stderr]    Compiling clap_derive v4.6.4
[INFO] [stderr]    Compiling indicatif v0.18.6
[INFO] [stderr]    Compiling regex v1.13.1
[INFO] [stderr]    Compiling clap_builder v4.6.2
[INFO] [stderr]    Compiling sha2 v0.11.0
[INFO] [stderr]    Compiling digest v0.10.7
[INFO] [stderr]    Compiling dirs v6.0.0
[INFO] [stderr]    Compiling xattr v1.6.1
[INFO] [stderr]    Compiling filetime v0.2.29
[INFO] [stderr]    Compiling console v0.15.11
[INFO] [stderr]    Compiling zerofrom-derive v0.1.7
[INFO] [stderr]    Compiling yoke-derive v0.8.2
[INFO] [stderr]    Compiling zeroize_derive v1.5.0
[INFO] [stderr]    Compiling zerovec-derive v0.11.3
[INFO] [stderr]    Compiling displaydoc v0.2.6
[INFO] [stderr]    Compiling zeroize v1.9.0
[INFO] [stderr]    Compiling tokio-macros v2.7.1
[INFO] [stderr]    Compiling rustls-pki-types v1.15.1
[INFO] [stderr]    Compiling futures-macro v0.3.33
[INFO] [stderr]    Compiling tracing-attributes v0.1.31
[INFO] [stderr]    Compiling miette-derive v7.6.0
[INFO] [stderr]    Compiling schemars_derive v1.2.1
[INFO] [stderr]    Compiling zerofrom v0.1.8
[INFO] [stderr]    Compiling tokio v1.53.1
[INFO] [stderr]    Compiling webpki-roots v1.0.9
[INFO] [stderr]    Compiling yoke v0.8.3
[INFO] [stderr]    Compiling futures-util v0.3.33
[INFO] [stderr]    Compiling webpki-roots v0.26.11
[INFO] [stderr]    Compiling rustls-native-certs v0.8.4
[INFO] [stderr]    Compiling zerotrie v0.2.4
[INFO] [stderr]    Compiling zerovec v0.11.6
[INFO] [stderr]    Compiling urlencoding v2.1.3
[INFO] [stderr]    Compiling pathdiff v0.2.3
[INFO] [stderr]    Compiling pastey v0.2.3
[INFO] [stderr]    Compiling cpufeatures v0.2.17
[INFO] [stderr]    Compiling miette v7.6.0
[INFO] [stderr]    Compiling sha2 v0.10.9
[INFO] [stderr]    Compiling cliclack v0.3.8
[INFO] [stderr]    Compiling darling_macro v0.23.0
[INFO] [stderr]    Compiling tar v0.4.46
[INFO] [stderr]    Compiling darling v0.23.0
[INFO] [stderr]    Compiling rmcp-macros v2.2.0
[INFO] [stderr]    Compiling tinystr v0.8.3
[INFO] [stderr]    Compiling potential_utf v0.1.5
[INFO] [stderr]    Compiling tracing v0.1.44
[INFO] [stderr]    Compiling command v0.2.0 (/opt/rustwide/workdir/crates/command)
[INFO] [stderr]    Compiling icu_locale_core v2.2.0
[INFO] [stderr]    Compiling icu_collections v2.2.0
[INFO] [stderr]    Compiling clap v4.6.4
[INFO] [stderr]    Compiling toml_datetime v0.6.11
[INFO] [stderr]    Compiling serde_spanned v0.6.9
[INFO] [stderr]    Compiling chrono v0.4.45
[INFO] [stderr]    Compiling serde_yaml v0.9.34+deprecated
[INFO] [stderr]    Compiling toml_edit v0.22.27
[INFO] [stderr]    Compiling icu_provider v2.2.0
[INFO] [stderr]    Compiling icu_properties v2.2.0
[INFO] [stderr]    Compiling icu_normalizer v2.2.0
[INFO] [stderr]    Compiling schemars v1.2.1
[INFO] [stderr]    Compiling futures-executor v0.3.33
[INFO] [stderr]    Compiling futures v0.3.33
[INFO] [stderr]    Compiling idna_adapter v1.2.2
[INFO] [stderr]    Compiling toml v0.8.23
[INFO] [stderr]    Compiling idna v1.1.0
[INFO] [stderr]    Compiling url v2.5.8
[INFO] [stderr]    Compiling hyper v1.11.0
[INFO] [stderr]    Compiling tower v0.5.3
[INFO] [stderr]    Compiling tokio-util v0.7.19
[INFO] [stderr]    Compiling tower-http v0.6.11
[INFO] [stderr]    Compiling hyper-util v0.1.20
[INFO] [stderr]    Compiling rustls-webpki v0.103.13
[INFO] [stderr]    Compiling tokio-rustls v0.26.4
[INFO] [stderr]    Compiling rustls-platform-verifier v0.7.0
[INFO] [stderr]    Compiling ureq v2.12.1
[INFO] [stderr]    Compiling hyper-rustls v0.27.9
[INFO] [stderr]    Compiling reqwest v0.13.4
[INFO] [stderr]    Compiling appz-core v0.2.0 (/opt/rustwide/workdir/crates/appz-core)
[INFO] [stderr]    Compiling skill v0.8.3
[INFO] [stderr]    Compiling appz-deploy v0.2.0 (/opt/rustwide/workdir/crates/appz-deploy)
[INFO] [stderr]    Compiling appz v0.2.0 (/opt/rustwide/workdir/crates/appz)
[INFO] [stderr]     Finished `release` profile [optimized] target(s) in 4m 18s
[INFO] running `Command { std: "docker" "inspect" "b986d8c75943e595085f31a0792c4efda07d460802097e7e885323bee14d1cc8", kill_on_drop: false }`
[INFO] running `Command { std: "docker" "exec" "-e" "SOURCE_DIR=/opt/rustwide/workdir" "-e" "CARGO_HOME=/opt/rustwide/cargo-home" "-e" "RUSTUP_HOME=/opt/rustwide/rustup-home" "-e" "CARGO_TARGET_DIR=/opt/rustwide/target" "-e" "CARGO_INCREMENTAL=0" "-e" "RUST_BACKTRACE=full" "-e" "RUSTFLAGS=--cap-lints=warn" "-e" "RUSTDOCFLAGS=--cap-lints=warn" "-w" "/opt/rustwide/workdir" "--user" "0:0" "b986d8c75943e595085f31a0792c4efda07d460802097e7e885323bee14d1cc8" "/opt/rustwide/cargo-home/bin/cargo" "+1.99.0-beta.8" "test" "--frozen" "--no-run" "--message-format=json" "--release", kill_on_drop: false }`
[INFO] [stderr]    Compiling appz-deploy v0.2.0 (/opt/rustwide/workdir/crates/appz-deploy)
[INFO] [stderr]    Compiling appz-core v0.2.0 (/opt/rustwide/workdir/crates/appz-core)
[INFO] [stderr]    Compiling command v0.2.0 (/opt/rustwide/workdir/crates/command)
[INFO] [stderr]    Compiling appz v0.2.0 (/opt/rustwide/workdir/crates/appz)
[INFO] [stderr]     Finished `release` profile [optimized] target(s) in 1m 19s
[INFO] running `Command { std: "docker" "inspect" "b986d8c75943e595085f31a0792c4efda07d460802097e7e885323bee14d1cc8", kill_on_drop: false }`
[INFO] running `Command { std: "docker" "exec" "-e" "SOURCE_DIR=/opt/rustwide/workdir" "-e" "CARGO_HOME=/opt/rustwide/cargo-home" "-e" "RUSTUP_HOME=/opt/rustwide/rustup-home" "-e" "CARGO_TARGET_DIR=/opt/rustwide/target" "-e" "CARGO_INCREMENTAL=0" "-e" "RUST_BACKTRACE=full" "-e" "RUSTFLAGS=--cap-lints=warn" "-e" "RUSTDOCFLAGS=--cap-lints=warn" "-w" "/opt/rustwide/workdir" "--user" "0:0" "b986d8c75943e595085f31a0792c4efda07d460802097e7e885323bee14d1cc8" "/opt/rustwide/cargo-home/bin/cargo" "+1.99.0-beta.8" "test" "--frozen" "--release", kill_on_drop: false }`
[INFO] [stderr]     Finished `release` profile [optimized] target(s) in 0.25s
[INFO] [stderr]      Running unittests src/main.rs (/opt/rustwide/target/release/deps/appz-9745aec870e30806)
[INFO] [stdout] 
[INFO] [stdout] running 25 tests
[INFO] [stdout] test dev_install::tests::parse_executable_path_reads_the_appz_artifact_under_a_target_triple ... ok
[INFO] [stdout] test update::github::tests::cache_decision_expires_after_24h ... ok
[INFO] [stdout] test dev_install::tests::same_file_true_for_identical_path_false_for_distinct ... ok
[INFO] [stdout] test dev_install::tests::parse_executable_path_none_when_no_appz_executable ... ok
[INFO] [stdout] test init_source::tests::resolve_target_dir_errors_when_existing_and_not_forced ... ok
[INFO] [stdout] test init_source::tests::extract_template_unwraps_top_level_dir_into_target ... ok
[INFO] [stdout] test dev_install::tests::replace_binary_swaps_a_non_running_target ... ok
[INFO] [stdout] test init_source::tests::resolve_target_dir_removes_existing_when_forced ... ok
[INFO] [stdout] test init_source::tests::resolve_target_dir_rejects_a_fresh_target_escaping_cwd ... ok
[INFO] [stdout] test update::github::tests::cache_decision_caches_up_to_date_result ... ok
[INFO] [stdout] test update::github::tests::cache_decision_returns_cached_update ... ok
[INFO] [stdout] test update::github::tests::verify_checksum_accepts_correct_and_rejects_wrong ... ok
[INFO] [stdout] test update::github::tests::parse_checksum_finds_the_matching_asset ... ok
[INFO] [stdout] test dev_install::tests::verify_runs_errors_for_a_missing_binary ... ok
[INFO] [stdout] test update::github::tests::read_stale_cache_treats_current_version_as_up_to_date ... ok
[INFO] [stdout] test update::github::tests::parse_checksum_ignores_prefix_substring_collisions ... ok
[INFO] [stdout] test update::swap::tests::staging_path_is_a_pid_scoped_sibling_of_the_target ... ok
[INFO] [stdout] test update::swap::tests::parse_other_pids_reads_pgrep_lines_and_drops_self ... ok
[INFO] [stdout] test update::swap::tests::parse_other_pids_reads_tasklist_csv ... ok
[INFO] [stdout] test update::swap::tests::replace_binary_puts_new_bytes_in_place ... ok
[INFO] [stdout] test update::github::tests::asset_name_uses_target_triple ... ok
[INFO] [stdout] test update::swap::tests::parse_other_pids_dedups ... ok
[INFO] [stdout] test update::swap::tests::parse_other_pids_ignores_blank_and_headerish_lines ... ok
[INFO] [stdout] test mcp::tests::test_structured_build_reports_no_diagnostics_on_clean_project ... ok
[INFO] [stdout] test mcp::tests::test_structured_build_reports_diagnostics_on_broken_project ... FAILED
[INFO] [stdout] 
[INFO] [stdout] failures:
[INFO] [stdout] 
[INFO] [stdout] ---- mcp::tests::test_structured_build_reports_diagnostics_on_broken_project stdout ----
[INFO] [stdout] warning: toolchains registry unavailable — using built-in core only: no cache available and --offline is set (or TTL not expired)
[INFO] [stdout] 
[INFO] [stdout] thread 'mcp::tests::test_structured_build_reports_diagnostics_on_broken_project' (7120) panicked at crates/appz/src/mcp.rs:366:9:
[INFO] [stdout] assertion `left == right` failed: broken build must report an error result
[INFO] [stdout]   left: Some(false)
[INFO] [stdout]  right: Some(true)
[INFO] [stdout] stack backtrace:
[INFO] [stdout]    0:     0x5d27ab603b56 - <unknown>
[INFO] [stdout]    1:     0x5d27ab41f41a - <unknown>
[INFO] [stdout]    2:     0x5d27ab60a1ac - <unknown>
[INFO] [stdout]    3:     0x5d27ab5d6b02 - <unknown>
[INFO] [stdout]    4:     0x5d27ab5f8bd1 - <unknown>
[INFO] [stdout]    5:     0x5d27ab5f8db2 - <unknown>
[INFO] [stdout]    6:     0x5d27ab5d6bb2 - <unknown>
[INFO] [stdout]    7:     0x5d27ab5cf579 - <unknown>
[INFO] [stdout]    8:     0x5d27ab5dc10d - <unknown>
[INFO] [stdout]    9:     0x5d27ab41fb3c - <unknown>
[INFO] [stdout]   10:     0x5d27ab41fab3 - <unknown>
[INFO] [stdout]   11:     0x5d27ab3854fb - <unknown>
[INFO] [stdout]   12:     0x5d27ab38c411 - <unknown>
[INFO] [stdout]   13:     0x5d27ab399f09 - <unknown>
[INFO] [stdout]   14:     0x5d27ab60d1ab - <unknown>
[INFO] [stdout]   15:     0x5d27ab61b301 - <unknown>
[INFO] [stdout]   16:     0x5d27ab614a14 - <unknown>
[INFO] [stdout]   17:     0x5d27ab61f122 - <unknown>
[INFO] [stdout]   18:     0x5d27ab6021de - <unknown>
[INFO] [stdout]   19:     0x7b50bfe05dfa - <unknown>
[INFO] [stdout]   20:     0x7b50bfe993d4 - clone
[INFO] [stdout]   21:                0x0 - <unknown>
[INFO] [stdout] 
[INFO] [stdout] 
[INFO] [stdout] failures:
[INFO] [stdout]     mcp::tests::test_structured_build_reports_diagnostics_on_broken_project
[INFO] [stdout] 
[INFO] [stdout] test result: FAILED. 24 passed; 1 failed; 0 ignored; 0 measured; 0 filtered out; finished in 0.33s
[INFO] [stdout] 
[INFO] [stderr] error: test failed, to rerun pass `-p appz --bin appz`
[INFO] running `Command { std: "docker" "inspect" "b986d8c75943e595085f31a0792c4efda07d460802097e7e885323bee14d1cc8", kill_on_drop: false }`
[INFO] running `Command { std: "docker" "rm" "-f" "b986d8c75943e595085f31a0792c4efda07d460802097e7e885323bee14d1cc8", kill_on_drop: false }`
[INFO] [stdout] b986d8c75943e595085f31a0792c4efda07d460802097e7e885323bee14d1cc8
