[INFO] cloning repository https://github.com/g-s-m/loki-forwarder
[INFO] running `Command { std: "git" "-c" "credential.helper=" "-c" "credential.helper=/workspace/cargo-home/bin/git-credential-null" "clone" "--bare" "https://github.com/g-s-m/loki-forwarder" "/workspace/cache/git-repos/https%3A%2F%2Fgithub.com%2Fg-s-m%2Floki-forwarder", kill_on_drop: false }`
[INFO] [stderr] Cloning into bare repository '/workspace/cache/git-repos/https%3A%2F%2Fgithub.com%2Fg-s-m%2Floki-forwarder'...
[INFO] running `Command { std: "git" "rev-parse" "HEAD", kill_on_drop: false }`
[INFO] [stdout] bff4b52deba86204544f660c338cb947961022c1
[INFO] testing g-s-m/loki-forwarder against 1.99.0-beta.8+cargoflags=--release for beta-release-1.100-2
[INFO] running `Command { std: "git" "clone" "/workspace/cache/git-repos/https%3A%2F%2Fgithub.com%2Fg-s-m%2Floki-forwarder" "/workspace/builds/worker-5-tc1/source", kill_on_drop: false }`
[INFO] [stderr] Cloning into '/workspace/builds/worker-5-tc1/source'...
[INFO] [stderr] done.
[INFO] started tweaking git repo https://github.com/g-s-m/loki-forwarder
[INFO] finished tweaking git repo https://github.com/g-s-m/loki-forwarder
[INFO] tweaked toml for git repo https://github.com/g-s-m/loki-forwarder written to /workspace/builds/worker-5-tc1/source/Cargo.toml
[INFO] validating manifest of git repo https://github.com/g-s-m/loki-forwarder on toolchain 1.99.0-beta.8
[INFO] running `Command { std: CARGO_HOME="/workspace/cargo-home" RUSTUP_HOME="/workspace/rustup-home" "/workspace/cargo-home/bin/cargo" "+1.99.0-beta.8" "metadata" "--manifest-path" "Cargo.toml" "--no-deps", kill_on_drop: false }`
[INFO] crate git repo https://github.com/g-s-m/loki-forwarder already has a lockfile, it will not be regenerated
[INFO] running `Command { std: CARGO_HOME="/workspace/cargo-home" RUSTUP_HOME="/workspace/rustup-home" "/workspace/cargo-home/bin/cargo" "+1.99.0-beta.8" "fetch" "--manifest-path" "Cargo.toml", kill_on_drop: false }`
[INFO] [stderr]  Downloading crates ...
[INFO] [stderr]   Downloaded wasm-bindgen v0.2.106
[INFO] [stderr]   Downloaded wasm-bindgen-macro-support v0.2.106
[INFO] [stderr]   Downloaded wasm-bindgen-macro v0.2.106
[INFO] [stderr]   Downloaded wasm-bindgen-shared v0.2.106
[INFO] [stderr]   Downloaded uuid v1.19.0
[INFO] [stderr]   Downloaded compression-core v0.4.31
[INFO] [stderr]   Downloaded ctrlc v3.5.1
[INFO] [stderr]   Downloaded simd-adler32 v0.3.8
[INFO] [stderr]   Downloaded security-framework-sys v2.15.0
[INFO] [stderr]   Downloaded thiserror-impl v2.0.17
[INFO] [stderr]   Downloaded system-configuration v0.6.1
[INFO] [stderr]   Downloaded wasm-bindgen-futures v0.4.56
[INFO] [stderr]   Downloaded compression-codecs v0.4.35
[INFO] [stderr]   Downloaded thiserror v2.0.17
[INFO] [stderr]   Downloaded hyper-rustls v0.27.7
[INFO] [stderr]   Downloaded iana-time-zone v0.1.64
[INFO] [stderr]   Downloaded signal-hook-registry v1.4.7
[INFO] [stderr]   Downloaded rustls-pki-types v1.13.2
[INFO] [stderr]   Downloaded tracing-core v0.1.35
[INFO] [stderr]   Downloaded socket2 v0.6.1
[INFO] [stderr]   Downloaded clap v4.5.53
[INFO] [stderr]   Downloaded js-sys v0.3.83
[INFO] [stderr]   Downloaded rustls-webpki v0.103.8
[INFO] [stderr]   Downloaded cc v1.2.49
[INFO] [stderr]   Downloaded tracing v0.1.43
[INFO] [stderr]   Downloaded h2 v0.4.12
[INFO] [stderr]   Downloaded async-compression v0.4.36
[INFO] [stderr]   Downloaded zerocopy-derive v0.8.31
[INFO] [stderr]   Downloaded hyper-util v0.1.19
[INFO] [stderr]   Downloaded tokio-util v0.7.17
[INFO] [stderr]   Downloaded iri-string v0.7.9
[INFO] [stderr]   Downloaded reqwest v0.12.26
[INFO] [stderr]   Downloaded clap_builder v4.5.53
[INFO] [stderr]   Downloaded quinn-proto v0.11.13
[INFO] [stderr]   Downloaded zerocopy v0.8.31
[INFO] [stderr]   Downloaded chrono v0.4.42
[INFO] [stderr]   Downloaded webpki-roots v1.0.4
[INFO] [stderr]   Downloaded syn v2.0.111
[INFO] [stderr]   Downloaded rustls v0.23.35
[INFO] [stderr]   Downloaded web-sys v0.3.83
[INFO] [stderr]   Downloaded tokio v1.48.0
[INFO] [stderr]   Downloaded libc v0.2.178
[INFO] running `Command { std: "docker" "create" "-v" "/var/lib/crater-agent-workspace/builds/worker-5-tc1/source:/opt/rustwide/workdir:ro,Z" "-v" "/var/lib/crater-agent-workspace/builds/worker-5-tc1/target:/opt/rustwide/target:rw,Z" "-v" "/var/lib/crater-agent-workspace/cargo-home:/opt/rustwide/cargo-home:ro,Z" "-v" "/var/lib/crater-agent-workspace/rustup-home:/opt/rustwide/rustup-home:ro,Z" "-m" "1610612736" "--network" "none" "ghcr.io/rust-lang/crates-build-env/linux@sha256:77db811e55d90add9212f6832c23229e3de5f1c1f9905e8cb07319ea15df73ac" "sleep" "infinity", kill_on_drop: false }`
[INFO] [stdout] a22641058dde3cbdf41beab6ac311ac95ed252f504e091cd5975ada149a0fc9b
[INFO] running `Command { std: "docker" "start" "a22641058dde3cbdf41beab6ac311ac95ed252f504e091cd5975ada149a0fc9b", kill_on_drop: false }`
[INFO] running `Command { std: "docker" "inspect" "a22641058dde3cbdf41beab6ac311ac95ed252f504e091cd5975ada149a0fc9b", kill_on_drop: false }`
[INFO] running `Command { std: "docker" "exec" "-e" "SOURCE_DIR=/opt/rustwide/workdir" "-e" "CARGO_HOME=/opt/rustwide/cargo-home" "-e" "RUSTUP_HOME=/opt/rustwide/rustup-home" "-e" "CARGO_TARGET_DIR=/opt/rustwide/target" "-w" "/opt/rustwide/workdir" "--user" "0:0" "a22641058dde3cbdf41beab6ac311ac95ed252f504e091cd5975ada149a0fc9b" "/opt/rustwide/cargo-home/bin/cargo" "+1.99.0-beta.8" "metadata" "--no-deps" "--format-version=1", kill_on_drop: false }`
[INFO] running `Command { std: "docker" "inspect" "a22641058dde3cbdf41beab6ac311ac95ed252f504e091cd5975ada149a0fc9b", kill_on_drop: false }`
[INFO] running `Command { std: "docker" "exec" "-e" "SOURCE_DIR=/opt/rustwide/workdir" "-e" "CARGO_HOME=/opt/rustwide/cargo-home" "-e" "RUSTUP_HOME=/opt/rustwide/rustup-home" "-e" "CARGO_TARGET_DIR=/opt/rustwide/target" "-e" "CARGO_INCREMENTAL=0" "-e" "RUST_BACKTRACE=full" "-e" "RUSTFLAGS=--cap-lints=warn" "-e" "RUSTDOCFLAGS=--cap-lints=warn" "-w" "/opt/rustwide/workdir" "--user" "0:0" "a22641058dde3cbdf41beab6ac311ac95ed252f504e091cd5975ada149a0fc9b" "/opt/rustwide/cargo-home/bin/cargo" "+1.99.0-beta.8" "build" "--frozen" "--message-format=json" "--release", kill_on_drop: false }`
[INFO] [stderr]    Compiling proc-macro2 v1.0.103
[INFO] [stderr]    Compiling quote v1.0.42
[INFO] [stderr]    Compiling libc v0.2.178
[INFO] [stderr]    Compiling find-msvc-tools v0.1.5
[INFO] [stderr]    Compiling smallvec v1.15.1
[INFO] [stderr]    Compiling bytes v1.11.0
[INFO] [stderr]    Compiling pin-project-lite v0.2.16
[INFO] [stderr]    Compiling futures-core v0.3.31
[INFO] [stderr]    Compiling once_cell v1.21.3
[INFO] [stderr]    Compiling itoa v1.0.15
[INFO] [stderr]    Compiling cc v1.2.49
[INFO] [stderr]    Compiling futures-sink v0.3.31
[INFO] [stderr]    Compiling pkg-config v0.3.32
[INFO] [stderr]    Compiling memchr v2.7.6
[INFO] [stderr]    Compiling slab v0.4.11
[INFO] [stderr]    Compiling litemap v0.8.1
[INFO] [stderr]    Compiling writeable v0.6.2
[INFO] [stderr]    Compiling bitflags v2.10.0
[INFO] [stderr]    Compiling tracing-core v0.1.35
[INFO] [stderr]    Compiling hashbrown v0.16.1
[INFO] [stderr]    Compiling http v1.4.0
[INFO] [stderr]    Compiling syn v2.0.111
[INFO] [stderr]    Compiling zeroize v1.8.2
[INFO] [stderr]    Compiling futures-io v0.3.31
[INFO] [stderr]    Compiling futures-task v0.3.31
[INFO] [stderr]    Compiling rustls-pki-types v1.13.2
[INFO] [stderr]    Compiling futures-util v0.3.31
[INFO] [stderr]    Compiling indexmap v2.12.1
[INFO] [stderr]    Compiling tracing v0.1.43
[INFO] [stderr]    Compiling openssl-sys v0.9.111
[INFO] [stderr]    Compiling ring v0.17.14
[INFO] [stderr]    Compiling foreign-types-shared v0.1.1
[INFO] [stderr]    Compiling openssl v0.10.75
[INFO] [stderr]    Compiling parking_lot_core v0.9.12
[INFO] [stderr]    Compiling mio v1.1.1
[INFO] [stderr]    Compiling signal-hook-registry v1.4.7
[INFO] [stderr]    Compiling parking_lot v0.12.5
[INFO] [stderr]    Compiling socket2 v0.6.1
[INFO] [stderr]    Compiling http-body v1.0.1
[INFO] [stderr]    Compiling getrandom v0.2.16
[INFO] [stderr]    Compiling simd-adler32 v0.3.8
[INFO] [stderr]    Compiling foreign-types v0.3.2
[INFO] [stderr]    Compiling futures-channel v0.3.31
[INFO] [stderr]    Compiling miniz_oxide v0.8.9
[INFO] [stderr]    Compiling native-tls v0.2.14
[INFO] [stderr]    Compiling rustls v0.23.35
[INFO] [stderr]    Compiling openssl-probe v0.1.6
[INFO] [stderr]    Compiling compression-core v0.4.31
[INFO] [stderr]    Compiling cfg_aliases v0.2.1
[INFO] [stderr]    Compiling ipnet v2.11.0
[INFO] [stderr]    Compiling num-traits v0.2.19
[INFO] [stderr]    Compiling nix v0.30.1
[INFO] [stderr]    Compiling flate2 v1.1.5
[INFO] [stderr]    Compiling http-body-util v0.1.3
[INFO] [stderr]    Compiling compression-codecs v0.4.35
[INFO] [stderr]    Compiling sync_wrapper v1.0.2
[INFO] [stderr]    Compiling ryu v1.0.20
[INFO] [stderr]    Compiling serde_json v1.0.145
[INFO] [stderr]    Compiling webpki-roots v1.0.4
[INFO] [stderr]    Compiling iri-string v0.7.9
[INFO] [stderr]    Compiling anyhow v1.0.100
[INFO] [stderr]    Compiling clap_builder v4.5.53
[INFO] [stderr]    Compiling synstructure v0.13.2
[INFO] [stderr]    Compiling getrandom v0.3.4
[INFO] [stderr]    Compiling encoding_rs v0.8.35
[INFO] [stderr]    Compiling iana-time-zone v0.1.64
[INFO] [stderr]    Compiling ctrlc v3.5.1
[INFO] [stderr]    Compiling uuid v1.19.0
[INFO] [stderr]    Compiling zerofrom-derive v0.1.6
[INFO] [stderr]    Compiling yoke-derive v0.8.1
[INFO] [stderr]    Compiling tokio-macros v2.6.0
[INFO] [stderr]    Compiling tokio v1.48.0
[INFO] [stderr]    Compiling zerovec-derive v0.11.2
[INFO] [stderr]    Compiling zerofrom v0.1.6
[INFO] [stderr]    Compiling yoke v0.8.1
[INFO] [stderr]    Compiling displaydoc v0.2.5
[INFO] [stderr]    Compiling serde_derive v1.0.228
[INFO] [stderr]    Compiling openssl-macros v0.1.1
[INFO] [stderr]    Compiling zerotrie v0.2.3
[INFO] [stderr]    Compiling zerovec v0.11.5
[INFO] [stderr]    Compiling clap_derive v4.5.49
[INFO] [stderr]    Compiling tinystr v0.8.2
[INFO] [stderr]    Compiling icu_locale_core v2.1.1
[INFO] [stderr]    Compiling potential_utf v0.1.4
[INFO] [stderr]    Compiling icu_collections v2.1.1
[INFO] [stderr]    Compiling icu_provider v2.1.1
[INFO] [stderr]    Compiling serde v1.0.228
[INFO] [stderr]    Compiling icu_properties v2.1.2
[INFO] [stderr]    Compiling icu_normalizer v2.1.1
[INFO] [stderr]    Compiling serde_urlencoded v0.7.1
[INFO] [stderr]    Compiling chrono v0.4.42
[INFO] [stderr]    Compiling clap v4.5.53
[INFO] [stderr]    Compiling humantime v2.3.0
[INFO] [stderr]    Compiling idna_adapter v1.2.1
[INFO] [stderr]    Compiling idna v1.1.0
[INFO] [stderr]    Compiling tokio-util v0.7.17
[INFO] [stderr]    Compiling h2 v0.4.12
[INFO] [stderr]    Compiling rustls-webpki v0.103.8
[INFO] [stderr]    Compiling tower v0.5.2
[INFO] [stderr]    Compiling tokio-native-tls v0.3.1
[INFO] [stderr]    Compiling async-compression v0.4.36
[INFO] [stderr]    Compiling url v2.5.7
[INFO] [stderr]    Compiling tower-http v0.6.8
[INFO] [stderr]    Compiling hyper v1.8.1
[INFO] [stderr]    Compiling hyper-util v0.1.19
[INFO] [stderr]    Compiling tokio-rustls v0.26.4
[INFO] [stderr]    Compiling hyper-rustls v0.27.7
[INFO] [stderr]    Compiling hyper-tls v0.6.0
[INFO] [stderr]    Compiling reqwest v0.12.26
[INFO] [stderr]    Compiling loki-forwarder v0.1.0 (/opt/rustwide/workdir)
[INFO] [stderr]     Finished `release` profile [optimized] target(s) in 3m 34s
[INFO] running `Command { std: "docker" "inspect" "a22641058dde3cbdf41beab6ac311ac95ed252f504e091cd5975ada149a0fc9b", kill_on_drop: false }`
[INFO] running `Command { std: "docker" "exec" "-e" "SOURCE_DIR=/opt/rustwide/workdir" "-e" "CARGO_HOME=/opt/rustwide/cargo-home" "-e" "RUSTUP_HOME=/opt/rustwide/rustup-home" "-e" "CARGO_TARGET_DIR=/opt/rustwide/target" "-e" "CARGO_INCREMENTAL=0" "-e" "RUST_BACKTRACE=full" "-e" "RUSTFLAGS=--cap-lints=warn" "-e" "RUSTDOCFLAGS=--cap-lints=warn" "-w" "/opt/rustwide/workdir" "--user" "0:0" "a22641058dde3cbdf41beab6ac311ac95ed252f504e091cd5975ada149a0fc9b" "/opt/rustwide/cargo-home/bin/cargo" "+1.99.0-beta.8" "test" "--frozen" "--no-run" "--message-format=json" "--release", kill_on_drop: false }`
[INFO] [stderr]    Compiling loki-forwarder v0.1.0 (/opt/rustwide/workdir)
[INFO] [stderr]     Finished `release` profile [optimized] target(s) in 3.34s
[INFO] running `Command { std: "docker" "inspect" "a22641058dde3cbdf41beab6ac311ac95ed252f504e091cd5975ada149a0fc9b", kill_on_drop: false }`
[INFO] running `Command { std: "docker" "exec" "-e" "SOURCE_DIR=/opt/rustwide/workdir" "-e" "CARGO_HOME=/opt/rustwide/cargo-home" "-e" "RUSTUP_HOME=/opt/rustwide/rustup-home" "-e" "CARGO_TARGET_DIR=/opt/rustwide/target" "-e" "CARGO_INCREMENTAL=0" "-e" "RUST_BACKTRACE=full" "-e" "RUSTFLAGS=--cap-lints=warn" "-e" "RUSTDOCFLAGS=--cap-lints=warn" "-w" "/opt/rustwide/workdir" "--user" "0:0" "a22641058dde3cbdf41beab6ac311ac95ed252f504e091cd5975ada149a0fc9b" "/opt/rustwide/cargo-home/bin/cargo" "+1.99.0-beta.8" "test" "--frozen" "--release", kill_on_drop: false }`
[INFO] [stderr]     Finished `release` profile [optimized] target(s) in 0.18s
[INFO] [stderr]      Running unittests src/main.rs (/opt/rustwide/target/release/deps/loki_forwarder-ce0b876513977450)
[INFO] [stdout] 
[INFO] [stdout] running 16 tests
[INFO] [stdout] test core::monitor::tests::test_file_monitor_stop ... ok
[INFO] [stdout] test core::monitor::tests::test_load_state_when_file_not_exists ... ok
[INFO] [stdout] test core::monitor::tests::test_save_state ... ok
[INFO] [stdout] test core::monitor::tests::test_start_stops_when_stop_flag_set ... ok
[INFO] [stdout] test core::monitor::tests::test_load_state_when_file_exists ... ok
[INFO] [stdout] test core::monitor::tests::test_state_position_reset_when_larger_than_file_size ... ok
[INFO] [stdout] test core::pusher::tests::test_pusher_new ... ok
[INFO] [stdout] test core::monitor::tests::test_file_monitor_new ... ok
[INFO] [stdout] test core::pusher::tests::test_pusher_stops_when_running_false ... ok
[INFO] [stdout] test core::pusher::tests::test_pusher_disconnected_channel ... ok
[INFO] [stdout] test core::monitor::tests::test_start_handles_missing_file ... ok
[INFO] [stdout] test core::pusher::tests::test_pusher_batch_records ... ok
[INFO] [stdout] test core::monitor::tests::test_start_with_existing_file ... ok
[INFO] [stdout] test core::pusher::tests::test_pusher_single_record ... ok
[INFO] [stdout] test core::pusher::tests::test_pusher_timeout_without_records ... ok
[INFO] [stdout] test core::pusher::tests::test_pusher_multiple_batches ... FAILED
[INFO] [stdout] 
[INFO] [stdout] failures:
[INFO] [stdout] 
[INFO] [stdout] ---- core::pusher::tests::test_pusher_multiple_batches stdout ----
[INFO] [stdout] 
[INFO] [stdout] thread 'core::pusher::tests::test_pusher_multiple_batches' (2148) panicked at src/core/pusher.rs:261:9:
[INFO] [stdout] assertion `left == right` failed
[INFO] [stdout]   left: 1
[INFO] [stdout]  right: 2
[INFO] [stdout] stack backtrace:
[INFO] [stdout]    0:     0x5e1587505cf1 - <<std[70759c8f55707aa4]::sys::backtrace::BacktraceLock>::print::DisplayBacktrace as core[df12db4294e9bfd3]::fmt::Display>::fmt
[INFO] [stdout]    1:     0x5e158751ae4a - core[df12db4294e9bfd3]::fmt::write
[INFO] [stdout]    2:     0x5e158750a96c - <alloc[2182bb758b4b3781]::vec::Vec<u8> as core[df12db4294e9bfd3]::io::write::Write>::write_fmt
[INFO] [stdout]    3:     0x5e15874e02e6 - std[70759c8f55707aa4]::panicking::default_hook::{closure#0}
[INFO] [stdout]    4:     0x5e15874fd759 - std[70759c8f55707aa4]::panicking::default_hook
[INFO] [stdout]    5:     0x5e1587492c90 - test[9d35eded1c95d3be]::test_main_inner::<test[9d35eded1c95d3be]::test_main_static::{closure#0}>::{closure#0}
[INFO] [stdout]    6:     0x5e15874fd912 - std[70759c8f55707aa4]::panicking::panic_with_hook
[INFO] [stdout]    7:     0x5e15874e0392 - std[70759c8f55707aa4]::panicking::panic_handler::{closure#0}
[INFO] [stdout]    8:     0x5e15874d88d9 - std[70759c8f55707aa4]::sys::backtrace::__rust_end_short_backtrace::<std[70759c8f55707aa4]::panicking::panic_handler::{closure#0}, !>
[INFO] [stdout]    9:     0x5e15874e109d - __rustc[8fa7c3cbc660c2b3]::rust_begin_unwind
[INFO] [stdout]   10:     0x5e158751b57c - core[df12db4294e9bfd3]::panicking::panic_fmt
[INFO] [stdout]   11:     0x5e158751b493 - core[df12db4294e9bfd3]::panicking::assert_failed_inner
[INFO] [stdout]   12:     0x5e1587517d88 - core[df12db4294e9bfd3]::panicking::assert_failed::<usize, usize>
[INFO] [stdout]   13:     0x5e158746b4ce - loki_forwarder[2c66be2435fce179]::core::pusher::tests::test_pusher_multiple_batches
[INFO] [stdout]   14:     0x5e1587473ce9 - <loki_forwarder[2c66be2435fce179]::core::pusher::tests::test_pusher_multiple_batches::{closure#0} as core[df12db4294e9bfd3]::ops::function::FnOnce<()>>::call_once
[INFO] [stdout]   15:     0x5e1587485f7b - test[9d35eded1c95d3be]::__rust_begin_short_backtrace::<core[df12db4294e9bfd3]::result::Result<(), alloc[2182bb758b4b3781]::string::String>, fn() -> core[df12db4294e9bfd3]::result::Result<(), alloc[2182bb758b4b3781]::string::String>>
[INFO] [stdout]   16:     0x5e15874935e5 - test[9d35eded1c95d3be]::run_test::{closure#0}
[INFO] [stdout]   17:     0x5e158748cea4 - std[70759c8f55707aa4]::sys::backtrace::__rust_begin_short_backtrace::<test[9d35eded1c95d3be]::run_test::{closure#1}, ()>
[INFO] [stdout]   18:     0x5e1587496742 - <std[70759c8f55707aa4]::thread::lifecycle::spawn_unchecked<test[9d35eded1c95d3be]::run_test::{closure#1}, ()>::{closure#1} as core[df12db4294e9bfd3]::ops::function::FnOnce<()>>::call_once::{shim:vtable#0}
[INFO] [stdout]   19:     0x5e1587505069 - <std[70759c8f55707aa4]::sys::thread::unix::Thread>::new::thread_start
[INFO] [stdout]   20:     0x7849c1c47dfa - <unknown>
[INFO] [stdout]   21:     0x7849c1cdb3d4 - clone
[INFO] [stdout]   22:                0x0 - <unknown>
[INFO] [stdout] 
[INFO] [stdout] 
[INFO] [stdout] failures:
[INFO] [stdout]     core::pusher::tests::test_pusher_multiple_batches
[INFO] [stdout] 
[INFO] [stdout] test result: FAILED. 15 passed; 1 failed; 0 ignored; 0 measured; 0 filtered out; finished in 0.22s
[INFO] [stdout] 
[INFO] [stderr] error: test failed, to rerun pass `--bin loki-forwarder`
[INFO] running `Command { std: "docker" "inspect" "a22641058dde3cbdf41beab6ac311ac95ed252f504e091cd5975ada149a0fc9b", kill_on_drop: false }`
[INFO] running `Command { std: "docker" "rm" "-f" "a22641058dde3cbdf41beab6ac311ac95ed252f504e091cd5975ada149a0fc9b", kill_on_drop: false }`
[INFO] [stdout] a22641058dde3cbdf41beab6ac311ac95ed252f504e091cd5975ada149a0fc9b
