[INFO] cloning repository https://github.com/feltfomo/rime
[INFO] running `Command { std: "git" "-c" "credential.helper=" "-c" "credential.helper=/workspace/cargo-home/bin/git-credential-null" "clone" "--bare" "https://github.com/feltfomo/rime" "/workspace/cache/git-repos/https%3A%2F%2Fgithub.com%2Ffeltfomo%2Frime", kill_on_drop: false }`
[INFO] [stderr] Cloning into bare repository '/workspace/cache/git-repos/https%3A%2F%2Fgithub.com%2Ffeltfomo%2Frime'...
[INFO] running `Command { std: "git" "rev-parse" "HEAD", kill_on_drop: false }`
[INFO] [stdout] 032254dae97c374c53f1815dee7cdb5af44e22d5
[INFO] testing feltfomo/rime against 1.99.0-beta.8+cargoflags=--release for beta-release-1.100-2
[INFO] running `Command { std: "git" "clone" "/workspace/cache/git-repos/https%3A%2F%2Fgithub.com%2Ffeltfomo%2Frime" "/workspace/builds/worker-7-tc1/source", kill_on_drop: false }`
[INFO] [stderr] Cloning into '/workspace/builds/worker-7-tc1/source'...
[INFO] [stderr] done.
[INFO] started tweaking git repo https://github.com/feltfomo/rime
[INFO] finished tweaking git repo https://github.com/feltfomo/rime
[INFO] tweaked toml for git repo https://github.com/feltfomo/rime written to /workspace/builds/worker-7-tc1/source/Cargo.toml
[INFO] validating manifest of git repo https://github.com/feltfomo/rime on toolchain 1.99.0-beta.8
[INFO] running `Command { std: CARGO_HOME="/workspace/cargo-home" RUSTUP_HOME="/workspace/rustup-home" "/workspace/cargo-home/bin/cargo" "+1.99.0-beta.8" "metadata" "--manifest-path" "Cargo.toml" "--no-deps", kill_on_drop: false }`
[INFO] crate git repo https://github.com/feltfomo/rime already has a lockfile, it will not be regenerated
[INFO] running `Command { std: CARGO_HOME="/workspace/cargo-home" RUSTUP_HOME="/workspace/rustup-home" "/workspace/cargo-home/bin/cargo" "+1.99.0-beta.8" "fetch" "--manifest-path" "Cargo.toml", kill_on_drop: false }`
[INFO] running `Command { std: "docker" "create" "-v" "/var/lib/crater-agent-workspace/builds/worker-7-tc1/source:/opt/rustwide/workdir:ro,Z" "-v" "/var/lib/crater-agent-workspace/builds/worker-7-tc1/target:/opt/rustwide/target:rw,Z" "-v" "/var/lib/crater-agent-workspace/cargo-home:/opt/rustwide/cargo-home:ro,Z" "-v" "/var/lib/crater-agent-workspace/rustup-home:/opt/rustwide/rustup-home:ro,Z" "-m" "1610612736" "--network" "none" "ghcr.io/rust-lang/crates-build-env/linux@sha256:77db811e55d90add9212f6832c23229e3de5f1c1f9905e8cb07319ea15df73ac" "sleep" "infinity", kill_on_drop: false }`
[INFO] [stdout] 60d28c5690920bbcf6762dc123f9789dbe04e9cd2a57ca5a77a829a1ce1d841d
[INFO] running `Command { std: "docker" "start" "60d28c5690920bbcf6762dc123f9789dbe04e9cd2a57ca5a77a829a1ce1d841d", kill_on_drop: false }`
[INFO] running `Command { std: "docker" "inspect" "60d28c5690920bbcf6762dc123f9789dbe04e9cd2a57ca5a77a829a1ce1d841d", kill_on_drop: false }`
[INFO] running `Command { std: "docker" "exec" "-e" "SOURCE_DIR=/opt/rustwide/workdir" "-e" "CARGO_HOME=/opt/rustwide/cargo-home" "-e" "RUSTUP_HOME=/opt/rustwide/rustup-home" "-e" "CARGO_TARGET_DIR=/opt/rustwide/target" "-w" "/opt/rustwide/workdir" "--user" "0:0" "60d28c5690920bbcf6762dc123f9789dbe04e9cd2a57ca5a77a829a1ce1d841d" "/opt/rustwide/cargo-home/bin/cargo" "+1.99.0-beta.8" "metadata" "--no-deps" "--format-version=1", kill_on_drop: false }`
[INFO] running `Command { std: "docker" "inspect" "60d28c5690920bbcf6762dc123f9789dbe04e9cd2a57ca5a77a829a1ce1d841d", kill_on_drop: false }`
[INFO] running `Command { std: "docker" "exec" "-e" "SOURCE_DIR=/opt/rustwide/workdir" "-e" "CARGO_HOME=/opt/rustwide/cargo-home" "-e" "RUSTUP_HOME=/opt/rustwide/rustup-home" "-e" "CARGO_TARGET_DIR=/opt/rustwide/target" "-e" "CARGO_INCREMENTAL=0" "-e" "RUST_BACKTRACE=full" "-e" "RUSTFLAGS=--cap-lints=warn" "-e" "RUSTDOCFLAGS=--cap-lints=warn" "-w" "/opt/rustwide/workdir" "--user" "0:0" "60d28c5690920bbcf6762dc123f9789dbe04e9cd2a57ca5a77a829a1ce1d841d" "/opt/rustwide/cargo-home/bin/cargo" "+1.99.0-beta.8" "build" "--frozen" "--message-format=json" "--release", kill_on_drop: false }`
[INFO] [stderr]    Compiling libc v0.2.189
[INFO] [stderr]    Compiling cfg_aliases v0.2.2
[INFO] [stderr]    Compiling bitflags v2.13.1
[INFO] [stderr]    Compiling rimectl v0.1.0 (/opt/rustwide/workdir/crates/rimectl)
[INFO] [stderr]    Compiling nix v0.30.1
[INFO] [stderr]    Compiling errno v0.3.14
[INFO] [stderr]    Compiling mio v1.2.2
[INFO] [stderr]    Compiling fs2 v0.4.3
[INFO] [stderr]    Compiling signal-hook-registry v1.4.8
[INFO] [stderr]    Compiling tokio v1.53.1
[INFO] [stderr]    Compiling rime-supervise v0.1.0 (/opt/rustwide/workdir/crates/rime-supervise)
[INFO] [stderr]    Compiling rimed v0.1.0 (/opt/rustwide/workdir/crates/rimed)
[INFO] [stderr]     Finished `release` profile [optimized] target(s) in 10.77s
[INFO] running `Command { std: "docker" "inspect" "60d28c5690920bbcf6762dc123f9789dbe04e9cd2a57ca5a77a829a1ce1d841d", kill_on_drop: false }`
[INFO] running `Command { std: "docker" "exec" "-e" "SOURCE_DIR=/opt/rustwide/workdir" "-e" "CARGO_HOME=/opt/rustwide/cargo-home" "-e" "RUSTUP_HOME=/opt/rustwide/rustup-home" "-e" "CARGO_TARGET_DIR=/opt/rustwide/target" "-e" "CARGO_INCREMENTAL=0" "-e" "RUST_BACKTRACE=full" "-e" "RUSTFLAGS=--cap-lints=warn" "-e" "RUSTDOCFLAGS=--cap-lints=warn" "-w" "/opt/rustwide/workdir" "--user" "0:0" "60d28c5690920bbcf6762dc123f9789dbe04e9cd2a57ca5a77a829a1ce1d841d" "/opt/rustwide/cargo-home/bin/cargo" "+1.99.0-beta.8" "test" "--frozen" "--no-run" "--message-format=json" "--release", kill_on_drop: false }`
[INFO] [stderr]    Compiling rime-supervise v0.1.0 (/opt/rustwide/workdir/crates/rime-supervise)
[INFO] [stderr]    Compiling rimectl v0.1.0 (/opt/rustwide/workdir/crates/rimectl)
[INFO] [stderr]    Compiling rimed v0.1.0 (/opt/rustwide/workdir/crates/rimed)
[INFO] [stderr]     Finished `release` profile [optimized] target(s) in 1.49s
[INFO] running `Command { std: "docker" "inspect" "60d28c5690920bbcf6762dc123f9789dbe04e9cd2a57ca5a77a829a1ce1d841d", kill_on_drop: false }`
[INFO] running `Command { std: "docker" "exec" "-e" "SOURCE_DIR=/opt/rustwide/workdir" "-e" "CARGO_HOME=/opt/rustwide/cargo-home" "-e" "RUSTUP_HOME=/opt/rustwide/rustup-home" "-e" "CARGO_TARGET_DIR=/opt/rustwide/target" "-e" "CARGO_INCREMENTAL=0" "-e" "RUST_BACKTRACE=full" "-e" "RUSTFLAGS=--cap-lints=warn" "-e" "RUSTDOCFLAGS=--cap-lints=warn" "-w" "/opt/rustwide/workdir" "--user" "0:0" "60d28c5690920bbcf6762dc123f9789dbe04e9cd2a57ca5a77a829a1ce1d841d" "/opt/rustwide/cargo-home/bin/cargo" "+1.99.0-beta.8" "test" "--frozen" "--release", kill_on_drop: false }`
[INFO] [stderr]     Finished `release` profile [optimized] target(s) in 0.03s
[INFO] [stderr]      Running unittests src/lib.rs (/opt/rustwide/target/release/deps/rime_supervise-b53e1dbe86e3e643)
[INFO] [stdout] 
[INFO] [stdout] running 12 tests
[INFO] [stdout] test tests::five_failures_inside_window_enter_safe_mode ... ok
[INFO] [stdout] test tests::safe_failures_preserve_normal_reason_and_mode ... ok
[INFO] [stdout] test tests::backoff_is_bounded ... ok
[INFO] [stdout] test tests::failure_at_window_boundary_drops_oldest ... ok
[INFO] [stdout] test tests::one_millisecond_short_of_clean_uptime_does_not_reset ... ok
[INFO] [stdout] test tests::cpu_calculation_has_a_red_path ... ok
[INFO] [stdout] test tests::clean_safe_exit_reloads_normal_immediately ... ok
[INFO] [stdout] test tests::exited_child_wins_ready_termination_without_pid_race ... FAILED
[INFO] [stdout] test tests::shutdown_deadline_forces_kill_then_reap ... ok
[INFO] [stdout] test tests::shutdown_before_deadline_exits_without_kill ... ok
[INFO] [stdout] test tests::clean_uptime_resets_backoff_at_exact_boundary ... ok
[INFO] [stdout] test tests::forced_kill_reaps_sigterm_ignoring_child ... ok
[INFO] [stdout] 
[INFO] [stdout] failures:
[INFO] [stdout] 
[INFO] [stdout] ---- tests::exited_child_wins_ready_termination_without_pid_race stdout ----
[INFO] [stdout] 
[INFO] [stdout] thread 'tests::exited_child_wins_ready_termination_without_pid_race' (467) panicked at crates/rime-supervise/src/lib.rs:668:45:
[INFO] [stdout] termination won after the child had exited
[INFO] [stdout] stack backtrace:
[INFO] [stdout]    0:     0x567771037bd1 - <<std[70759c8f55707aa4]::sys::backtrace::BacktraceLock>::print::DisplayBacktrace as core[df12db4294e9bfd3]::fmt::Display>::fmt
[INFO] [stdout]    1:     0x56777104c49a - core[df12db4294e9bfd3]::fmt::write
[INFO] [stdout]    2:     0x56777103c20c - <alloc[2182bb758b4b3781]::vec::Vec<u8> as core[df12db4294e9bfd3]::io::write::Write>::write_fmt
[INFO] [stdout]    3:     0x5677710130f6 - std[70759c8f55707aa4]::panicking::default_hook::{closure#0}
[INFO] [stdout]    4:     0x56777102fc79 - std[70759c8f55707aa4]::panicking::default_hook
[INFO] [stdout]    5:     0x567770fb4e70 - test[9d35eded1c95d3be]::test_main_inner::<test[9d35eded1c95d3be]::test_main_static::{closure#0}>::{closure#0}
[INFO] [stdout]    6:     0x56777102ffa2 - std[70759c8f55707aa4]::panicking::panic_with_hook
[INFO] [stdout]    7:     0x5677710131d4 - std[70759c8f55707aa4]::panicking::panic_handler::{closure#0}
[INFO] [stdout]    8:     0x56777100bce9 - std[70759c8f55707aa4]::sys::backtrace::__rust_end_short_backtrace::<std[70759c8f55707aa4]::panicking::panic_handler::{closure#0}, !>
[INFO] [stdout]    9:     0x567771013d9d - __rustc[8fa7c3cbc660c2b3]::rust_begin_unwind
[INFO] [stdout]   10:     0x56777104cbfc - core[df12db4294e9bfd3]::panicking::panic_fmt
[INFO] [stdout]   11:     0x567770f9e99d - rime_supervise[aca503be5355c352]::tests::exited_child_wins_ready_termination_without_pid_race::{closure#0}
[INFO] [stdout]   12:     0x567770fa5dbe - <tokio[b4dfa1d091c1f9c8]::runtime::scheduler::current_thread::Context>::enter::<core[df12db4294e9bfd3]::task::poll::Poll<()>, <tokio[b4dfa1d091c1f9c8]::runtime::scheduler::current_thread::CoreGuard>::block_on<core[df12db4294e9bfd3]::pin::Pin<&mut rime_supervise[aca503be5355c352]::tests::exited_child_wins_ready_termination_without_pid_race::{closure#0}>>::{closure#0}::{closure#0}>
[INFO] [stdout]   13:     0x567770fa0899 - <std[70759c8f55707aa4]::thread::local::LocalKey<tokio[b4dfa1d091c1f9c8]::runtime::context::Context>>::with::<tokio[b4dfa1d091c1f9c8]::runtime::context::set_scheduler<(alloc[2182bb758b4b3781]::boxed::Box<tokio[b4dfa1d091c1f9c8]::runtime::scheduler::current_thread::Core>, core[df12db4294e9bfd3]::option::Option<()>), <tokio[b4dfa1d091c1f9c8]::runtime::scheduler::current_thread::CoreGuard>::enter<<tokio[b4dfa1d091c1f9c8]::runtime::scheduler::current_thread::CoreGuard>::block_on<core[df12db4294e9bfd3]::pin::Pin<&mut rime_supervise[aca503be5355c352]::tests::exited_child_wins_ready_termination_without_pid_race::{closure#0}>>::{closure#0}, core[df12db4294e9bfd3]::option::Option<()>>::{closure#0}>::{closure#0}, (alloc[2182bb758b4b3781]::boxed::Box<tokio[b4dfa1d091c1f9c8]::runtime::scheduler::current_thread::Core>, core[df12db4294e9bfd3]::option::Option<()>)>
[INFO] [stdout]   14:     0x567770fa6095 - <tokio[b4dfa1d091c1f9c8]::runtime::scheduler::current_thread::CoreGuard>::block_on::<core[df12db4294e9bfd3]::pin::Pin<&mut rime_supervise[aca503be5355c352]::tests::exited_child_wins_ready_termination_without_pid_race::{closure#0}>>
[INFO] [stdout]   15:     0x567770fa1673 - tokio[b4dfa1d091c1f9c8]::runtime::context::runtime::enter_runtime::<<tokio[b4dfa1d091c1f9c8]::runtime::scheduler::current_thread::CurrentThread>::block_on<rime_supervise[aca503be5355c352]::tests::exited_child_wins_ready_termination_without_pid_race::{closure#0}>::{closure#0}, ()>
[INFO] [stdout]   16:     0x567770fa71da - <tokio[b4dfa1d091c1f9c8]::runtime::runtime::Runtime>::block_on::<rime_supervise[aca503be5355c352]::tests::exited_child_wins_ready_termination_without_pid_race::{closure#0}>
[INFO] [stdout]   17:     0x567770fa4b4c - rime_supervise[aca503be5355c352]::tests::exited_child_wins_ready_termination_without_pid_race
[INFO] [stdout]   18:     0x567770fa5b39 - <rime_supervise[aca503be5355c352]::tests::exited_child_wins_ready_termination_without_pid_race::{closure#0} as core[df12db4294e9bfd3]::ops::function::FnOnce<()>>::call_once
[INFO] [stdout]   19:     0x567770fa815b - test[9d35eded1c95d3be]::__rust_begin_short_backtrace::<core[df12db4294e9bfd3]::result::Result<(), alloc[2182bb758b4b3781]::string::String>, fn() -> core[df12db4294e9bfd3]::result::Result<(), alloc[2182bb758b4b3781]::string::String>>
[INFO] [stdout]   20:     0x567770fb57c5 - test[9d35eded1c95d3be]::run_test::{closure#0}
[INFO] [stdout]   21:     0x567770faf084 - std[70759c8f55707aa4]::sys::backtrace::__rust_begin_short_backtrace::<test[9d35eded1c95d3be]::run_test::{closure#1}, ()>
[INFO] [stdout]   22:     0x567770fb8922 - <std[70759c8f55707aa4]::thread::lifecycle::spawn_unchecked<test[9d35eded1c95d3be]::run_test::{closure#1}, ()>::{closure#1} as core[df12db4294e9bfd3]::ops::function::FnOnce<()>>::call_once::{shim:vtable#0}
[INFO] [stdout]   23:     0x567771037129 - <std[70759c8f55707aa4]::sys::thread::unix::Thread>::new::thread_start
[INFO] [stdout]   24:     0x7e4fb14a7dfa - <unknown>
[INFO] [stdout]   25:     0x7e4fb153b3d4 - clone
[INFO] [stdout]   26:                0x0 - <unknown>
[INFO] [stdout] 
[INFO] [stdout] 
[INFO] [stdout] failures:
[INFO] [stdout]     tests::exited_child_wins_ready_termination_without_pid_race
[INFO] [stdout] 
[INFO] [stdout] test result: FAILED. 11 passed; 1 failed; 0 ignored; 0 measured; 0 filtered out; finished in 2.02s
[INFO] [stdout] 
[INFO] [stderr] error: test failed, to rerun pass `-p rime-supervise --lib`
[INFO] running `Command { std: "docker" "inspect" "60d28c5690920bbcf6762dc123f9789dbe04e9cd2a57ca5a77a829a1ce1d841d", kill_on_drop: false }`
[INFO] running `Command { std: "docker" "rm" "-f" "60d28c5690920bbcf6762dc123f9789dbe04e9cd2a57ca5a77a829a1ce1d841d", kill_on_drop: false }`
[INFO] [stdout] 60d28c5690920bbcf6762dc123f9789dbe04e9cd2a57ca5a77a829a1ce1d841d
