[INFO] cloning repository https://github.com/eightmail/jbash
[INFO] running `Command { std: "git" "-c" "credential.helper=" "-c" "credential.helper=/workspace/cargo-home/bin/git-credential-null" "clone" "--bare" "https://github.com/eightmail/jbash" "/workspace/cache/git-repos/https%3A%2F%2Fgithub.com%2Feightmail%2Fjbash", kill_on_drop: false }`
[INFO] [stderr] Cloning into bare repository '/workspace/cache/git-repos/https%3A%2F%2Fgithub.com%2Feightmail%2Fjbash'...
[INFO] running `Command { std: "git" "rev-parse" "HEAD", kill_on_drop: false }`
[INFO] [stdout] 5403617bc5a03165bfe11b153b4957c60284e978
[INFO] testing eightmail/jbash against 1.99.0-beta.8+cargoflags=--release for beta-release-1.100-2
[INFO] running `Command { std: "git" "clone" "/workspace/cache/git-repos/https%3A%2F%2Fgithub.com%2Feightmail%2Fjbash" "/workspace/builds/worker-3-tc1/source", kill_on_drop: false }`
[INFO] [stderr] Cloning into '/workspace/builds/worker-3-tc1/source'...
[INFO] [stderr] done.
[INFO] started tweaking git repo https://github.com/eightmail/jbash
[INFO] finished tweaking git repo https://github.com/eightmail/jbash
[INFO] tweaked toml for git repo https://github.com/eightmail/jbash written to /workspace/builds/worker-3-tc1/source/Cargo.toml
[INFO] validating manifest of git repo https://github.com/eightmail/jbash on toolchain 1.99.0-beta.8
[INFO] running `Command { std: CARGO_HOME="/workspace/cargo-home" RUSTUP_HOME="/workspace/rustup-home" "/workspace/cargo-home/bin/cargo" "+1.99.0-beta.8" "metadata" "--manifest-path" "Cargo.toml" "--no-deps", kill_on_drop: false }`
[INFO] crate git repo https://github.com/eightmail/jbash already has a lockfile, it will not be regenerated
[INFO] running `Command { std: CARGO_HOME="/workspace/cargo-home" RUSTUP_HOME="/workspace/rustup-home" "/workspace/cargo-home/bin/cargo" "+1.99.0-beta.8" "fetch" "--manifest-path" "Cargo.toml", kill_on_drop: false }`
[INFO] [stderr]     Blocking waiting for file lock on package cache
[INFO] running `Command { std: "docker" "create" "-v" "/var/lib/crater-agent-workspace/builds/worker-3-tc1/source:/opt/rustwide/workdir:ro,Z" "-v" "/var/lib/crater-agent-workspace/builds/worker-3-tc1/target:/opt/rustwide/target:rw,Z" "-v" "/var/lib/crater-agent-workspace/cargo-home:/opt/rustwide/cargo-home:ro,Z" "-v" "/var/lib/crater-agent-workspace/rustup-home:/opt/rustwide/rustup-home:ro,Z" "-m" "1610612736" "--network" "none" "ghcr.io/rust-lang/crates-build-env/linux@sha256:77db811e55d90add9212f6832c23229e3de5f1c1f9905e8cb07319ea15df73ac" "sleep" "infinity", kill_on_drop: false }`
[INFO] [stdout] 1069e89987b19467ecc7ca463350ec5174de007c0ffda8864e33e61a24298354
[INFO] running `Command { std: "docker" "start" "1069e89987b19467ecc7ca463350ec5174de007c0ffda8864e33e61a24298354", kill_on_drop: false }`
[INFO] running `Command { std: "docker" "inspect" "1069e89987b19467ecc7ca463350ec5174de007c0ffda8864e33e61a24298354", kill_on_drop: false }`
[INFO] running `Command { std: "docker" "exec" "-e" "SOURCE_DIR=/opt/rustwide/workdir" "-e" "CARGO_HOME=/opt/rustwide/cargo-home" "-e" "RUSTUP_HOME=/opt/rustwide/rustup-home" "-e" "CARGO_TARGET_DIR=/opt/rustwide/target" "-w" "/opt/rustwide/workdir" "--user" "0:0" "1069e89987b19467ecc7ca463350ec5174de007c0ffda8864e33e61a24298354" "/opt/rustwide/cargo-home/bin/cargo" "+1.99.0-beta.8" "metadata" "--no-deps" "--format-version=1", kill_on_drop: false }`
[INFO] running `Command { std: "docker" "inspect" "1069e89987b19467ecc7ca463350ec5174de007c0ffda8864e33e61a24298354", kill_on_drop: false }`
[INFO] running `Command { std: "docker" "exec" "-e" "SOURCE_DIR=/opt/rustwide/workdir" "-e" "CARGO_HOME=/opt/rustwide/cargo-home" "-e" "RUSTUP_HOME=/opt/rustwide/rustup-home" "-e" "CARGO_TARGET_DIR=/opt/rustwide/target" "-e" "CARGO_INCREMENTAL=0" "-e" "RUST_BACKTRACE=full" "-e" "RUSTFLAGS=--cap-lints=warn" "-e" "RUSTDOCFLAGS=--cap-lints=warn" "-w" "/opt/rustwide/workdir" "--user" "0:0" "1069e89987b19467ecc7ca463350ec5174de007c0ffda8864e33e61a24298354" "/opt/rustwide/cargo-home/bin/cargo" "+1.99.0-beta.8" "build" "--frozen" "--message-format=json" "--release", kill_on_drop: false }`
[INFO] [stderr]    Compiling cfg_aliases v0.2.2
[INFO] [stderr]    Compiling serde_core v1.0.229
[INFO] [stderr]    Compiling libc v0.2.189
[INFO] [stderr]    Compiling zmij v1.0.23
[INFO] [stderr]    Compiling serde_json v1.0.151
[INFO] [stderr]    Compiling memchr v2.8.3
[INFO] [stderr]    Compiling cfg-if v1.0.4
[INFO] [stderr]    Compiling itoa v1.0.18
[INFO] [stderr]    Compiling bitflags v2.13.2
[INFO] [stderr]    Compiling nix v0.29.0
[INFO] [stderr]    Compiling jbash v0.8.0-alpha (/opt/rustwide/workdir)
[INFO] [stderr]     Finished `release` profile [optimized] target(s) in 17.16s
[INFO] running `Command { std: "docker" "inspect" "1069e89987b19467ecc7ca463350ec5174de007c0ffda8864e33e61a24298354", kill_on_drop: false }`
[INFO] running `Command { std: "docker" "exec" "-e" "SOURCE_DIR=/opt/rustwide/workdir" "-e" "CARGO_HOME=/opt/rustwide/cargo-home" "-e" "RUSTUP_HOME=/opt/rustwide/rustup-home" "-e" "CARGO_TARGET_DIR=/opt/rustwide/target" "-e" "CARGO_INCREMENTAL=0" "-e" "RUST_BACKTRACE=full" "-e" "RUSTFLAGS=--cap-lints=warn" "-e" "RUSTDOCFLAGS=--cap-lints=warn" "-w" "/opt/rustwide/workdir" "--user" "0:0" "1069e89987b19467ecc7ca463350ec5174de007c0ffda8864e33e61a24298354" "/opt/rustwide/cargo-home/bin/cargo" "+1.99.0-beta.8" "test" "--frozen" "--no-run" "--message-format=json" "--release", kill_on_drop: false }`
[INFO] [stderr]    Compiling jbash v0.8.0-alpha (/opt/rustwide/workdir)
[INFO] [stderr]     Finished `release` profile [optimized] target(s) in 11.75s
[INFO] running `Command { std: "docker" "inspect" "1069e89987b19467ecc7ca463350ec5174de007c0ffda8864e33e61a24298354", kill_on_drop: false }`
[INFO] running `Command { std: "docker" "exec" "-e" "SOURCE_DIR=/opt/rustwide/workdir" "-e" "CARGO_HOME=/opt/rustwide/cargo-home" "-e" "RUSTUP_HOME=/opt/rustwide/rustup-home" "-e" "CARGO_TARGET_DIR=/opt/rustwide/target" "-e" "CARGO_INCREMENTAL=0" "-e" "RUST_BACKTRACE=full" "-e" "RUSTFLAGS=--cap-lints=warn" "-e" "RUSTDOCFLAGS=--cap-lints=warn" "-w" "/opt/rustwide/workdir" "--user" "0:0" "1069e89987b19467ecc7ca463350ec5174de007c0ffda8864e33e61a24298354" "/opt/rustwide/cargo-home/bin/cargo" "+1.99.0-beta.8" "test" "--frozen" "--release", kill_on_drop: false }`
[INFO] [stderr]     Finished `release` profile [optimized] target(s) in 0.05s
[INFO] [stderr]      Running unittests src/main.rs (/opt/rustwide/target/release/deps/jbash-42d9ca891d2ff7ca)
[INFO] [stdout] 
[INFO] [stdout] running 22 tests
[INFO] [stdout] test cli_tests::activated_switches_sandbox_off ... ok
[INFO] [stdout] test cli_tests::default_is_sandboxed ... ok
[INFO] [stdout] test llm::spinner_tests::kana_and_bolt_are_bare_and_double_width ... ok
[INFO] [stdout] test cli_tests::flags_once_inside_the_text_are_left_alone ... ok
[INFO] [stdout] test cli_tests::last_flag_wins ... ok
[INFO] [stdout] test cli_tests::deprecated_aliases_still_work ... ok
[INFO] [stdout] test sandbox::tests::veto_allows_benign_commands ... ok
[INFO] [stdout] test sandbox::tests::veto_blocks_obvious_secret_reads ... ok
[INFO] [stdout] test cli_tests::sleeper_switch_keeps_sandbox_on ... ok
[INFO] [stdout] test sandbox::tests::redaction_masks_key_material ... ok
[INFO] [stdout] test llm::spinner_tests::narrow_glyphs_pad_to_two_cells ... ok
[INFO] [stdout] test sandbox::tests::sensitive_env_names_are_detected ... ok
[INFO] [stdout] test prompts::tests::sleeper_uses_builtins_and_ignores_the_file ... ok
[INFO] [stdout] test prompts::tests::broken_json_falls_back_to_builtins ... FAILED
[INFO] [stdout] test llm::tool_tests::vetos_private_key_reads ... ok
[INFO] [stdout] test prompts::tests::activated_writes_defaults_then_serves_them ... ok
[INFO] [stdout] test prompts::tests::activated_serves_fine_tuned_cmd_and_falls_back_for_others ... ok
[INFO] [stdout] test sandbox::tests::sanitized_env_never_contains_secrets ... ok
[INFO] [stdout] test llm::tool_tests::activated_leaves_output_unredacted ... ok
[INFO] [stdout] test llm::tool_tests::sandbox_points_home_at_scratch_dir ... ok
[INFO] [stdout] test llm::tool_tests::redacts_key_material_in_output ... ok
[INFO] [stdout] test llm::tool_tests::sandbox_strips_ssh_agent_env ... ok
[INFO] [stdout] 
[INFO] [stdout] failures:
[INFO] [stdout] 
[INFO] [stdout] ---- prompts::tests::broken_json_falls_back_to_builtins stdout ----
[INFO] [stdout] 
[INFO] [stdout] thread 'prompts::tests::broken_json_falls_back_to_builtins' (435) panicked at src/prompts.rs:170:49:
[INFO] [stdout] called `Result::unwrap()` on an `Err` value: Os { code: 2, kind: NotFound, message: "No such file or directory" }
[INFO] [stdout] stack backtrace:
[INFO] [stdout]    0:     0x56121ecb6687 - <unknown>
[INFO] [stdout]    1:     0x56121ec8db1a - <unknown>
[INFO] [stdout]    2:     0x56121ecb5c3b - <unknown>
[INFO] [stdout]    3:     0x56121ecb571f - <unknown>
[INFO] [stdout]    4:     0x56121ecb534a - <unknown>
[INFO] [stdout]    5:     0x56121ecb4e82 - <unknown>
[INFO] [stdout]    6:     0x56121ecdbca1 - <unknown>
[INFO] [stdout]    7:     0x56121ecdbc59 - <unknown>
[INFO] [stdout]    8:     0x56121ecdc16c - <unknown>
[INFO] [stdout]    9:     0x56121ec8d9ab - <unknown>
[INFO] [stdout]   10:     0x56121ec90c01 - <unknown>
[INFO] [stdout]   11:     0x56121ec89743 - <unknown>
[INFO] [stdout]   12:     0x56121ecf618b - <unknown>
[INFO] [stdout]   13:     0x56121ecf2301 - <unknown>
[INFO] [stdout]   14:     0x56121ecf1aec - <unknown>
[INFO] [stdout]   15:     0x56121ed0e3dc - <unknown>
[INFO] [stdout]   16:     0x56121ecdd5a2 - <unknown>
[INFO] [stdout]   17:     0x736512d30dfa - <unknown>
[INFO] [stdout]   18:     0x736512dc43d4 - clone
[INFO] [stdout]   19:                0x0 - <unknown>
[INFO] [stdout] 
[INFO] [stdout] 
[INFO] [stdout] failures:
[INFO] [stdout]     prompts::tests::broken_json_falls_back_to_builtins
[INFO] [stdout] 
[INFO] [stdout] test result: FAILED. 21 passed; 1 failed; 0 ignored; 0 measured; 0 filtered out; finished in 0.05s
[INFO] [stdout] 
[INFO] [stderr] error: test failed, to rerun pass `--bin jbash`
[INFO] running `Command { std: "docker" "inspect" "1069e89987b19467ecc7ca463350ec5174de007c0ffda8864e33e61a24298354", kill_on_drop: false }`
[INFO] running `Command { std: "docker" "rm" "-f" "1069e89987b19467ecc7ca463350ec5174de007c0ffda8864e33e61a24298354", kill_on_drop: false }`
[INFO] [stdout] 1069e89987b19467ecc7ca463350ec5174de007c0ffda8864e33e61a24298354
