[INFO] cloning repository https://github.com/davibe/danote
[INFO] running `Command { std: "git" "-c" "credential.helper=" "-c" "credential.helper=/workspace/cargo-home/bin/git-credential-null" "clone" "--bare" "https://github.com/davibe/danote" "/workspace/cache/git-repos/https%3A%2F%2Fgithub.com%2Fdavibe%2Fdanote", kill_on_drop: false }`
[INFO] [stderr] Cloning into bare repository '/workspace/cache/git-repos/https%3A%2F%2Fgithub.com%2Fdavibe%2Fdanote'...
[INFO] running `Command { std: "git" "rev-parse" "HEAD", kill_on_drop: false }`
[INFO] [stdout] cb1a3786364e77c86a5292ce2946d43c1ce7c863
[INFO] testing davibe/danote against 1.99.0-beta.8+cargoflags=--release for beta-release-1.100-2
[INFO] running `Command { std: "git" "clone" "/workspace/cache/git-repos/https%3A%2F%2Fgithub.com%2Fdavibe%2Fdanote" "/workspace/builds/worker-0-tc1/source", kill_on_drop: false }`
[INFO] [stderr] Cloning into '/workspace/builds/worker-0-tc1/source'...
[INFO] [stderr] done.
[INFO] started tweaking git repo https://github.com/davibe/danote
[INFO] finished tweaking git repo https://github.com/davibe/danote
[INFO] tweaked toml for git repo https://github.com/davibe/danote written to /workspace/builds/worker-0-tc1/source/Cargo.toml
[INFO] validating manifest of git repo https://github.com/davibe/danote on toolchain 1.99.0-beta.8
[INFO] running `Command { std: CARGO_HOME="/workspace/cargo-home" RUSTUP_HOME="/workspace/rustup-home" "/workspace/cargo-home/bin/cargo" "+1.99.0-beta.8" "metadata" "--manifest-path" "Cargo.toml" "--no-deps", kill_on_drop: false }`
[INFO] crate git repo https://github.com/davibe/danote already has a lockfile, it will not be regenerated
[INFO] running `Command { std: CARGO_HOME="/workspace/cargo-home" RUSTUP_HOME="/workspace/rustup-home" "/workspace/cargo-home/bin/cargo" "+1.99.0-beta.8" "fetch" "--manifest-path" "Cargo.toml", kill_on_drop: false }`
[INFO] running `Command { std: "docker" "create" "-v" "/var/lib/crater-agent-workspace/builds/worker-0-tc1/source:/opt/rustwide/workdir:ro,Z" "-v" "/var/lib/crater-agent-workspace/builds/worker-0-tc1/target:/opt/rustwide/target:rw,Z" "-v" "/var/lib/crater-agent-workspace/cargo-home:/opt/rustwide/cargo-home:ro,Z" "-v" "/var/lib/crater-agent-workspace/rustup-home:/opt/rustwide/rustup-home:ro,Z" "-m" "1610612736" "--network" "none" "ghcr.io/rust-lang/crates-build-env/linux@sha256:77db811e55d90add9212f6832c23229e3de5f1c1f9905e8cb07319ea15df73ac" "sleep" "infinity", kill_on_drop: false }`
[INFO] [stdout] 82a7b4628193d0330b99d1c550320444069066e05b64b421f1b5160e34f6e76c
[INFO] running `Command { std: "docker" "start" "82a7b4628193d0330b99d1c550320444069066e05b64b421f1b5160e34f6e76c", kill_on_drop: false }`
[INFO] running `Command { std: "docker" "inspect" "82a7b4628193d0330b99d1c550320444069066e05b64b421f1b5160e34f6e76c", kill_on_drop: false }`
[INFO] running `Command { std: "docker" "exec" "-e" "SOURCE_DIR=/opt/rustwide/workdir" "-e" "CARGO_HOME=/opt/rustwide/cargo-home" "-e" "RUSTUP_HOME=/opt/rustwide/rustup-home" "-e" "CARGO_TARGET_DIR=/opt/rustwide/target" "-w" "/opt/rustwide/workdir" "--user" "0:0" "82a7b4628193d0330b99d1c550320444069066e05b64b421f1b5160e34f6e76c" "/opt/rustwide/cargo-home/bin/cargo" "+1.99.0-beta.8" "metadata" "--no-deps" "--format-version=1", kill_on_drop: false }`
[INFO] running `Command { std: "docker" "inspect" "82a7b4628193d0330b99d1c550320444069066e05b64b421f1b5160e34f6e76c", kill_on_drop: false }`
[INFO] running `Command { std: "docker" "exec" "-e" "SOURCE_DIR=/opt/rustwide/workdir" "-e" "CARGO_HOME=/opt/rustwide/cargo-home" "-e" "RUSTUP_HOME=/opt/rustwide/rustup-home" "-e" "CARGO_TARGET_DIR=/opt/rustwide/target" "-e" "CARGO_INCREMENTAL=0" "-e" "RUST_BACKTRACE=full" "-e" "RUSTFLAGS=--cap-lints=warn" "-e" "RUSTDOCFLAGS=--cap-lints=warn" "-w" "/opt/rustwide/workdir" "--user" "0:0" "82a7b4628193d0330b99d1c550320444069066e05b64b421f1b5160e34f6e76c" "/opt/rustwide/cargo-home/bin/cargo" "+1.99.0-beta.8" "build" "--frozen" "--message-format=json" "--release", kill_on_drop: false }`
[INFO] [stderr]    Compiling libc v0.2.189
[INFO] [stderr]    Compiling rustix v1.1.4
[INFO] [stderr]    Compiling linux-raw-sys v0.12.1
[INFO] [stderr]    Compiling bitflags v2.13.1
[INFO] [stderr]    Compiling smallvec v1.15.2
[INFO] [stderr]    Compiling unicode-segmentation v1.13.3
[INFO] [stderr]    Compiling cfg-if v1.0.4
[INFO] [stderr]    Compiling scopeguard v1.2.0
[INFO] [stderr]    Compiling log v0.4.34
[INFO] [stderr]    Compiling x11rb-protocol v0.13.2
[INFO] [stderr]    Compiling litrs v1.0.0
[INFO] [stderr]    Compiling parking_lot_core v0.9.12
[INFO] [stderr]    Compiling signal-hook v0.3.18
[INFO] [stderr]    Compiling percent-encoding v2.3.2
[INFO] [stderr]    Compiling syn v2.0.119
[INFO] [stderr]    Compiling lock_api v0.4.14
[INFO] [stderr]    Compiling convert_case v0.10.0
[INFO] [stderr]    Compiling document-features v0.2.12
[INFO] [stderr]    Compiling errno v0.3.14
[INFO] [stderr]    Compiling mio v1.2.2
[INFO] [stderr]    Compiling signal-hook-registry v1.4.8
[INFO] [stderr]    Compiling parking_lot v0.12.5
[INFO] [stderr]    Compiling signal-hook-mio v0.2.5
[INFO] [stderr]    Compiling derive_more-impl v2.1.1
[INFO] [stderr]    Compiling derive_more v2.1.1
[INFO] [stderr]    Compiling gethostname v1.1.0
[INFO] [stderr]    Compiling crossterm v0.29.0
[INFO] [stderr]    Compiling x11rb v0.13.2
[INFO] [stderr]    Compiling arboard v3.6.1
[INFO] [stderr]    Compiling danote v0.1.0 (/opt/rustwide/workdir)
[INFO] [stderr]     Finished `release` profile [optimized] target(s) in 27.48s
[INFO] running `Command { std: "docker" "inspect" "82a7b4628193d0330b99d1c550320444069066e05b64b421f1b5160e34f6e76c", kill_on_drop: false }`
[INFO] running `Command { std: "docker" "exec" "-e" "SOURCE_DIR=/opt/rustwide/workdir" "-e" "CARGO_HOME=/opt/rustwide/cargo-home" "-e" "RUSTUP_HOME=/opt/rustwide/rustup-home" "-e" "CARGO_TARGET_DIR=/opt/rustwide/target" "-e" "CARGO_INCREMENTAL=0" "-e" "RUST_BACKTRACE=full" "-e" "RUSTFLAGS=--cap-lints=warn" "-e" "RUSTDOCFLAGS=--cap-lints=warn" "-w" "/opt/rustwide/workdir" "--user" "0:0" "82a7b4628193d0330b99d1c550320444069066e05b64b421f1b5160e34f6e76c" "/opt/rustwide/cargo-home/bin/cargo" "+1.99.0-beta.8" "test" "--frozen" "--no-run" "--message-format=json" "--release", kill_on_drop: false }`
[INFO] [stderr]    Compiling linux-raw-sys v0.12.1
[INFO] [stderr]    Compiling bitflags v2.13.1
[INFO] [stderr]    Compiling log v0.4.34
[INFO] [stderr]    Compiling cfg-if v1.0.4
[INFO] [stderr]    Compiling scopeguard v1.2.0
[INFO] [stderr]    Compiling smallvec v1.15.2
[INFO] [stderr]    Compiling libc v0.2.189
[INFO] [stderr]    Compiling x11rb-protocol v0.13.2
[INFO] [stderr]    Compiling percent-encoding v2.3.2
[INFO] [stderr]    Compiling derive_more v2.1.1
[INFO] [stderr]    Compiling lock_api v0.4.14
[INFO] [stderr]    Compiling errno v0.3.14
[INFO] [stderr]    Compiling parking_lot_core v0.9.12
[INFO] [stderr]    Compiling mio v1.2.2
[INFO] [stderr]    Compiling signal-hook-registry v1.4.8
[INFO] [stderr]    Compiling parking_lot v0.12.5
[INFO] [stderr]    Compiling signal-hook v0.3.18
[INFO] [stderr]    Compiling rustix v1.1.4
[INFO] [stderr]    Compiling signal-hook-mio v0.2.5
[INFO] [stderr]    Compiling gethostname v1.1.0
[INFO] [stderr]    Compiling crossterm v0.29.0
[INFO] [stderr]    Compiling x11rb v0.13.2
[INFO] [stderr]    Compiling arboard v3.6.1
[INFO] [stderr]    Compiling danote v0.1.0 (/opt/rustwide/workdir)
[INFO] [stderr]     Finished `release` profile [optimized] target(s) in 38.87s
[INFO] running `Command { std: "docker" "inspect" "82a7b4628193d0330b99d1c550320444069066e05b64b421f1b5160e34f6e76c", kill_on_drop: false }`
[INFO] running `Command { std: "docker" "exec" "-e" "SOURCE_DIR=/opt/rustwide/workdir" "-e" "CARGO_HOME=/opt/rustwide/cargo-home" "-e" "RUSTUP_HOME=/opt/rustwide/rustup-home" "-e" "CARGO_TARGET_DIR=/opt/rustwide/target" "-e" "CARGO_INCREMENTAL=0" "-e" "RUST_BACKTRACE=full" "-e" "RUSTFLAGS=--cap-lints=warn" "-e" "RUSTDOCFLAGS=--cap-lints=warn" "-w" "/opt/rustwide/workdir" "--user" "0:0" "82a7b4628193d0330b99d1c550320444069066e05b64b421f1b5160e34f6e76c" "/opt/rustwide/cargo-home/bin/cargo" "+1.99.0-beta.8" "test" "--frozen" "--release", kill_on_drop: false }`
[INFO] [stderr]     Finished `release` profile [optimized] target(s) in 0.09s
[INFO] [stderr]      Running unittests src/lib.rs (/opt/rustwide/target/release/deps/danote-1a8237754b7ca0aa)
[INFO] [stdout] 
[INFO] [stdout] running 9 tests
[INFO] [stdout] test editor::tests::moving_lines_preserves_selection_and_final_newline ... ok
[INFO] [stdout] test editor::tests::word_motion_stops_at_word_edges ... ok
[INFO] [stdout] test tests::persists_searches_and_discards_notes ... ok
[INFO] [stdout] test tests::fuzzy_searches_full_bodies_and_ranks_contiguous_matches ... ok
[INFO] [stdout] test tests::copies_file_attachments ... ok
[INFO] [stderr] error: test failed, to rerun pass `--lib`
[INFO] [stdout] test editor::tests::unicode_selection_replaces_and_deletes_in_both_directions ... ok
[INFO] [stdout] test tests::saving_moves_a_note_to_the_top ... ok
[INFO] [stdout] test tests::writes_png_attachment ... ok
[INFO] [stdout] test tests::pins_persist_and_saves_preserve_both_groups_and_selection ... FAILED
[INFO] [stdout] 
[INFO] [stdout] failures:
[INFO] [stdout] 
[INFO] [stdout] ---- tests::pins_persist_and_saves_preserve_both_groups_and_selection stdout ----
[INFO] [stdout] 
[INFO] [stdout] thread 'tests::pins_persist_and_saves_preserve_both_groups_and_selection' (705) panicked at src/lib.rs:370:9:
[INFO] [stdout] assertion `left == right` failed
[INFO] [stdout]   left: "new pinned"
[INFO] [stdout]  right: "old pinned"
[INFO] [stdout] stack backtrace:
[INFO] [stdout]    0:     0x62afbd5c8607 - <unknown>
[INFO] [stdout]    1:     0x62afbd5b097a - <unknown>
[INFO] [stdout]    2:     0x62afbd5c7bbb - <unknown>
[INFO] [stdout]    3:     0x62afbd5c769f - <unknown>
[INFO] [stdout]    4:     0x62afbd5c72ca - <unknown>
[INFO] [stdout]    5:     0x62afbd5c6e02 - <unknown>
[INFO] [stdout]    6:     0x62afbd5ee201 - <unknown>
[INFO] [stdout]    7:     0x62afbd5ee1b9 - <unknown>
[INFO] [stdout]    8:     0x62afbd5ee6cc - <unknown>
[INFO] [stdout]    9:     0x62afbd5b080b - <unknown>
[INFO] [stdout]   10:     0x62afbd5b072a - <unknown>
[INFO] [stdout]   11:     0x62afbd59be71 - <unknown>
[INFO] [stdout]   12:     0x62afbd5ad426 - <unknown>
[INFO] [stdout]   13:     0x62afbd60938b - <unknown>
[INFO] [stdout]   14:     0x62afbd60499f - <unknown>
[INFO] [stdout]   15:     0x62afbd60441c - <unknown>
[INFO] [stdout]   16:     0x62afbd6215dc - <unknown>
[INFO] [stdout]   17:     0x62afbd5efb22 - <unknown>
[INFO] [stdout]   18:     0x7c9f5304bdfa - <unknown>
[INFO] [stdout]   19:     0x7c9f530df3d4 - clone
[INFO] [stdout]   20:                0x0 - <unknown>
[INFO] [stdout] 
[INFO] [stdout] 
[INFO] [stdout] failures:
[INFO] [stdout]     tests::pins_persist_and_saves_preserve_both_groups_and_selection
[INFO] [stdout] 
[INFO] [stdout] test result: FAILED. 8 passed; 1 failed; 0 ignored; 0 measured; 0 filtered out; finished in 0.00s
[INFO] [stdout] 
[INFO] running `Command { std: "docker" "inspect" "82a7b4628193d0330b99d1c550320444069066e05b64b421f1b5160e34f6e76c", kill_on_drop: false }`
[INFO] running `Command { std: "docker" "rm" "-f" "82a7b4628193d0330b99d1c550320444069066e05b64b421f1b5160e34f6e76c", kill_on_drop: false }`
[INFO] [stdout] 82a7b4628193d0330b99d1c550320444069066e05b64b421f1b5160e34f6e76c
