[INFO] cloning repository https://github.com/axonibyte/isolex
[INFO] running `Command { std: "git" "-c" "credential.helper=" "-c" "credential.helper=/workspace/cargo-home/bin/git-credential-null" "clone" "--bare" "https://github.com/axonibyte/isolex" "/workspace/cache/git-repos/https%3A%2F%2Fgithub.com%2Faxonibyte%2Fisolex", kill_on_drop: false }`
[INFO] [stderr] Cloning into bare repository '/workspace/cache/git-repos/https%3A%2F%2Fgithub.com%2Faxonibyte%2Fisolex'...
[INFO] running `Command { std: "git" "rev-parse" "HEAD", kill_on_drop: false }`
[INFO] [stdout] a79544a2e6f42fe7de2c45872f5d81ad755ff80b
[INFO] testing axonibyte/isolex against 1.99.0-beta.8+cargoflags=--release for beta-release-1.100-2
[INFO] running `Command { std: "git" "clone" "/workspace/cache/git-repos/https%3A%2F%2Fgithub.com%2Faxonibyte%2Fisolex" "/workspace/builds/worker-0-tc1/source", kill_on_drop: false }`
[INFO] [stderr] Cloning into '/workspace/builds/worker-0-tc1/source'...
[INFO] [stderr] done.
[INFO] started tweaking git repo https://github.com/axonibyte/isolex
[INFO] finished tweaking git repo https://github.com/axonibyte/isolex
[INFO] tweaked toml for git repo https://github.com/axonibyte/isolex written to /workspace/builds/worker-0-tc1/source/Cargo.toml
[INFO] validating manifest of git repo https://github.com/axonibyte/isolex on toolchain 1.99.0-beta.8
[INFO] running `Command { std: CARGO_HOME="/workspace/cargo-home" RUSTUP_HOME="/workspace/rustup-home" "/workspace/cargo-home/bin/cargo" "+1.99.0-beta.8" "metadata" "--manifest-path" "Cargo.toml" "--no-deps", kill_on_drop: false }`
[INFO] crate git repo https://github.com/axonibyte/isolex already has a lockfile, it will not be regenerated
[INFO] running `Command { std: CARGO_HOME="/workspace/cargo-home" RUSTUP_HOME="/workspace/rustup-home" "/workspace/cargo-home/bin/cargo" "+1.99.0-beta.8" "fetch" "--manifest-path" "Cargo.toml", kill_on_drop: false }`
[INFO] running `Command { std: "docker" "create" "-v" "/var/lib/crater-agent-workspace/builds/worker-0-tc1/source:/opt/rustwide/workdir:ro,Z" "-v" "/var/lib/crater-agent-workspace/builds/worker-0-tc1/target:/opt/rustwide/target:rw,Z" "-v" "/var/lib/crater-agent-workspace/cargo-home:/opt/rustwide/cargo-home:ro,Z" "-v" "/var/lib/crater-agent-workspace/rustup-home:/opt/rustwide/rustup-home:ro,Z" "-m" "1610612736" "--network" "none" "ghcr.io/rust-lang/crates-build-env/linux@sha256:77db811e55d90add9212f6832c23229e3de5f1c1f9905e8cb07319ea15df73ac" "sleep" "infinity", kill_on_drop: false }`
[INFO] [stdout] edde134efda793469fee65054b48f339fbd9febcea833de122668389357c611c
[INFO] running `Command { std: "docker" "start" "edde134efda793469fee65054b48f339fbd9febcea833de122668389357c611c", kill_on_drop: false }`
[INFO] running `Command { std: "docker" "inspect" "edde134efda793469fee65054b48f339fbd9febcea833de122668389357c611c", kill_on_drop: false }`
[INFO] running `Command { std: "docker" "exec" "-e" "SOURCE_DIR=/opt/rustwide/workdir" "-e" "CARGO_HOME=/opt/rustwide/cargo-home" "-e" "RUSTUP_HOME=/opt/rustwide/rustup-home" "-e" "CARGO_TARGET_DIR=/opt/rustwide/target" "-w" "/opt/rustwide/workdir" "--user" "0:0" "edde134efda793469fee65054b48f339fbd9febcea833de122668389357c611c" "/opt/rustwide/cargo-home/bin/cargo" "+1.99.0-beta.8" "metadata" "--no-deps" "--format-version=1", kill_on_drop: false }`
[INFO] running `Command { std: "docker" "inspect" "edde134efda793469fee65054b48f339fbd9febcea833de122668389357c611c", kill_on_drop: false }`
[INFO] running `Command { std: "docker" "exec" "-e" "SOURCE_DIR=/opt/rustwide/workdir" "-e" "CARGO_HOME=/opt/rustwide/cargo-home" "-e" "RUSTUP_HOME=/opt/rustwide/rustup-home" "-e" "CARGO_TARGET_DIR=/opt/rustwide/target" "-e" "CARGO_INCREMENTAL=0" "-e" "RUST_BACKTRACE=full" "-e" "RUSTFLAGS=--cap-lints=warn" "-e" "RUSTDOCFLAGS=--cap-lints=warn" "-w" "/opt/rustwide/workdir" "--user" "0:0" "edde134efda793469fee65054b48f339fbd9febcea833de122668389357c611c" "/opt/rustwide/cargo-home/bin/cargo" "+1.99.0-beta.8" "build" "--frozen" "--message-format=json" "--release", kill_on_drop: false }`
[INFO] [stderr]    Compiling proc-macro2 v1.0.107
[INFO] [stderr]    Compiling quote v1.0.47
[INFO] [stderr]    Compiling serde_core v1.0.229
[INFO] [stderr]    Compiling serde v1.0.229
[INFO] [stderr]    Compiling zmij v1.0.23
[INFO] [stderr]    Compiling cfg-if v1.0.4
[INFO] [stderr]    Compiling num-traits v0.2.19
[INFO] [stderr]    Compiling serde_json v1.0.151
[INFO] [stderr]    Compiling hashbrown v0.17.1
[INFO] [stderr]    Compiling unicode-width v0.1.14
[INFO] [stderr]    Compiling equivalent v1.0.2
[INFO] [stderr]    Compiling itoa v1.0.18
[INFO] [stderr]    Compiling winnow v0.7.15
[INFO] [stderr]    Compiling memchr v2.8.3
[INFO] [stderr]    Compiling indexmap v2.14.2
[INFO] [stderr]    Compiling syn v2.0.119
[INFO] [stderr]    Compiling syn v3.0.5
[INFO] [stderr]    Compiling serde_derive v1.0.229
[INFO] [stderr]    Compiling miette-derive v7.6.0
[INFO] [stderr]    Compiling miette v7.6.0
[INFO] [stderr]    Compiling kdl v6.7.1
[INFO] [stderr]    Compiling isolex v0.1.1 (/opt/rustwide/workdir)
[INFO] [stderr]     Finished `release` profile [optimized] target(s) in 54.40s
[INFO] running `Command { std: "docker" "inspect" "edde134efda793469fee65054b48f339fbd9febcea833de122668389357c611c", kill_on_drop: false }`
[INFO] running `Command { std: "docker" "exec" "-e" "SOURCE_DIR=/opt/rustwide/workdir" "-e" "CARGO_HOME=/opt/rustwide/cargo-home" "-e" "RUSTUP_HOME=/opt/rustwide/rustup-home" "-e" "CARGO_TARGET_DIR=/opt/rustwide/target" "-e" "CARGO_INCREMENTAL=0" "-e" "RUST_BACKTRACE=full" "-e" "RUSTFLAGS=--cap-lints=warn" "-e" "RUSTDOCFLAGS=--cap-lints=warn" "-w" "/opt/rustwide/workdir" "--user" "0:0" "edde134efda793469fee65054b48f339fbd9febcea833de122668389357c611c" "/opt/rustwide/cargo-home/bin/cargo" "+1.99.0-beta.8" "test" "--frozen" "--no-run" "--message-format=json" "--release", kill_on_drop: false }`
[INFO] [stderr]    Compiling isolex v0.1.1 (/opt/rustwide/workdir)
[INFO] [stderr]     Finished `release` profile [optimized] target(s) in 1m 11s
[INFO] running `Command { std: "docker" "inspect" "edde134efda793469fee65054b48f339fbd9febcea833de122668389357c611c", kill_on_drop: false }`
[INFO] running `Command { std: "docker" "exec" "-e" "SOURCE_DIR=/opt/rustwide/workdir" "-e" "CARGO_HOME=/opt/rustwide/cargo-home" "-e" "RUSTUP_HOME=/opt/rustwide/rustup-home" "-e" "CARGO_TARGET_DIR=/opt/rustwide/target" "-e" "CARGO_INCREMENTAL=0" "-e" "RUST_BACKTRACE=full" "-e" "RUSTFLAGS=--cap-lints=warn" "-e" "RUSTDOCFLAGS=--cap-lints=warn" "-w" "/opt/rustwide/workdir" "--user" "0:0" "edde134efda793469fee65054b48f339fbd9febcea833de122668389357c611c" "/opt/rustwide/cargo-home/bin/cargo" "+1.99.0-beta.8" "test" "--frozen" "--release", kill_on_drop: false }`
[INFO] [stderr]     Finished `release` profile [optimized] target(s) in 0.09s
[INFO] [stderr]      Running unittests src/lib.rs (/opt/rustwide/target/release/deps/isolex-eab121e2be57ca57)
[INFO] [stdout] 
[INFO] [stdout] running 10 tests
[INFO] [stdout] test expr::tests::numeric_positions_reject_bare_booleans ... ok
[INFO] [stdout] test expr::tests::functions ... ok
[INFO] [stdout] test expr::tests::when_guards_require_bool_roots ... ok
[INFO] [stdout] test project::tests::projection_constants_match_the_reference_values ... ok
[INFO] [stdout] test expr::tests::arithmetic_and_precedence ... ok
[INFO] [stderr]      Running unittests src/bin/battery.rs (/opt/rustwide/target/release/deps/battery-21b032411a77470f)
[INFO] [stdout] test project::tests::volume_viewbox_matches_the_reference_shape ... ok
[INFO] [stdout] test expr::tests::eval_failures_are_diagnostic ... ok
[INFO] [stdout] test expr::tests::if_with_boolean_condition ... ok
[INFO] [stdout] test expr::tests::rejections_carry_offsets_and_name_the_sin ... ok
[INFO] [stdout] test expr::tests::variables_and_the_port_row_shape ... ok
[INFO] [stdout] 
[INFO] [stdout] test result: ok. 10 passed; 0 failed; 0 ignored; 0 measured; 0 filtered out; finished in 0.00s
[INFO] [stdout] 
[INFO] [stdout] 
[INFO] [stdout] running 2 tests
[INFO] [stdout] test tests::census_checker_fires_on_doctored_ir ... ok
[INFO] [stdout] test tests::generator_is_deterministic_per_seed ... ok
[INFO] [stdout] 
[INFO] [stdout] test result: ok. 2 passed; 0 failed; 0 ignored; 0 measured; 0 filtered out; finished in 0.00s
[INFO] [stdout] 
[INFO] [stderr]      Running unittests src/main.rs (/opt/rustwide/target/release/deps/isolex-31cc594b3a738488)
[INFO] [stdout] 
[INFO] [stdout] running 0 tests
[INFO] [stdout] 
[INFO] [stdout] test result: ok. 0 passed; 0 failed; 0 ignored; 0 measured; 0 filtered out; finished in 0.00s
[INFO] [stdout] 
[INFO] [stderr]      Running tests/e2e.rs (/opt/rustwide/target/release/deps/e2e-f223c1bef8631b3d)
[INFO] [stdout] 
[INFO] [stdout] running 5 tests
[INFO] [stdout] test docs_emits_reference_tables ... FAILED
[INFO] [stdout] test check_reports_counts_and_exits_zero ... FAILED
[INFO] [stdout] test check_failures_render_file_line_col_and_exit_nonzero ... ok
[INFO] [stdout] test ir_carries_axis_expansion_and_badge_groups ... FAILED
[INFO] [stdout] test compile_matches_the_ir_golden_and_is_deterministic ... ok
[INFO] [stdout] 
[INFO] [stdout] failures:
[INFO] [stdout] 
[INFO] [stdout] ---- docs_emits_reference_tables stdout ----
[INFO] [stdout] 
[INFO] [stdout] thread 'docs_emits_reference_tables' (744) panicked at tests/e2e.rs:118:5:
[INFO] [stdout] # Lexicon reference
[INFO] [stdout] 
[INFO] [stdout] stack backtrace:
[INFO] [stdout]    0:     0x593623648f27 - <unknown>
[INFO] [stdout]    1:     0x5936236287da - <unknown>
[INFO] [stdout]    2:     0x5936236484db - <unknown>
[INFO] [stdout]    3:     0x593623647fbf - <unknown>
[INFO] [stdout]    4:     0x593623647bea - <unknown>
[INFO] [stdout]    5:     0x593623647722 - <unknown>
[INFO] [stdout]    6:     0x59362366eb91 - <unknown>
[INFO] [stdout]    7:     0x59362366eb49 - <unknown>
[INFO] [stdout]    8:     0x59362366f05c - <unknown>
[INFO] [stdout]    9:     0x59362362866b - <unknown>
[INFO] [stdout]   10:     0x5936236252d4 - <unknown>
[INFO] [stdout]   11:     0x593623687c8b - <unknown>
[INFO] [stdout]   12:     0x593623683e01 - <unknown>
[INFO] [stdout]   13:     0x5936236835ec - <unknown>
[INFO] [stdout]   14:     0x59362369fedc - <unknown>
[INFO] [stdout]   15:     0x5936236704d2 - <unknown>
[INFO] [stdout]   16:     0x76c6679fcdfa - <unknown>
[INFO] [stdout]   17:     0x76c667a903d4 - clone
[INFO] [stdout]   18:                0x0 - <unknown>
[INFO] [stdout] 
[INFO] [stdout] ---- check_reports_counts_and_exits_zero stdout ----
[INFO] [stdout] 
[INFO] [stdout] thread 'check_reports_counts_and_exits_zero' (742) panicked at tests/e2e.rs:30:5:
[INFO] [stdout] ok: 0 definition(s), 0 icon(s) emitted
[INFO] [stdout] 
[INFO] [stdout] stack backtrace:
[INFO] [stdout]    0:     0x593623648f27 - <unknown>
[INFO] [stdout]    1:     0x5936236287da - <unknown>
[INFO] [stdout]    2:     0x5936236484db - <unknown>
[INFO] [stdout]    3:     0x593623647fbf - <unknown>
[INFO] [stdout]    4:     0x593623647bea - <unknown>
[INFO] [stdout]    5:     0x593623647722 - <unknown>
[INFO] [stdout]    6:     0x59362366eb91 - <unknown>
[INFO] [stdout]    7:     0x59362366eb49 - <unknown>
[INFO] [stdout]    8:     0x59362366f05c - <unknown>
[INFO] [stdout]    9:     0x59362362866b - <unknown>
[INFO] [stdout]   10:     0x5936236255a9 - <unknown>
[INFO] [stdout]   11:     0x593623687c8b - <unknown>
[INFO] [stdout]   12:     0x593623683e01 - <unknown>
[INFO] [stdout]   13:     0x5936236835ec - <unknown>
[INFO] [stdout]   14:     0x59362369fedc - <unknown>
[INFO] [stdout]   15:     0x5936236704d2 - <unknown>
[INFO] [stdout]   16:     0x76c6679fcdfa - <unknown>
[INFO] [stdout]   17:     0x76c667a903d4 - clone
[INFO] [stdout]   18:                0x0 - <unknown>
[INFO] [stdout] 
[INFO] [stdout] ---- ir_carries_axis_expansion_and_badge_groups stdout ----
[INFO] [stdout] 
[INFO] [stdout] thread 'ir_carries_axis_expansion_and_badge_groups' (745) panicked at tests/e2e.rs:87:5:
[INFO] [stdout] assertion failed: names.contains(&"switch-poe")
[INFO] [stdout] stack backtrace:
[INFO] [stdout]    0:     0x593623648f27 - <unknown>
[INFO] [stdout]    1:     0x5936236287da - <unknown>
[INFO] [stdout]    2:     0x5936236484db - <unknown>
[INFO] [stdout]    3:     0x593623647fbf - <unknown>
[INFO] [stdout]    4:     0x593623647bea - <unknown>
[INFO] [stdout]    5:     0x593623647722 - <unknown>
[INFO] [stdout]    6:     0x59362366ebc2 - <unknown>
[INFO] [stdout]    7:     0x59362366eb49 - <unknown>
[INFO] [stdout]    8:     0x59362366f05c - <unknown>
[INFO] [stdout]    9:     0x59362362866b - <unknown>
[INFO] [stdout]   10:     0x59362362a4c1 - <unknown>
[INFO] [stdout]   11:     0x593623625df1 - <unknown>
[INFO] [stdout]   12:     0x593623687c8b - <unknown>
[INFO] [stdout]   13:     0x593623683e01 - <unknown>
[INFO] [stdout]   14:     0x5936236835ec - <unknown>
[INFO] [stdout]   15:     0x59362369fedc - <unknown>
[INFO] [stdout]   16:     0x5936236704d2 - <unknown>
[INFO] [stdout]   17:     0x76c6679fcdfa - <unknown>
[INFO] [stdout]   18:     0x76c667a903d4 - clone
[INFO] [stdout]   19:                0x0 - <unknown>
[INFO] [stdout] 
[INFO] [stdout] 
[INFO] [stdout] failures:
[INFO] [stdout]     check_reports_counts_and_exits_zero
[INFO] [stdout]     docs_emits_reference_tables
[INFO] [stdout]     ir_carries_axis_expansion_and_badge_groups
[INFO] [stdout] 
[INFO] [stdout] test result: FAILED. 2 passed; 3 failed; 0 ignored; 0 measured; 0 filtered out; finished in 0.06s
[INFO] [stdout] 
[INFO] [stderr] error: test failed, to rerun pass `--test e2e`
[INFO] running `Command { std: "docker" "inspect" "edde134efda793469fee65054b48f339fbd9febcea833de122668389357c611c", kill_on_drop: false }`
[INFO] running `Command { std: "docker" "rm" "-f" "edde134efda793469fee65054b48f339fbd9febcea833de122668389357c611c", kill_on_drop: false }`
[INFO] [stdout] edde134efda793469fee65054b48f339fbd9febcea833de122668389357c611c
