[INFO] cloning repository https://github.com/awneesht/NeuronBus
[INFO] running `Command { std: "git" "-c" "credential.helper=" "-c" "credential.helper=/workspace/cargo-home/bin/git-credential-null" "clone" "--bare" "https://github.com/awneesht/NeuronBus" "/workspace/cache/git-repos/https%3A%2F%2Fgithub.com%2Fawneesht%2FNeuronBus", kill_on_drop: false }`
[INFO] [stderr] Cloning into bare repository '/workspace/cache/git-repos/https%3A%2F%2Fgithub.com%2Fawneesht%2FNeuronBus'...
[INFO] running `Command { std: "git" "rev-parse" "HEAD", kill_on_drop: false }`
[INFO] [stdout] 1fb46291d910024ffdf13c41678c3e8b3f064182
[INFO] testing awneesht/NeuronBus against 1.99.0-beta.8+cargoflags=--release for beta-release-1.100-2
[INFO] running `Command { std: "git" "clone" "/workspace/cache/git-repos/https%3A%2F%2Fgithub.com%2Fawneesht%2FNeuronBus" "/workspace/builds/worker-0-tc1/source", kill_on_drop: false }`
[INFO] [stderr] Cloning into '/workspace/builds/worker-0-tc1/source'...
[INFO] [stderr] done.
[INFO] started tweaking git repo https://github.com/awneesht/NeuronBus
[INFO] finished tweaking git repo https://github.com/awneesht/NeuronBus
[INFO] tweaked toml for git repo https://github.com/awneesht/NeuronBus written to /workspace/builds/worker-0-tc1/source/Cargo.toml
[INFO] validating manifest of git repo https://github.com/awneesht/NeuronBus on toolchain 1.99.0-beta.8
[INFO] running `Command { std: CARGO_HOME="/workspace/cargo-home" RUSTUP_HOME="/workspace/rustup-home" "/workspace/cargo-home/bin/cargo" "+1.99.0-beta.8" "metadata" "--manifest-path" "Cargo.toml" "--no-deps", kill_on_drop: false }`
[INFO] crate git repo https://github.com/awneesht/NeuronBus already has a lockfile, it will not be regenerated
[INFO] running `Command { std: CARGO_HOME="/workspace/cargo-home" RUSTUP_HOME="/workspace/rustup-home" "/workspace/cargo-home/bin/cargo" "+1.99.0-beta.8" "fetch" "--manifest-path" "Cargo.toml", kill_on_drop: false }`
[INFO] [stderr]  Downloading crates ...
[INFO] [stderr]   Downloaded io-uring v0.7.11
[INFO] [stderr]   Downloaded clap v4.5.58
[INFO] [stderr]   Downloaded clap_builder v4.5.58
[INFO] running `Command { std: "docker" "create" "-v" "/var/lib/crater-agent-workspace/builds/worker-0-tc1/source:/opt/rustwide/workdir:ro,Z" "-v" "/var/lib/crater-agent-workspace/builds/worker-0-tc1/target:/opt/rustwide/target:rw,Z" "-v" "/var/lib/crater-agent-workspace/cargo-home:/opt/rustwide/cargo-home:ro,Z" "-v" "/var/lib/crater-agent-workspace/rustup-home:/opt/rustwide/rustup-home:ro,Z" "-m" "1610612736" "--network" "none" "ghcr.io/rust-lang/crates-build-env/linux@sha256:77db811e55d90add9212f6832c23229e3de5f1c1f9905e8cb07319ea15df73ac" "sleep" "infinity", kill_on_drop: false }`
[INFO] [stdout] ffb98ba2514a8b3238012f498ce76f4ac8acf1550a51d82131d9656054269a38
[INFO] running `Command { std: "docker" "start" "ffb98ba2514a8b3238012f498ce76f4ac8acf1550a51d82131d9656054269a38", kill_on_drop: false }`
[INFO] running `Command { std: "docker" "inspect" "ffb98ba2514a8b3238012f498ce76f4ac8acf1550a51d82131d9656054269a38", kill_on_drop: false }`
[INFO] running `Command { std: "docker" "exec" "-e" "SOURCE_DIR=/opt/rustwide/workdir" "-e" "CARGO_HOME=/opt/rustwide/cargo-home" "-e" "RUSTUP_HOME=/opt/rustwide/rustup-home" "-e" "CARGO_TARGET_DIR=/opt/rustwide/target" "-w" "/opt/rustwide/workdir" "--user" "0:0" "ffb98ba2514a8b3238012f498ce76f4ac8acf1550a51d82131d9656054269a38" "/opt/rustwide/cargo-home/bin/cargo" "+1.99.0-beta.8" "metadata" "--no-deps" "--format-version=1", kill_on_drop: false }`
[INFO] running `Command { std: "docker" "inspect" "ffb98ba2514a8b3238012f498ce76f4ac8acf1550a51d82131d9656054269a38", kill_on_drop: false }`
[INFO] running `Command { std: "docker" "exec" "-e" "SOURCE_DIR=/opt/rustwide/workdir" "-e" "CARGO_HOME=/opt/rustwide/cargo-home" "-e" "RUSTUP_HOME=/opt/rustwide/rustup-home" "-e" "CARGO_TARGET_DIR=/opt/rustwide/target" "-e" "CARGO_INCREMENTAL=0" "-e" "RUST_BACKTRACE=full" "-e" "RUSTFLAGS=--cap-lints=warn" "-e" "RUSTDOCFLAGS=--cap-lints=warn" "-w" "/opt/rustwide/workdir" "--user" "0:0" "ffb98ba2514a8b3238012f498ce76f4ac8acf1550a51d82131d9656054269a38" "/opt/rustwide/cargo-home/bin/cargo" "+1.99.0-beta.8" "build" "--frozen" "--message-format=json" "--release", kill_on_drop: false }`
[INFO] [stderr]    Compiling libc v0.2.181
[INFO] [stderr]    Compiling unicode-ident v1.0.23
[INFO] [stderr]    Compiling smallvec v1.15.1
[INFO] [stderr]    Compiling io-uring v0.7.11
[INFO] [stderr]    Compiling raw-cpuid v11.6.0
[INFO] [stderr]    Compiling proc-macro2 v1.0.106
[INFO] [stderr]    Compiling quote v1.0.44
[INFO] [stderr]    Compiling syn v2.0.115
[INFO] [stderr]    Compiling parking_lot_core v0.9.12
[INFO] [stderr]    Compiling quanta v0.12.6
[INFO] [stderr]    Compiling memmap2 v0.9.9
[INFO] [stderr]    Compiling parking_lot v0.12.5
[INFO] [stderr]    Compiling thiserror-impl v2.0.18
[INFO] [stderr]    Compiling thiserror v2.0.18
[INFO] [stderr]    Compiling neuronbus v0.1.0 (/opt/rustwide/workdir)
[INFO] [stderr]     Finished `release` profile [optimized] target(s) in 9.55s
[INFO] running `Command { std: "docker" "inspect" "ffb98ba2514a8b3238012f498ce76f4ac8acf1550a51d82131d9656054269a38", kill_on_drop: false }`
[INFO] running `Command { std: "docker" "exec" "-e" "SOURCE_DIR=/opt/rustwide/workdir" "-e" "CARGO_HOME=/opt/rustwide/cargo-home" "-e" "RUSTUP_HOME=/opt/rustwide/rustup-home" "-e" "CARGO_TARGET_DIR=/opt/rustwide/target" "-e" "CARGO_INCREMENTAL=0" "-e" "RUST_BACKTRACE=full" "-e" "RUSTFLAGS=--cap-lints=warn" "-e" "RUSTDOCFLAGS=--cap-lints=warn" "-w" "/opt/rustwide/workdir" "--user" "0:0" "ffb98ba2514a8b3238012f498ce76f4ac8acf1550a51d82131d9656054269a38" "/opt/rustwide/cargo-home/bin/cargo" "+1.99.0-beta.8" "test" "--frozen" "--no-run" "--message-format=json" "--release", kill_on_drop: false }`
[INFO] [stderr]    Compiling syn v2.0.115
[INFO] [stderr]    Compiling serde_core v1.0.228
[INFO] [stderr]    Compiling zerocopy v0.8.39
[INFO] [stderr]    Compiling serde v1.0.228
[INFO] [stderr]    Compiling memchr v2.8.0
[INFO] [stderr]    Compiling num-traits v0.2.19
[INFO] [stderr]    Compiling ciborium-io v0.2.2
[INFO] [stderr]    Compiling clap_lex v1.0.0
[INFO] [stderr]    Compiling regex-syntax v0.8.9
[INFO] [stderr]    Compiling anstyle v1.0.13
[INFO] [stderr]    Compiling plotters-backend v0.3.7
[INFO] [stderr]    Compiling itertools v0.10.5
[INFO] [stderr]    Compiling cast v0.3.0
[INFO] [stderr]    Compiling rayon v1.11.0
[INFO] [stderr]    Compiling is-terminal v0.4.17
[INFO] [stderr]    Compiling anes v0.1.6
[INFO] [stderr]    Compiling oorandom v11.1.5
[INFO] [stderr]    Compiling clap_builder v4.5.58
[INFO] [stderr]    Compiling plotters-svg v0.3.7
[INFO] [stderr]    Compiling plotters v0.3.7
[INFO] [stderr]    Compiling regex-automata v0.4.14
[INFO] [stderr]    Compiling criterion-plot v0.5.0
[INFO] [stderr]    Compiling clap v4.5.58
[INFO] [stderr]    Compiling serde_json v1.0.149
[INFO] [stderr]    Compiling zerocopy-derive v0.8.39
[INFO] [stderr]    Compiling serde_derive v1.0.228
[INFO] [stderr]    Compiling thiserror-impl v2.0.18
[INFO] [stderr]    Compiling regex v1.12.3
[INFO] [stderr]    Compiling thiserror v2.0.18
[INFO] [stderr]    Compiling neuronbus v0.1.0 (/opt/rustwide/workdir)
[INFO] [stderr]    Compiling tinytemplate v1.2.1
[INFO] [stderr]    Compiling half v2.7.1
[INFO] [stderr]    Compiling ciborium-ll v0.2.2
[INFO] [stderr]    Compiling ciborium v0.2.2
[INFO] [stderr]    Compiling criterion v0.5.1
[INFO] [stdout] warning: field `name` is never read
[INFO] [stdout]  --> examples/swarm.rs:8:5
[INFO] [stdout]   |
[INFO] [stdout] 7 | struct SwarmNeuron {
[INFO] [stdout]   |        ----------- field in this struct
[INFO] [stdout] 8 |     name: String,
[INFO] [stdout]   |     ^^^^
[INFO] [stdout]   |
[INFO] [stdout]   = note: `#[warn(dead_code)]` (part of `#[warn(unused)]`) on by default
[INFO] [stdout] 
[INFO] [stdout] 
[INFO] [stderr]     Finished `release` profile [optimized] target(s) in 54.71s
[INFO] running `Command { std: "docker" "inspect" "ffb98ba2514a8b3238012f498ce76f4ac8acf1550a51d82131d9656054269a38", kill_on_drop: false }`
[INFO] running `Command { std: "docker" "exec" "-e" "SOURCE_DIR=/opt/rustwide/workdir" "-e" "CARGO_HOME=/opt/rustwide/cargo-home" "-e" "RUSTUP_HOME=/opt/rustwide/rustup-home" "-e" "CARGO_TARGET_DIR=/opt/rustwide/target" "-e" "CARGO_INCREMENTAL=0" "-e" "RUST_BACKTRACE=full" "-e" "RUSTFLAGS=--cap-lints=warn" "-e" "RUSTDOCFLAGS=--cap-lints=warn" "-w" "/opt/rustwide/workdir" "--user" "0:0" "ffb98ba2514a8b3238012f498ce76f4ac8acf1550a51d82131d9656054269a38" "/opt/rustwide/cargo-home/bin/cargo" "+1.99.0-beta.8" "test" "--frozen" "--release", kill_on_drop: false }`
[INFO] [stderr] warning: field `name` is never read
[INFO] [stderr]  --> examples/swarm.rs:8:5
[INFO] [stderr]   |
[INFO] [stderr] 7 | struct SwarmNeuron {
[INFO] [stderr]   |        ----------- field in this struct
[INFO] [stderr] 8 |     name: String,
[INFO] [stderr]   |     ^^^^
[INFO] [stderr]   |
[INFO] [stderr]   = note: `#[warn(dead_code)]` (part of `#[warn(unused)]`) on by default
[INFO] [stderr] 
[INFO] [stderr] warning: `neuronbus` (example "swarm") generated 1 warning
[INFO] [stderr]     Finished `release` profile [optimized] target(s) in 0.13s
[INFO] [stderr]      Running unittests src/lib.rs (/opt/rustwide/target/release/deps/neuronbus-448a54f99630fe4c)
[INFO] [stdout] 
[INFO] [stdout] running 61 tests
[INFO] [stdout] test arena::tests::alloc_and_read ... ok
[INFO] [stdout] test arena::tests::multiple_allocations ... ok
[INFO] [stdout] test arena::tests::reference_counting ... ok
[INFO] [stdout] test axon::tests::single_producer_single_consumer ... ok
[INFO] [stdout] test axon::tests::wrap_around ... ok
[INFO] [stdout] test arena::tests::out_of_space ... ok
[INFO] [stdout] test cortex::tests::broadcast_routing ... ok
[INFO] [stdout] test arena::tests::alignment ... ok
[INFO] [stdout] test arena::tests::epoch_reset ... ok
[INFO] [stdout] test axon::tests::blocking_read_with_strategy ... ok
[INFO] [stdout] test neuron::tests::agent_card ... ok
[INFO] [stdout] test axon::tests::single_producer_multi_consumer ... ok
[INFO] [stdout] test axon::tests::non_power_of_two_panics - should panic ... ok
[INFO] [stdout] test cortex::tests::integrate_fire_in_cortex ... ok
[INFO] [stdout] test neuron::tests::refractory_blocks_integration ... ok
[INFO] [stdout] test neuron::tests::neuron_handle_fire ... ok
[INFO] [stdout] test neuron::tests::neuron_trait_impl ... ok
[INFO] [stdout] test axon::tests::batch_publish_and_read ... ok
[INFO] [stdout] test neuron::tests::neuron_handle_with_arena ... ok
[INFO] [stdout] test neuron::tests::leak_decay ... ok
[INFO] [stdout] test neuron::tests::neuron_handle_broadcast ... ok
[INFO] [stdout] test neuron::tests::inhibitory_reduces_potential ... ok
[INFO] [stdout] test cortex::tests::spike_routing ... ok
[INFO] [stdout] test neuron::tests::integrate_fire_basic ... ok
[INFO] [stdout] test arena::tests::concurrent_allocations ... ok
[INFO] [stdout] test cortex::tests::region_discovery ... ok
[INFO] [stdout] test cortex::tests::synapse_count ... ok
[INFO] [stdout] test axon::tests::cross_thread_spmc ... ok
[INFO] [stdout] test axon::tests::cross_thread_spsc ... FAILED
[INFO] [stdout] test synapse::tests::dendritic_filter_payload_prefix ... ok
[INFO] [stdout] test synapse::tests::dendritic_filter_type ... ok
[INFO] [stdout] test synapse::tests::synapse_table_sparse ... ok
[INFO] [stdout] test spike::tests::broadcast_target ... ok
[INFO] [stdout] test spike::tests::spike_size_and_alignment ... ok
[INFO] [stdout] test synapse::tests::stdp_potentiation ... ok
[INFO] [stdout] test synapse::tests::atomic_f32_operations ... ok
[INFO] [stdout] test synapse::tests::synapse_builder_api ... ok
[INFO] [stdout] test spike::tests::arena_ref_roundtrip ... ok
[INFO] [stdout] test synapse::tests::dendritic_filter_priority ... ok
[INFO] [stdout] test synapse::tests::synapse_pruning ... ok
[INFO] [stdout] test synapse::tests::synapse_table_dense ... ok
[INFO] [stdout] test synapse::tests::stdp_depression ... ok
[INFO] [stdout] test synapse::tests::stdp_asymmetry ... ok
[INFO] [stdout] test transport::tests::local_transport_send_recv ... ok
[INFO] [stdout] test tests::end_to_end ... ok
[INFO] [stdout] test transport::tests::local_transport_try_recv_empty ... ok
[INFO] [stdout] test spike::tests::no_arena_ref_when_not_set ... ok
[INFO] [stdout] test spike::tests::as_bytes_roundtrip ... ok
[INFO] [stdout] test synapse::tests::weight_clamping ... ok
[INFO] [stdout] test tests::builder_api ... ok
[INFO] [stdout] test tests::discovery ... ok
[INFO] [stdout] test cortex::tests::register_and_discover ... ok
[INFO] [stdout] test wait::tests::try_wait_returns_none_when_not_advanced ... ok
[INFO] [stdout] test wait::tests::from_kind ... ok
[INFO] [stdout] test wait::tests::try_wait_returns_value_when_advanced ... ok
[INFO] [stdout] test transport::tests::tcp_transport_multiple_spikes ... ok
[INFO] [stdout] test wait::tests::wait_for_returns_immediately_when_advanced ... ok
[INFO] [stdout] test transport::tests::tcp_transport_roundtrip ... ok
[INFO] [stdout] test spike::tests::spike_builder ... ok
[INFO] [stdout] test wait::tests::wait_for_spin_loop_hint ... ok
[INFO] [stdout] test wait::tests::wait_for_yield_then_park ... ok
[INFO] [stderr] error: test failed, to rerun pass `--lib`
[INFO] [stdout] 
[INFO] [stdout] failures:
[INFO] [stdout] 
[INFO] [stdout] ---- axon::tests::cross_thread_spsc stdout ----
[INFO] [stdout] 
[INFO] [stdout] thread '<unnamed>' (1209) panicked at src/axon.rs:317:17:
[INFO] [stdout] assertion `left == right` failed
[INFO] [stdout]   left: 65536
[INFO] [stdout]  right: 0
[INFO] [stdout] stack backtrace:
[INFO] [stdout]    0:     0x651c6d2bebc1 - <<std[70759c8f55707aa4]::sys::backtrace::BacktraceLock>::print::DisplayBacktrace as core[df12db4294e9bfd3]::fmt::Display>::fmt
[INFO] [stdout]    1:     0x651c6d2d422a - core[df12db4294e9bfd3]::fmt::write
[INFO] [stdout]    2:     0x651c6d2c305c - <alloc[2182bb758b4b3781]::vec::Vec<u8> as core[df12db4294e9bfd3]::io::write::Write>::write_fmt
[INFO] [stdout]    3:     0x651c6d29a596 - std[70759c8f55707aa4]::panicking::default_hook::{closure#0}
[INFO] [stdout]    4:     0x651c6d2b6c49 - std[70759c8f55707aa4]::panicking::default_hook
[INFO] [stdout]    5:     0x651c6d2528e0 - test[9d35eded1c95d3be]::test_main_inner::<test[9d35eded1c95d3be]::test_main_static::{closure#0}>::{closure#0}
[INFO] [stdout]    6:     0x651c6d2b6e02 - std[70759c8f55707aa4]::panicking::panic_with_hook
[INFO] [stdout]    7:     0x651c6d29a642 - std[70759c8f55707aa4]::panicking::panic_handler::{closure#0}
[INFO] [stdout]    8:     0x651c6d2933c9 - std[70759c8f55707aa4]::sys::backtrace::__rust_end_short_backtrace::<std[70759c8f55707aa4]::panicking::panic_handler::{closure#0}, !>
[INFO] [stdout]    9:     0x651c6d29b23d - __rustc[8fa7c3cbc660c2b3]::rust_begin_unwind
[INFO] [stdout]   10:     0x651c6d2d495c - core[df12db4294e9bfd3]::panicking::panic_fmt
[INFO] [stdout]   11:     0x651c6d2d4873 - core[df12db4294e9bfd3]::panicking::assert_failed_inner
[INFO] [stdout]   12:     0x651c6d292f9a - core[df12db4294e9bfd3]::panicking::assert_failed::<u32, u32>
[INFO] [stdout]   13:     0x651c6d237103 - std[70759c8f55707aa4]::sys::backtrace::__rust_begin_short_backtrace::<neuronbus[744f95695b9d285d]::axon::tests::cross_thread_spsc::{closure#1}, ()>
[INFO] [stdout]   14:     0x651c6d232b90 - <std[70759c8f55707aa4]::thread::lifecycle::spawn_unchecked<neuronbus[744f95695b9d285d]::axon::tests::cross_thread_spsc::{closure#1}, ()>::{closure#1} as core[df12db4294e9bfd3]::ops::function::FnOnce<()>>::call_once::{shim:vtable#0}
[INFO] [stdout]   15:     0x651c6d2be069 - <std[70759c8f55707aa4]::sys::thread::unix::Thread>::new::thread_start
[INFO] [stdout]   16:     0x72b60d564dfa - <unknown>
[INFO] [stdout]   17:     0x72b60d5f83d4 - clone
[INFO] [stdout]   18:                0x0 - <unknown>
[INFO] [stdout] 
[INFO] [stdout] thread 'axon::tests::cross_thread_spsc' (1180) panicked at src/axon.rs:322:25:
[INFO] [stdout] called `Result::unwrap()` on an `Err` value: Any { .. }
[INFO] [stdout] stack backtrace:
[INFO] [stdout]    0:     0x651c6d2bebc1 - <<std[70759c8f55707aa4]::sys::backtrace::BacktraceLock>::print::DisplayBacktrace as core[df12db4294e9bfd3]::fmt::Display>::fmt
[INFO] [stdout]    1:     0x651c6d2d422a - core[df12db4294e9bfd3]::fmt::write
[INFO] [stdout]    2:     0x651c6d2c305c - <alloc[2182bb758b4b3781]::vec::Vec<u8> as core[df12db4294e9bfd3]::io::write::Write>::write_fmt
[INFO] [stdout]    3:     0x651c6d29a596 - std[70759c8f55707aa4]::panicking::default_hook::{closure#0}
[INFO] [stdout]    4:     0x651c6d2b6c49 - std[70759c8f55707aa4]::panicking::default_hook
[INFO] [stdout]    5:     0x651c6d2528e0 - test[9d35eded1c95d3be]::test_main_inner::<test[9d35eded1c95d3be]::test_main_static::{closure#0}>::{closure#0}
[INFO] [stdout]    6:     0x651c6d2b6e02 - std[70759c8f55707aa4]::panicking::panic_with_hook
[INFO] [stdout]    7:     0x651c6d29a642 - std[70759c8f55707aa4]::panicking::panic_handler::{closure#0}
[INFO] [stdout]    8:     0x651c6d2933c9 - std[70759c8f55707aa4]::sys::backtrace::__rust_end_short_backtrace::<std[70759c8f55707aa4]::panicking::panic_handler::{closure#0}, !>
[INFO] [stdout]    9:     0x651c6d29b23d - __rustc[8fa7c3cbc660c2b3]::rust_begin_unwind
[INFO] [stdout]   10:     0x651c6d2d495c - core[df12db4294e9bfd3]::panicking::panic_fmt
[INFO] [stdout]   11:     0x651c6d2d4732 - core[df12db4294e9bfd3]::result::unwrap_failed
[INFO] [stdout]   12:     0x651c6d2432e0 - neuronbus[744f95695b9d285d]::axon::tests::cross_thread_spsc
[INFO] [stdout]   13:     0x651c6d239a29 - <neuronbus[744f95695b9d285d]::axon::tests::cross_thread_spsc::{closure#0} as core[df12db4294e9bfd3]::ops::function::FnOnce<()>>::call_once
[INFO] [stdout]   14:     0x651c6d245bcb - test[9d35eded1c95d3be]::__rust_begin_short_backtrace::<core[df12db4294e9bfd3]::result::Result<(), alloc[2182bb758b4b3781]::string::String>, fn() -> core[df12db4294e9bfd3]::result::Result<(), alloc[2182bb758b4b3781]::string::String>>
[INFO] [stdout]   15:     0x651c6d253235 - test[9d35eded1c95d3be]::run_test::{closure#0}
[INFO] [stdout]   16:     0x651c6d24caf4 - std[70759c8f55707aa4]::sys::backtrace::__rust_begin_short_backtrace::<test[9d35eded1c95d3be]::run_test::{closure#1}, ()>
[INFO] [stdout]   17:     0x651c6d256392 - <std[70759c8f55707aa4]::thread::lifecycle::spawn_unchecked<test[9d35eded1c95d3be]::run_test::{closure#1}, ()>::{closure#1} as core[df12db4294e9bfd3]::ops::function::FnOnce<()>>::call_once::{shim:vtable#0}
[INFO] [stdout]   18:     0x651c6d2be069 - <std[70759c8f55707aa4]::sys::thread::unix::Thread>::new::thread_start
[INFO] [stdout]   19:     0x72b60d564dfa - <unknown>
[INFO] [stdout]   20:     0x72b60d5f83d4 - clone
[INFO] [stdout]   21:                0x0 - <unknown>
[INFO] [stdout] 
[INFO] [stdout] 
[INFO] [stdout] failures:
[INFO] [stdout]     axon::tests::cross_thread_spsc
[INFO] [stdout] 
[INFO] [stdout] test result: FAILED. 60 passed; 1 failed; 0 ignored; 0 measured; 0 filtered out; finished in 0.09s
[INFO] [stdout] 
[INFO] running `Command { std: "docker" "inspect" "ffb98ba2514a8b3238012f498ce76f4ac8acf1550a51d82131d9656054269a38", kill_on_drop: false }`
[INFO] running `Command { std: "docker" "rm" "-f" "ffb98ba2514a8b3238012f498ce76f4ac8acf1550a51d82131d9656054269a38", kill_on_drop: false }`
[INFO] [stdout] ffb98ba2514a8b3238012f498ce76f4ac8acf1550a51d82131d9656054269a38
