[INFO] cloning repository https://github.com/arkCyber/metaText
[INFO] running `Command { std: "git" "-c" "credential.helper=" "-c" "credential.helper=/workspace/cargo-home/bin/git-credential-null" "clone" "--bare" "https://github.com/arkCyber/metaText" "/workspace/cache/git-repos/https%3A%2F%2Fgithub.com%2FarkCyber%2FmetaText", kill_on_drop: false }`
[INFO] [stderr] Cloning into bare repository '/workspace/cache/git-repos/https%3A%2F%2Fgithub.com%2FarkCyber%2FmetaText'...
[INFO] running `Command { std: "git" "rev-parse" "HEAD", kill_on_drop: false }`
[INFO] [stdout] d851b9abd57ed93c594f18a54cef6a93f92e4bb1
[INFO] testing arkCyber/metaText against 1.99.0-beta.8+cargoflags=--release for beta-release-1.100-2
[INFO] running `Command { std: "git" "clone" "/workspace/cache/git-repos/https%3A%2F%2Fgithub.com%2FarkCyber%2FmetaText" "/workspace/builds/worker-5-tc1/source", kill_on_drop: false }`
[INFO] [stderr] Cloning into '/workspace/builds/worker-5-tc1/source'...
[INFO] [stderr] done.
[INFO] removed /workspace/builds/worker-5-tc1/source/rust-toolchain.toml
[INFO] started tweaking git repo https://github.com/arkCyber/metaText
[INFO] removed 0 missing examples
[INFO] finished tweaking git repo https://github.com/arkCyber/metaText
[INFO] tweaked toml for git repo https://github.com/arkCyber/metaText written to /workspace/builds/worker-5-tc1/source/Cargo.toml
[INFO] validating manifest of git repo https://github.com/arkCyber/metaText on toolchain 1.99.0-beta.8
[INFO] running `Command { std: CARGO_HOME="/workspace/cargo-home" RUSTUP_HOME="/workspace/rustup-home" "/workspace/cargo-home/bin/cargo" "+1.99.0-beta.8" "metadata" "--manifest-path" "Cargo.toml" "--no-deps", kill_on_drop: false }`
[INFO] crate git repo https://github.com/arkCyber/metaText already has a lockfile, it will not be regenerated
[INFO] running `Command { std: CARGO_HOME="/workspace/cargo-home" RUSTUP_HOME="/workspace/rustup-home" "/workspace/cargo-home/bin/cargo" "+1.99.0-beta.8" "fetch" "--manifest-path" "Cargo.toml", kill_on_drop: false }`
[INFO] [stderr]     Updating crates.io index
[INFO] [stderr]  Downloading crates ...
[INFO] [stderr]   Downloaded matchers v0.1.0
[INFO] [stderr]   Downloaded regex-automata v0.1.10
[INFO] [stderr]   Downloaded overload v0.1.1
[INFO] [stderr]   Downloaded windows-targets v0.53.2
[INFO] [stderr]   Downloaded signal-hook-mio v0.2.4
[INFO] [stderr]   Downloaded nu-ansi-term v0.46.0
[INFO] [stderr]   Downloaded tracing-appender v0.2.3
[INFO] [stderr]   Downloaded cassowary v0.3.0
[INFO] [stderr]   Downloaded tracing-subscriber v0.3.19
[INFO] [stderr]   Downloaded tui v0.19.0
[INFO] [stderr]   Downloaded crossterm v0.25.0
[INFO] [stderr]   Downloaded zeroize_derive v1.5.0
[INFO] [stderr]   Downloaded regex-syntax v0.6.29
[INFO] [stderr]   Downloaded x25519-dalek v2.0.1
[INFO] [stderr]   Downloaded curve25519-dalek v4.1.3
[INFO] [stderr]   Downloaded curve25519-dalek-derive v0.1.1
[INFO] [stderr]   Downloaded clap v4.5.40
[INFO] [stderr]   Downloaded universal-hash v0.5.1
[INFO] [stderr]   Downloaded chacha20 v0.9.1
[INFO] [stderr]   Downloaded password-hash v0.5.0
[INFO] [stderr]   Downloaded fiat-crypto v0.2.9
[INFO] [stderr]   Downloaded anstyle-wincon v3.0.9
[INFO] [stderr]   Downloaded poly1305 v0.8.0
[INFO] [stderr]   Downloaded inout v0.1.4
[INFO] [stderr]   Downloaded blake2 v0.10.6
[INFO] [stderr]   Downloaded clap_derive v4.5.40
[INFO] [stderr]   Downloaded anstream v0.6.19
[INFO] [stderr]   Downloaded aead v0.5.2
[INFO] [stderr]   Downloaded chacha20poly1305 v0.10.1
[INFO] [stderr]   Downloaded argon2 v0.5.3
[INFO] [stderr]   Downloaded libredox v0.1.4
[INFO] [stderr]   Downloaded cipher v0.4.4
[INFO] [stderr]   Downloaded anstyle-query v1.1.3
[INFO] [stderr]   Downloaded clap_builder v4.5.40
[INFO] running `Command { std: "docker" "create" "-v" "/var/lib/crater-agent-workspace/builds/worker-5-tc1/source:/opt/rustwide/workdir:ro,Z" "-v" "/var/lib/crater-agent-workspace/builds/worker-5-tc1/target:/opt/rustwide/target:rw,Z" "-v" "/var/lib/crater-agent-workspace/cargo-home:/opt/rustwide/cargo-home:ro,Z" "-v" "/var/lib/crater-agent-workspace/rustup-home:/opt/rustwide/rustup-home:ro,Z" "-m" "1610612736" "--network" "none" "ghcr.io/rust-lang/crates-build-env/linux@sha256:77db811e55d90add9212f6832c23229e3de5f1c1f9905e8cb07319ea15df73ac" "sleep" "infinity", kill_on_drop: false }`
[INFO] [stdout] 0376470f944e3cd8708e7fa2164ed372be22cad4e8b5b4ed3ebed305d1909264
[INFO] running `Command { std: "docker" "start" "0376470f944e3cd8708e7fa2164ed372be22cad4e8b5b4ed3ebed305d1909264", kill_on_drop: false }`
[INFO] running `Command { std: "docker" "inspect" "0376470f944e3cd8708e7fa2164ed372be22cad4e8b5b4ed3ebed305d1909264", kill_on_drop: false }`
[INFO] running `Command { std: "docker" "exec" "-e" "SOURCE_DIR=/opt/rustwide/workdir" "-e" "CARGO_HOME=/opt/rustwide/cargo-home" "-e" "RUSTUP_HOME=/opt/rustwide/rustup-home" "-e" "CARGO_TARGET_DIR=/opt/rustwide/target" "-w" "/opt/rustwide/workdir" "--user" "0:0" "0376470f944e3cd8708e7fa2164ed372be22cad4e8b5b4ed3ebed305d1909264" "/opt/rustwide/cargo-home/bin/cargo" "+1.99.0-beta.8" "metadata" "--no-deps" "--format-version=1", kill_on_drop: false }`
[INFO] running `Command { std: "docker" "inspect" "0376470f944e3cd8708e7fa2164ed372be22cad4e8b5b4ed3ebed305d1909264", kill_on_drop: false }`
[INFO] running `Command { std: "docker" "exec" "-e" "SOURCE_DIR=/opt/rustwide/workdir" "-e" "CARGO_HOME=/opt/rustwide/cargo-home" "-e" "RUSTUP_HOME=/opt/rustwide/rustup-home" "-e" "CARGO_TARGET_DIR=/opt/rustwide/target" "-e" "CARGO_INCREMENTAL=0" "-e" "RUST_BACKTRACE=full" "-e" "RUSTFLAGS=--cap-lints=warn" "-e" "RUSTDOCFLAGS=--cap-lints=warn" "-w" "/opt/rustwide/workdir" "--user" "0:0" "0376470f944e3cd8708e7fa2164ed372be22cad4e8b5b4ed3ebed305d1909264" "/opt/rustwide/cargo-home/bin/cargo" "+1.99.0-beta.8" "build" "--frozen" "--message-format=json" "--release", kill_on_drop: false }`
[INFO] [stderr]    Compiling libc v0.2.174
[INFO] [stderr]    Compiling cfg-if v1.0.1
[INFO] [stderr]    Compiling proc-macro2 v1.0.95
[INFO] [stderr]    Compiling unicode-ident v1.0.18
[INFO] [stderr]    Compiling typenum v1.18.0
[INFO] [stderr]    Compiling version_check v0.9.5
[INFO] [stderr]    Compiling subtle v2.6.1
[INFO] [stderr]    Compiling autocfg v1.5.0
[INFO] [stderr]    Compiling serde v1.0.219
[INFO] [stderr]    Compiling cpufeatures v0.2.17
[INFO] [stderr]    Compiling zerocopy v0.8.26
[INFO] [stderr]    Compiling once_cell v1.21.3
[INFO] [stderr]    Compiling smallvec v1.15.1
[INFO] [stderr]    Compiling parking_lot_core v0.9.11
[INFO] [stderr]    Compiling semver v1.0.28
[INFO] [stderr]    Compiling pin-project-lite v0.2.16
[INFO] [stderr]    Compiling getrandom v0.3.3
[INFO] [stderr]    Compiling itoa v1.0.15
[INFO] [stderr]    Compiling regex-syntax v0.8.5
[INFO] [stderr]    Compiling utf8parse v0.2.2
[INFO] [stderr]    Compiling thiserror v1.0.69
[INFO] [stderr]    Compiling crossbeam-utils v0.8.21
[INFO] [stderr]    Compiling regex-syntax v0.6.29
[INFO] [stderr]    Compiling anstyle-parse v0.2.7
[INFO] [stderr]    Compiling log v0.4.27
[INFO] [stderr]    Compiling is_terminal_polyfill v1.70.1
[INFO] [stderr]    Compiling colorchoice v1.0.4
[INFO] [stderr]    Compiling anstyle-query v1.1.3
[INFO] [stderr]    Compiling powerfmt v0.2.0
[INFO] [stderr]    Compiling serde_json v1.0.140
[INFO] [stderr]    Compiling anstyle v1.0.11
[INFO] [stderr]    Compiling lazy_static v1.5.0
[INFO] [stderr]    Compiling generic-array v0.14.7
[INFO] [stderr]    Compiling tracing-core v0.1.34
[INFO] [stderr]    Compiling rustc_version v0.4.1
[INFO] [stderr]    Compiling overload v0.1.1
[INFO] [stderr]    Compiling nu-ansi-term v0.46.0
[INFO] [stderr]    Compiling sharded-slab v0.1.7
[INFO] [stderr]    Compiling thread_local v1.1.9
[INFO] [stderr]    Compiling lock_api v0.4.13
[INFO] [stderr]    Compiling num-traits v0.2.19
[INFO] [stderr]    Compiling deranged v0.4.0
[INFO] [stderr]    Compiling curve25519-dalek v4.1.3
[INFO] [stderr]    Compiling tracing-log v0.2.0
[INFO] [stderr]    Compiling anstream v0.6.19
[INFO] [stderr]    Compiling quote v1.0.40
[INFO] [stderr]    Compiling heck v0.5.0
[INFO] [stderr]    Compiling num-conv v0.1.0
[INFO] [stderr]    Compiling syn v2.0.104
[INFO] [stderr]    Compiling getrandom v0.2.16
[INFO] [stderr]    Compiling mio v1.0.4
[INFO] [stderr]    Compiling signal-hook-registry v1.4.5
[INFO] [stderr]    Compiling socket2 v0.5.10
[INFO] [stderr]    Compiling rand_core v0.6.4
[INFO] [stderr]    Compiling parking_lot v0.12.4
[INFO] [stderr]    Compiling strsim v0.11.1
[INFO] [stderr]    Compiling iana-time-zone v0.1.63
[INFO] [stderr]    Compiling bytes v1.10.1
[INFO] [stderr]    Compiling clap_lex v0.7.5
[INFO] [stderr]    Compiling base64ct v1.8.0
[INFO] [stderr]    Compiling opaque-debug v0.3.1
[INFO] [stderr]    Compiling ryu v1.0.20
[INFO] [stderr]    Compiling memchr v2.7.5
[INFO] [stderr]    Compiling option-ext v0.2.0
[INFO] [stderr]    Compiling time-core v0.1.4
[INFO] [stderr]    Compiling anyhow v1.0.98
[INFO] [stderr]    Compiling dirs-sys v0.4.1
[INFO] [stderr]    Compiling crypto-common v0.1.6
[INFO] [stderr]    Compiling block-buffer v0.10.4
[INFO] [stderr]    Compiling inout v0.1.4
[INFO] [stderr]    Compiling universal-hash v0.5.1
[INFO] [stderr]    Compiling digest v0.10.7
[INFO] [stderr]    Compiling poly1305 v0.8.0
[INFO] [stderr]    Compiling aead v0.5.2
[INFO] [stderr]    Compiling time v0.3.41
[INFO] [stderr]    Compiling password-hash v0.5.0
[INFO] [stderr]    Compiling regex-automata v0.4.9
[INFO] [stderr]    Compiling clap_builder v4.5.40
[INFO] [stderr]    Compiling blake2 v0.10.6
[INFO] [stderr]    Compiling regex-automata v0.1.10
[INFO] [stderr]    Compiling hmac v0.12.1
[INFO] [stderr]    Compiling crossbeam-channel v0.5.15
[INFO] [stderr]    Compiling meta-text-backend v0.4.0 (/opt/rustwide/workdir/crates/meta-text-backend)
[INFO] [stderr]    Compiling ppv-lite86 v0.2.21
[INFO] [stderr]    Compiling hkdf v0.12.4
[INFO] [stderr]    Compiling argon2 v0.5.3
[INFO] [stderr]    Compiling sha2 v0.10.9
[INFO] [stderr]    Compiling dirs v5.0.1
[INFO] [stderr]    Compiling rand_chacha v0.3.1
[INFO] [stderr]    Compiling rand v0.8.5
[INFO] [stderr]    Compiling matchers v0.1.0
[INFO] [stderr]    Compiling regex v1.11.1
[INFO] [stderr]    Compiling serde_derive v1.0.219
[INFO] [stderr]    Compiling zeroize_derive v1.5.0
[INFO] [stderr]    Compiling tracing-attributes v0.1.30
[INFO] [stderr]    Compiling thiserror-impl v1.0.69
[INFO] [stderr]    Compiling tokio-macros v2.5.0
[INFO] [stderr]    Compiling curve25519-dalek-derive v0.1.1
[INFO] [stderr]    Compiling clap_derive v4.5.40
[INFO] [stderr]    Compiling zeroize v1.8.1
[INFO] [stderr]    Compiling cipher v0.4.4
[INFO] [stderr]    Compiling chacha20 v0.9.1
[INFO] [stderr]    Compiling tokio v1.45.1
[INFO] [stderr]    Compiling chacha20poly1305 v0.10.1
[INFO] [stderr]    Compiling tracing v0.1.41
[INFO] [stderr]    Compiling tracing-subscriber v0.3.19
[INFO] [stderr]    Compiling x25519-dalek v2.0.1
[INFO] [stderr]    Compiling clap v4.5.40
[INFO] [stderr]    Compiling tracing-appender v0.2.3
[INFO] [stderr]    Compiling uuid v1.17.0
[INFO] [stderr]    Compiling chrono v0.4.41
[INFO] [stderr]    Compiling toml v0.5.11
[INFO] [stderr]    Compiling meta-text-proto v0.4.0 (/opt/rustwide/workdir/crates/meta-text-proto)
[INFO] [stderr]    Compiling meta-text-core v0.4.0 (/opt/rustwide/workdir/crates/meta-text-core)
[INFO] [stderr]    Compiling meta-text-tui v0.4.0 (/opt/rustwide/workdir/crates/meta-text-tui)
[INFO] [stderr]    Compiling meta-text-cli v0.4.0 (/opt/rustwide/workdir/crates/meta-text-cli)
[INFO] [stderr]    Compiling meta-text v0.4.0 (/opt/rustwide/workdir)
[INFO] [stderr]     Finished `release` profile [optimized] target(s) in 1m 52s
[INFO] running `Command { std: "docker" "inspect" "0376470f944e3cd8708e7fa2164ed372be22cad4e8b5b4ed3ebed305d1909264", kill_on_drop: false }`
[INFO] running `Command { std: "docker" "exec" "-e" "SOURCE_DIR=/opt/rustwide/workdir" "-e" "CARGO_HOME=/opt/rustwide/cargo-home" "-e" "RUSTUP_HOME=/opt/rustwide/rustup-home" "-e" "CARGO_TARGET_DIR=/opt/rustwide/target" "-e" "CARGO_INCREMENTAL=0" "-e" "RUST_BACKTRACE=full" "-e" "RUSTFLAGS=--cap-lints=warn" "-e" "RUSTDOCFLAGS=--cap-lints=warn" "-w" "/opt/rustwide/workdir" "--user" "0:0" "0376470f944e3cd8708e7fa2164ed372be22cad4e8b5b4ed3ebed305d1909264" "/opt/rustwide/cargo-home/bin/cargo" "+1.99.0-beta.8" "test" "--frozen" "--no-run" "--message-format=json" "--release", kill_on_drop: false }`
[INFO] [stderr]    Compiling rustix v1.0.7
[INFO] [stderr]    Compiling linux-raw-sys v0.9.4
[INFO] [stderr]    Compiling bitflags v2.9.1
[INFO] [stderr]    Compiling fastrand v2.3.0
[INFO] [stderr]    Compiling tempfile v3.20.0
[INFO] [stderr]    Compiling meta-text v0.4.0 (/opt/rustwide/workdir)
[INFO] [stderr]     Finished `release` profile [optimized] target(s) in 1m 33s
[INFO] running `Command { std: "docker" "inspect" "0376470f944e3cd8708e7fa2164ed372be22cad4e8b5b4ed3ebed305d1909264", kill_on_drop: false }`
[INFO] running `Command { std: "docker" "exec" "-e" "SOURCE_DIR=/opt/rustwide/workdir" "-e" "CARGO_HOME=/opt/rustwide/cargo-home" "-e" "RUSTUP_HOME=/opt/rustwide/rustup-home" "-e" "CARGO_TARGET_DIR=/opt/rustwide/target" "-e" "CARGO_INCREMENTAL=0" "-e" "RUST_BACKTRACE=full" "-e" "RUSTFLAGS=--cap-lints=warn" "-e" "RUSTDOCFLAGS=--cap-lints=warn" "-w" "/opt/rustwide/workdir" "--user" "0:0" "0376470f944e3cd8708e7fa2164ed372be22cad4e8b5b4ed3ebed305d1909264" "/opt/rustwide/cargo-home/bin/cargo" "+1.99.0-beta.8" "test" "--frozen" "--release", kill_on_drop: false }`
[INFO] [stderr]     Finished `release` profile [optimized] target(s) in 0.19s
[INFO] [stderr]      Running unittests src/lib.rs (/opt/rustwide/target/release/deps/meta_text-f8da239f93770c4c)
[INFO] [stdout] 
[INFO] [stdout] running 0 tests
[INFO] [stdout] 
[INFO] [stdout] test result: ok. 0 passed; 0 failed; 0 ignored; 0 measured; 0 filtered out; finished in 0.00s
[INFO] [stdout] 
[INFO] [stderr]      Running unittests src/main.rs (/opt/rustwide/target/release/deps/meta_text-4f94dd26d8d5a24a)
[INFO] [stdout] 
[INFO] [stdout] running 5 tests
[INFO] [stdout] test tests::test_core_mode_arguments ... ok
[INFO] [stdout] test tests::test_run_subcommand_arguments ... ok
[INFO] [stdout] test tests::test_main_argument_validation ... ok
[INFO] [stdout] test tests::test_main_creates_default_configuration ... ok
[INFO] [stdout] test tests::test_logging_initialization ... ok
[INFO] [stdout] 
[INFO] [stdout] test result: ok. 5 passed; 0 failed; 0 ignored; 0 measured; 0 filtered out; finished in 0.01s
[INFO] [stdout] 
[INFO] [stderr]      Running tests/core_service_test.rs (/opt/rustwide/target/release/deps/core_service_test-b4b470d8551f9426)
[INFO] [stdout] 
[INFO] [stdout] running 21 tests
[INFO] [stdout] test test_response_result_helpers ... ok
[INFO] [stdout] test test_message_length_limit_is_enforced ... ok
[INFO] [stdout] test test_nickname_and_status ... ok
[INFO] [stdout] test test_contact_lifecycle ... ok
[INFO] [stdout] test test_local_client_matches_the_handle ... ok
[INFO] [stdout] test test_failures_do_not_poison_the_service ... ok
[INFO] [stdout] test test_message_to_offline_peer_is_queued ... ok
[INFO] [stdout] test test_ping_roundtrip ... ok
[INFO] [stdout] test test_shutdown_stops_the_actor ... ok
[INFO] [stdout] test test_session_info_is_populated ... ok
[INFO] [stdout] test test_conversation_selection ... ok
[INFO] [stdout] test test_message_without_conversation_is_rejected ... ok
[INFO] [stdout] test test_groups_are_reported_as_unsupported_on_the_tcp_transport ... ok
[INFO] [stdout] test test_the_identity_survives_a_restart ... ok
[INFO] [stdout] test test_shutdown_persists_session_without_explicit_save ... ok
[INFO] [stdout] test test_session_save_is_atomic_and_leaves_no_temp_file ... ok
[INFO] [stdout] test test_command_line_nickname_wins_over_session ... ok
[INFO] [stdout] test test_command_queue_applies_backpressure ... ok
[INFO] [stdout] test test_friend_request_answers_are_refused_on_the_tcp_transport ... ok
[INFO] [stdout] test test_metrics_report_actor_lag ... FAILED
[INFO] [stdout] test test_session_persistence_roundtrip ... ok
[INFO] [stdout] 
[INFO] [stdout] failures:
[INFO] [stdout] 
[INFO] [stdout] ---- test_metrics_report_actor_lag stdout ----
[INFO] [stdout] 
[INFO] [stdout] thread 'test_metrics_report_actor_lag' (3152) panicked at tests/core_service_test.rs:776:5:
[INFO] [stdout] the actor must time its own work: MetricsView { uptime_seconds: 0, transport: "tcp", peers_connected: 0, peers_pending: 0, payloads_queued: 0, payloads_expired: 0, payloads_dropped: 0, friend_count: 0, max_friends: 1024, groups: 0, groups_supported: false, friend_requests_pending: 0, friend_requests_dropped: 0, group_invites_dropped: 0, request_queue_depth: 0, request_queue_capacity: 64, event_subscribers: 0, request_wait_last_us: 0, request_wait_max_us: 1109, request_service_last_us: 0, request_service_max_us: 0, requests_served: 19, messages_sent: 0, messages_received: 0, bytes_sent: 0, bytes_received: 0, database_connected: true, persistent: false, peer_identities_changed: 0, peer_identities_refused: 0, greetings_refused: 0 }
[INFO] [stdout] stack backtrace:
[INFO] [stdout]    0:     0x61c40c954b81 - <<std[70759c8f55707aa4]::sys::backtrace::BacktraceLock>::print::DisplayBacktrace as core[df12db4294e9bfd3]::fmt::Display>::fmt
[INFO] [stdout]    1:     0x61c40c96beea - core[df12db4294e9bfd3]::fmt::write
[INFO] [stdout]    2:     0x61c40c959dfc - <alloc[2182bb758b4b3781]::vec::Vec<u8> as core[df12db4294e9bfd3]::io::write::Write>::write_fmt
[INFO] [stdout]    3:     0x61c40c92d726 - std[70759c8f55707aa4]::panicking::default_hook::{closure#0}
[INFO] [stdout]    4:     0x61c40c94b899 - std[70759c8f55707aa4]::panicking::default_hook
[INFO] [stdout]    5:     0x61c40c81f400 - test[9d35eded1c95d3be]::test_main_inner::<test[9d35eded1c95d3be]::test_main_static::{closure#0}>::{closure#0}
[INFO] [stdout]    6:     0x61c40c94bbc2 - std[70759c8f55707aa4]::panicking::panic_with_hook
[INFO] [stdout]    7:     0x61c40c92d7d2 - std[70759c8f55707aa4]::panicking::panic_handler::{closure#0}
[INFO] [stdout]    8:     0x61c40c925bd9 - std[70759c8f55707aa4]::sys::backtrace::__rust_end_short_backtrace::<std[70759c8f55707aa4]::panicking::panic_handler::{closure#0}, !>
[INFO] [stdout]    9:     0x61c40c92e7bd - __rustc[8fa7c3cbc660c2b3]::rust_begin_unwind
[INFO] [stdout]   10:     0x61c40c96c64c - core[df12db4294e9bfd3]::panicking::panic_fmt
[INFO] [stdout]   11:     0x61c40c7b5024 - core_service_test[6f41bd55e388f9e5]::test_metrics_report_actor_lag::{closure#0}
[INFO] [stdout]   12:     0x61c40c7fd7a3 - <tokio[762ef4e9ee308e5c]::runtime::scheduler::current_thread::Context>::enter::<core[df12db4294e9bfd3]::task::poll::Poll<()>, <tokio[762ef4e9ee308e5c]::runtime::scheduler::current_thread::CoreGuard>::block_on<core[df12db4294e9bfd3]::pin::Pin<&mut core[df12db4294e9bfd3]::pin::Pin<&mut dyn core[df12db4294e9bfd3]::future::future::Future<Output = ()>>>>::{closure#0}::{closure#0}>
[INFO] [stdout]   13:     0x61c40c7fedbc - <tokio[762ef4e9ee308e5c]::runtime::context::scoped::Scoped<tokio[762ef4e9ee308e5c]::runtime::scheduler::Context>>::set::<<tokio[762ef4e9ee308e5c]::runtime::scheduler::current_thread::CoreGuard>::enter<<tokio[762ef4e9ee308e5c]::runtime::scheduler::current_thread::CoreGuard>::block_on<core[df12db4294e9bfd3]::pin::Pin<&mut core[df12db4294e9bfd3]::pin::Pin<&mut dyn core[df12db4294e9bfd3]::future::future::Future<Output = ()>>>>::{closure#0}, core[df12db4294e9bfd3]::option::Option<()>>::{closure#0}, (alloc[2182bb758b4b3781]::boxed::Box<tokio[762ef4e9ee308e5c]::runtime::scheduler::current_thread::Core>, core[df12db4294e9bfd3]::option::Option<()>)>
[INFO] [stdout]   14:     0x61c40c7fd49f - <tokio[762ef4e9ee308e5c]::runtime::scheduler::current_thread::CurrentThread>::block_on::<core[df12db4294e9bfd3]::pin::Pin<&mut dyn core[df12db4294e9bfd3]::future::future::Future<Output = ()>>>
[INFO] [stdout]   15:     0x61c40c800b62 - <tokio[762ef4e9ee308e5c]::runtime::runtime::Runtime>::block_on::<core[df12db4294e9bfd3]::pin::Pin<&mut dyn core[df12db4294e9bfd3]::future::future::Future<Output = ()>>>
[INFO] [stdout]   16:     0x61c40c7cb9fd - <core_service_test[6f41bd55e388f9e5]::test_metrics_report_actor_lag::{closure#0} as core[df12db4294e9bfd3]::ops::function::FnOnce<()>>::call_once
[INFO] [stdout]   17:     0x61c40c8126eb - test[9d35eded1c95d3be]::__rust_begin_short_backtrace::<core[df12db4294e9bfd3]::result::Result<(), alloc[2182bb758b4b3781]::string::String>, fn() -> core[df12db4294e9bfd3]::result::Result<(), alloc[2182bb758b4b3781]::string::String>>
[INFO] [stdout]   18:     0x61c40c81fd55 - test[9d35eded1c95d3be]::run_test::{closure#0}
[INFO] [stdout]   19:     0x61c40c819614 - std[70759c8f55707aa4]::sys::backtrace::__rust_begin_short_backtrace::<test[9d35eded1c95d3be]::run_test::{closure#1}, ()>
[INFO] [stdout]   20:     0x61c40c822eb2 - <std[70759c8f55707aa4]::thread::lifecycle::spawn_unchecked<test[9d35eded1c95d3be]::run_test::{closure#1}, ()>::{closure#1} as core[df12db4294e9bfd3]::ops::function::FnOnce<()>>::call_once::{shim:vtable#0}
[INFO] [stdout]   21:     0x61c40c9535d9 - <std[70759c8f55707aa4]::sys::thread::unix::Thread>::new::thread_start
[INFO] [stdout]   22:     0x7665977cfdfa - <unknown>
[INFO] [stdout]   23:     0x7665978633d4 - clone
[INFO] [stdout]   24:                0x0 - <unknown>
[INFO] [stdout] 
[INFO] [stdout] 
[INFO] [stdout] failures:
[INFO] [stdout]     test_metrics_report_actor_lag
[INFO] [stdout] 
[INFO] [stdout] test result: FAILED. 20 passed; 1 failed; 0 ignored; 0 measured; 0 filtered out; finished in 0.04s
[INFO] [stdout] 
[INFO] [stderr] error: test failed, to rerun pass `--test core_service_test`
[INFO] running `Command { std: "docker" "inspect" "0376470f944e3cd8708e7fa2164ed372be22cad4e8b5b4ed3ebed305d1909264", kill_on_drop: false }`
[INFO] running `Command { std: "docker" "rm" "-f" "0376470f944e3cd8708e7fa2164ed372be22cad4e8b5b4ed3ebed305d1909264", kill_on_drop: false }`
[INFO] [stdout] 0376470f944e3cd8708e7fa2164ed372be22cad4e8b5b4ed3ebed305d1909264
