[INFO] cloning repository https://github.com/SuperInstance/optimization-algorithms
[INFO] running `Command { std: "git" "-c" "credential.helper=" "-c" "credential.helper=/workspace/cargo-home/bin/git-credential-null" "clone" "--bare" "https://github.com/SuperInstance/optimization-algorithms" "/workspace/cache/git-repos/https%3A%2F%2Fgithub.com%2FSuperInstance%2Foptimization-algorithms", kill_on_drop: false }`
[INFO] [stderr] Cloning into bare repository '/workspace/cache/git-repos/https%3A%2F%2Fgithub.com%2FSuperInstance%2Foptimization-algorithms'...
[INFO] running `Command { std: "git" "rev-parse" "HEAD", kill_on_drop: false }`
[INFO] [stdout] 1111f8e74bb0164e7f6b1cd0658459487a1564b6
[INFO] testing SuperInstance/optimization-algorithms against 1.99.0-beta.8+cargoflags=--release for beta-release-1.100-2
[INFO] running `Command { std: "git" "clone" "/workspace/cache/git-repos/https%3A%2F%2Fgithub.com%2FSuperInstance%2Foptimization-algorithms" "/workspace/builds/worker-7-tc1/source", kill_on_drop: false }`
[INFO] [stderr] Cloning into '/workspace/builds/worker-7-tc1/source'...
[INFO] [stderr] done.
[INFO] started tweaking git repo https://github.com/SuperInstance/optimization-algorithms
[INFO] finished tweaking git repo https://github.com/SuperInstance/optimization-algorithms
[INFO] tweaked toml for git repo https://github.com/SuperInstance/optimization-algorithms written to /workspace/builds/worker-7-tc1/source/Cargo.toml
[INFO] validating manifest of git repo https://github.com/SuperInstance/optimization-algorithms on toolchain 1.99.0-beta.8
[INFO] running `Command { std: CARGO_HOME="/workspace/cargo-home" RUSTUP_HOME="/workspace/rustup-home" "/workspace/cargo-home/bin/cargo" "+1.99.0-beta.8" "metadata" "--manifest-path" "Cargo.toml" "--no-deps", kill_on_drop: false }`
[INFO] crate git repo https://github.com/SuperInstance/optimization-algorithms already has a lockfile, it will not be regenerated
[INFO] running `Command { std: CARGO_HOME="/workspace/cargo-home" RUSTUP_HOME="/workspace/rustup-home" "/workspace/cargo-home/bin/cargo" "+1.99.0-beta.8" "fetch" "--manifest-path" "Cargo.toml", kill_on_drop: false }`
[INFO] [stderr]  Downloading crates ...
[INFO] [stderr]   Downloaded nalgebra v0.33.3
[INFO] running `Command { std: "docker" "create" "-v" "/var/lib/crater-agent-workspace/builds/worker-7-tc1/source:/opt/rustwide/workdir:ro,Z" "-v" "/var/lib/crater-agent-workspace/builds/worker-7-tc1/target:/opt/rustwide/target:rw,Z" "-v" "/var/lib/crater-agent-workspace/cargo-home:/opt/rustwide/cargo-home:ro,Z" "-v" "/var/lib/crater-agent-workspace/rustup-home:/opt/rustwide/rustup-home:ro,Z" "-m" "1610612736" "--network" "none" "ghcr.io/rust-lang/crates-build-env/linux@sha256:77db811e55d90add9212f6832c23229e3de5f1c1f9905e8cb07319ea15df73ac" "sleep" "infinity", kill_on_drop: false }`
[INFO] [stdout] 57514a6182434174e275d3a5c1077c8418d18f59b66ecf024f00e908f66e7aae
[INFO] running `Command { std: "docker" "start" "57514a6182434174e275d3a5c1077c8418d18f59b66ecf024f00e908f66e7aae", kill_on_drop: false }`
[INFO] running `Command { std: "docker" "inspect" "57514a6182434174e275d3a5c1077c8418d18f59b66ecf024f00e908f66e7aae", kill_on_drop: false }`
[INFO] running `Command { std: "docker" "exec" "-e" "SOURCE_DIR=/opt/rustwide/workdir" "-e" "CARGO_HOME=/opt/rustwide/cargo-home" "-e" "RUSTUP_HOME=/opt/rustwide/rustup-home" "-e" "CARGO_TARGET_DIR=/opt/rustwide/target" "-w" "/opt/rustwide/workdir" "--user" "0:0" "57514a6182434174e275d3a5c1077c8418d18f59b66ecf024f00e908f66e7aae" "/opt/rustwide/cargo-home/bin/cargo" "+1.99.0-beta.8" "metadata" "--no-deps" "--format-version=1", kill_on_drop: false }`
[INFO] running `Command { std: "docker" "inspect" "57514a6182434174e275d3a5c1077c8418d18f59b66ecf024f00e908f66e7aae", kill_on_drop: false }`
[INFO] running `Command { std: "docker" "exec" "-e" "SOURCE_DIR=/opt/rustwide/workdir" "-e" "CARGO_HOME=/opt/rustwide/cargo-home" "-e" "RUSTUP_HOME=/opt/rustwide/rustup-home" "-e" "CARGO_TARGET_DIR=/opt/rustwide/target" "-e" "CARGO_INCREMENTAL=0" "-e" "RUST_BACKTRACE=full" "-e" "RUSTFLAGS=--cap-lints=warn" "-e" "RUSTDOCFLAGS=--cap-lints=warn" "-w" "/opt/rustwide/workdir" "--user" "0:0" "57514a6182434174e275d3a5c1077c8418d18f59b66ecf024f00e908f66e7aae" "/opt/rustwide/cargo-home/bin/cargo" "+1.99.0-beta.8" "build" "--frozen" "--message-format=json" "--release", kill_on_drop: false }`
[INFO] [stderr]    Compiling num-traits v0.2.19
[INFO] [stderr]    Compiling libc v0.2.186
[INFO] [stderr]    Compiling zerocopy v0.8.50
[INFO] [stderr]    Compiling bytemuck v1.25.0
[INFO] [stderr]    Compiling matrixmultiply v0.3.10
[INFO] [stderr]    Compiling rawpointer v0.2.1
[INFO] [stderr]    Compiling syn v2.0.117
[INFO] [stderr]    Compiling safe_arch v0.7.4
[INFO] [stderr]    Compiling wide v0.7.33
[INFO] [stderr]    Compiling num-integer v0.1.46
[INFO] [stderr]    Compiling approx v0.5.1
[INFO] [stderr]    Compiling getrandom v0.2.17
[INFO] [stderr]    Compiling num-rational v0.4.2
[INFO] [stderr]    Compiling rand_core v0.6.4
[INFO] [stderr]    Compiling serde_derive v1.0.228
[INFO] [stderr]    Compiling nalgebra-macros v0.2.2
[INFO] [stderr]    Compiling ppv-lite86 v0.2.21
[INFO] [stderr]    Compiling serde v1.0.228
[INFO] [stderr]    Compiling rand_chacha v0.3.1
[INFO] [stderr]    Compiling rand v0.8.6
[INFO] [stderr]    Compiling num-complex v0.4.6
[INFO] [stderr]    Compiling rand_distr v0.4.3
[INFO] [stderr]    Compiling simba v0.9.1
[INFO] [stderr]    Compiling nalgebra v0.33.3
[INFO] [stderr]    Compiling optimization-algorithms v0.1.0 (/opt/rustwide/workdir)
[INFO] [stderr]     Finished `release` profile [optimized] target(s) in 36.93s
[INFO] running `Command { std: "docker" "inspect" "57514a6182434174e275d3a5c1077c8418d18f59b66ecf024f00e908f66e7aae", kill_on_drop: false }`
[INFO] running `Command { std: "docker" "exec" "-e" "SOURCE_DIR=/opt/rustwide/workdir" "-e" "CARGO_HOME=/opt/rustwide/cargo-home" "-e" "RUSTUP_HOME=/opt/rustwide/rustup-home" "-e" "CARGO_TARGET_DIR=/opt/rustwide/target" "-e" "CARGO_INCREMENTAL=0" "-e" "RUST_BACKTRACE=full" "-e" "RUSTFLAGS=--cap-lints=warn" "-e" "RUSTDOCFLAGS=--cap-lints=warn" "-w" "/opt/rustwide/workdir" "--user" "0:0" "57514a6182434174e275d3a5c1077c8418d18f59b66ecf024f00e908f66e7aae" "/opt/rustwide/cargo-home/bin/cargo" "+1.99.0-beta.8" "test" "--frozen" "--no-run" "--message-format=json" "--release", kill_on_drop: false }`
[INFO] [stderr]    Compiling approx v0.5.1
[INFO] [stderr]    Compiling simba v0.9.1
[INFO] [stderr]    Compiling nalgebra v0.33.3
[INFO] [stderr]    Compiling optimization-algorithms v0.1.0 (/opt/rustwide/workdir)
[INFO] [stderr]     Finished `release` profile [optimized] target(s) in 30.29s
[INFO] running `Command { std: "docker" "inspect" "57514a6182434174e275d3a5c1077c8418d18f59b66ecf024f00e908f66e7aae", kill_on_drop: false }`
[INFO] running `Command { std: "docker" "exec" "-e" "SOURCE_DIR=/opt/rustwide/workdir" "-e" "CARGO_HOME=/opt/rustwide/cargo-home" "-e" "RUSTUP_HOME=/opt/rustwide/rustup-home" "-e" "CARGO_TARGET_DIR=/opt/rustwide/target" "-e" "CARGO_INCREMENTAL=0" "-e" "RUST_BACKTRACE=full" "-e" "RUSTFLAGS=--cap-lints=warn" "-e" "RUSTDOCFLAGS=--cap-lints=warn" "-w" "/opt/rustwide/workdir" "--user" "0:0" "57514a6182434174e275d3a5c1077c8418d18f59b66ecf024f00e908f66e7aae" "/opt/rustwide/cargo-home/bin/cargo" "+1.99.0-beta.8" "test" "--frozen" "--release", kill_on_drop: false }`
[INFO] [stderr]     Finished `release` profile [optimized] target(s) in 0.07s
[INFO] [stderr]      Running unittests src/lib.rs (/opt/rustwide/target/release/deps/optimization_algorithms-b641723757b5f88a)
[INFO] [stdout] 
[INFO] [stdout] running 58 tests
[INFO] [stdout] test conjugate_gradient::tests::test_cg_with_restart ... ok
[INFO] [stdout] test conjugate_gradient::tests::test_fr_rosenbrock ... ok
[INFO] [stdout] test constraints::tests::test_barrier_inequality ... ok
[INFO] [stdout] test gradient_descent::tests::test_gd_converges_sphere ... ok
[INFO] [stdout] test gradient_descent::tests::test_gd_decreases_objective ... ok
[INFO] [stdout] test hyperparameter::tests::test_tune_with_bfgs ... ok
[INFO] [stdout] test hyperparameter::tests::test_tune_simple_quadratic ... ok
[INFO] [stdout] test hyperparameter::tests::test_tune_with_pso ... ok
[INFO] [stdout] test gradient_descent::tests::test_nesterov_converges ... ok
[INFO] [stdout] test conjugate_gradient::tests::test_pr_sphere_converges ... ok
[INFO] [stdout] test hyperparameter::tests::test_config_vector_roundtrip ... ok
[INFO] [stdout] test gradient_descent::tests::test_mini_batch_converges ... ok
[INFO] [stdout] test gradient_descent::tests::test_momentum_converges ... ok
[INFO] [stdout] test constraints::tests::test_penalty_simple_inequality ... ok
[INFO] [stdout] test conjugate_gradient::tests::test_fr_sphere_converges ... ok
[INFO] [stdout] test conjugate_gradient::tests::test_pr_rosenbrock ... ok
[INFO] [stdout] test gradient_descent::tests::test_gd_rosenbrock ... ok
[INFO] [stdout] test multi_objective::tests::test_fast_non_dominated_sort ... ok
[INFO] [stdout] test line_search::tests::test_golden_section_sphere ... ok
[INFO] [stdout] test multi_objective::tests::test_pareto_front_extraction ... ok
[INFO] [stdout] test line_search::tests::test_backtracking_armijo_converges ... ok
[INFO] [stdout] test multi_objective::tests::test_pareto_front_single_solution ... ok
[INFO] [stdout] test line_search::tests::test_backtracking_armijo_sufficient_decrease ... ok
[INFO] [stdout] test multi_objective::tests::test_non_dominated ... ok
[INFO] [stdout] test nelder_mead::tests::test_nm_booth ... ok
[INFO] [stdout] test nelder_mead::tests::test_nm_converges_few_dimensions ... ok
[INFO] [stdout] test line_search::tests::test_wolfe_conditions_satisfied ... ok
[INFO] [stdout] test multi_objective::tests::test_dominance ... ok
[INFO] [stdout] test particle_swarm::tests::test_pso_sphere ... ok
[INFO] [stdout] test gradient_descent::tests::test_sgd_converges ... ok
[INFO] [stdout] test quasi_newton::tests::test_bfgs_positive_definite_hessian ... ok
[INFO] [stdout] test quasi_newton::tests::test_bfgs_preserves_convergence_with_restarts ... ok
[INFO] [stdout] test line_search::tests::test_golden_section_few_evals ... ok
[INFO] [stdout] test quasi_newton::tests::test_bfgs_rosenbrock ... ok
[INFO] [stdout] test line_search::tests::test_strong_wolfe_conditions ... ok
[INFO] [stdout] test quasi_newton::tests::test_bfgs_sphere_converges ... ok
[INFO] [stdout] test line_search::tests::test_golden_section_2d ... ok
[INFO] [stdout] test simulated_annealing::tests::test_sa_acceptance_probability_high_temp ... ok
[INFO] [stdout] test particle_swarm::tests::test_pso_rosenbrock ... ok
[INFO] [stdout] test particle_swarm::tests::test_pso_high_dimensional ... FAILED
[INFO] [stdout] test particle_swarm::tests::test_pso_rastrigin ... ok
[INFO] [stdout] test multi_objective::tests::test_nsga2_runs ... ok
[INFO] [stdout] test hyperparameter::tests::test_config_defaults ... ok
[INFO] [stdout] test nelder_mead::tests::test_nm_derivative_free ... ok
[INFO] [stdout] test nelder_mead::tests::test_nm_rosenbrock ... ok
[INFO] [stdout] test nelder_mead::tests::test_nm_sphere ... ok
[INFO] [stdout] test quasi_newton::tests::test_lbfgs_sphere_converges ... ok
[INFO] [stdout] test simulated_annealing::tests::test_sa_acceptance_probability_zero_temp ... ok
[INFO] [stdout] test simulated_annealing::tests::test_sa_acceptance_probability_improvement ... ok
[INFO] [stdout] test quasi_newton::tests::test_lbfgs_high_dimensional ... ok
[INFO] [stdout] test particle_swarm::tests::test_pso_respects_bounds ... ok
[INFO] [stdout] test quasi_newton::tests::test_lbfgs_rosenbrock ... ok
[INFO] [stdout] test simulated_annealing::tests::test_sa_acceptance_probability_worse ... ok
[INFO] [stdout] test simulated_annealing::tests::test_sa_temperature_schedules ... ok
[INFO] [stdout] test simulated_annealing::tests::test_sa_with_bounds ... ok
[INFO] [stdout] test simulated_annealing::tests::test_sa_sphere ... ok
[INFO] [stdout] test constraints::tests::test_penalty_decreases_violation ... ok
[INFO] [stdout] test constraints::tests::test_penalty_equality ... ok
[INFO] [stdout] 
[INFO] [stdout] failures:
[INFO] [stdout] 
[INFO] [stdout] ---- particle_swarm::tests::test_pso_high_dimensional stdout ----
[INFO] [stdout] 
[INFO] [stdout] thread 'particle_swarm::tests::test_pso_high_dimensional' (702) panicked at src/particle_swarm.rs:238:9:
[INFO] [stdout] assertion failed: result.f_x < 5.0
[INFO] [stdout] stack backtrace:
[INFO] [stdout]    0:     0x577f1426e721 - <<std[70759c8f55707aa4]::sys::backtrace::BacktraceLock>::print::DisplayBacktrace as core[df12db4294e9bfd3]::fmt::Display>::fmt
[INFO] [stdout]    1:     0x577f142836ba - core[df12db4294e9bfd3]::fmt::write
[INFO] [stdout]    2:     0x577f14272c6c - <alloc[2182bb758b4b3781]::vec::Vec<u8> as core[df12db4294e9bfd3]::io::write::Write>::write_fmt
[INFO] [stdout]    3:     0x577f1424ad16 - std[70759c8f55707aa4]::panicking::default_hook::{closure#0}
[INFO] [stdout]    4:     0x577f14266e89 - std[70759c8f55707aa4]::panicking::default_hook
[INFO] [stdout]    5:     0x577f141f6e90 - test[9d35eded1c95d3be]::test_main_inner::<test[9d35eded1c95d3be]::test_main_static::{closure#0}>::{closure#0}
[INFO] [stdout]    6:     0x577f14267042 - std[70759c8f55707aa4]::panicking::panic_with_hook
[INFO] [stdout]    7:     0x577f1424adf4 - std[70759c8f55707aa4]::panicking::panic_handler::{closure#0}
[INFO] [stdout]    8:     0x577f14243b19 - std[70759c8f55707aa4]::sys::backtrace::__rust_end_short_backtrace::<std[70759c8f55707aa4]::panicking::panic_handler::{closure#0}, !>
[INFO] [stdout]    9:     0x577f1424b9bd - __rustc[8fa7c3cbc660c2b3]::rust_begin_unwind
[INFO] [stdout]   10:     0x577f14283dec - core[df12db4294e9bfd3]::panicking::panic_fmt
[INFO] [stdout]   11:     0x577f14283db2 - core[df12db4294e9bfd3]::panicking::panic
[INFO] [stdout]   12:     0x577f141d0558 - optimization_algorithms[64886e5455078d84]::particle_swarm::tests::test_pso_high_dimensional
[INFO] [stdout]   13:     0x577f1419f6f9 - <optimization_algorithms[64886e5455078d84]::particle_swarm::tests::test_pso_high_dimensional::{closure#0} as core[df12db4294e9bfd3]::ops::function::FnOnce<()>>::call_once
[INFO] [stdout]   14:     0x577f141ea17b - test[9d35eded1c95d3be]::__rust_begin_short_backtrace::<core[df12db4294e9bfd3]::result::Result<(), alloc[2182bb758b4b3781]::string::String>, fn() -> core[df12db4294e9bfd3]::result::Result<(), alloc[2182bb758b4b3781]::string::String>>
[INFO] [stdout]   15:     0x577f141f77e5 - test[9d35eded1c95d3be]::run_test::{closure#0}
[INFO] [stdout]   16:     0x577f141f10a4 - std[70759c8f55707aa4]::sys::backtrace::__rust_begin_short_backtrace::<test[9d35eded1c95d3be]::run_test::{closure#1}, ()>
[INFO] [stdout]   17:     0x577f141fa942 - <std[70759c8f55707aa4]::thread::lifecycle::spawn_unchecked<test[9d35eded1c95d3be]::run_test::{closure#1}, ()>::{closure#1} as core[df12db4294e9bfd3]::ops::function::FnOnce<()>>::call_once::{shim:vtable#0}
[INFO] [stdout]   18:     0x577f1426dff9 - <std[70759c8f55707aa4]::sys::thread::unix::Thread>::new::thread_start
[INFO] [stdout]   19:     0x7700b68d7dfa - <unknown>
[INFO] [stdout]   20:     0x7700b696b3d4 - clone
[INFO] [stdout]   21:                0x0 - <unknown>
[INFO] [stdout] 
[INFO] [stdout] 
[INFO] [stdout] failures:
[INFO] [stdout]     particle_swarm::tests::test_pso_high_dimensional
[INFO] [stdout] 
[INFO] [stdout] test result: FAILED. 57 passed; 1 failed; 0 ignored; 0 measured; 0 filtered out; finished in 0.11s
[INFO] [stdout] 
[INFO] [stderr] error: test failed, to rerun pass `--lib`
[INFO] running `Command { std: "docker" "inspect" "57514a6182434174e275d3a5c1077c8418d18f59b66ecf024f00e908f66e7aae", kill_on_drop: false }`
[INFO] running `Command { std: "docker" "rm" "-f" "57514a6182434174e275d3a5c1077c8418d18f59b66ecf024f00e908f66e7aae", kill_on_drop: false }`
[INFO] [stdout] 57514a6182434174e275d3a5c1077c8418d18f59b66ecf024f00e908f66e7aae
