[INFO] cloning repository https://github.com/SuperInstance/lau-serialization
[INFO] running `Command { std: "git" "-c" "credential.helper=" "-c" "credential.helper=/workspace/cargo-home/bin/git-credential-null" "clone" "--bare" "https://github.com/SuperInstance/lau-serialization" "/workspace/cache/git-repos/https%3A%2F%2Fgithub.com%2FSuperInstance%2Flau-serialization", kill_on_drop: false }`
[INFO] [stderr] Cloning into bare repository '/workspace/cache/git-repos/https%3A%2F%2Fgithub.com%2FSuperInstance%2Flau-serialization'...
[INFO] running `Command { std: "git" "rev-parse" "HEAD", kill_on_drop: false }`
[INFO] [stdout] 615ade4f80480af2c29175842a09b53d0bc9a013
[INFO] testing SuperInstance/lau-serialization against 1.99.0-beta.8+cargoflags=--release for beta-release-1.100-2
[INFO] running `Command { std: "git" "clone" "/workspace/cache/git-repos/https%3A%2F%2Fgithub.com%2FSuperInstance%2Flau-serialization" "/workspace/builds/worker-2-tc1/source", kill_on_drop: false }`
[INFO] [stderr] Cloning into '/workspace/builds/worker-2-tc1/source'...
[INFO] [stderr] done.
[INFO] started tweaking git repo https://github.com/SuperInstance/lau-serialization
[INFO] finished tweaking git repo https://github.com/SuperInstance/lau-serialization
[INFO] tweaked toml for git repo https://github.com/SuperInstance/lau-serialization written to /workspace/builds/worker-2-tc1/source/Cargo.toml
[INFO] validating manifest of git repo https://github.com/SuperInstance/lau-serialization on toolchain 1.99.0-beta.8
[INFO] running `Command { std: CARGO_HOME="/workspace/cargo-home" RUSTUP_HOME="/workspace/rustup-home" "/workspace/cargo-home/bin/cargo" "+1.99.0-beta.8" "metadata" "--manifest-path" "Cargo.toml" "--no-deps", kill_on_drop: false }`
[INFO] crate git repo https://github.com/SuperInstance/lau-serialization already has a lockfile, it will not be regenerated
[INFO] running `Command { std: CARGO_HOME="/workspace/cargo-home" RUSTUP_HOME="/workspace/rustup-home" "/workspace/cargo-home/bin/cargo" "+1.99.0-beta.8" "fetch" "--manifest-path" "Cargo.toml", kill_on_drop: false }`
[INFO] running `Command { std: "docker" "create" "-v" "/var/lib/crater-agent-workspace/builds/worker-2-tc1/source:/opt/rustwide/workdir:ro,Z" "-v" "/var/lib/crater-agent-workspace/builds/worker-2-tc1/target:/opt/rustwide/target:rw,Z" "-v" "/var/lib/crater-agent-workspace/cargo-home:/opt/rustwide/cargo-home:ro,Z" "-v" "/var/lib/crater-agent-workspace/rustup-home:/opt/rustwide/rustup-home:ro,Z" "-m" "1610612736" "--network" "none" "ghcr.io/rust-lang/crates-build-env/linux@sha256:77db811e55d90add9212f6832c23229e3de5f1c1f9905e8cb07319ea15df73ac" "sleep" "infinity", kill_on_drop: false }`
[INFO] [stdout] d6bcfe56f157d7f8e7058681d1435755321c8786fc76a8e69d12a29229356135
[INFO] running `Command { std: "docker" "start" "d6bcfe56f157d7f8e7058681d1435755321c8786fc76a8e69d12a29229356135", kill_on_drop: false }`
[INFO] running `Command { std: "docker" "inspect" "d6bcfe56f157d7f8e7058681d1435755321c8786fc76a8e69d12a29229356135", kill_on_drop: false }`
[INFO] running `Command { std: "docker" "exec" "-e" "SOURCE_DIR=/opt/rustwide/workdir" "-e" "CARGO_HOME=/opt/rustwide/cargo-home" "-e" "RUSTUP_HOME=/opt/rustwide/rustup-home" "-e" "CARGO_TARGET_DIR=/opt/rustwide/target" "-w" "/opt/rustwide/workdir" "--user" "0:0" "d6bcfe56f157d7f8e7058681d1435755321c8786fc76a8e69d12a29229356135" "/opt/rustwide/cargo-home/bin/cargo" "+1.99.0-beta.8" "metadata" "--no-deps" "--format-version=1", kill_on_drop: false }`
[INFO] running `Command { std: "docker" "inspect" "d6bcfe56f157d7f8e7058681d1435755321c8786fc76a8e69d12a29229356135", kill_on_drop: false }`
[INFO] running `Command { std: "docker" "exec" "-e" "SOURCE_DIR=/opt/rustwide/workdir" "-e" "CARGO_HOME=/opt/rustwide/cargo-home" "-e" "RUSTUP_HOME=/opt/rustwide/rustup-home" "-e" "CARGO_TARGET_DIR=/opt/rustwide/target" "-e" "CARGO_INCREMENTAL=0" "-e" "RUST_BACKTRACE=full" "-e" "RUSTFLAGS=--cap-lints=warn" "-e" "RUSTDOCFLAGS=--cap-lints=warn" "-w" "/opt/rustwide/workdir" "--user" "0:0" "d6bcfe56f157d7f8e7058681d1435755321c8786fc76a8e69d12a29229356135" "/opt/rustwide/cargo-home/bin/cargo" "+1.99.0-beta.8" "build" "--frozen" "--message-format=json" "--release", kill_on_drop: false }`
[INFO] [stderr]    Compiling lau-serialization v0.1.0 (/opt/rustwide/workdir)
[INFO] [stderr]     Finished `release` profile [optimized] target(s) in 0.65s
[INFO] running `Command { std: "docker" "inspect" "d6bcfe56f157d7f8e7058681d1435755321c8786fc76a8e69d12a29229356135", kill_on_drop: false }`
[INFO] running `Command { std: "docker" "exec" "-e" "SOURCE_DIR=/opt/rustwide/workdir" "-e" "CARGO_HOME=/opt/rustwide/cargo-home" "-e" "RUSTUP_HOME=/opt/rustwide/rustup-home" "-e" "CARGO_TARGET_DIR=/opt/rustwide/target" "-e" "CARGO_INCREMENTAL=0" "-e" "RUST_BACKTRACE=full" "-e" "RUSTFLAGS=--cap-lints=warn" "-e" "RUSTDOCFLAGS=--cap-lints=warn" "-w" "/opt/rustwide/workdir" "--user" "0:0" "d6bcfe56f157d7f8e7058681d1435755321c8786fc76a8e69d12a29229356135" "/opt/rustwide/cargo-home/bin/cargo" "+1.99.0-beta.8" "test" "--frozen" "--no-run" "--message-format=json" "--release", kill_on_drop: false }`
[INFO] [stderr]    Compiling lau-serialization v0.1.0 (/opt/rustwide/workdir)
[INFO] [stderr]     Finished `release` profile [optimized] target(s) in 1.05s
[INFO] running `Command { std: "docker" "inspect" "d6bcfe56f157d7f8e7058681d1435755321c8786fc76a8e69d12a29229356135", kill_on_drop: false }`
[INFO] running `Command { std: "docker" "exec" "-e" "SOURCE_DIR=/opt/rustwide/workdir" "-e" "CARGO_HOME=/opt/rustwide/cargo-home" "-e" "RUSTUP_HOME=/opt/rustwide/rustup-home" "-e" "CARGO_TARGET_DIR=/opt/rustwide/target" "-e" "CARGO_INCREMENTAL=0" "-e" "RUST_BACKTRACE=full" "-e" "RUSTFLAGS=--cap-lints=warn" "-e" "RUSTDOCFLAGS=--cap-lints=warn" "-w" "/opt/rustwide/workdir" "--user" "0:0" "d6bcfe56f157d7f8e7058681d1435755321c8786fc76a8e69d12a29229356135" "/opt/rustwide/cargo-home/bin/cargo" "+1.99.0-beta.8" "test" "--frozen" "--release", kill_on_drop: false }`
[INFO] [stderr]     Finished `release` profile [optimized] target(s) in 0.02s
[INFO] [stderr]      Running unittests src/lib.rs (/opt/rustwide/target/release/deps/lau_serialization-24e1a391932a73ff)
[INFO] [stdout] 
[INFO] [stdout] running 26 tests
[INFO] [stdout] test tests::test_corrupted_entity_count ... ok
[INFO] [stdout] test tests::test_entity_partial ... ok
[INFO] [stdout] test tests::test_fnv1a_empty ... ok
[INFO] [stdout] test tests::test_room_empty_name ... ok
[INFO] [stdout] test tests::test_room_no_agents ... ok
[INFO] [stdout] test tests::test_entity_full ... ok
[INFO] [stdout] test tests::test_fnv1a_known ... ok
[INFO] [stdout] test tests::test_save_version_current ... ok
[INFO] [stdout] test tests::test_truncated_data_returns_eof ... ok
[INFO] [stdout] test tests::test_entity_minimal ... ok
[INFO] [stdout] test tests::test_header_roundtrip ... ok
[INFO] [stdout] test tests::test_header_short_decode ... ok
[INFO] [stdout] test tests::test_save_manager_to_from_bytes ... FAILED
[INFO] [stdout] test tests::test_verify_checksum_fail ... ok
[INFO] [stderr] error: test failed, to rerun pass `--lib`
[INFO] [stdout] test tests::test_large_world_1000_entities ... ok
[INFO] [stdout] test tests::test_verify_checksum_pass ... ok
[INFO] [stdout] test tests::test_version_mismatch ... ok
[INFO] [stdout] test tests::test_world_save_empty ... ok
[INFO] [stdout] test tests::test_world_save_roundtrip ... ok
[INFO] [stdout] test tests::test_save_manager_count ... ok
[INFO] [stdout] test tests::test_room_roundtrip ... ok
[INFO] [stdout] test tests::test_empty_save_manager ... ok
[INFO] [stdout] test tests::test_save_manager_save_load ... ok
[INFO] [stdout] test tests::test_save_manager_delete ... ok
[INFO] [stdout] test tests::test_entity_invalid_utf8_name ... ok
[INFO] [stdout] test tests::test_save_manager_list ... ok
[INFO] [stdout] 
[INFO] [stdout] failures:
[INFO] [stdout] 
[INFO] [stdout] ---- tests::test_save_manager_to_from_bytes stdout ----
[INFO] [stdout] 
[INFO] [stdout] thread 'tests::test_save_manager_to_from_bytes' (178) panicked at src/lib.rs:1068:9:
[INFO] [stdout] assertion `left == right` failed
[INFO] [stdout]   left: [2, 0, 0, 0, 6, 0, 0, 0, 119, 111, 114, 108, 100, 50, 115, 0, 0, 0, 1, 0, 0, 0, 200, 0, 0, 0, 0, 0, 0, 0, 0, 0, 0, 0, 0, 0, 0, 0, 0, 0, 0, 0, 1, 0, 0, 0, 27, 151, 109, 250, 226, 220, 28, 134, 0, 0, 0, 0, 1, 0, 0, 0, 44, 0, 0, 0, 10, 0, 0, 0, 0, 0, 0, 0, 4, 0, 0, 0, 114, 111, 111, 109, 0, 0, 0, 0, 0, 0, 224, 63, 0, 0, 0, 0, 0, 0, 89, 64, 0, 0, 0, 0, 42, 0, 0, 0, 0, 0, 0, 0, 3, 0, 0, 0, 98, 111, 98, 200, 0, 0, 0, 0, 0, 0, 0, 0, 0, 0, 0, 0, 0, 0, 0, 6, 0, 0, 0, 119, 111, 114, 108, 100, 49, 113, 0, 0, 0, 1, 0, 0, 0, 100, 0, 0, 0, 0, 0, 0, 0, 0, 0, 0, 0, 0, 0, 0, 0, 1, 0, 0, 0, 0, 0, 0, 0, 24, 45, 52, 81, 129, 47, 68, 60, 1, 0, 0, 0, 40, 0, 0, 0, 1, 0, 0, 0, 0, 0, 0, 0, 1, 0, 0, 0, 0, 0, 0, 0, 0, 0, 0, 0, 0, 0, 240, 63, 0, 0, 0, 0, 0, 0, 0, 64, 0, 0, 0, 0, 0, 0, 8, 64, 0, 0, 0, 0, 5, 0, 0, 0, 97, 108, 105, 99, 101, 100, 0, 0, 0, 0, 0, 0, 0, 0, 0, 0, 0, 0, 0, 0, 0]
[INFO] [stdout]  right: [2, 0, 0, 0, 6, 0, 0, 0, 119, 111, 114, 108, 100, 49, 113, 0, 0, 0, 1, 0, 0, 0, 100, 0, 0, 0, 0, 0, 0, 0, 0, 0, 0, 0, 0, 0, 0, 0, 1, 0, 0, 0, 0, 0, 0, 0, 24, 45, 52, 81, 129, 47, 68, 60, 1, 0, 0, 0, 40, 0, 0, 0, 1, 0, 0, 0, 0, 0, 0, 0, 1, 0, 0, 0, 0, 0, 0, 0, 0, 0, 0, 0, 0, 0, 240, 63, 0, 0, 0, 0, 0, 0, 0, 64, 0, 0, 0, 0, 0, 0, 8, 64, 0, 0, 0, 0, 5, 0, 0, 0, 97, 108, 105, 99, 101, 100, 0, 0, 0, 0, 0, 0, 0, 0, 0, 0, 0, 0, 0, 0, 0, 6, 0, 0, 0, 119, 111, 114, 108, 100, 50, 115, 0, 0, 0, 1, 0, 0, 0, 200, 0, 0, 0, 0, 0, 0, 0, 0, 0, 0, 0, 0, 0, 0, 0, 0, 0, 0, 0, 1, 0, 0, 0, 27, 151, 109, 250, 226, 220, 28, 134, 0, 0, 0, 0, 1, 0, 0, 0, 44, 0, 0, 0, 10, 0, 0, 0, 0, 0, 0, 0, 4, 0, 0, 0, 114, 111, 111, 109, 0, 0, 0, 0, 0, 0, 224, 63, 0, 0, 0, 0, 0, 0, 89, 64, 0, 0, 0, 0, 42, 0, 0, 0, 0, 0, 0, 0, 3, 0, 0, 0, 98, 111, 98, 200, 0, 0, 0, 0, 0, 0, 0, 0, 0, 0, 0, 0, 0, 0, 0]
[INFO] [stdout] stack backtrace:
[INFO] [stdout]    0:     0x59cf39a67e41 - <<std[70759c8f55707aa4]::sys::backtrace::BacktraceLock>::print::DisplayBacktrace as core[df12db4294e9bfd3]::fmt::Display>::fmt
[INFO] [stdout]    1:     0x59cf39a7caea - core[df12db4294e9bfd3]::fmt::write
[INFO] [stdout]    2:     0x59cf39a6c2dc - <alloc[2182bb758b4b3781]::vec::Vec<u8> as core[df12db4294e9bfd3]::io::write::Write>::write_fmt
[INFO] [stdout]    3:     0x59cf39a44436 - std[70759c8f55707aa4]::panicking::default_hook::{closure#0}
[INFO] [stdout]    4:     0x59cf39a605a9 - std[70759c8f55707aa4]::panicking::default_hook
[INFO] [stdout]    5:     0x59cf399fca30 - test[9d35eded1c95d3be]::test_main_inner::<test[9d35eded1c95d3be]::test_main_static::{closure#0}>::{closure#0}
[INFO] [stdout]    6:     0x59cf39a60762 - std[70759c8f55707aa4]::panicking::panic_with_hook
[INFO] [stdout]    7:     0x59cf39a444e2 - std[70759c8f55707aa4]::panicking::panic_handler::{closure#0}
[INFO] [stdout]    8:     0x59cf39a3d269 - std[70759c8f55707aa4]::sys::backtrace::__rust_end_short_backtrace::<std[70759c8f55707aa4]::panicking::panic_handler::{closure#0}, !>
[INFO] [stdout]    9:     0x59cf39a450dd - __rustc[8fa7c3cbc660c2b3]::rust_begin_unwind
[INFO] [stdout]   10:     0x59cf39a7d21c - core[df12db4294e9bfd3]::panicking::panic_fmt
[INFO] [stdout]   11:     0x59cf39a7d133 - core[df12db4294e9bfd3]::panicking::assert_failed_inner
[INFO] [stdout]   12:     0x59cf399e747c - core[df12db4294e9bfd3]::panicking::assert_failed::<alloc[2182bb758b4b3781]::vec::Vec<u8>, alloc[2182bb758b4b3781]::vec::Vec<u8>>
[INFO] [stdout]   13:     0x59cf399ee1a0 - lau_serialization[ca7e1f1ea6e91bfa]::tests::test_save_manager_to_from_bytes
[INFO] [stdout]   14:     0x59cf399e6699 - <lau_serialization[ca7e1f1ea6e91bfa]::tests::test_save_manager_to_from_bytes::{closure#0} as core[df12db4294e9bfd3]::ops::function::FnOnce<()>>::call_once
[INFO] [stdout]   15:     0x59cf399efd1b - test[9d35eded1c95d3be]::__rust_begin_short_backtrace::<core[df12db4294e9bfd3]::result::Result<(), alloc[2182bb758b4b3781]::string::String>, fn() -> core[df12db4294e9bfd3]::result::Result<(), alloc[2182bb758b4b3781]::string::String>>
[INFO] [stdout]   16:     0x59cf399fd385 - test[9d35eded1c95d3be]::run_test::{closure#0}
[INFO] [stdout]   17:     0x59cf399f6c44 - std[70759c8f55707aa4]::sys::backtrace::__rust_begin_short_backtrace::<test[9d35eded1c95d3be]::run_test::{closure#1}, ()>
[INFO] [stdout]   18:     0x59cf39a004e2 - <std[70759c8f55707aa4]::thread::lifecycle::spawn_unchecked<test[9d35eded1c95d3be]::run_test::{closure#1}, ()>::{closure#1} as core[df12db4294e9bfd3]::ops::function::FnOnce<()>>::call_once::{shim:vtable#0}
[INFO] [stdout]   19:     0x59cf39a67719 - <std[70759c8f55707aa4]::sys::thread::unix::Thread>::new::thread_start
[INFO] [stdout]   20:     0x7de3adc36dfa - <unknown>
[INFO] [stdout]   21:     0x7de3adcca3d4 - clone
[INFO] [stdout]   22:                0x0 - <unknown>
[INFO] [stdout] 
[INFO] [stdout] 
[INFO] [stdout] failures:
[INFO] [stdout]     tests::test_save_manager_to_from_bytes
[INFO] [stdout] 
[INFO] [stdout] test result: FAILED. 25 passed; 1 failed; 0 ignored; 0 measured; 0 filtered out; finished in 0.12s
[INFO] [stdout] 
[INFO] running `Command { std: "docker" "inspect" "d6bcfe56f157d7f8e7058681d1435755321c8786fc76a8e69d12a29229356135", kill_on_drop: false }`
[INFO] running `Command { std: "docker" "rm" "-f" "d6bcfe56f157d7f8e7058681d1435755321c8786fc76a8e69d12a29229356135", kill_on_drop: false }`
[INFO] [stdout] d6bcfe56f157d7f8e7058681d1435755321c8786fc76a8e69d12a29229356135
