[INFO] cloning repository https://github.com/SlipsKnuten/redox
[INFO] running `Command { std: "git" "-c" "credential.helper=" "-c" "credential.helper=/workspace/cargo-home/bin/git-credential-null" "clone" "--bare" "https://github.com/SlipsKnuten/redox" "/workspace/cache/git-repos/https%3A%2F%2Fgithub.com%2FSlipsKnuten%2Fredox", kill_on_drop: false }`
[INFO] [stderr] Cloning into bare repository '/workspace/cache/git-repos/https%3A%2F%2Fgithub.com%2FSlipsKnuten%2Fredox'...
[INFO] running `Command { std: "git" "rev-parse" "HEAD", kill_on_drop: false }`
[INFO] [stdout] 576c0b2bb1bcab0b1fd44ae4858a6eea28f59a6e
[INFO] testing SlipsKnuten/redox against 1.99.0-beta.8+cargoflags=--release for beta-release-1.100-2
[INFO] running `Command { std: "git" "clone" "/workspace/cache/git-repos/https%3A%2F%2Fgithub.com%2FSlipsKnuten%2Fredox" "/workspace/builds/worker-1-tc1/source", kill_on_drop: false }`
[INFO] [stderr] Cloning into '/workspace/builds/worker-1-tc1/source'...
[INFO] [stderr] done.
[INFO] removed /workspace/builds/worker-1-tc1/source/.cargo/config.toml
[INFO] removed /workspace/builds/worker-1-tc1/source/rust-toolchain.toml
[INFO] started tweaking git repo https://github.com/SlipsKnuten/redox
[INFO] finished tweaking git repo https://github.com/SlipsKnuten/redox
[INFO] tweaked toml for git repo https://github.com/SlipsKnuten/redox written to /workspace/builds/worker-1-tc1/source/Cargo.toml
[INFO] validating manifest of git repo https://github.com/SlipsKnuten/redox on toolchain 1.99.0-beta.8
[INFO] running `Command { std: CARGO_HOME="/workspace/cargo-home" RUSTUP_HOME="/workspace/rustup-home" "/workspace/cargo-home/bin/cargo" "+1.99.0-beta.8" "metadata" "--manifest-path" "Cargo.toml" "--no-deps", kill_on_drop: false }`
[INFO] crate git repo https://github.com/SlipsKnuten/redox already has a lockfile, it will not be regenerated
[INFO] running `Command { std: CARGO_HOME="/workspace/cargo-home" RUSTUP_HOME="/workspace/rustup-home" "/workspace/cargo-home/bin/cargo" "+1.99.0-beta.8" "fetch" "--manifest-path" "Cargo.toml", kill_on_drop: false }`
[INFO] [stderr]     Blocking waiting for file lock on package cache
[INFO] [stderr]     Updating crates.io index
[INFO] [stderr]     Updating git repository `https://gitlab.redox-os.org/redox-os/pkgar.git`
[INFO] [stderr]     Updating git repository `https://gitlab.redox-os.org/redox-os/pkgutils.git`
[INFO] [stderr]     Updating git repository `https://gitlab.redox-os.org/redox-os/installer.git`
[INFO] [stderr]     Updating git repository `https://gitlab.redox-os.org/redox-os/redoxer.git`
[INFO] [stderr]     Blocking waiting for file lock on package cache
[INFO] [stderr]  Downloading crates ...
[INFO] [stderr]   Downloaded toml_write v0.1.2
[INFO] [stderr]   Downloaded winapi-util v0.1.11
[INFO] [stderr]   Downloaded toml v0.8.23
[INFO] [stderr]   Downloaded toml_edit v0.22.27
[INFO] [stderr]   Downloaded option-ext v0.2.0
[INFO] [stderr]   Downloaded toml_datetime v0.6.11
[INFO] [stderr]   Downloaded foldhash v0.2.0
[INFO] [stderr]   Downloaded numtoa v0.2.4
[INFO] [stderr]   Downloaded memsec v0.6.3
[INFO] [stderr]   Downloaded serde_spanned v0.6.9
[INFO] [stderr]   Downloaded zmij v1.0.21
[INFO] [stderr]   Downloaded libredox v0.1.10
[INFO] [stderr]   Downloaded quote v1.0.42
[INFO] [stderr]   Downloaded termion v4.0.6
[INFO] [stderr]   Downloaded dirs-sys v0.5.0
[INFO] [stderr]   Downloaded getrandom v0.2.16
[INFO] [stderr]   Downloaded num_threads v0.1.7
[INFO] [stderr]   Downloaded strum v0.27.2
[INFO] [stderr]   Downloaded castaway v0.2.4
[INFO] [stderr]   Downloaded line-clipping v0.3.5
[INFO] [stderr]   Downloaded darling_macro v0.20.11
[INFO] [stderr]   Downloaded seckey v0.12.1
[INFO] [stderr]   Downloaded salsa20 v0.10.2
[INFO] [stderr]   Downloaded inout v0.1.4
[INFO] [stderr]   Downloaded rustc_version v0.4.1
[INFO] [stderr]   Downloaded curve25519-dalek-derive v0.1.1
[INFO] [stderr]   Downloaded arrayref v0.3.9
[INFO] [stderr]   Downloaded globset v0.4.18
[INFO] [stderr]   Downloaded strip-ansi-escapes v0.2.1
[INFO] [stderr]   Downloaded dirs v6.0.0
[INFO] [stderr]   Downloaded thiserror-impl v2.0.17
[INFO] [stderr]   Downloaded arg_parser v0.1.0
[INFO] [stderr]   Downloaded time-core v0.1.6
[INFO] [stderr]   Downloaded lru v0.16.3
[INFO] [stderr]   Downloaded instability v0.3.10
[INFO] [stderr]   Downloaded ratatui-termion v0.1.0
[INFO] [stderr]   Downloaded cipher v0.4.4
[INFO] [stderr]   Downloaded rand_core v0.9.5
[INFO] [stderr]   Downloaded semver v1.0.27
[INFO] [stderr]   Downloaded chacha20 v0.9.1
[INFO] [stderr]   Downloaded bytemuck_derive v1.10.2
[INFO] [stderr]   Downloaded crossbeam-deque v0.8.6
[INFO] [stderr]   Downloaded constant_time_eq v0.4.2
[INFO] [stderr]   Downloaded arrayvec v0.7.6
[INFO] [stderr]   Downloaded simd-adler32 v0.3.8
[INFO] [stderr]   Downloaded crc32fast v1.5.0
[INFO] [stderr]   Downloaded vte v0.14.1
[INFO] [stderr]   Downloaded redox_users v0.5.2
[INFO] [stderr]   Downloaded thiserror v2.0.17
[INFO] [stderr]   Downloaded anyhow v1.0.102
[INFO] [stderr]   Downloaded deranged v0.5.8
[INFO] [stderr]   Downloaded strum_macros v0.27.2
[INFO] [stderr]   Downloaded unicode-truncate v2.0.1
[INFO] [stderr]   Downloaded kasuari v0.4.12
[INFO] [stderr]   Downloaded indoc v2.0.7
[INFO] [stderr]   Downloaded darling v0.20.11
[INFO] [stderr]   Downloaded find-msvc-tools v0.1.5
[INFO] [stderr]   Downloaded ignore v0.4.25
[INFO] [stderr]   Downloaded ansi-to-tui v8.0.1
[INFO] [stderr]   Downloaded compact_str v0.9.0
[INFO] [stderr]   Downloaded bytemuck v1.24.0
[INFO] [stderr]   Downloaded twox-hash v2.1.2
[INFO] [stderr]   Downloaded miniz_oxide v0.8.9
[INFO] [stderr]   Downloaded proc-macro2 v1.0.103
[INFO] [stderr]   Downloaded ratatui v0.30.0
[INFO] [stderr]   Downloaded darling_core v0.20.11
[INFO] [stderr]   Downloaded rayon-core v1.13.0
[INFO] [stderr]   Downloaded cc v1.2.49
[INFO] [stderr]   Downloaded flate2 v1.1.9
[INFO] [stderr]   Downloaded ruzstd v0.8.2
[INFO] [stderr]   Downloaded winnow v0.7.14
[INFO] [stderr]   Downloaded indexmap v2.12.1
[INFO] [stderr]   Downloaded regex v1.12.2
[INFO] [stderr]   Downloaded nom v8.0.0
[INFO] [stderr]   Downloaded time v0.3.44
[INFO] [stderr]   Downloaded ratatui-core v0.1.0
[INFO] [stderr]   Downloaded aho-corasick v1.1.4
[INFO] [stderr]   Downloaded portable-atomic v1.13.1
[INFO] [stderr]   Downloaded ratatui-widgets v0.3.0
[INFO] [stderr]   Downloaded blake3 v1.8.3
[INFO] [stderr]   Downloaded lzma-rust2 v0.16.2
[INFO] [stderr]   Downloaded unicode-width v0.2.0
[INFO] [stderr]   Downloaded syn v2.0.111
[INFO] [stderr]   Downloaded regex-syntax v0.8.8
[INFO] [stderr]   Downloaded curve25519-dalek v4.1.3
[INFO] [stderr]   Downloaded bstr v1.12.1
[INFO] [stderr]   Downloaded object v0.38.1
[INFO] [stderr]   Downloaded fiat-crypto v0.2.9
[INFO] [stderr]   Downloaded dryoc v0.7.2
[INFO] [stderr]   Downloaded regex-automata v0.4.13
[INFO] [stderr]   Downloaded libc v0.2.178
[INFO] running `Command { std: "docker" "create" "-v" "/var/lib/crater-agent-workspace/builds/worker-1-tc1/source:/opt/rustwide/workdir:ro,Z" "-v" "/var/lib/crater-agent-workspace/builds/worker-1-tc1/target:/opt/rustwide/target:rw,Z" "-v" "/var/lib/crater-agent-workspace/cargo-home:/opt/rustwide/cargo-home:ro,Z" "-v" "/var/lib/crater-agent-workspace/rustup-home:/opt/rustwide/rustup-home:ro,Z" "-m" "1610612736" "--network" "none" "ghcr.io/rust-lang/crates-build-env/linux@sha256:77db811e55d90add9212f6832c23229e3de5f1c1f9905e8cb07319ea15df73ac" "sleep" "infinity", kill_on_drop: false }`
[INFO] [stdout] 8750cda0cb4008e376aeee5e4c3ab7bcc16c2741e1583abc30697fd9ef62e0f7
[INFO] running `Command { std: "docker" "start" "8750cda0cb4008e376aeee5e4c3ab7bcc16c2741e1583abc30697fd9ef62e0f7", kill_on_drop: false }`
[INFO] running `Command { std: "docker" "inspect" "8750cda0cb4008e376aeee5e4c3ab7bcc16c2741e1583abc30697fd9ef62e0f7", kill_on_drop: false }`
[INFO] running `Command { std: "docker" "exec" "-e" "SOURCE_DIR=/opt/rustwide/workdir" "-e" "CARGO_HOME=/opt/rustwide/cargo-home" "-e" "RUSTUP_HOME=/opt/rustwide/rustup-home" "-e" "CARGO_TARGET_DIR=/opt/rustwide/target" "-w" "/opt/rustwide/workdir" "--user" "0:0" "8750cda0cb4008e376aeee5e4c3ab7bcc16c2741e1583abc30697fd9ef62e0f7" "/opt/rustwide/cargo-home/bin/cargo" "+1.99.0-beta.8" "metadata" "--no-deps" "--format-version=1", kill_on_drop: false }`
[INFO] running `Command { std: "docker" "inspect" "8750cda0cb4008e376aeee5e4c3ab7bcc16c2741e1583abc30697fd9ef62e0f7", kill_on_drop: false }`
[INFO] running `Command { std: "docker" "exec" "-e" "SOURCE_DIR=/opt/rustwide/workdir" "-e" "CARGO_HOME=/opt/rustwide/cargo-home" "-e" "RUSTUP_HOME=/opt/rustwide/rustup-home" "-e" "CARGO_TARGET_DIR=/opt/rustwide/target" "-e" "CARGO_INCREMENTAL=0" "-e" "RUST_BACKTRACE=full" "-e" "RUSTFLAGS=--cap-lints=warn" "-e" "RUSTDOCFLAGS=--cap-lints=warn" "-w" "/opt/rustwide/workdir" "--user" "0:0" "8750cda0cb4008e376aeee5e4c3ab7bcc16c2741e1583abc30697fd9ef62e0f7" "/opt/rustwide/cargo-home/bin/cargo" "+1.99.0-beta.8" "build" "--frozen" "--message-format=json" "--release", kill_on_drop: false }`
[INFO] [stderr]    Compiling proc-macro2 v1.0.103
[INFO] [stderr]    Compiling unicode-ident v1.0.22
[INFO] [stderr]    Compiling quote v1.0.42
[INFO] [stderr]    Compiling cfg-if v1.0.4
[INFO] [stderr]    Compiling libc v0.2.178
[INFO] [stderr]    Compiling version_check v0.9.5
[INFO] [stderr]    Compiling typenum v1.19.0
[INFO] [stderr]    Compiling foldhash v0.2.0
[INFO] [stderr]    Compiling allocator-api2 v0.2.21
[INFO] [stderr]    Compiling equivalent v1.0.2
[INFO] [stderr]    Compiling serde_core v1.0.228
[INFO] [stderr]    Compiling memchr v2.7.6
[INFO] [stderr]    Compiling thiserror v2.0.17
[INFO] [stderr]    Compiling serde v1.0.228
[INFO] [stderr]    Compiling cpufeatures v0.2.17
[INFO] [stderr]    Compiling bitflags v2.10.0
[INFO] [stderr]    Compiling crossbeam-utils v0.8.21
[INFO] [stderr]    Compiling rustversion v1.0.22
[INFO] [stderr]    Compiling semver v1.0.27
[INFO] [stderr]    Compiling strsim v0.11.1
[INFO] [stderr]    Compiling shlex v1.3.0
[INFO] [stderr]    Compiling find-msvc-tools v0.1.5
[INFO] [stderr]    Compiling fnv v1.0.7
[INFO] [stderr]    Compiling generic-array v0.14.7
[INFO] [stderr]    Compiling getrandom v0.3.4
[INFO] [stderr]    Compiling heck v0.5.0
[INFO] [stderr]    Compiling ident_case v1.0.1
[INFO] [stderr]    Compiling rayon-core v1.13.0
[INFO] [stderr]    Compiling itoa v1.0.15
[INFO] [stderr]    Compiling either v1.15.0
[INFO] [stderr]    Compiling cc v1.2.49
[INFO] [stderr]    Compiling rustc_version v0.4.1
[INFO] [stderr]    Compiling unicode-segmentation v1.12.0
[INFO] [stderr]    Compiling ryu v1.0.20
[INFO] [stderr]    Compiling indoc v2.0.7
[INFO] [stderr]    Compiling itertools v0.14.0
[INFO] [stderr]    Compiling unicode-width v0.2.0
[INFO] [stderr]    Compiling hashbrown v0.16.1
[INFO] [stderr]    Compiling curve25519-dalek v4.1.3
[INFO] [stderr]    Compiling winnow v0.7.14
[INFO] [stderr]    Compiling toml_write v0.1.2
[INFO] [stderr]    Compiling syn v2.0.111
[INFO] [stderr]    Compiling static_assertions v1.1.0
[INFO] [stderr]    Compiling castaway v0.2.4
[INFO] [stderr]    Compiling crossbeam-epoch v0.9.18
[INFO] [stderr]    Compiling compact_str v0.9.0
[INFO] [stderr]    Compiling instability v0.3.10
[INFO] [stderr]    Compiling subtle v2.6.1
[INFO] [stderr]    Compiling aho-corasick v1.1.4
[INFO] [stderr]    Compiling arrayvec v0.7.6
[INFO] [stderr]    Compiling regex-syntax v0.8.8
[INFO] [stderr]    Compiling arrayref v0.3.9
[INFO] [stderr]    Compiling anyhow v1.0.102
[INFO] [stderr]    Compiling crossbeam-deque v0.8.6
[INFO] [stderr]    Compiling powerfmt v0.2.0
[INFO] [stderr]    Compiling constant_time_eq v0.4.2
[INFO] [stderr]    Compiling crc32fast v1.5.0
[INFO] [stderr]    Compiling lazy_static v1.5.0
[INFO] [stderr]    Compiling getrandom v0.2.16
[INFO] [stderr]    Compiling deranged v0.5.8
[INFO] [stderr]    Compiling simd-adler32 v0.3.8
[INFO] [stderr]    Compiling rand_core v0.9.5
[INFO] [stderr]    Compiling memsec v0.6.3
[INFO] [stderr]    Compiling adler2 v2.0.1
[INFO] [stderr]    Compiling indexmap v2.12.1
[INFO] [stderr]    Compiling lru v0.16.3
[INFO] [stderr]    Compiling crypto-common v0.1.7
[INFO] [stderr]    Compiling block-buffer v0.10.4
[INFO] [stderr]    Compiling inout v0.1.4
[INFO] [stderr]    Compiling num_threads v0.1.7
[INFO] [stderr]    Compiling digest v0.10.7
[INFO] [stderr]    Compiling num-conv v0.1.0
[INFO] [stderr]    Compiling numtoa v0.2.4
[INFO] [stderr]    Compiling time-core v0.1.6
[INFO] [stderr]    Compiling zmij v1.0.21
[INFO] [stderr]    Compiling sha2 v0.10.9
[INFO] [stderr]    Compiling blake3 v1.8.3
[INFO] [stderr]    Compiling option-ext v0.2.0
[INFO] [stderr]    Compiling termion v4.0.6
[INFO] [stderr]    Compiling dirs-sys v0.5.0
[INFO] [stderr]    Compiling miniz_oxide v0.8.9
[INFO] [stderr]    Compiling seckey v0.12.1
[INFO] [stderr]    Compiling bstr v1.12.1
[INFO] [stderr]    Compiling unicode-truncate v2.0.1
[INFO] [stderr]    Compiling line-clipping v0.3.5
[INFO] [stderr]    Compiling log v0.4.29
[INFO] [stderr]    Compiling twox-hash v2.1.2
[INFO] [stderr]    Compiling object v0.38.1
[INFO] [stderr]    Compiling time v0.3.44
[INFO] [stderr]    Compiling serde_json v1.0.149
[INFO] [stderr]    Compiling same-file v1.0.6
[INFO] [stderr]    Compiling ruzstd v0.8.2
[INFO] [stderr]    Compiling walkdir v2.5.0
[INFO] [stderr]    Compiling flate2 v1.1.9
[INFO] [stderr]    Compiling lzma-rust2 v0.16.2
[INFO] [stderr]    Compiling dirs v6.0.0
[INFO] [stderr]    Compiling nom v8.0.0
[INFO] [stderr]    Compiling vte v0.14.1
[INFO] [stderr]    Compiling regex-automata v0.4.13
[INFO] [stderr]    Compiling smallvec v1.15.1
[INFO] [stderr]    Compiling simdutf8 v0.1.5
[INFO] [stderr]    Compiling arg_parser v0.1.0
[INFO] [stderr]    Compiling strip-ansi-escapes v0.2.1
[INFO] [stderr]    Compiling redoxer v0.2.63 (https://gitlab.redox-os.org/redox-os/redoxer.git#e4c40952)
[INFO] [stderr]    Compiling darling_core v0.20.11
[INFO] [stderr]    Compiling thiserror-impl v2.0.17
[INFO] [stderr]    Compiling serde_derive v1.0.228
[INFO] [stderr]    Compiling zeroize_derive v1.4.2
[INFO] [stderr]    Compiling strum_macros v0.27.2
[INFO] [stderr]    Compiling curve25519-dalek-derive v0.1.1
[INFO] [stderr]    Compiling bytemuck_derive v1.10.2
[INFO] [stderr]    Compiling zeroize v1.8.2
[INFO] [stderr]    Compiling cipher v0.4.4
[INFO] [stderr]    Compiling globset v0.4.18
[INFO] [stderr]    Compiling regex v1.12.2
[INFO] [stderr]    Compiling chacha20 v0.9.1
[INFO] [stderr]    Compiling salsa20 v0.10.2
[INFO] [stderr]    Compiling kasuari v0.4.12
[INFO] [stderr]    Compiling ignore v0.4.25
[INFO] [stderr]    Compiling bytemuck v1.24.0
[INFO] [stderr]    Compiling strum v0.27.2
[INFO] [stderr]    Compiling ratatui-core v0.1.0
[INFO] [stderr]    Compiling darling_macro v0.20.11
[INFO] [stderr]    Compiling darling v0.20.11
[INFO] [stderr]    Compiling dryoc v0.7.2
[INFO] [stderr]    Compiling ratatui-termion v0.1.0
[INFO] [stderr]    Compiling ratatui-widgets v0.3.0
[INFO] [stderr]    Compiling ansi-to-tui v8.0.1
[INFO] [stderr]    Compiling pkgar-core v0.2.2 (https://gitlab.redox-os.org/redox-os/pkgar.git#ee2bcb2a)
[INFO] [stderr]    Compiling toml_datetime v0.6.11
[INFO] [stderr]    Compiling serde_spanned v0.6.9
[INFO] [stderr]    Compiling hex v0.4.3
[INFO] [stderr]    Compiling toml_edit v0.22.27
[INFO] [stderr]    Compiling ratatui v0.30.0
[INFO] [stderr]    Compiling toml v0.8.23
[INFO] [stderr]    Compiling pkgar-keys v0.2.2 (https://gitlab.redox-os.org/redox-os/pkgar.git#ee2bcb2a)
[INFO] [stderr]    Compiling redox_installer v0.2.42 (https://gitlab.redox-os.org/redox-os/installer.git#1c2534e4)
[INFO] [stderr]    Compiling redox-pkg v0.3.1 (https://gitlab.redox-os.org/redox-os/pkgutils.git#209d1edd)
[INFO] [stderr]    Compiling pkgar v0.2.2 (https://gitlab.redox-os.org/redox-os/pkgar.git#ee2bcb2a)
[INFO] [stderr]    Compiling redox_cookbook v0.1.0 (/opt/rustwide/workdir)
[INFO] [stderr]     Finished `release` profile [optimized] target(s) in 2m 14s
[INFO] running `Command { std: "docker" "inspect" "8750cda0cb4008e376aeee5e4c3ab7bcc16c2741e1583abc30697fd9ef62e0f7", kill_on_drop: false }`
[INFO] running `Command { std: "docker" "exec" "-e" "SOURCE_DIR=/opt/rustwide/workdir" "-e" "CARGO_HOME=/opt/rustwide/cargo-home" "-e" "RUSTUP_HOME=/opt/rustwide/rustup-home" "-e" "CARGO_TARGET_DIR=/opt/rustwide/target" "-e" "CARGO_INCREMENTAL=0" "-e" "RUST_BACKTRACE=full" "-e" "RUSTFLAGS=--cap-lints=warn" "-e" "RUSTDOCFLAGS=--cap-lints=warn" "-w" "/opt/rustwide/workdir" "--user" "0:0" "8750cda0cb4008e376aeee5e4c3ab7bcc16c2741e1583abc30697fd9ef62e0f7" "/opt/rustwide/cargo-home/bin/cargo" "+1.99.0-beta.8" "test" "--frozen" "--no-run" "--message-format=json" "--release", kill_on_drop: false }`
[INFO] [stderr]    Compiling redox_cookbook v0.1.0 (/opt/rustwide/workdir)
[INFO] [stderr]     Finished `release` profile [optimized] target(s) in 8.20s
[INFO] running `Command { std: "docker" "inspect" "8750cda0cb4008e376aeee5e4c3ab7bcc16c2741e1583abc30697fd9ef62e0f7", kill_on_drop: false }`
[INFO] running `Command { std: "docker" "exec" "-e" "SOURCE_DIR=/opt/rustwide/workdir" "-e" "CARGO_HOME=/opt/rustwide/cargo-home" "-e" "RUSTUP_HOME=/opt/rustwide/rustup-home" "-e" "CARGO_TARGET_DIR=/opt/rustwide/target" "-e" "CARGO_INCREMENTAL=0" "-e" "RUST_BACKTRACE=full" "-e" "RUSTFLAGS=--cap-lints=warn" "-e" "RUSTDOCFLAGS=--cap-lints=warn" "-w" "/opt/rustwide/workdir" "--user" "0:0" "8750cda0cb4008e376aeee5e4c3ab7bcc16c2741e1583abc30697fd9ef62e0f7" "/opt/rustwide/cargo-home/bin/cargo" "+1.99.0-beta.8" "test" "--frozen" "--release", kill_on_drop: false }`
[INFO] [stderr]     Finished `release` profile [optimized] target(s) in 0.14s
[INFO] [stderr]      Running unittests src/lib.rs (/opt/rustwide/target/release/deps/cookbook-a8dc347cedc24755)
[INFO] [stdout] 
[INFO] [stdout] running 9 tests
[INFO] [stdout] test cook::cook_build::tests::file_system_loop_no_infinite_loop ... FAILED
[INFO] [stdout] test config::tests::test_parse_cook ... ok
[INFO] [stdout] test config::tests::test_exact_match ... ok
[INFO] [stdout] test config::tests::test_no_match ... ok
[INFO] [stdout] test config::tests::test_longest_prefix_match ... ok
[INFO] [stdout] test recipe::tests::git_cargo_recipe ... ok
[INFO] [stdout] test config::tests::test_prefix_match ... ok
[INFO] [stdout] test recipe::tests::tar_custom_recipe ... ok
[INFO] [stderr] error: test failed, to rerun pass `--lib`
[INFO] [stdout] test recipe::tests::meta_recipe ... ok
[INFO] [stdout] 
[INFO] [stdout] failures:
[INFO] [stdout] 
[INFO] [stdout] ---- cook::cook_build::tests::file_system_loop_no_infinite_loop stdout ----
[INFO] [stdout] 
[INFO] [stdout] thread 'cook::cook_build::tests::file_system_loop_no_infinite_loop' (3073) panicked at src/config.rs:209:25:
[INFO] [stdout] Configuration is not initialized
[INFO] [stdout] stack backtrace:
[INFO] [stdout]    0:     0x5fb3d43bb2a1 - <<std[70759c8f55707aa4]::sys::backtrace::BacktraceLock>::print::DisplayBacktrace as core[df12db4294e9bfd3]::fmt::Display>::fmt
[INFO] [stdout]    1:     0x5fb3d43d0c8a - core[df12db4294e9bfd3]::fmt::write
[INFO] [stdout]    2:     0x5fb3d43bfb6c - <alloc[2182bb758b4b3781]::vec::Vec<u8> as core[df12db4294e9bfd3]::io::write::Write>::write_fmt
[INFO] [stdout]    3:     0x5fb3d4395356 - std[70759c8f55707aa4]::panicking::default_hook::{closure#0}
[INFO] [stdout]    4:     0x5fb3d43b2979 - std[70759c8f55707aa4]::panicking::default_hook
[INFO] [stdout]    5:     0x5fb3d42fb570 - test[9d35eded1c95d3be]::test_main_inner::<test[9d35eded1c95d3be]::test_main_static::{closure#0}>::{closure#0}
[INFO] [stdout]    6:     0x5fb3d43b2ca2 - std[70759c8f55707aa4]::panicking::panic_with_hook
[INFO] [stdout]    7:     0x5fb3d4395402 - std[70759c8f55707aa4]::panicking::panic_handler::{closure#0}
[INFO] [stdout]    8:     0x5fb3d438ddd9 - std[70759c8f55707aa4]::sys::backtrace::__rust_end_short_backtrace::<std[70759c8f55707aa4]::panicking::panic_handler::{closure#0}, !>
[INFO] [stdout]    9:     0x5fb3d43960ed - __rustc[8fa7c3cbc660c2b3]::rust_begin_unwind
[INFO] [stdout]   10:     0x5fb3d43d13bc - core[df12db4294e9bfd3]::panicking::panic_fmt
[INFO] [stdout]   11:     0x5fb3d43d1114 - core[df12db4294e9bfd3]::option::expect_failed
[INFO] [stdout]   12:     0x5fb3d42eb188 - cookbook[ddbc28eb0e29001e]::cook::cook_build::auto_deps_from_dynamic_linking
[INFO] [stdout]   13:     0x5fb3d42d3960 - cookbook[ddbc28eb0e29001e]::cook::cook_build::tests::file_system_loop_no_infinite_loop
[INFO] [stdout]   14:     0x5fb3d42ec3b9 - <cookbook[ddbc28eb0e29001e]::cook::cook_build::tests::file_system_loop_no_infinite_loop::{closure#0} as core[df12db4294e9bfd3]::ops::function::FnOnce<()>>::call_once
[INFO] [stdout]   15:     0x5fb3d42ee85b - test[9d35eded1c95d3be]::__rust_begin_short_backtrace::<core[df12db4294e9bfd3]::result::Result<(), alloc[2182bb758b4b3781]::string::String>, fn() -> core[df12db4294e9bfd3]::result::Result<(), alloc[2182bb758b4b3781]::string::String>>
[INFO] [stdout]   16:     0x5fb3d42fbec5 - test[9d35eded1c95d3be]::run_test::{closure#0}
[INFO] [stdout]   17:     0x5fb3d42f5784 - std[70759c8f55707aa4]::sys::backtrace::__rust_begin_short_backtrace::<test[9d35eded1c95d3be]::run_test::{closure#1}, ()>
[INFO] [stdout]   18:     0x5fb3d42ff022 - <std[70759c8f55707aa4]::thread::lifecycle::spawn_unchecked<test[9d35eded1c95d3be]::run_test::{closure#1}, ()>::{closure#1} as core[df12db4294e9bfd3]::ops::function::FnOnce<()>>::call_once::{shim:vtable#0}
[INFO] [stdout]   19:     0x5fb3d43ba7f9 - <std[70759c8f55707aa4]::sys::thread::unix::Thread>::new::thread_start
[INFO] [stdout]   20:     0x7afe75205dfa - <unknown>
[INFO] [stdout]   21:     0x7afe752993d4 - clone
[INFO] [stdout]   22:                0x0 - <unknown>
[INFO] [stdout] 
[INFO] [stdout] 
[INFO] [stdout] failures:
[INFO] [stdout]     cook::cook_build::tests::file_system_loop_no_infinite_loop
[INFO] [stdout] 
[INFO] [stdout] test result: FAILED. 8 passed; 1 failed; 0 ignored; 0 measured; 0 filtered out; finished in 0.01s
[INFO] [stdout] 
[INFO] running `Command { std: "docker" "inspect" "8750cda0cb4008e376aeee5e4c3ab7bcc16c2741e1583abc30697fd9ef62e0f7", kill_on_drop: false }`
[INFO] running `Command { std: "docker" "rm" "-f" "8750cda0cb4008e376aeee5e4c3ab7bcc16c2741e1583abc30697fd9ef62e0f7", kill_on_drop: false }`
[INFO] [stdout] 8750cda0cb4008e376aeee5e4c3ab7bcc16c2741e1583abc30697fd9ef62e0f7
