[INFO] cloning repository https://github.com/NormG/Backup-Tool
[INFO] running `Command { std: "git" "-c" "credential.helper=" "-c" "credential.helper=/workspace/cargo-home/bin/git-credential-null" "clone" "--bare" "https://github.com/NormG/Backup-Tool" "/workspace/cache/git-repos/https%3A%2F%2Fgithub.com%2FNormG%2FBackup-Tool", kill_on_drop: false }`
[INFO] [stderr] Cloning into bare repository '/workspace/cache/git-repos/https%3A%2F%2Fgithub.com%2FNormG%2FBackup-Tool'...
[INFO] running `Command { std: "git" "rev-parse" "HEAD", kill_on_drop: false }`
[INFO] [stdout] f9665b2c9b862e31f95c587652796bd2adcfa66f
[INFO] testing NormG/Backup-Tool against 1.99.0-beta.8+cargoflags=--release for beta-release-1.100-2
[INFO] running `Command { std: "git" "clone" "/workspace/cache/git-repos/https%3A%2F%2Fgithub.com%2FNormG%2FBackup-Tool" "/workspace/builds/worker-3-tc1/source", kill_on_drop: false }`
[INFO] [stderr] Cloning into '/workspace/builds/worker-3-tc1/source'...
[INFO] [stderr] done.
[INFO] started tweaking git repo https://github.com/NormG/Backup-Tool
[INFO] finished tweaking git repo https://github.com/NormG/Backup-Tool
[INFO] tweaked toml for git repo https://github.com/NormG/Backup-Tool written to /workspace/builds/worker-3-tc1/source/Cargo.toml
[INFO] validating manifest of git repo https://github.com/NormG/Backup-Tool on toolchain 1.99.0-beta.8
[INFO] running `Command { std: CARGO_HOME="/workspace/cargo-home" RUSTUP_HOME="/workspace/rustup-home" "/workspace/cargo-home/bin/cargo" "+1.99.0-beta.8" "metadata" "--manifest-path" "Cargo.toml" "--no-deps", kill_on_drop: false }`
[INFO] crate git repo https://github.com/NormG/Backup-Tool already has a lockfile, it will not be regenerated
[INFO] running `Command { std: CARGO_HOME="/workspace/cargo-home" RUSTUP_HOME="/workspace/rustup-home" "/workspace/cargo-home/bin/cargo" "+1.99.0-beta.8" "fetch" "--manifest-path" "Cargo.toml", kill_on_drop: false }`
[INFO] [stderr]     Updating crates.io index
[INFO] [stderr]  Downloading crates ...
[INFO] [stderr]   Downloaded cfg-expr v0.20.8
[INFO] [stderr]   Downloaded pango-sys v0.21.5
[INFO] [stderr]   Downloaded pango v0.21.5
[INFO] [stderr]   Downloaded system-deps v7.0.8
[INFO] [stderr]   Downloaded gdk-pixbuf-sys v0.21.5
[INFO] [stderr]   Downloaded graphene-sys v0.21.5
[INFO] [stderr]   Downloaded gobject-sys v0.21.5
[INFO] [stderr]   Downloaded gsk4-sys v0.10.3
[INFO] [stderr]   Downloaded cairo-sys-rs v0.21.5
[INFO] [stderr]   Downloaded gtk4-macros v0.10.3
[INFO] [stderr]   Downloaded graphene-rs v0.21.5
[INFO] [stderr]   Downloaded gdk-pixbuf v0.21.5
[INFO] [stderr]   Downloaded fs4 v0.12.0
[INFO] [stderr]   Downloaded toml_edit v0.25.13+spec-1.1.0
[INFO] [stderr]   Downloaded gio-sys v0.21.5
[INFO] [stderr]   Downloaded gsk4 v0.10.3
[INFO] [stderr]   Downloaded cairo-rs v0.21.5
[INFO] [stderr]   Downloaded glib-macros v0.21.5
[INFO] [stderr]   Downloaded clap v4.6.6
[INFO] [stderr]   Downloaded glib-sys v0.21.5
[INFO] [stderr]   Downloaded cc v1.4.0
[INFO] [stderr]   Downloaded gdk4-sys v0.10.3
[INFO] [stderr]   Downloaded gdk4 v0.10.3
[INFO] [stderr]   Downloaded gtk4-sys v0.10.3
[INFO] [stderr]   Downloaded clap_builder v4.6.6
[INFO] [stderr]   Downloaded gio v0.21.5
[INFO] [stderr]   Downloaded glib v0.21.5
[INFO] [stderr]   Downloaded gtk4 v0.10.3
[INFO] running `Command { std: "docker" "create" "-v" "/var/lib/crater-agent-workspace/builds/worker-3-tc1/source:/opt/rustwide/workdir:ro,Z" "-v" "/var/lib/crater-agent-workspace/builds/worker-3-tc1/target:/opt/rustwide/target:rw,Z" "-v" "/var/lib/crater-agent-workspace/cargo-home:/opt/rustwide/cargo-home:ro,Z" "-v" "/var/lib/crater-agent-workspace/rustup-home:/opt/rustwide/rustup-home:ro,Z" "-m" "1610612736" "--network" "none" "ghcr.io/rust-lang/crates-build-env/linux@sha256:77db811e55d90add9212f6832c23229e3de5f1c1f9905e8cb07319ea15df73ac" "sleep" "infinity", kill_on_drop: false }`
[INFO] [stdout] 33b3a0863d4fd709f6392d581ee57423ef90f5ceb94d4f4e80d5f4ae06b10759
[INFO] running `Command { std: "docker" "start" "33b3a0863d4fd709f6392d581ee57423ef90f5ceb94d4f4e80d5f4ae06b10759", kill_on_drop: false }`
[INFO] running `Command { std: "docker" "inspect" "33b3a0863d4fd709f6392d581ee57423ef90f5ceb94d4f4e80d5f4ae06b10759", kill_on_drop: false }`
[INFO] running `Command { std: "docker" "exec" "-e" "SOURCE_DIR=/opt/rustwide/workdir" "-e" "CARGO_HOME=/opt/rustwide/cargo-home" "-e" "RUSTUP_HOME=/opt/rustwide/rustup-home" "-e" "CARGO_TARGET_DIR=/opt/rustwide/target" "-w" "/opt/rustwide/workdir" "--user" "0:0" "33b3a0863d4fd709f6392d581ee57423ef90f5ceb94d4f4e80d5f4ae06b10759" "/opt/rustwide/cargo-home/bin/cargo" "+1.99.0-beta.8" "metadata" "--no-deps" "--format-version=1", kill_on_drop: false }`
[INFO] running `Command { std: "docker" "inspect" "33b3a0863d4fd709f6392d581ee57423ef90f5ceb94d4f4e80d5f4ae06b10759", kill_on_drop: false }`
[INFO] running `Command { std: "docker" "exec" "-e" "SOURCE_DIR=/opt/rustwide/workdir" "-e" "CARGO_HOME=/opt/rustwide/cargo-home" "-e" "RUSTUP_HOME=/opt/rustwide/rustup-home" "-e" "CARGO_TARGET_DIR=/opt/rustwide/target" "-e" "CARGO_INCREMENTAL=0" "-e" "RUST_BACKTRACE=full" "-e" "RUSTFLAGS=--cap-lints=warn" "-e" "RUSTDOCFLAGS=--cap-lints=warn" "-w" "/opt/rustwide/workdir" "--user" "0:0" "33b3a0863d4fd709f6392d581ee57423ef90f5ceb94d4f4e80d5f4ae06b10759" "/opt/rustwide/cargo-home/bin/cargo" "+1.99.0-beta.8" "build" "--frozen" "--message-format=json" "--release", kill_on_drop: false }`
[INFO] [stderr]    Compiling winnow v1.0.4
[INFO] [stderr]    Compiling toml_datetime v1.1.1+spec-1.1.0
[INFO] [stderr]    Compiling target-lexicon v0.13.5
[INFO] [stderr]    Compiling heck v0.5.0
[INFO] [stderr]    Compiling serde_spanned v1.1.1
[INFO] [stderr]    Compiling smallvec v1.15.2
[INFO] [stderr]    Compiling pkg-config v0.3.33
[INFO] [stderr]    Compiling version-compare v0.2.1
[INFO] [stderr]    Compiling proc-macro2 v1.0.107
[INFO] [stderr]    Compiling unicode-ident v1.0.24
[INFO] [stderr]    Compiling libc v0.2.189
[INFO] [stderr]    Compiling quote v1.0.47
[INFO] [stderr]    Compiling equivalent v1.0.2
[INFO] [stderr]    Compiling hashbrown v0.17.1
[INFO] [stderr]    Compiling futures-core v0.3.33
[INFO] [stderr]    Compiling bitflags v2.13.1
[INFO] [stderr]    Compiling slab v0.4.12
[INFO] [stderr]    Compiling futures-task v0.3.33
[INFO] [stderr]    Compiling pin-project-lite v0.2.17
[INFO] [stderr]    Compiling memchr v2.8.3
[INFO] [stderr]    Compiling cfg-expr v0.20.8
[INFO] [stderr]    Compiling futures-channel v0.3.33
[INFO] [stderr]    Compiling autocfg v1.5.1
[INFO] [stderr]    Compiling indexmap v2.14.0
[INFO] [stderr]    Compiling serde_core v1.0.229
[INFO] [stderr]    Compiling syn v2.0.119
[INFO] [stderr]    Compiling futures-io v0.3.33
[INFO] [stderr]    Compiling syn v3.0.3
[INFO] [stderr]    Compiling semver v1.0.28
[INFO] [stderr]    Compiling toml_parser v1.1.2+spec-1.1.0
[INFO] [stderr]    Compiling memoffset v0.9.1
[INFO] [stderr]    Compiling rustc_version v0.4.1
[INFO] [stderr]    Compiling utf8parse v0.2.2
[INFO] [stderr]    Compiling anstyle-parse v1.0.0
[INFO] [stderr]    Compiling field-offset v0.3.6
[INFO] [stderr]    Compiling num-traits v0.2.19
[INFO] [stderr]    Compiling serde v1.0.229
[INFO] [stderr]    Compiling toml v1.1.3+spec-1.1.0
[INFO] [stderr]    Compiling toml_edit v0.25.13+spec-1.1.0
[INFO] [stderr]    Compiling is_terminal_polyfill v1.70.2
[INFO] [stderr]    Compiling anstyle-query v1.1.5
[INFO] [stderr]    Compiling rustix v0.38.44
[INFO] [stderr]    Compiling zmij v1.0.23
[INFO] [stderr]    Compiling colorchoice v1.0.5
[INFO] [stderr]    Compiling anstyle v1.0.14
[INFO] [stderr]    Compiling anstream v1.0.0
[INFO] [stderr]    Compiling system-deps v7.0.8
[INFO] [stderr]    Compiling strsim v0.11.1
[INFO] [stderr]    Compiling anyhow v1.0.104
[INFO] [stderr]    Compiling option-ext v0.2.0
[INFO] [stderr]    Compiling proc-macro-crate v3.5.0
[INFO] [stderr]    Compiling serde_json v1.0.151
[INFO] [stderr]    Compiling linux-raw-sys v0.4.15
[INFO] [stderr]    Compiling glib-sys v0.21.5
[INFO] [stderr]    Compiling gobject-sys v0.21.5
[INFO] [stderr]    Compiling gio-sys v0.21.5
[INFO] [stderr]    Compiling pango-sys v0.21.5
[INFO] [stderr]    Compiling cairo-sys-rs v0.21.5
[INFO] [stderr]    Compiling gdk-pixbuf-sys v0.21.5
[INFO] [stderr]    Compiling graphene-sys v0.21.5
[INFO] [stderr]    Compiling gdk4-sys v0.10.3
[INFO] [stderr]    Compiling gsk4-sys v0.10.3
[INFO] [stderr]    Compiling gtk4-sys v0.10.3
[INFO] [stderr]    Compiling clap_lex v1.1.0
[INFO] [stderr]    Compiling clap_builder v4.6.6
[INFO] [stderr]    Compiling dirs-sys v0.5.0
[INFO] [stderr]    Compiling itoa v1.0.18
[INFO] [stderr]    Compiling iana-time-zone v0.1.65
[INFO] [stderr]    Compiling futures-macro v0.3.33
[INFO] [stderr]    Compiling glib-macros v0.21.5
[INFO] [stderr]    Compiling serde_derive v1.0.229
[INFO] [stderr]    Compiling futures-util v0.3.33
[INFO] [stderr]    Compiling clap_derive v4.6.4
[INFO] [stderr]    Compiling gtk4-macros v0.10.3
[INFO] [stderr]    Compiling toml_writer v1.1.2+spec-1.1.0
[INFO] [stderr]    Compiling fs4 v0.12.0
[INFO] [stderr]    Compiling clap v4.6.6
[INFO] [stderr]    Compiling futures-executor v0.3.33
[INFO] [stderr]    Compiling dirs v6.0.0
[INFO] [stderr]    Compiling glib v0.21.5
[INFO] [stderr]    Compiling chrono v0.4.45
[INFO] [stderr]    Compiling gio v0.21.5
[INFO] [stderr]    Compiling cairo-rs v0.21.5
[INFO] [stderr]    Compiling graphene-rs v0.21.5
[INFO] [stderr]    Compiling gdk-pixbuf v0.21.5
[INFO] [stderr]    Compiling pango v0.21.5
[INFO] [stderr]    Compiling gdk4 v0.10.3
[INFO] [stderr]    Compiling gsk4 v0.10.3
[INFO] [stderr]    Compiling gtk4 v0.10.3
[INFO] [stderr]    Compiling backup-tool v0.1.13 (/opt/rustwide/workdir)
[INFO] [stderr]     Finished `release` profile [optimized] target(s) in 3m 54s
[INFO] running `Command { std: "docker" "inspect" "33b3a0863d4fd709f6392d581ee57423ef90f5ceb94d4f4e80d5f4ae06b10759", kill_on_drop: false }`
[INFO] running `Command { std: "docker" "exec" "-e" "SOURCE_DIR=/opt/rustwide/workdir" "-e" "CARGO_HOME=/opt/rustwide/cargo-home" "-e" "RUSTUP_HOME=/opt/rustwide/rustup-home" "-e" "CARGO_TARGET_DIR=/opt/rustwide/target" "-e" "CARGO_INCREMENTAL=0" "-e" "RUST_BACKTRACE=full" "-e" "RUSTFLAGS=--cap-lints=warn" "-e" "RUSTDOCFLAGS=--cap-lints=warn" "-w" "/opt/rustwide/workdir" "--user" "0:0" "33b3a0863d4fd709f6392d581ee57423ef90f5ceb94d4f4e80d5f4ae06b10759" "/opt/rustwide/cargo-home/bin/cargo" "+1.99.0-beta.8" "test" "--frozen" "--no-run" "--message-format=json" "--release", kill_on_drop: false }`
[INFO] [stderr]    Compiling backup-tool v0.1.13 (/opt/rustwide/workdir)
[INFO] [stderr]     Finished `release` profile [optimized] target(s) in 10.28s
[INFO] running `Command { std: "docker" "inspect" "33b3a0863d4fd709f6392d581ee57423ef90f5ceb94d4f4e80d5f4ae06b10759", kill_on_drop: false }`
[INFO] running `Command { std: "docker" "exec" "-e" "SOURCE_DIR=/opt/rustwide/workdir" "-e" "CARGO_HOME=/opt/rustwide/cargo-home" "-e" "RUSTUP_HOME=/opt/rustwide/rustup-home" "-e" "CARGO_TARGET_DIR=/opt/rustwide/target" "-e" "CARGO_INCREMENTAL=0" "-e" "RUST_BACKTRACE=full" "-e" "RUSTFLAGS=--cap-lints=warn" "-e" "RUSTDOCFLAGS=--cap-lints=warn" "-w" "/opt/rustwide/workdir" "--user" "0:0" "33b3a0863d4fd709f6392d581ee57423ef90f5ceb94d4f4e80d5f4ae06b10759" "/opt/rustwide/cargo-home/bin/cargo" "+1.99.0-beta.8" "test" "--frozen" "--release", kill_on_drop: false }`
[INFO] [stderr]     Finished `release` profile [optimized] target(s) in 0.14s
[INFO] [stderr]      Running unittests src/main.rs (/opt/rustwide/target/release/deps/backup_tool-c78c4bf958e40d57)
[INFO] [stdout] 
[INFO] [stdout] running 88 tests
[INFO] [stdout] test backup::tests::apply_full_retention_zero_means_unlimited ... ok
[INFO] [stdout] test backup::tests::arg_refers_to_dir_matches_the_directory_or_paths_inside_it ... ok
[INFO] [stdout] test backup::tests::apply_full_retention_keeps_n_newest_fulls ... ok
[INFO] [stdout] test backup::tests::apply_retention_keeps_recent_incrementals ... ok
[INFO] [stdout] test backup::tests::auto_kind_full_when_no_full_snapshot_exists ... ok
[INFO] [stdout] test backup::tests::archive_log_to_snapshot_copies_into_snapshot ... ok
[INFO] [stdout] test backup::tests::archive_log_to_snapshot_skips_missing_or_empty ... ok
[INFO] [stdout] test backup::tests::auto_kind_skips_pending_when_full_already_exists_today ... ok
[INFO] [stdout] test backup::tests::auto_kind_full_when_pending_full_backup ... ok
[INFO] [stdout] test backup::tests::auto_kind_skips_pending_when_full_matches_pending_since_second ... ok
[INFO] [stdout] test backup::tests::app_icon_path_exists_in_repo ... ok
[INFO] [stdout] test backup::tests::auto_kind_incremental_when_period_elapsed ... ok
[INFO] [stdout] test backup::tests::auto_kind_skips_pending_when_no_inc_after_latest_full ... ok
[INFO] [stdout] test backup::tests::backup_kind_parses_incremental ... ok
[INFO] [stdout] test backup::tests::backup_kind_rejects_unknown_values ... ok
[INFO] [stdout] test backup::tests::auto_kind_skips_when_recent_incremental_within_period ... ok
[INFO] [stdout] test backup::tests::format_bytes_gib ... ok
[INFO] [stdout] test backup::tests::format_bytes_kib ... ok
[INFO] [stdout] test backup::tests::format_bytes_mib ... ok
[INFO] [stdout] test backup::tests::format_bytes_sub_kib ... ok
[INFO] [stdout] test backup::tests::hardlinked_full_floor_scales_down_for_small_drives ... ok
[INFO] [stdout] test backup::tests::full_backup_bytes_needed_is_small_when_a_snapshot_exists ... ok
[INFO] [stdout] test backup::tests::hardlinked_full_needs_headroom_not_a_second_copy ... ok
[INFO] [stdout] test backup::tests::auto_kind_skips_pending_when_scheduled_full_date_snapshot_exists ... ok
[INFO] [stdout] test backup::tests::backup_kind_parses_auto ... ok
[INFO] [stdout] test backup::tests::backup_kind_parses_full ... ok
[INFO] [stdout] test backup::tests::link_dest_args_incremental_hardlinks_without_checksum ... ok
[INFO] [stdout] test backup::tests::prune_all_incrementals_removes_all_incs_keeps_fulls ... ok
[INFO] [stdout] test backup::tests::full_backup_bytes_needed_uses_floor_when_no_snapshot_exists ... ok
[INFO] [stdout] test backup::tests::link_dest_args_empty_when_no_previous_snapshot ... ok
[INFO] [stdout] test backup::tests::link_dest_args_full_hardlinks_and_verifies_by_checksum ... ok
[INFO] [stdout] test backup::tests::purge_stale_inprogress_missing_dir_is_a_no_op ... ok
[INFO] [stdout] test backup::tests::purge_stale_inprogress_keeps_a_directory_a_live_process_is_using ... FAILED
[INFO] [stdout] test backup::tests::resolve_latest_empty_dir_returns_none ... ok
[INFO] [stdout] test backup::tests::resolve_latest_ignores_inprogress_dirs ... ok
[INFO] [stdout] test backup::tests::resolve_latest_returns_lexicographically_last ... ok
[INFO] [stdout] test config::tests::backup_hm_fallback_on_invalid_string ... ok
[INFO] [stdout] test config::tests::backup_hm_parses_end_of_day ... ok
[INFO] [stdout] test backup::tests::apply_retention_never_removes_full_snapshots ... ok
[INFO] [stdout] test backup::tests::try_remove_snapshot_deletes_readonly_go_module_dirs ... ok
[INFO] [stdout] test backup::tests::apply_retention_removes_old_incrementals ... ok
[INFO] [stdout] test backup::tests::try_remove_snapshot_deletes_unreadable_dirs ... ok
[INFO] [stdout] test config::tests::backup_hm_fallback_on_empty_string ... ok
[INFO] [stdout] test backup::tests::purge_stale_inprogress_removes_only_staging_dirs ... ok
[INFO] [stdout] test config::tests::backup_hm_parses_hh_mm ... ok
[INFO] [stdout] test config::tests::config_missing_incremental_field_defaults_to_one ... ok
[INFO] [stdout] test config::tests::default_zero_returns_zero ... ok
[INFO] [stdout] test config::tests::backup_hm_parses_midnight ... ok
[INFO] [stdout] test config::tests::config_optional_drive_fields_can_be_absent ... ok
[INFO] [stdout] test config::tests::default_one_returns_one ... ok
[INFO] [stdout] test drives::tests::extra_mount_options_force_zstd_on_btrfs_only ... ok
[INFO] [stdout] test config::tests::config_toml_round_trip_preserves_all_fields ... ok
[INFO] [stdout] test drives::tests::mount_options_force_zstd_detection ... ok
[INFO] [stdout] test config::tests::default_excludes_cover_models_and_lorraine_shadow ... ok
[INFO] [stdout] test drives::tests::udisksctl_args_have_no_options_for_other_or_unknown_fs ... ok
[INFO] [stdout] test pending_full::tests::default_pending_state_is_false ... ok
[INFO] [stdout] test drives::tests::udisksctl_args_add_compression_options_for_btrfs ... ok
[INFO] [stdout] test drives::tests::parse_btrfs_compression_property_values ... ok
[INFO] [stdout] test pending_full::tests::marker_survives_corrupt_toml ... ok
[INFO] [stdout] test pending_full::tests::interrupted_tmp_toml_true_is_honored ... ok
[INFO] [stdout] test backup::tests::purge_stale_rsync_logs_removes_only_old_rsync_logs ... ok
[INFO] [stdout] test pending_full::tests::persist_and_read_round_trip ... ok
[INFO] [stdout] test pending_full::tests::stale_marker_cleared_when_toml_is_false ... ok
[INFO] [stdout] test run_lock::tests::second_acquire_fails_while_first_held ... ok
[INFO] [stdout] test systemd::tests::boot_hook_warning_is_none_when_nothing_failed ... ok
[INFO] [stdout] test systemd::tests::remove_boot_hook_ignores_a_regular_file_and_a_missing_directory ... ok
[INFO] [stdout] test systemd::tests::remove_boot_hook_keeps_a_legacy_link_whose_target_still_exists ... ok
[INFO] [stdout] test systemd::tests::service_unit_uses_backup_subcommand_not_legacy_flag ... ok
[INFO] [stdout] test tests::cli_backup_full ... ok
[INFO] [stdout] test systemd::tests::remove_boot_hook_removes_service_link_and_dangling_legacy_link_only ... ok
[INFO] [stdout] test tests::cli_backup_inc_alias ... ok
[INFO] [stdout] test tests::cli_backup_incremental ... ok
[INFO] [stdout] test tests::cli_backup_subcommand_defaults_to_auto ... ok
[INFO] [stdout] test systemd::tests::remove_boot_hook_reports_a_link_it_cannot_remove ... ok
[INFO] [stdout] test systemd::tests::service_unit_has_no_install_section_so_only_the_timer_starts_it ... ok
[INFO] [stdout] test tests::cli_no_args_opens_gui ... ok
[INFO] [stdout] test tests::cli_extra_positional_arg_is_an_error ... ok
[INFO] [stdout] test year_end::tests::dismiss_stops_prompt_for_that_archive_year ... ok
[INFO] [stdout] test tests::cli_help_flag_returns_display_help_error ... ok
[INFO] [stdout] test tests::cli_prune_incs ... ok
[INFO] [stdout] test tests::cli_unknown_subcommand_is_an_error ... ok
[INFO] [stdout] test tests::cli_version_flag_returns_display_version_error ... ok
[INFO] [stdout] test year_end::tests::snapshot_year_from_name_parses_prefixes ... ok
[INFO] [stdout] test year_end::tests::remind_once_per_day ... ok
[INFO] [stdout] test year_end::tests::should_show_only_in_january_before_dismiss ... ok
[INFO] [stdout] test drives::tests::device_for_uuid_rejects_path_traversal ... ok
[INFO] [stdout] test drives::tests::empty_user_trash_skips_symlinked_trash_root ... ok
[INFO] [stdout] test drives::tests::empty_user_trash_on_volume_removes_files_and_expunged ... ok
[INFO] [stdout] 
[INFO] [stdout] failures:
[INFO] [stdout] 
[INFO] [stdout] ---- backup::tests::purge_stale_inprogress_keeps_a_directory_a_live_process_is_using stdout ----
[INFO] [stdout] 
[INFO] [stdout] thread 'backup::tests::purge_stale_inprogress_keeps_a_directory_a_live_process_is_using' (2055) panicked at src/backup.rs:1605:9:
[INFO] [stdout] assertion `left == right` failed: only the unused directory is purged
[INFO] [stdout]   left: 2
[INFO] [stdout]  right: 1
[INFO] [stdout] stack backtrace:
[INFO] [stdout]    0:     0x5a047d656661 - <unknown>
[INFO] [stdout]    1:     0x5a047d66c8fa - <unknown>
[INFO] [stdout]    2:     0x5a047d65b38c - <unknown>
[INFO] [stdout]    3:     0x5a047d62ece6 - <unknown>
[INFO] [stdout]    4:     0x5a047d64d0a9 - <unknown>
[INFO] [stdout]    5:     0x5a047d589f40 - <unknown>
[INFO] [stdout]    6:     0x5a047d64d262 - <unknown>
[INFO] [stdout]    7:     0x5a047d62ed92 - <unknown>
[INFO] [stdout]    8:     0x5a047d626fe9 - <unknown>
[INFO] [stdout]    9:     0x5a047d62ff5d - <unknown>
[INFO] [stdout]   10:     0x5a047d66d06c - <unknown>
[INFO] [stdout]   11:     0x5a047d66cfe3 - <unknown>
[INFO] [stdout]   12:     0x5a047d6682a8 - <unknown>
[INFO] [stdout]   13:     0x5a047d523430 - <unknown>
[INFO] [stdout]   14:     0x5a047d52c7f9 - <unknown>
[INFO] [stdout]   15:     0x5a047d57d22b - <unknown>
[INFO] [stdout]   16:     0x5a047d58a895 - <unknown>
[INFO] [stdout]   17:     0x5a047d584154 - <unknown>
[INFO] [stdout]   18:     0x5a047d58d9f2 - <unknown>
[INFO] [stdout]   19:     0x5a047d6556b9 - <unknown>
[INFO] [stdout]   20:     0x72a119056dfa - <unknown>
[INFO] [stdout]   21:     0x72a1190ea3d4 - clone
[INFO] [stdout]   22:                0x0 - <unknown>
[INFO] [stdout] 
[INFO] [stdout] 
[INFO] [stdout] failures:
[INFO] [stdout]     backup::tests::purge_stale_inprogress_keeps_a_directory_a_live_process_is_using
[INFO] [stdout] 
[INFO] [stdout] test result: FAILED. 87 passed; 1 failed; 0 ignored; 0 measured; 0 filtered out; finished in 0.22s
[INFO] [stdout] 
[INFO] [stderr] error: test failed, to rerun pass `--bin backup-tool`
[INFO] running `Command { std: "docker" "inspect" "33b3a0863d4fd709f6392d581ee57423ef90f5ceb94d4f4e80d5f4ae06b10759", kill_on_drop: false }`
[INFO] running `Command { std: "docker" "rm" "-f" "33b3a0863d4fd709f6392d581ee57423ef90f5ceb94d4f4e80d5f4ae06b10759", kill_on_drop: false }`
[INFO] [stdout] 33b3a0863d4fd709f6392d581ee57423ef90f5ceb94d4f4e80d5f4ae06b10759
