[INFO] cloning repository https://github.com/Nielswps/backupper
[INFO] running `Command { std: "git" "-c" "credential.helper=" "-c" "credential.helper=/workspace/cargo-home/bin/git-credential-null" "clone" "--bare" "https://github.com/Nielswps/backupper" "/workspace/cache/git-repos/https%3A%2F%2Fgithub.com%2FNielswps%2Fbackupper", kill_on_drop: false }`
[INFO] [stderr] Cloning into bare repository '/workspace/cache/git-repos/https%3A%2F%2Fgithub.com%2FNielswps%2Fbackupper'...
[INFO] running `Command { std: "git" "rev-parse" "HEAD", kill_on_drop: false }`
[INFO] [stdout] 3a680cb4915b80a229e9e092fcb76e60ab1a9f96
[INFO] testing Nielswps/backupper against 1.99.0-beta.8+cargoflags=--release for beta-release-1.100-2
[INFO] running `Command { std: "git" "clone" "/workspace/cache/git-repos/https%3A%2F%2Fgithub.com%2FNielswps%2Fbackupper" "/workspace/builds/worker-7-tc1/source", kill_on_drop: false }`
[INFO] [stderr] Cloning into '/workspace/builds/worker-7-tc1/source'...
[INFO] [stderr] done.
[INFO] started tweaking git repo https://github.com/Nielswps/backupper
[INFO] finished tweaking git repo https://github.com/Nielswps/backupper
[INFO] tweaked toml for git repo https://github.com/Nielswps/backupper written to /workspace/builds/worker-7-tc1/source/Cargo.toml
[INFO] validating manifest of git repo https://github.com/Nielswps/backupper on toolchain 1.99.0-beta.8
[INFO] running `Command { std: CARGO_HOME="/workspace/cargo-home" RUSTUP_HOME="/workspace/rustup-home" "/workspace/cargo-home/bin/cargo" "+1.99.0-beta.8" "metadata" "--manifest-path" "Cargo.toml" "--no-deps", kill_on_drop: false }`
[INFO] crate git repo https://github.com/Nielswps/backupper already has a lockfile, it will not be regenerated
[INFO] running `Command { std: CARGO_HOME="/workspace/cargo-home" RUSTUP_HOME="/workspace/rustup-home" "/workspace/cargo-home/bin/cargo" "+1.99.0-beta.8" "fetch" "--manifest-path" "Cargo.toml", kill_on_drop: false }`
[INFO] [stderr]     Blocking waiting for file lock on package cache
[INFO] [stderr]     Blocking waiting for file lock on package cache
[INFO] [stderr]  Downloading crates ...
[INFO] [stderr]   Downloaded toml v0.5.9
[INFO] [stderr]   Downloaded serde_derive v1.0.138
[INFO] [stderr]   Downloaded dlv-list v0.3.0
[INFO] [stderr]   Downloaded config v0.13.1
[INFO] [stderr]   Downloaded rust-ini v0.18.0
[INFO] [stderr]   Downloaded ordered-multimap v0.4.3
[INFO] [stderr]   Downloaded once_cell v1.12.1
[INFO] [stderr]   Downloaded getrandom v0.2.7
[INFO] [stderr]   Downloaded quote v1.0.20
[INFO] [stderr]   Downloaded async-trait v0.1.56
[INFO] [stderr]   Downloaded unicode-ident v1.0.1
[INFO] [stderr]   Downloaded proc-macro2 v1.0.40
[INFO] [stderr]   Downloaded serde v1.0.138
[INFO] [stderr]   Downloaded hashbrown v0.12.1
[INFO] [stderr]   Downloaded nom v7.1.1
[INFO] [stderr]   Downloaded serde_json v1.0.82
[INFO] [stderr]   Downloaded syn v1.0.98
[INFO] running `Command { std: "docker" "create" "-v" "/var/lib/crater-agent-workspace/builds/worker-7-tc1/source:/opt/rustwide/workdir:ro,Z" "-v" "/var/lib/crater-agent-workspace/builds/worker-7-tc1/target:/opt/rustwide/target:rw,Z" "-v" "/var/lib/crater-agent-workspace/cargo-home:/opt/rustwide/cargo-home:ro,Z" "-v" "/var/lib/crater-agent-workspace/rustup-home:/opt/rustwide/rustup-home:ro,Z" "-m" "1610612736" "--network" "none" "ghcr.io/rust-lang/crates-build-env/linux@sha256:77db811e55d90add9212f6832c23229e3de5f1c1f9905e8cb07319ea15df73ac" "sleep" "infinity", kill_on_drop: false }`
[INFO] [stdout] 110f45e6bdf3b06657fe74df05a07e4442903e9442e64c43acc2f2da7a94652b
[INFO] running `Command { std: "docker" "start" "110f45e6bdf3b06657fe74df05a07e4442903e9442e64c43acc2f2da7a94652b", kill_on_drop: false }`
[INFO] running `Command { std: "docker" "inspect" "110f45e6bdf3b06657fe74df05a07e4442903e9442e64c43acc2f2da7a94652b", kill_on_drop: false }`
[INFO] running `Command { std: "docker" "exec" "-e" "SOURCE_DIR=/opt/rustwide/workdir" "-e" "CARGO_HOME=/opt/rustwide/cargo-home" "-e" "RUSTUP_HOME=/opt/rustwide/rustup-home" "-e" "CARGO_TARGET_DIR=/opt/rustwide/target" "-w" "/opt/rustwide/workdir" "--user" "0:0" "110f45e6bdf3b06657fe74df05a07e4442903e9442e64c43acc2f2da7a94652b" "/opt/rustwide/cargo-home/bin/cargo" "+1.99.0-beta.8" "metadata" "--no-deps" "--format-version=1", kill_on_drop: false }`
[INFO] running `Command { std: "docker" "inspect" "110f45e6bdf3b06657fe74df05a07e4442903e9442e64c43acc2f2da7a94652b", kill_on_drop: false }`
[INFO] running `Command { std: "docker" "exec" "-e" "SOURCE_DIR=/opt/rustwide/workdir" "-e" "CARGO_HOME=/opt/rustwide/cargo-home" "-e" "RUSTUP_HOME=/opt/rustwide/rustup-home" "-e" "CARGO_TARGET_DIR=/opt/rustwide/target" "-e" "CARGO_INCREMENTAL=0" "-e" "RUST_BACKTRACE=full" "-e" "RUSTFLAGS=--cap-lints=warn" "-e" "RUSTDOCFLAGS=--cap-lints=warn" "-w" "/opt/rustwide/workdir" "--user" "0:0" "110f45e6bdf3b06657fe74df05a07e4442903e9442e64c43acc2f2da7a94652b" "/opt/rustwide/cargo-home/bin/cargo" "+1.99.0-beta.8" "build" "--frozen" "--message-format=json" "--release", kill_on_drop: false }`
[INFO] [stderr]    Compiling proc-macro2 v1.0.40
[INFO] [stderr]    Compiling quote v1.0.20
[INFO] [stderr]    Compiling unicode-ident v1.0.1
[INFO] [stderr]    Compiling syn v1.0.98
[INFO] [stderr]    Compiling libc v0.2.126
[INFO] [stderr]    Compiling serde_derive v1.0.138
[INFO] [stderr]    Compiling version_check v0.9.4
[INFO] [stderr]    Compiling serde v1.0.138
[INFO] [stderr]    Compiling once_cell v1.12.1
[INFO] [stderr]    Compiling memchr v2.5.0
[INFO] [stderr]    Compiling dlv-list v0.3.0
[INFO] [stderr]    Compiling serde_json v1.0.82
[INFO] [stderr]    Compiling async-trait v0.1.56
[INFO] [stderr]    Compiling linked-hash-map v0.5.6
[INFO] [stderr]    Compiling ahash v0.7.6
[INFO] [stderr]    Compiling ryu v1.0.10
[INFO] [stderr]    Compiling itoa v1.0.2
[INFO] [stderr]    Compiling minimal-lexical v0.2.1
[INFO] [stderr]    Compiling yaml-rust v0.4.5
[INFO] [stderr]    Compiling fastrand v1.7.0
[INFO] [stderr]    Compiling pathdiff v0.2.1
[INFO] [stderr]    Compiling getrandom v0.2.7
[INFO] [stderr]    Compiling tempfile v3.3.0
[INFO] [stderr]    Compiling nom v7.1.1
[INFO] [stderr]    Compiling hashbrown v0.12.1
[INFO] [stderr]    Compiling ordered-multimap v0.4.3
[INFO] [stderr]    Compiling rust-ini v0.18.0
[INFO] [stderr]    Compiling pest_generator v2.1.3
[INFO] [stderr]    Compiling pest_derive v2.1.0
[INFO] [stderr]    Compiling ron v0.7.1
[INFO] [stderr]    Compiling toml v0.5.9
[INFO] [stderr]    Compiling json5 v0.4.1
[INFO] [stderr]    Compiling config v0.13.1
[INFO] [stderr]    Compiling backupper v1.0.1 (/opt/rustwide/workdir)
[INFO] [stderr]     Finished `release` profile [optimized] target(s) in 8.75s
[INFO] running `Command { std: "docker" "inspect" "110f45e6bdf3b06657fe74df05a07e4442903e9442e64c43acc2f2da7a94652b", kill_on_drop: false }`
[INFO] running `Command { std: "docker" "exec" "-e" "SOURCE_DIR=/opt/rustwide/workdir" "-e" "CARGO_HOME=/opt/rustwide/cargo-home" "-e" "RUSTUP_HOME=/opt/rustwide/rustup-home" "-e" "CARGO_TARGET_DIR=/opt/rustwide/target" "-e" "CARGO_INCREMENTAL=0" "-e" "RUST_BACKTRACE=full" "-e" "RUSTFLAGS=--cap-lints=warn" "-e" "RUSTDOCFLAGS=--cap-lints=warn" "-w" "/opt/rustwide/workdir" "--user" "0:0" "110f45e6bdf3b06657fe74df05a07e4442903e9442e64c43acc2f2da7a94652b" "/opt/rustwide/cargo-home/bin/cargo" "+1.99.0-beta.8" "test" "--frozen" "--no-run" "--message-format=json" "--release", kill_on_drop: false }`
[INFO] [stderr]    Compiling backupper v1.0.1 (/opt/rustwide/workdir)
[INFO] [stderr]     Finished `release` profile [optimized] target(s) in 0.35s
[INFO] running `Command { std: "docker" "inspect" "110f45e6bdf3b06657fe74df05a07e4442903e9442e64c43acc2f2da7a94652b", kill_on_drop: false }`
[INFO] running `Command { std: "docker" "exec" "-e" "SOURCE_DIR=/opt/rustwide/workdir" "-e" "CARGO_HOME=/opt/rustwide/cargo-home" "-e" "RUSTUP_HOME=/opt/rustwide/rustup-home" "-e" "CARGO_TARGET_DIR=/opt/rustwide/target" "-e" "CARGO_INCREMENTAL=0" "-e" "RUST_BACKTRACE=full" "-e" "RUSTFLAGS=--cap-lints=warn" "-e" "RUSTDOCFLAGS=--cap-lints=warn" "-w" "/opt/rustwide/workdir" "--user" "0:0" "110f45e6bdf3b06657fe74df05a07e4442903e9442e64c43acc2f2da7a94652b" "/opt/rustwide/cargo-home/bin/cargo" "+1.99.0-beta.8" "test" "--frozen" "--release", kill_on_drop: false }`
[INFO] [stderr]     Finished `release` profile [optimized] target(s) in 0.02s
[INFO] [stderr]      Running unittests src/lib.rs (/opt/rustwide/target/release/deps/backupper-6eed2245ca580116)
[INFO] [stdout] 
[INFO] [stdout] running 0 tests
[INFO] [stdout] 
[INFO] [stdout] test result: ok. 0 passed; 0 failed; 0 ignored; 0 measured; 0 filtered out; finished in 0.00s
[INFO] [stdout] 
[INFO] [stderr]      Running unittests src/main.rs (/opt/rustwide/target/release/deps/backupper-76d9de86174fab1c)
[INFO] [stdout] 
[INFO] [stdout] running 0 tests
[INFO] [stdout] 
[INFO] [stdout] test result: ok. 0 passed; 0 failed; 0 ignored; 0 measured; 0 filtered out; finished in 0.00s
[INFO] [stdout] 
[INFO] [stderr]      Running tests/system_tests.rs (/opt/rustwide/target/release/deps/system_tests-1930a01937483843)
[INFO] [stdout] 
[INFO] [stdout] running 8 tests
[INFO] [stdout] test copy_new_file_from_source_to_target ... ok
[INFO] [stdout] test copy_dir_but_ignored_blacklist ... ok
[INFO] [stdout] test copy_dir_from_source_to_target ... ok
[INFO] [stdout] test copy_dir_and_file_nested_in_hierarchy ... ok
[INFO] [stdout] test skip_file_at_same_name_and_same_timestamp ... FAILED
[INFO] [stdout] test skip_file_at_same_name_and_older_timestamp ... ok
[INFO] [stdout] test overwrite_file_at_same_name_and_newer_timestamp ... ok
[INFO] [stdout] test overwrite_part_of_dir_and_skip_rest_based_on_timestamps ... ok
[INFO] [stdout] 
[INFO] [stdout] failures:
[INFO] [stdout] 
[INFO] [stdout] ---- skip_file_at_same_name_and_same_timestamp stdout ----
[INFO] [stdout]   overwrote: "/tmp/.tmp1aB4sV/temp-file.txt" with "/tmp/.tmpcXXd8g/temp-file.txt"
[INFO] [stdout] 
[INFO] [stdout] thread 'skip_file_at_same_name_and_same_timestamp' (887) panicked at tests/system_tests.rs:108:5:
[INFO] [stdout] assertion `left == right` failed
[INFO] [stdout]   left: "This is a modified test file\n"
[INFO] [stdout]  right: "This is a test file\n"
[INFO] [stdout] stack backtrace:
[INFO] [stdout]    0:     0x633d329922f1 - <<std[70759c8f55707aa4]::sys::backtrace::BacktraceLock>::print::DisplayBacktrace as core[df12db4294e9bfd3]::fmt::Display>::fmt
[INFO] [stdout]    1:     0x633d329a68da - core[df12db4294e9bfd3]::fmt::write
[INFO] [stdout]    2:     0x633d32996a5c - <alloc[2182bb758b4b3781]::vec::Vec<u8> as core[df12db4294e9bfd3]::io::write::Write>::write_fmt
[INFO] [stdout]    3:     0x633d3296bdd6 - std[70759c8f55707aa4]::panicking::default_hook::{closure#0}
[INFO] [stdout]    4:     0x633d32989019 - std[70759c8f55707aa4]::panicking::default_hook
[INFO] [stdout]    5:     0x633d329229f0 - test[9d35eded1c95d3be]::test_main_inner::<test[9d35eded1c95d3be]::test_main_static::{closure#0}>::{closure#0}
[INFO] [stdout]    6:     0x633d329891d2 - std[70759c8f55707aa4]::panicking::panic_with_hook
[INFO] [stdout]    7:     0x633d3296be82 - std[70759c8f55707aa4]::panicking::panic_handler::{closure#0}
[INFO] [stdout]    8:     0x633d329648b9 - std[70759c8f55707aa4]::sys::backtrace::__rust_end_short_backtrace::<std[70759c8f55707aa4]::panicking::panic_handler::{closure#0}, !>
[INFO] [stdout]    9:     0x633d3296ca7d - __rustc[8fa7c3cbc660c2b3]::rust_begin_unwind
[INFO] [stdout]   10:     0x633d329a700c - core[df12db4294e9bfd3]::panicking::panic_fmt
[INFO] [stdout]   11:     0x633d329a6f23 - core[df12db4294e9bfd3]::panicking::assert_failed_inner
[INFO] [stdout]   12:     0x633d32915799 - core[df12db4294e9bfd3]::panicking::assert_failed::<alloc[2182bb758b4b3781]::string::String, alloc[2182bb758b4b3781]::string::String>
[INFO] [stdout]   13:     0x633d32911a8f - <system_tests[e9476eac70bdd4d6]::skip_file_at_same_name_and_same_timestamp::{closure#0} as core[df12db4294e9bfd3]::ops::function::FnOnce<()>>::call_once
[INFO] [stdout]   14:     0x633d32915cdb - test[9d35eded1c95d3be]::__rust_begin_short_backtrace::<core[df12db4294e9bfd3]::result::Result<(), alloc[2182bb758b4b3781]::string::String>, fn() -> core[df12db4294e9bfd3]::result::Result<(), alloc[2182bb758b4b3781]::string::String>>
[INFO] [stdout]   15:     0x633d32923345 - test[9d35eded1c95d3be]::run_test::{closure#0}
[INFO] [stdout]   16:     0x633d3291cc04 - std[70759c8f55707aa4]::sys::backtrace::__rust_begin_short_backtrace::<test[9d35eded1c95d3be]::run_test::{closure#1}, ()>
[INFO] [stdout]   17:     0x633d329264a2 - <std[70759c8f55707aa4]::thread::lifecycle::spawn_unchecked<test[9d35eded1c95d3be]::run_test::{closure#1}, ()>::{closure#1} as core[df12db4294e9bfd3]::ops::function::FnOnce<()>>::call_once::{shim:vtable#0}
[INFO] [stdout]   18:     0x633d32991799 - <std[70759c8f55707aa4]::sys::thread::unix::Thread>::new::thread_start
[INFO] [stdout]   19:     0x7786c811edfa - <unknown>
[INFO] [stdout]   20:     0x7786c81b23d4 - clone
[INFO] [stdout]   21:                0x0 - <unknown>
[INFO] [stdout] 
[INFO] [stdout] 
[INFO] [stdout] failures:
[INFO] [stdout]     skip_file_at_same_name_and_same_timestamp
[INFO] [stdout] 
[INFO] [stdout] test result: FAILED. 7 passed; 1 failed; 0 ignored; 0 measured; 0 filtered out; finished in 1.00s
[INFO] [stdout] 
[INFO] [stderr] error: test failed, to rerun pass `--test system_tests`
[INFO] running `Command { std: "docker" "inspect" "110f45e6bdf3b06657fe74df05a07e4442903e9442e64c43acc2f2da7a94652b", kill_on_drop: false }`
[INFO] running `Command { std: "docker" "rm" "-f" "110f45e6bdf3b06657fe74df05a07e4442903e9442e64c43acc2f2da7a94652b", kill_on_drop: false }`
[INFO] [stdout] 110f45e6bdf3b06657fe74df05a07e4442903e9442e64c43acc2f2da7a94652b
