[INFO] cloning repository https://github.com/Newt6611/herdr-plugin-rust
[INFO] running `Command { std: "git" "-c" "credential.helper=" "-c" "credential.helper=/workspace/cargo-home/bin/git-credential-null" "clone" "--bare" "https://github.com/Newt6611/herdr-plugin-rust" "/workspace/cache/git-repos/https%3A%2F%2Fgithub.com%2FNewt6611%2Fherdr-plugin-rust", kill_on_drop: false }`
[INFO] [stderr] Cloning into bare repository '/workspace/cache/git-repos/https%3A%2F%2Fgithub.com%2FNewt6611%2Fherdr-plugin-rust'...
[INFO] running `Command { std: "git" "rev-parse" "HEAD", kill_on_drop: false }`
[INFO] [stdout] 4946df04a41a68f994fe10e0667f161ae815710e
[INFO] testing Newt6611/herdr-plugin-rust against 1.99.0-beta.8+cargoflags=--release for beta-release-1.100-2
[INFO] running `Command { std: "git" "clone" "/workspace/cache/git-repos/https%3A%2F%2Fgithub.com%2FNewt6611%2Fherdr-plugin-rust" "/workspace/builds/worker-6-tc1/source", kill_on_drop: false }`
[INFO] [stderr] Cloning into '/workspace/builds/worker-6-tc1/source'...
[INFO] [stderr] done.
[INFO] started tweaking git repo https://github.com/Newt6611/herdr-plugin-rust
[INFO] finished tweaking git repo https://github.com/Newt6611/herdr-plugin-rust
[INFO] tweaked toml for git repo https://github.com/Newt6611/herdr-plugin-rust written to /workspace/builds/worker-6-tc1/source/Cargo.toml
[INFO] validating manifest of git repo https://github.com/Newt6611/herdr-plugin-rust on toolchain 1.99.0-beta.8
[INFO] running `Command { std: CARGO_HOME="/workspace/cargo-home" RUSTUP_HOME="/workspace/rustup-home" "/workspace/cargo-home/bin/cargo" "+1.99.0-beta.8" "metadata" "--manifest-path" "Cargo.toml" "--no-deps", kill_on_drop: false }`
[INFO] crate git repo https://github.com/Newt6611/herdr-plugin-rust already has a lockfile, it will not be regenerated
[INFO] running `Command { std: CARGO_HOME="/workspace/cargo-home" RUSTUP_HOME="/workspace/rustup-home" "/workspace/cargo-home/bin/cargo" "+1.99.0-beta.8" "fetch" "--manifest-path" "Cargo.toml", kill_on_drop: false }`
[INFO] [stderr]     Blocking waiting for file lock on package cache
[INFO] running `Command { std: "docker" "create" "-v" "/var/lib/crater-agent-workspace/builds/worker-6-tc1/source:/opt/rustwide/workdir:ro,Z" "-v" "/var/lib/crater-agent-workspace/builds/worker-6-tc1/target:/opt/rustwide/target:rw,Z" "-v" "/var/lib/crater-agent-workspace/cargo-home:/opt/rustwide/cargo-home:ro,Z" "-v" "/var/lib/crater-agent-workspace/rustup-home:/opt/rustwide/rustup-home:ro,Z" "-m" "1610612736" "--network" "none" "ghcr.io/rust-lang/crates-build-env/linux@sha256:77db811e55d90add9212f6832c23229e3de5f1c1f9905e8cb07319ea15df73ac" "sleep" "infinity", kill_on_drop: false }`
[INFO] [stdout] ab2e284246a17fe240915eda7ea4b611d8ed3a6f9bb17c19be28d994ab351521
[INFO] running `Command { std: "docker" "start" "ab2e284246a17fe240915eda7ea4b611d8ed3a6f9bb17c19be28d994ab351521", kill_on_drop: false }`
[INFO] running `Command { std: "docker" "inspect" "ab2e284246a17fe240915eda7ea4b611d8ed3a6f9bb17c19be28d994ab351521", kill_on_drop: false }`
[INFO] running `Command { std: "docker" "exec" "-e" "SOURCE_DIR=/opt/rustwide/workdir" "-e" "CARGO_HOME=/opt/rustwide/cargo-home" "-e" "RUSTUP_HOME=/opt/rustwide/rustup-home" "-e" "CARGO_TARGET_DIR=/opt/rustwide/target" "-w" "/opt/rustwide/workdir" "--user" "0:0" "ab2e284246a17fe240915eda7ea4b611d8ed3a6f9bb17c19be28d994ab351521" "/opt/rustwide/cargo-home/bin/cargo" "+1.99.0-beta.8" "metadata" "--no-deps" "--format-version=1", kill_on_drop: false }`
[INFO] running `Command { std: "docker" "inspect" "ab2e284246a17fe240915eda7ea4b611d8ed3a6f9bb17c19be28d994ab351521", kill_on_drop: false }`
[INFO] running `Command { std: "docker" "exec" "-e" "SOURCE_DIR=/opt/rustwide/workdir" "-e" "CARGO_HOME=/opt/rustwide/cargo-home" "-e" "RUSTUP_HOME=/opt/rustwide/rustup-home" "-e" "CARGO_TARGET_DIR=/opt/rustwide/target" "-e" "CARGO_INCREMENTAL=0" "-e" "RUST_BACKTRACE=full" "-e" "RUSTFLAGS=--cap-lints=warn" "-e" "RUSTDOCFLAGS=--cap-lints=warn" "-w" "/opt/rustwide/workdir" "--user" "0:0" "ab2e284246a17fe240915eda7ea4b611d8ed3a6f9bb17c19be28d994ab351521" "/opt/rustwide/cargo-home/bin/cargo" "+1.99.0-beta.8" "build" "--frozen" "--message-format=json" "--release", kill_on_drop: false }`
[INFO] [stderr]    Compiling serde_json v1.0.150
[INFO] [stderr]    Compiling winnow v1.0.3
[INFO] [stderr]    Compiling memchr v2.8.2
[INFO] [stderr]    Compiling winnow v0.7.15
[INFO] [stderr]    Compiling doctest-file v1.1.1
[INFO] [stderr]    Compiling toml_writer v1.1.1+spec-1.1.0
[INFO] [stderr]    Compiling syn v2.0.118
[INFO] [stderr]    Compiling serde_spanned v1.1.1
[INFO] [stderr]    Compiling toml_datetime v0.7.5+spec-1.1.0
[INFO] [stderr]    Compiling interprocess v2.4.2
[INFO] [stderr]    Compiling toml_parser v1.1.2+spec-1.1.0
[INFO] [stderr]    Compiling toml v0.9.12+spec-1.1.0
[INFO] [stderr]    Compiling tokio-macros v2.7.0
[INFO] [stderr]    Compiling serde_derive v1.0.228
[INFO] [stderr]    Compiling thiserror-impl v2.0.18
[INFO] [stderr]    Compiling tokio v1.52.3
[INFO] [stderr]    Compiling thiserror v2.0.18
[INFO] [stderr]    Compiling serde v1.0.228
[INFO] [stderr]    Compiling herdr-plugin v0.1.8 (/opt/rustwide/workdir)
[INFO] [stderr]     Finished `release` profile [optimized] target(s) in 32.08s
[INFO] running `Command { std: "docker" "inspect" "ab2e284246a17fe240915eda7ea4b611d8ed3a6f9bb17c19be28d994ab351521", kill_on_drop: false }`
[INFO] running `Command { std: "docker" "exec" "-e" "SOURCE_DIR=/opt/rustwide/workdir" "-e" "CARGO_HOME=/opt/rustwide/cargo-home" "-e" "RUSTUP_HOME=/opt/rustwide/rustup-home" "-e" "CARGO_TARGET_DIR=/opt/rustwide/target" "-e" "CARGO_INCREMENTAL=0" "-e" "RUST_BACKTRACE=full" "-e" "RUSTFLAGS=--cap-lints=warn" "-e" "RUSTDOCFLAGS=--cap-lints=warn" "-w" "/opt/rustwide/workdir" "--user" "0:0" "ab2e284246a17fe240915eda7ea4b611d8ed3a6f9bb17c19be28d994ab351521" "/opt/rustwide/cargo-home/bin/cargo" "+1.99.0-beta.8" "test" "--frozen" "--no-run" "--message-format=json" "--release", kill_on_drop: false }`
[INFO] [stderr]    Compiling herdr-plugin v0.1.8 (/opt/rustwide/workdir)
[INFO] [stderr]     Finished `release` profile [optimized] target(s) in 43.52s
[INFO] running `Command { std: "docker" "inspect" "ab2e284246a17fe240915eda7ea4b611d8ed3a6f9bb17c19be28d994ab351521", kill_on_drop: false }`
[INFO] running `Command { std: "docker" "exec" "-e" "SOURCE_DIR=/opt/rustwide/workdir" "-e" "CARGO_HOME=/opt/rustwide/cargo-home" "-e" "RUSTUP_HOME=/opt/rustwide/rustup-home" "-e" "CARGO_TARGET_DIR=/opt/rustwide/target" "-e" "CARGO_INCREMENTAL=0" "-e" "RUST_BACKTRACE=full" "-e" "RUSTFLAGS=--cap-lints=warn" "-e" "RUSTDOCFLAGS=--cap-lints=warn" "-w" "/opt/rustwide/workdir" "--user" "0:0" "ab2e284246a17fe240915eda7ea4b611d8ed3a6f9bb17c19be28d994ab351521" "/opt/rustwide/cargo-home/bin/cargo" "+1.99.0-beta.8" "test" "--frozen" "--release", kill_on_drop: false }`
[INFO] [stderr]     Finished `release` profile [optimized] target(s) in 0.07s
[INFO] [stderr]      Running unittests src/lib.rs (/opt/rustwide/target/release/deps/herdr_plugin-cd881cd528e94493)
[INFO] [stdout] 
[INFO] [stdout] running 7 tests
[INFO] [stdout] test runtime::tests::runtime_handle_stop_sends_stop_command ... ok
[INFO] [stdout] test runtime::tests::socket_runtime_handle_workspace_create_uses_typed_api ... ok
[INFO] [stdout] test runtime::tests::socket_runtime_subscribes_to_socket_events_and_dispatches_them ... ok
[INFO] [stdout] test runtime::tests::socket_runtime_blocks_until_handle_stops_it ... ok
[INFO] [stdout] test runtime::tests::socket_runtime_uses_configured_event_subscriptions ... ok
[INFO] [stdout] test runtime::tests::socket_runtime_handle_sends_json_request_to_herdr ... ok
[INFO] [stdout] test runtime::tests::socket_runtime_handle_exposes_protocol_method_groups ... ok
[INFO] [stderr]      Running tests/agent.rs (/opt/rustwide/target/release/deps/agent-7c89c625908a4741)
[INFO] [stdout] 
[INFO] [stdout] test result: ok. 7 passed; 0 failed; 0 ignored; 0 measured; 0 filtered out; finished in 0.02s
[INFO] [stdout] 
[INFO] [stdout] 
[INFO] [stdout] running 2 tests
[INFO] [stdout] test agent_list_get_read_and_explain_parse_real_shapes ... ok
[INFO] [stdout] test agent_mutating_commands_use_expected_arguments ... ok
[INFO] [stderr]      Running tests/app.rs (/opt/rustwide/target/release/deps/app-2afce53971e2e02d)
[INFO] [stdout] 
[INFO] [stdout] test result: ok. 2 passed; 0 failed; 0 ignored; 0 measured; 0 filtered out; finished in 0.03s
[INFO] [stdout] 
[INFO] [stdout] 
[INFO] [stdout] running 21 tests
[INFO] [stdout] test app_builder_runs_event_from_env ... ok
[INFO] [stdout] test app_with_client_shares_arc_client_with_handlers ... ok
[INFO] [stdout] test context_exposes_invocation_helpers_paths_and_logger ... ok
[INFO] [stdout] test app_run_delegates_lifecycle_to_configured_runtime ... ok
[INFO] [stdout] test config_loads_default_toml_before_setup_and_event_dispatch ... ok
[INFO] [stdout] test app_state_is_available_to_setup_and_event_handlers ... ok
[INFO] [stdout] test config_can_load_custom_relative_toml_file ... ok
[INFO] [stdout] test app_new_reads_herdr_runtime_environment_into_context ... ok
[INFO] [stdout] test run_returns_typed_error_for_invalid_event_json ... ok
[INFO] [stdout] test typed_herdr_events_implement_runtime_event_trait ... ok
[INFO] [stdout] test one_shot_runtime_context_has_no_socket_handle ... ok
[INFO] [stdout] test explicit_one_shot_runtime_runs_event_from_env ... ok
[INFO] [stdout] test env_event_source_reads_typed_runtime_event_from_env ... ok
[INFO] [stdout] test invalid_config_toml_returns_typed_runtime_error ... ok
[INFO] [stdout] test socket_runtime_app_run_blocks_until_handle_stops_it ... ok
[INFO] [stdout] test app_builder_sets_herdr_binary_path_for_context_client ... ok
[INFO] [stdout] test missing_config_file_uses_default_config ... ok
[INFO] [stdout] test on_error_runs_when_setup_fails ... ok
[INFO] [stdout] test setup_runs_with_context_before_event_dispatch ... ok
[INFO] [stdout] test teardown_runs_after_event_dispatch ... ok
[INFO] [stdout] test socket_runtime_context_exposes_socket_handle_in_event_callbacks ... ok
[INFO] [stderr]      Running tests/dispatch.rs (/opt/rustwide/target/release/deps/dispatch-a0cab948514644f5)
[INFO] [stdout] 
[INFO] [stdout] test result: ok. 21 passed; 0 failed; 0 ignored; 0 measured; 0 filtered out; finished in 0.02s
[INFO] [stdout] 
[INFO] [stdout] 
[INFO] [stdout] running 1 test
[INFO] [stdout] test dispatches_handlers_for_the_concrete_event_type_in_registration_order ... ok
[INFO] [stdout] 
[INFO] [stdout] test result: ok. 1 passed; 0 failed; 0 ignored; 0 measured; 0 filtered out; finished in 0.00s
[INFO] [stdout] 
[INFO] [stderr]      Running tests/events.rs (/opt/rustwide/target/release/deps/events-c86af37571064974)
[INFO] [stdout] 
[INFO] [stdout] running 4 tests
[INFO] [stdout] test event_envelope_deserializes_tab_renamed_payload_from_herdr_shape ... ok
[INFO] [stdout] test event_payload_structs_match_workspace_tab_and_pane_info_shapes ... ok
[INFO] [stdout] test app_can_register_sdk_event_types ... ok
[INFO] [stdout] test workspace_tab_and_pane_event_names_match_herdr_schema ... ok
[INFO] [stdout] 
[INFO] [stdout] test result: ok. 4 passed; 0 failed; 0 ignored; 0 measured; 0 filtered out; finished in 0.00s
[INFO] [stdout] 
[INFO] [stderr]      Running tests/pane.rs (/opt/rustwide/target/release/deps/pane-d2a104ed7eb6701b)
[INFO] [stdout] 
[INFO] [stdout] running 5 tests
[INFO] [stdout] test pane_json_errors_are_typed ... ok
[INFO] [stdout] test pane_read_methods_parse_real_shapes ... ok
[INFO] [stdout] test plugin_pane_methods_live_on_pane_client ... ok
[INFO] [stdout] test pane_split_swap_and_move_methods_use_expected_arguments ... ok
[INFO] [stdout] test pane_directional_and_mutating_methods_use_expected_arguments ... ok
[INFO] [stderr]      Running tests/plugin.rs (/opt/rustwide/target/release/deps/plugin-8d894a9c57ad9a9c)
[INFO] [stdout] 
[INFO] [stdout] test result: ok. 5 passed; 0 failed; 0 ignored; 0 measured; 0 filtered out; finished in 0.04s
[INFO] [stdout] 
[INFO] [stdout] 
[INFO] [stdout] running 8 tests
[INFO] [stdout] test plugin_surface_exposes_context_helpers_and_lifecycle_hooks ... ok
[INFO] [stdout] test app_direct_registration_supports_typed_config_context ... ok
[INFO] [stdout] test plugin_surface_exposes_typed_app_state ... ok
[INFO] [stdout] test plugin_surface_reexports_herdr_client_for_app_builders ... ok
[INFO] [stdout] test plugin_surface_exposes_setup_hook ... ok
[INFO] [stdout] test plugin_surface_exposes_typed_config ... ok
[INFO] [stdout] test app_registers_handlers_directly ... ok
[INFO] [stderr]      Running tests/session.rs (/opt/rustwide/target/release/deps/session-200cad5908b02a42)
[INFO] [stdout] test plugin_management_methods_use_expected_arguments ... ok
[INFO] [stdout] 
[INFO] [stdout] test result: ok. 8 passed; 0 failed; 0 ignored; 0 measured; 0 filtered out; finished in 0.02s
[INFO] [stdout] 
[INFO] [stdout] 
[INFO] [stdout] running 8 tests
[INFO] [stdout] test list_parses_real_session_list_shape ... ok
[INFO] [stdout] test attach_invokes_session_attach_without_json ... ok
[INFO] [stdout] test stop_parses_success_json ... ok
[INFO] [stdout] test missing_binary_is_typed ... ok
[INFO] [stdout] test non_zero_json_error_is_typed ... ok
[INFO] [stdout] test new_uses_herdr_bin_path_when_set ... ok
[INFO] [stdout] test invalid_json_is_typed ... ok
[INFO] [stdout] test delete_parses_success_json ... ok
[INFO] [stderr]      Running tests/tab.rs (/opt/rustwide/target/release/deps/tab-874e3f7a8f1a802e)
[INFO] [stdout] 
[INFO] [stdout] test result: ok. 8 passed; 0 failed; 0 ignored; 0 measured; 0 filtered out; finished in 0.02s
[INFO] [stdout] 
[INFO] [stdout] 
[INFO] [stdout] running 4 tests
[INFO] [stdout] test tab_json_errors_are_typed ... ok
[INFO] [stdout] test create_sends_supported_options_and_parses_response ... ok
[INFO] [stdout] test list_parses_real_tab_list_shape ... ok
[INFO] [stderr]      Running tests/workspace.rs (/opt/rustwide/target/release/deps/workspace-82853290ad105c69)
[INFO] [stdout] test get_focus_rename_and_close_parse_real_response_shapes ... ok
[INFO] [stdout] 
[INFO] [stdout] test result: ok. 4 passed; 0 failed; 0 ignored; 0 measured; 0 filtered out; finished in 0.02s
[INFO] [stdout] 
[INFO] [stdout] 
[INFO] [stdout] running 4 tests
[INFO] [stdout] test list_parses_real_workspace_list_shape ... ok
[INFO] [stdout] test create_sends_supported_options_and_parses_response ... ok
[INFO] [stdout] test workspace_json_errors_are_typed ... ok
[INFO] [stdout] test get_focus_rename_and_close_parse_real_response_shapes ... ok
[INFO] [stderr]      Running tests/worktree.rs (/opt/rustwide/target/release/deps/worktree-c25b7ffc804407cf)
[INFO] [stdout] 
[INFO] [stdout] test result: ok. 4 passed; 0 failed; 0 ignored; 0 measured; 0 filtered out; finished in 0.02s
[INFO] [stdout] 
[INFO] [stdout] 
[INFO] [stdout] running 5 tests
[INFO] [stdout] test open_sends_target_options_and_parses_response ... FAILED
[INFO] [stdout] test list_parses_real_worktree_list_shape ... ok
[INFO] [stdout] test create_sends_supported_options_and_parses_response ... ok
[INFO] [stdout] test remove_sends_workspace_and_force_and_parses_response ... ok
[INFO] [stdout] test worktree_json_errors_are_typed ... ok
[INFO] [stdout] 
[INFO] [stdout] failures:
[INFO] [stdout] 
[INFO] [stdout] ---- open_sends_target_options_and_parses_response stdout ----
[INFO] [stdout] 
[INFO] [stdout] thread 'open_sends_target_options_and_parses_response' (1177) panicked at tests/worktree.rs:123:10:
[INFO] [stdout] called `Result::unwrap()` on an `Err` value: CommandExecutionFailed { binary: "/tmp/herdr-worktree-client-test-1174-1/herdr", args: ["worktree", "open", "--workspace", "wX", "--branch", "probe", "--label", "sdk-probe-open", "--focus", "--json"], source: Os { code: 26, kind: ExecutableFileBusy, message: "Text file busy" } }
[INFO] [stdout] stack backtrace:
[INFO] [stdout]    0:     0x5836f5f70461 - <<std[70759c8f55707aa4]::sys::backtrace::BacktraceLock>::print::DisplayBacktrace as core[df12db4294e9bfd3]::fmt::Display>::fmt
[INFO] [stdout]    1:     0x5836f5f852fa - core[df12db4294e9bfd3]::fmt::write
[INFO] [stdout]    2:     0x5836f5f74abc - <alloc[2182bb758b4b3781]::vec::Vec<u8> as core[df12db4294e9bfd3]::io::write::Write>::write_fmt
[INFO] [stdout]    3:     0x5836f5f4b086 - std[70759c8f55707aa4]::panicking::default_hook::{closure#0}
[INFO] [stdout]    4:     0x5836f5f68629 - std[70759c8f55707aa4]::panicking::default_hook
[INFO] [stdout]    5:     0x5836f5eda730 - test[9d35eded1c95d3be]::test_main_inner::<test[9d35eded1c95d3be]::test_main_static::{closure#0}>::{closure#0}
[INFO] [stdout]    6:     0x5836f5f68952 - std[70759c8f55707aa4]::panicking::panic_with_hook
[INFO] [stdout]    7:     0x5836f5f4b132 - std[70759c8f55707aa4]::panicking::panic_handler::{closure#0}
[INFO] [stdout]    8:     0x5836f5f43d99 - std[70759c8f55707aa4]::sys::backtrace::__rust_end_short_backtrace::<std[70759c8f55707aa4]::panicking::panic_handler::{closure#0}, !>
[INFO] [stdout]    9:     0x5836f5f4bded - __rustc[8fa7c3cbc660c2b3]::rust_begin_unwind
[INFO] [stdout]   10:     0x5836f5f85a5c - core[df12db4294e9bfd3]::panicking::panic_fmt
[INFO] [stdout]   11:     0x5836f5f85832 - core[df12db4294e9bfd3]::result::unwrap_failed
[INFO] [stdout]   12:     0x5836f5ec28ed - worktree[7cb253796b08968d]::open_sends_target_options_and_parses_response::{closure#0}
[INFO] [stdout]   13:     0x5836f5eccb53 - <tokio[854e23660af83bcd]::runtime::scheduler::current_thread::Context>::enter::<core[df12db4294e9bfd3]::task::poll::Poll<()>, <tokio[854e23660af83bcd]::runtime::scheduler::current_thread::CoreGuard>::block_on<core[df12db4294e9bfd3]::pin::Pin<&mut core[df12db4294e9bfd3]::pin::Pin<&mut dyn core[df12db4294e9bfd3]::future::future::Future<Output = ()>>>>::{closure#0}::{closure#0}>
[INFO] [stdout]   14:     0x5836f5ec936c - <tokio[854e23660af83bcd]::runtime::context::scoped::Scoped<tokio[854e23660af83bcd]::runtime::scheduler::Context>>::set::<<tokio[854e23660af83bcd]::runtime::scheduler::current_thread::CoreGuard>::enter<<tokio[854e23660af83bcd]::runtime::scheduler::current_thread::CoreGuard>::block_on<core[df12db4294e9bfd3]::pin::Pin<&mut core[df12db4294e9bfd3]::pin::Pin<&mut dyn core[df12db4294e9bfd3]::future::future::Future<Output = ()>>>>::{closure#0}, core[df12db4294e9bfd3]::option::Option<()>>::{closure#0}, (alloc[2182bb758b4b3781]::boxed::Box<tokio[854e23660af83bcd]::runtime::scheduler::current_thread::Core>, core[df12db4294e9bfd3]::option::Option<()>)>
[INFO] [stdout]   15:     0x5836f5eccea7 - <tokio[854e23660af83bcd]::runtime::scheduler::current_thread::CoreGuard>::block_on::<core[df12db4294e9bfd3]::pin::Pin<&mut core[df12db4294e9bfd3]::pin::Pin<&mut dyn core[df12db4294e9bfd3]::future::future::Future<Output = ()>>>>
[INFO] [stdout]   16:     0x5836f5ec8157 - tokio[854e23660af83bcd]::runtime::context::runtime::enter_runtime::<<tokio[854e23660af83bcd]::runtime::scheduler::current_thread::CurrentThread>::block_on<core[df12db4294e9bfd3]::pin::Pin<&mut dyn core[df12db4294e9bfd3]::future::future::Future<Output = ()>>>::{closure#0}, ()>
[INFO] [stdout]   17:     0x5836f5ecca35 - <tokio[854e23660af83bcd]::runtime::runtime::Runtime>::block_on::<core[df12db4294e9bfd3]::pin::Pin<&mut dyn core[df12db4294e9bfd3]::future::future::Future<Output = ()>>>
[INFO] [stdout]   18:     0x5836f5ec6b2c - <worktree[7cb253796b08968d]::open_sends_target_options_and_parses_response::{closure#0} as core[df12db4294e9bfd3]::ops::function::FnOnce<()>>::call_once
[INFO] [stdout]   19:     0x5836f5ecda1b - test[9d35eded1c95d3be]::__rust_begin_short_backtrace::<core[df12db4294e9bfd3]::result::Result<(), alloc[2182bb758b4b3781]::string::String>, fn() -> core[df12db4294e9bfd3]::result::Result<(), alloc[2182bb758b4b3781]::string::String>>
[INFO] [stdout]   20:     0x5836f5edb085 - test[9d35eded1c95d3be]::run_test::{closure#0}
[INFO] [stdout]   21:     0x5836f5ed4944 - std[70759c8f55707aa4]::sys::backtrace::__rust_begin_short_backtrace::<test[9d35eded1c95d3be]::run_test::{closure#1}, ()>
[INFO] [stdout]   22:     0x5836f5ede1e2 - <std[70759c8f55707aa4]::thread::lifecycle::spawn_unchecked<test[9d35eded1c95d3be]::run_test::{closure#1}, ()>::{closure#1} as core[df12db4294e9bfd3]::ops::function::FnOnce<()>>::call_once::{shim:vtable#0}
[INFO] [stdout]   23:     0x5836f5f6fb39 - <std[70759c8f55707aa4]::sys::thread::unix::Thread>::new::thread_start
[INFO] [stdout]   24:     0x770a61d59dfa - <unknown>
[INFO] [stdout]   25:     0x770a61ded3d4 - clone
[INFO] [stdout]   26:                0x0 - <unknown>
[INFO] [stdout] 
[INFO] [stderr] error: test failed, to rerun pass `--test worktree`
[INFO] [stdout] 
[INFO] [stdout] failures:
[INFO] [stdout]     open_sends_target_options_and_parses_response
[INFO] [stdout] 
[INFO] [stdout] test result: FAILED. 4 passed; 1 failed; 0 ignored; 0 measured; 0 filtered out; finished in 0.01s
[INFO] [stdout] 
[INFO] running `Command { std: "docker" "inspect" "ab2e284246a17fe240915eda7ea4b611d8ed3a6f9bb17c19be28d994ab351521", kill_on_drop: false }`
[INFO] running `Command { std: "docker" "rm" "-f" "ab2e284246a17fe240915eda7ea4b611d8ed3a6f9bb17c19be28d994ab351521", kill_on_drop: false }`
[INFO] [stdout] ab2e284246a17fe240915eda7ea4b611d8ed3a6f9bb17c19be28d994ab351521
