[INFO] cloning repository https://github.com/LogiqueClergyman/Verifiable-Secret-Sharing
[INFO] running `Command { std: "git" "-c" "credential.helper=" "-c" "credential.helper=/workspace/cargo-home/bin/git-credential-null" "clone" "--bare" "https://github.com/LogiqueClergyman/Verifiable-Secret-Sharing" "/workspace/cache/git-repos/https%3A%2F%2Fgithub.com%2FLogiqueClergyman%2FVerifiable-Secret-Sharing", kill_on_drop: false }`
[INFO] [stderr] Cloning into bare repository '/workspace/cache/git-repos/https%3A%2F%2Fgithub.com%2FLogiqueClergyman%2FVerifiable-Secret-Sharing'...
[INFO] running `Command { std: "git" "rev-parse" "HEAD", kill_on_drop: false }`
[INFO] [stdout] a0bef6b38fccb2a6181914508c80df423efc85b5
[INFO] testing LogiqueClergyman/Verifiable-Secret-Sharing against 1.99.0-beta.8+cargoflags=--release for beta-release-1.100-2
[INFO] running `Command { std: "git" "clone" "/workspace/cache/git-repos/https%3A%2F%2Fgithub.com%2FLogiqueClergyman%2FVerifiable-Secret-Sharing" "/workspace/builds/worker-6-tc1/source", kill_on_drop: false }`
[INFO] [stderr] Cloning into '/workspace/builds/worker-6-tc1/source'...
[INFO] [stderr] done.
[INFO] started tweaking git repo https://github.com/LogiqueClergyman/Verifiable-Secret-Sharing
[INFO] finished tweaking git repo https://github.com/LogiqueClergyman/Verifiable-Secret-Sharing
[INFO] tweaked toml for git repo https://github.com/LogiqueClergyman/Verifiable-Secret-Sharing written to /workspace/builds/worker-6-tc1/source/Cargo.toml
[INFO] validating manifest of git repo https://github.com/LogiqueClergyman/Verifiable-Secret-Sharing on toolchain 1.99.0-beta.8
[INFO] running `Command { std: CARGO_HOME="/workspace/cargo-home" RUSTUP_HOME="/workspace/rustup-home" "/workspace/cargo-home/bin/cargo" "+1.99.0-beta.8" "metadata" "--manifest-path" "Cargo.toml" "--no-deps", kill_on_drop: false }`
[INFO] crate git repo https://github.com/LogiqueClergyman/Verifiable-Secret-Sharing already has a lockfile, it will not be regenerated
[INFO] running `Command { std: CARGO_HOME="/workspace/cargo-home" RUSTUP_HOME="/workspace/rustup-home" "/workspace/cargo-home/bin/cargo" "+1.99.0-beta.8" "fetch" "--manifest-path" "Cargo.toml", kill_on_drop: false }`
[INFO] [stderr]  Downloading crates ...
[INFO] [stderr]   Downloaded libc v0.2.168
[INFO] running `Command { std: "docker" "create" "-v" "/var/lib/crater-agent-workspace/builds/worker-6-tc1/source:/opt/rustwide/workdir:ro,Z" "-v" "/var/lib/crater-agent-workspace/builds/worker-6-tc1/target:/opt/rustwide/target:rw,Z" "-v" "/var/lib/crater-agent-workspace/cargo-home:/opt/rustwide/cargo-home:ro,Z" "-v" "/var/lib/crater-agent-workspace/rustup-home:/opt/rustwide/rustup-home:ro,Z" "-m" "1610612736" "--network" "none" "ghcr.io/rust-lang/crates-build-env/linux@sha256:77db811e55d90add9212f6832c23229e3de5f1c1f9905e8cb07319ea15df73ac" "sleep" "infinity", kill_on_drop: false }`
[INFO] [stdout] 25fa04f4cdb8ef9641aec82ee5210950038e40826f01cc99df3c1e42c4ad4b12
[INFO] running `Command { std: "docker" "start" "25fa04f4cdb8ef9641aec82ee5210950038e40826f01cc99df3c1e42c4ad4b12", kill_on_drop: false }`
[INFO] running `Command { std: "docker" "inspect" "25fa04f4cdb8ef9641aec82ee5210950038e40826f01cc99df3c1e42c4ad4b12", kill_on_drop: false }`
[INFO] running `Command { std: "docker" "exec" "-e" "SOURCE_DIR=/opt/rustwide/workdir" "-e" "CARGO_HOME=/opt/rustwide/cargo-home" "-e" "RUSTUP_HOME=/opt/rustwide/rustup-home" "-e" "CARGO_TARGET_DIR=/opt/rustwide/target" "-w" "/opt/rustwide/workdir" "--user" "0:0" "25fa04f4cdb8ef9641aec82ee5210950038e40826f01cc99df3c1e42c4ad4b12" "/opt/rustwide/cargo-home/bin/cargo" "+1.99.0-beta.8" "metadata" "--no-deps" "--format-version=1", kill_on_drop: false }`
[INFO] running `Command { std: "docker" "inspect" "25fa04f4cdb8ef9641aec82ee5210950038e40826f01cc99df3c1e42c4ad4b12", kill_on_drop: false }`
[INFO] running `Command { std: "docker" "exec" "-e" "SOURCE_DIR=/opt/rustwide/workdir" "-e" "CARGO_HOME=/opt/rustwide/cargo-home" "-e" "RUSTUP_HOME=/opt/rustwide/rustup-home" "-e" "CARGO_TARGET_DIR=/opt/rustwide/target" "-e" "CARGO_INCREMENTAL=0" "-e" "RUST_BACKTRACE=full" "-e" "RUSTFLAGS=--cap-lints=warn" "-e" "RUSTDOCFLAGS=--cap-lints=warn" "-w" "/opt/rustwide/workdir" "--user" "0:0" "25fa04f4cdb8ef9641aec82ee5210950038e40826f01cc99df3c1e42c4ad4b12" "/opt/rustwide/cargo-home/bin/cargo" "+1.99.0-beta.8" "build" "--frozen" "--message-format=json" "--release", kill_on_drop: false }`
[INFO] [stderr]    Compiling proc-macro2 v1.0.92
[INFO] [stderr]    Compiling libc v0.2.168
[INFO] [stderr]    Compiling crypto-common v0.1.6
[INFO] [stderr]    Compiling digest v0.10.7
[INFO] [stderr]    Compiling sha2 v0.10.8
[INFO] [stderr]    Compiling quote v1.0.37
[INFO] [stderr]    Compiling syn v2.0.90
[INFO] [stderr]    Compiling getrandom v0.2.15
[INFO] [stderr]    Compiling rand_core v0.6.4
[INFO] [stderr]    Compiling zerocopy-derive v0.7.35
[INFO] [stderr]    Compiling zerocopy v0.7.35
[INFO] [stderr]    Compiling ppv-lite86 v0.2.20
[INFO] [stderr]    Compiling rand_chacha v0.3.1
[INFO] [stderr]    Compiling rand v0.8.5
[INFO] [stderr]    Compiling shamir_ss v0.1.0 (/opt/rustwide/workdir)
[INFO] [stderr]     Finished `release` profile [optimized] target(s) in 8.30s
[INFO] running `Command { std: "docker" "inspect" "25fa04f4cdb8ef9641aec82ee5210950038e40826f01cc99df3c1e42c4ad4b12", kill_on_drop: false }`
[INFO] running `Command { std: "docker" "exec" "-e" "SOURCE_DIR=/opt/rustwide/workdir" "-e" "CARGO_HOME=/opt/rustwide/cargo-home" "-e" "RUSTUP_HOME=/opt/rustwide/rustup-home" "-e" "CARGO_TARGET_DIR=/opt/rustwide/target" "-e" "CARGO_INCREMENTAL=0" "-e" "RUST_BACKTRACE=full" "-e" "RUSTFLAGS=--cap-lints=warn" "-e" "RUSTDOCFLAGS=--cap-lints=warn" "-w" "/opt/rustwide/workdir" "--user" "0:0" "25fa04f4cdb8ef9641aec82ee5210950038e40826f01cc99df3c1e42c4ad4b12" "/opt/rustwide/cargo-home/bin/cargo" "+1.99.0-beta.8" "test" "--frozen" "--no-run" "--message-format=json" "--release", kill_on_drop: false }`
[INFO] [stderr]    Compiling shamir_ss v0.1.0 (/opt/rustwide/workdir)
[INFO] [stdout] warning: function `encrypt_shares` is never used
[INFO] [stdout]   --> tests/../src/vss.rs:25:8
[INFO] [stdout]    |
[INFO] [stdout] 25 | pub fn encrypt_shares(shares: &Vec<i32>, _players: &Vec<i32>) -> Vec<i32> {
[INFO] [stdout]    |        ^^^^^^^^^^^^^^
[INFO] [stdout]    |
[INFO] [stdout]    = note: `#[warn(dead_code)]` (part of `#[warn(unused)]`) on by default
[INFO] [stdout] 
[INFO] [stdout] 
[INFO] [stdout] warning: function `send_encrypted_shares` is never used
[INFO] [stdout]   --> tests/../src/vss.rs:29:8
[INFO] [stdout]    |
[INFO] [stdout] 29 | pub fn send_encrypted_shares(encrypted_shares: &Vec<i32>) {
[INFO] [stdout]    |        ^^^^^^^^^^^^^^^^^^^^^
[INFO] [stdout] 
[INFO] [stdout] 
[INFO] [stdout] warning: function `broadcast_coefficients_and_encryption_vars` is never used
[INFO] [stdout]   --> tests/../src/vss.rs:36:8
[INFO] [stdout]    |
[INFO] [stdout] 36 | pub fn broadcast_coefficients_and_encryption_vars(coefficients: &Vec<i32>) {
[INFO] [stdout]    |        ^^^^^^^^^^^^^^^^^^^^^^^^^^^^^^^^^^^^^^^^^^
[INFO] [stdout] 
[INFO] [stdout] 
[INFO] [stdout] warning: function `decrypt_received_share` is never used
[INFO] [stdout]   --> tests/../src/vss.rs:62:8
[INFO] [stdout]    |
[INFO] [stdout] 62 | pub fn decrypt_received_share(received_encrypted_share: i32) -> i32 {
[INFO] [stdout]    |        ^^^^^^^^^^^^^^^^^^^^^^
[INFO] [stdout] 
[INFO] [stdout] 
[INFO] [stdout] warning: function `broadcast_decrypted_shares` is never used
[INFO] [stdout]   --> tests/../src/vss.rs:66:8
[INFO] [stdout]    |
[INFO] [stdout] 66 | pub fn broadcast_decrypted_shares(decrypted_shares: &Vec<(i32, i32)>) {
[INFO] [stdout]    |        ^^^^^^^^^^^^^^^^^^^^^^^^^^
[INFO] [stdout] 
[INFO] [stdout] 
[INFO] [stderr]     Finished `release` profile [optimized] target(s) in 0.40s
[INFO] running `Command { std: "docker" "inspect" "25fa04f4cdb8ef9641aec82ee5210950038e40826f01cc99df3c1e42c4ad4b12", kill_on_drop: false }`
[INFO] running `Command { std: "docker" "exec" "-e" "SOURCE_DIR=/opt/rustwide/workdir" "-e" "CARGO_HOME=/opt/rustwide/cargo-home" "-e" "RUSTUP_HOME=/opt/rustwide/rustup-home" "-e" "CARGO_TARGET_DIR=/opt/rustwide/target" "-e" "CARGO_INCREMENTAL=0" "-e" "RUST_BACKTRACE=full" "-e" "RUSTFLAGS=--cap-lints=warn" "-e" "RUSTDOCFLAGS=--cap-lints=warn" "-w" "/opt/rustwide/workdir" "--user" "0:0" "25fa04f4cdb8ef9641aec82ee5210950038e40826f01cc99df3c1e42c4ad4b12" "/opt/rustwide/cargo-home/bin/cargo" "+1.99.0-beta.8" "test" "--frozen" "--release", kill_on_drop: false }`
[INFO] [stderr] warning: function `encrypt_shares` is never used
[INFO] [stderr]   --> tests/../src/vss.rs:25:8
[INFO] [stderr]    |
[INFO] [stderr] 25 | pub fn encrypt_shares(shares: &Vec<i32>, _players: &Vec<i32>) -> Vec<i32> {
[INFO] [stderr]    |        ^^^^^^^^^^^^^^
[INFO] [stderr]    |
[INFO] [stderr]    = note: `#[warn(dead_code)]` (part of `#[warn(unused)]`) on by default
[INFO] [stderr] 
[INFO] [stderr] warning: function `send_encrypted_shares` is never used
[INFO] [stderr]   --> tests/../src/vss.rs:29:8
[INFO] [stderr]    |
[INFO] [stderr] 29 | pub fn send_encrypted_shares(encrypted_shares: &Vec<i32>) {
[INFO] [stderr]    |        ^^^^^^^^^^^^^^^^^^^^^
[INFO] [stderr] 
[INFO] [stderr] warning: function `broadcast_coefficients_and_encryption_vars` is never used
[INFO] [stderr]   --> tests/../src/vss.rs:36:8
[INFO] [stderr]    |
[INFO] [stderr] 36 | pub fn broadcast_coefficients_and_encryption_vars(coefficients: &Vec<i32>) {
[INFO] [stderr]    |        ^^^^^^^^^^^^^^^^^^^^^^^^^^^^^^^^^^^^^^^^^^
[INFO] [stderr] 
[INFO] [stderr] warning: function `decrypt_received_share` is never used
[INFO] [stderr]   --> tests/../src/vss.rs:62:8
[INFO] [stderr]    |
[INFO] [stderr] 62 | pub fn decrypt_received_share(received_encrypted_share: i32) -> i32 {
[INFO] [stderr]    |        ^^^^^^^^^^^^^^^^^^^^^^
[INFO] [stderr] 
[INFO] [stderr] warning: function `broadcast_decrypted_shares` is never used
[INFO] [stderr]   --> tests/../src/vss.rs:66:8
[INFO] [stderr]    |
[INFO] [stderr] 66 | pub fn broadcast_decrypted_shares(decrypted_shares: &Vec<(i32, i32)>) {
[INFO] [stderr]    |        ^^^^^^^^^^^^^^^^^^^^^^^^^^
[INFO] [stderr] 
[INFO] [stderr] warning: `shamir_ss` (test "vss_tests") generated 5 warnings
[INFO] [stderr]     Finished `release` profile [optimized] target(s) in 0.07s
[INFO] [stderr]      Running unittests src/main.rs (/opt/rustwide/target/release/deps/shamir_ss-e2dd28350beee697)
[INFO] [stdout] 
[INFO] [stdout] running 0 tests
[INFO] [stdout] 
[INFO] [stdout] test result: ok. 0 passed; 0 failed; 0 ignored; 0 measured; 0 filtered out; finished in 0.00s
[INFO] [stdout] 
[INFO] [stderr]      Running tests/vss_tests.rs (/opt/rustwide/target/release/deps/vss_tests-8171aceb1a9b91a7)
[INFO] [stdout] 
[INFO] [stdout] running 5 tests
[INFO] [stdout] test test_verify_received_share_valid ... ok
[INFO] [stdout] test test_create_shares ... ok
[INFO] [stdout] test test_reconstruct_secret ... FAILED
[INFO] [stdout] test test_create_polynomial ... ok
[INFO] [stdout] test test_verify_received_share_invalid - should panic ... ok
[INFO] [stdout] 
[INFO] [stdout] failures:
[INFO] [stdout] 
[INFO] [stdout] ---- test_reconstruct_secret stdout ----
[INFO] [stdout] 
[INFO] [stdout] thread 'test_reconstruct_secret' (390) panicked at tests/vss_tests.rs:70:5:
[INFO] [stdout] assertion `left == right` failed
[INFO] [stdout]   left: 122
[INFO] [stdout]  right: 123
[INFO] [stdout] stack backtrace:
[INFO] [stdout]    0:     0x6115122d77a1 - <<std[70759c8f55707aa4]::sys::backtrace::BacktraceLock>::print::DisplayBacktrace as core[df12db4294e9bfd3]::fmt::Display>::fmt
[INFO] [stdout]    1:     0x6115122ec0aa - core[df12db4294e9bfd3]::fmt::write
[INFO] [stdout]    2:     0x6115122dbc3c - <alloc[2182bb758b4b3781]::vec::Vec<u8> as core[df12db4294e9bfd3]::io::write::Write>::write_fmt
[INFO] [stdout]    3:     0x6115122b3d96 - std[70759c8f55707aa4]::panicking::default_hook::{closure#0}
[INFO] [stdout]    4:     0x6115122cff09 - std[70759c8f55707aa4]::panicking::default_hook
[INFO] [stdout]    5:     0x6115122691b0 - test[9d35eded1c95d3be]::test_main_inner::<test[9d35eded1c95d3be]::test_main_static::{closure#0}>::{closure#0}
[INFO] [stdout]    6:     0x6115122d00c2 - std[70759c8f55707aa4]::panicking::panic_with_hook
[INFO] [stdout]    7:     0x6115122b3e42 - std[70759c8f55707aa4]::panicking::panic_handler::{closure#0}
[INFO] [stdout]    8:     0x6115122acbc9 - std[70759c8f55707aa4]::sys::backtrace::__rust_end_short_backtrace::<std[70759c8f55707aa4]::panicking::panic_handler::{closure#0}, !>
[INFO] [stdout]    9:     0x6115122b4a3d - __rustc[8fa7c3cbc660c2b3]::rust_begin_unwind
[INFO] [stdout]   10:     0x6115122ec7dc - core[df12db4294e9bfd3]::panicking::panic_fmt
[INFO] [stdout]   11:     0x6115122ec6f3 - core[df12db4294e9bfd3]::panicking::assert_failed_inner
[INFO] [stdout]   12:     0x6115122ac765 - core[df12db4294e9bfd3]::panicking::assert_failed::<i32, i32>
[INFO] [stdout]   13:     0x61151225b846 - vss_tests[29860000ca069bda]::test_reconstruct_secret
[INFO] [stdout]   14:     0x61151225c3e9 - <vss_tests[29860000ca069bda]::test_reconstruct_secret::{closure#0} as core[df12db4294e9bfd3]::ops::function::FnOnce<()>>::call_once
[INFO] [stdout]   15:     0x61151225c49b - test[9d35eded1c95d3be]::__rust_begin_short_backtrace::<core[df12db4294e9bfd3]::result::Result<(), alloc[2182bb758b4b3781]::string::String>, fn() -> core[df12db4294e9bfd3]::result::Result<(), alloc[2182bb758b4b3781]::string::String>>
[INFO] [stdout]   16:     0x611512269b05 - test[9d35eded1c95d3be]::run_test::{closure#0}
[INFO] [stdout]   17:     0x6115122633c4 - std[70759c8f55707aa4]::sys::backtrace::__rust_begin_short_backtrace::<test[9d35eded1c95d3be]::run_test::{closure#1}, ()>
[INFO] [stdout]   18:     0x61151226cc62 - <std[70759c8f55707aa4]::thread::lifecycle::spawn_unchecked<test[9d35eded1c95d3be]::run_test::{closure#1}, ()>::{closure#1} as core[df12db4294e9bfd3]::ops::function::FnOnce<()>>::call_once::{shim:vtable#0}
[INFO] [stdout]   19:     0x6115122d7079 - <std[70759c8f55707aa4]::sys::thread::unix::Thread>::new::thread_start
[INFO] [stdout]   20:     0x7e5b290e0dfa - <unknown>
[INFO] [stdout]   21:     0x7e5b291743d4 - clone
[INFO] [stdout]   22:                0x0 - <unknown>
[INFO] [stdout] 
[INFO] [stdout] 
[INFO] [stdout] failures:
[INFO] [stdout]     test_reconstruct_secret
[INFO] [stdout] 
[INFO] [stdout] test result: FAILED. 4 passed; 1 failed; 0 ignored; 0 measured; 0 filtered out; finished in 0.00s
[INFO] [stdout] 
[INFO] [stderr] error: test failed, to rerun pass `--test vss_tests`
[INFO] running `Command { std: "docker" "inspect" "25fa04f4cdb8ef9641aec82ee5210950038e40826f01cc99df3c1e42c4ad4b12", kill_on_drop: false }`
[INFO] running `Command { std: "docker" "rm" "-f" "25fa04f4cdb8ef9641aec82ee5210950038e40826f01cc99df3c1e42c4ad4b12", kill_on_drop: false }`
[INFO] [stdout] 25fa04f4cdb8ef9641aec82ee5210950038e40826f01cc99df3c1e42c4ad4b12
