[INFO] cloning repository https://github.com/LiGoldragon/nexus
[INFO] running `Command { std: "git" "-c" "credential.helper=" "-c" "credential.helper=/workspace/cargo-home/bin/git-credential-null" "clone" "--bare" "https://github.com/LiGoldragon/nexus" "/workspace/cache/git-repos/https%3A%2F%2Fgithub.com%2FLiGoldragon%2Fnexus", kill_on_drop: false }`
[INFO] [stderr] Cloning into bare repository '/workspace/cache/git-repos/https%3A%2F%2Fgithub.com%2FLiGoldragon%2Fnexus'...
[INFO] running `Command { std: "git" "rev-parse" "HEAD", kill_on_drop: false }`
[INFO] [stdout] c495f2acbfff57e017092b9cc1fbf9f73ca2badf
[INFO] testing LiGoldragon/nexus against 1.99.0-beta.8+cargoflags=--release for beta-release-1.100-2
[INFO] running `Command { std: "git" "clone" "/workspace/cache/git-repos/https%3A%2F%2Fgithub.com%2FLiGoldragon%2Fnexus" "/workspace/builds/worker-1-tc1/source", kill_on_drop: false }`
[INFO] [stderr] Cloning into '/workspace/builds/worker-1-tc1/source'...
[INFO] [stderr] done.
[INFO] started tweaking git repo https://github.com/LiGoldragon/nexus
[INFO] finished tweaking git repo https://github.com/LiGoldragon/nexus
[INFO] tweaked toml for git repo https://github.com/LiGoldragon/nexus written to /workspace/builds/worker-1-tc1/source/Cargo.toml
[INFO] validating manifest of git repo https://github.com/LiGoldragon/nexus on toolchain 1.99.0-beta.8
[INFO] running `Command { std: CARGO_HOME="/workspace/cargo-home" RUSTUP_HOME="/workspace/rustup-home" "/workspace/cargo-home/bin/cargo" "+1.99.0-beta.8" "metadata" "--manifest-path" "Cargo.toml" "--no-deps", kill_on_drop: false }`
[INFO] crate git repo https://github.com/LiGoldragon/nexus already has a lockfile, it will not be regenerated
[INFO] running `Command { std: CARGO_HOME="/workspace/cargo-home" RUSTUP_HOME="/workspace/rustup-home" "/workspace/cargo-home/bin/cargo" "+1.99.0-beta.8" "fetch" "--manifest-path" "Cargo.toml", kill_on_drop: false }`
[INFO] [stderr]  Downloading crates ...
[INFO] [stderr]   Downloaded rkyv_derive v0.8.18
[INFO] [stderr]   Downloaded ptr_meta v0.3.2
[INFO] [stderr]   Downloaded rancor v0.1.3
[INFO] [stderr]   Downloaded ptr_meta_derive v0.3.2
[INFO] [stderr]   Downloaded bytecheck_derive v0.8.3
[INFO] [stderr]   Downloaded rkyv v0.8.18
[INFO] [stderr]   Downloaded bytecheck v0.8.3
[INFO] running `Command { std: "docker" "create" "-v" "/var/lib/crater-agent-workspace/builds/worker-1-tc1/source:/opt/rustwide/workdir:ro,Z" "-v" "/var/lib/crater-agent-workspace/builds/worker-1-tc1/target:/opt/rustwide/target:rw,Z" "-v" "/var/lib/crater-agent-workspace/cargo-home:/opt/rustwide/cargo-home:ro,Z" "-v" "/var/lib/crater-agent-workspace/rustup-home:/opt/rustwide/rustup-home:ro,Z" "-m" "1610612736" "--network" "none" "ghcr.io/rust-lang/crates-build-env/linux@sha256:77db811e55d90add9212f6832c23229e3de5f1c1f9905e8cb07319ea15df73ac" "sleep" "infinity", kill_on_drop: false }`
[INFO] [stdout] 452788442b6ad02039d38a34be0314a0e90e197e3d882a01e4e368277c0531f0
[INFO] running `Command { std: "docker" "start" "452788442b6ad02039d38a34be0314a0e90e197e3d882a01e4e368277c0531f0", kill_on_drop: false }`
[INFO] running `Command { std: "docker" "inspect" "452788442b6ad02039d38a34be0314a0e90e197e3d882a01e4e368277c0531f0", kill_on_drop: false }`
[INFO] running `Command { std: "docker" "exec" "-e" "SOURCE_DIR=/opt/rustwide/workdir" "-e" "CARGO_HOME=/opt/rustwide/cargo-home" "-e" "RUSTUP_HOME=/opt/rustwide/rustup-home" "-e" "CARGO_TARGET_DIR=/opt/rustwide/target" "-w" "/opt/rustwide/workdir" "--user" "0:0" "452788442b6ad02039d38a34be0314a0e90e197e3d882a01e4e368277c0531f0" "/opt/rustwide/cargo-home/bin/cargo" "+1.99.0-beta.8" "metadata" "--no-deps" "--format-version=1", kill_on_drop: false }`
[INFO] running `Command { std: "docker" "inspect" "452788442b6ad02039d38a34be0314a0e90e197e3d882a01e4e368277c0531f0", kill_on_drop: false }`
[INFO] running `Command { std: "docker" "exec" "-e" "SOURCE_DIR=/opt/rustwide/workdir" "-e" "CARGO_HOME=/opt/rustwide/cargo-home" "-e" "RUSTUP_HOME=/opt/rustwide/rustup-home" "-e" "CARGO_TARGET_DIR=/opt/rustwide/target" "-e" "CARGO_INCREMENTAL=0" "-e" "RUST_BACKTRACE=full" "-e" "RUSTFLAGS=--cap-lints=warn" "-e" "RUSTDOCFLAGS=--cap-lints=warn" "-w" "/opt/rustwide/workdir" "--user" "0:0" "452788442b6ad02039d38a34be0314a0e90e197e3d882a01e4e368277c0531f0" "/opt/rustwide/cargo-home/bin/cargo" "+1.99.0-beta.8" "build" "--frozen" "--message-format=json" "--release", kill_on_drop: false }`
[INFO] [stderr]    Compiling syn v3.0.5
[INFO] [stderr]    Compiling syn v2.0.119
[INFO] [stderr]    Compiling simdutf8 v0.1.5
[INFO] [stderr]    Compiling munge_macro v0.4.7
[INFO] [stderr]    Compiling ptr_meta_derive v0.3.2
[INFO] [stderr]    Compiling bytecheck_derive v0.8.3
[INFO] [stderr]    Compiling thiserror-impl v2.0.20
[INFO] [stderr]    Compiling rkyv_derive v0.8.18
[INFO] [stderr]    Compiling ptr_meta v0.3.2
[INFO] [stderr]    Compiling rancor v0.1.3
[INFO] [stderr]    Compiling munge v0.4.7
[INFO] [stderr]    Compiling bytecheck v0.8.3
[INFO] [stderr]    Compiling rend v0.5.4
[INFO] [stderr]    Compiling thiserror v2.0.20
[INFO] [stderr]    Compiling rkyv v0.8.18
[INFO] [stderr]    Compiling nexus v0.5.0 (/opt/rustwide/workdir)
[INFO] [stderr]     Finished `release` profile [optimized] target(s) in 14.55s
[INFO] running `Command { std: "docker" "inspect" "452788442b6ad02039d38a34be0314a0e90e197e3d882a01e4e368277c0531f0", kill_on_drop: false }`
[INFO] running `Command { std: "docker" "exec" "-e" "SOURCE_DIR=/opt/rustwide/workdir" "-e" "CARGO_HOME=/opt/rustwide/cargo-home" "-e" "RUSTUP_HOME=/opt/rustwide/rustup-home" "-e" "CARGO_TARGET_DIR=/opt/rustwide/target" "-e" "CARGO_INCREMENTAL=0" "-e" "RUST_BACKTRACE=full" "-e" "RUSTFLAGS=--cap-lints=warn" "-e" "RUSTDOCFLAGS=--cap-lints=warn" "-w" "/opt/rustwide/workdir" "--user" "0:0" "452788442b6ad02039d38a34be0314a0e90e197e3d882a01e4e368277c0531f0" "/opt/rustwide/cargo-home/bin/cargo" "+1.99.0-beta.8" "test" "--frozen" "--no-run" "--message-format=json" "--release", kill_on_drop: false }`
[INFO] [stderr]    Compiling libc v0.2.189
[INFO] [stderr]    Compiling rustix v1.1.4
[INFO] [stderr]    Compiling getrandom v0.4.3
[INFO] [stderr]    Compiling linux-raw-sys v0.12.1
[INFO] [stderr]    Compiling once_cell v1.21.4
[INFO] [stderr]    Compiling fastrand v2.5.0
[INFO] [stderr]    Compiling tempfile v3.27.0
[INFO] [stderr]    Compiling nexus v0.5.0 (/opt/rustwide/workdir)
[INFO] [stderr]     Finished `release` profile [optimized] target(s) in 5.58s
[INFO] running `Command { std: "docker" "inspect" "452788442b6ad02039d38a34be0314a0e90e197e3d882a01e4e368277c0531f0", kill_on_drop: false }`
[INFO] running `Command { std: "docker" "exec" "-e" "SOURCE_DIR=/opt/rustwide/workdir" "-e" "CARGO_HOME=/opt/rustwide/cargo-home" "-e" "RUSTUP_HOME=/opt/rustwide/rustup-home" "-e" "CARGO_TARGET_DIR=/opt/rustwide/target" "-e" "CARGO_INCREMENTAL=0" "-e" "RUST_BACKTRACE=full" "-e" "RUSTFLAGS=--cap-lints=warn" "-e" "RUSTDOCFLAGS=--cap-lints=warn" "-w" "/opt/rustwide/workdir" "--user" "0:0" "452788442b6ad02039d38a34be0314a0e90e197e3d882a01e4e368277c0531f0" "/opt/rustwide/cargo-home/bin/cargo" "+1.99.0-beta.8" "test" "--frozen" "--release", kill_on_drop: false }`
[INFO] [stderr]     Finished `release` profile [optimized] target(s) in 0.05s
[INFO] [stderr]      Running unittests src/lib.rs (/opt/rustwide/target/release/deps/nexus-9d1c51b6c809c5d8)
[INFO] [stdout] 
[INFO] [stdout] running 3 tests
[INFO] [stdout] test configuration::tests::ordinary_configuration_closes_only_after_an_actual_meta_configure ... ok
[INFO] [stdout] test configuration::tests::configuration_state_is_a_portable_archive ... ok
[INFO] [stdout] test configuration::tests::only_the_meta_reversal_reopens_ordinary_configuration ... ok
[INFO] [stdout] 
[INFO] [stdout] test result: ok. 3 passed; 0 failed; 0 ignored; 0 measured; 0 filtered out; finished in 0.00s
[INFO] [stdout] 
[INFO] [stderr]      Running tests/authority.rs (/opt/rustwide/target/release/deps/authority-73978e006753310f)
[INFO] [stdout] 
[INFO] [stdout] running 2 tests
[INFO] [stdout] test the_privileged_authority_admits_its_owner_and_nobody_else ... ok
[INFO] [stdout] test the_privileged_socket_mode_grants_nothing_beyond_its_owner ... ok
[INFO] [stdout] 
[INFO] [stdout] test result: ok. 2 passed; 0 failed; 0 ignored; 0 measured; 0 filtered out; finished in 0.00s
[INFO] [stdout] 
[INFO] [stderr]      Running tests/relocation.rs (/opt/rustwide/target/release/deps/relocation-ff9236bb7cb1592b)
[INFO] [stdout] 
[INFO] [stdout] running 6 tests
[INFO] [stdout] test a_relocation_is_a_portable_archive ... ok
[INFO] [stdout] test a_relocation_refuses_an_origin_it_does_not_name ... ok
[INFO] [stdout] test a_relocation_admits_the_move_it_names ... ok
[INFO] [stdout] test a_relocation_refuses_a_destination_it_does_not_name ... ok
[INFO] [stdout] test a_relocation_names_the_one_move_it_declares ... ok
[INFO] [stdout] test a_relocation_to_where_the_store_already_is_declares_nothing ... ok
[INFO] [stdout] 
[INFO] [stdout] test result: ok. 6 passed; 0 failed; 0 ignored; 0 measured; 0 filtered out; finished in 0.00s
[INFO] [stdout] 
[INFO] [stderr]      Running tests/situation.rs (/opt/rustwide/target/release/deps/situation-856cd687e6c39478)
[INFO] [stdout] 
[INFO] [stdout] running 11 tests
[INFO] [stdout] test a_situation_records_the_store_file_and_the_sockets_that_were_actually_bound ... ok
[INFO] [stdout] test a_copy_is_a_different_file_however_alike_its_contents ... ok
[INFO] [stdout] test a_path_with_no_file_at_it_has_an_address_but_no_identity ... ok
[INFO] [stdout] test a_store_identity_names_the_file_the_filesystem_named ... ok
[INFO] [stdout] test a_store_restored_in_place_is_settled_though_it_is_a_different_file ... FAILED
[INFO] [stdout] test the_same_file_at_a_new_address_has_moved_and_needs_nobody_to_say_so ... ok
[INFO] [stdout] test a_different_file_at_a_new_address_has_been_carried ... ok
[INFO] [stdout] test a_hard_link_is_the_same_file_under_a_second_address ... ok
[INFO] [stdout] test a_situation_is_a_portable_archive ... ok
[INFO] [stdout] test a_cross_filesystem_move_is_indistinguishable_from_a_copy_and_is_carried ... ok
[INFO] [stderr] error: test failed, to rerun pass `--test situation`
[INFO] [stdout] test a_store_opened_where_its_own_record_says_it_lives_is_settled ... ok
[INFO] [stdout] 
[INFO] [stdout] failures:
[INFO] [stdout] 
[INFO] [stdout] ---- a_store_restored_in_place_is_settled_though_it_is_a_different_file stdout ----
[INFO] [stdout] 
[INFO] [stdout] thread 'a_store_restored_in_place_is_settled_though_it_is_a_different_file' (701) panicked at tests/situation.rs:138:5:
[INFO] [stdout] a new file at the old address
[INFO] [stdout] stack backtrace:
[INFO] [stdout]    0:     0x5bc8a2362b81 - <<std[70759c8f55707aa4]::sys::backtrace::BacktraceLock>::print::DisplayBacktrace as core[df12db4294e9bfd3]::fmt::Display>::fmt
[INFO] [stdout]    1:     0x5bc8a237737a - core[df12db4294e9bfd3]::fmt::write
[INFO] [stdout]    2:     0x5bc8a236729c - <alloc[2182bb758b4b3781]::vec::Vec<u8> as core[df12db4294e9bfd3]::io::write::Write>::write_fmt
[INFO] [stdout]    3:     0x5bc8a233c4a6 - std[70759c8f55707aa4]::panicking::default_hook::{closure#0}
[INFO] [stdout]    4:     0x5bc8a23595c9 - std[70759c8f55707aa4]::panicking::default_hook
[INFO] [stdout]    5:     0x5bc8a22f3430 - test[9d35eded1c95d3be]::test_main_inner::<test[9d35eded1c95d3be]::test_main_static::{closure#0}>::{closure#0}
[INFO] [stdout]    6:     0x5bc8a2359782 - std[70759c8f55707aa4]::panicking::panic_with_hook
[INFO] [stdout]    7:     0x5bc8a233c584 - std[70759c8f55707aa4]::panicking::panic_handler::{closure#0}
[INFO] [stdout]    8:     0x5bc8a2334f59 - std[70759c8f55707aa4]::sys::backtrace::__rust_end_short_backtrace::<std[70759c8f55707aa4]::panicking::panic_handler::{closure#0}, !>
[INFO] [stdout]    9:     0x5bc8a233d32d - __rustc[8fa7c3cbc660c2b3]::rust_begin_unwind
[INFO] [stdout]   10:     0x5bc8a2377aac - core[df12db4294e9bfd3]::panicking::panic_fmt
[INFO] [stdout]   11:     0x5bc8a22e22ff - <situation[f0d402dff8ef160a]::a_store_restored_in_place_is_settled_though_it_is_a_different_file::{closure#0} as core[df12db4294e9bfd3]::ops::function::FnOnce<()>>::call_once
[INFO] [stdout]   12:     0x5bc8a22e671b - test[9d35eded1c95d3be]::__rust_begin_short_backtrace::<core[df12db4294e9bfd3]::result::Result<(), alloc[2182bb758b4b3781]::string::String>, fn() -> core[df12db4294e9bfd3]::result::Result<(), alloc[2182bb758b4b3781]::string::String>>
[INFO] [stdout]   13:     0x5bc8a22f3d85 - test[9d35eded1c95d3be]::run_test::{closure#0}
[INFO] [stdout]   14:     0x5bc8a22ed644 - std[70759c8f55707aa4]::sys::backtrace::__rust_begin_short_backtrace::<test[9d35eded1c95d3be]::run_test::{closure#1}, ()>
[INFO] [stdout]   15:     0x5bc8a22f6ee2 - <std[70759c8f55707aa4]::thread::lifecycle::spawn_unchecked<test[9d35eded1c95d3be]::run_test::{closure#1}, ()>::{closure#1} as core[df12db4294e9bfd3]::ops::function::FnOnce<()>>::call_once::{shim:vtable#0}
[INFO] [stdout]   16:     0x5bc8a2361e39 - <std[70759c8f55707aa4]::sys::thread::unix::Thread>::new::thread_start
[INFO] [stdout]   17:     0x7af7ee1cadfa - <unknown>
[INFO] [stdout]   18:     0x7af7ee25e3d4 - clone
[INFO] [stdout]   19:                0x0 - <unknown>
[INFO] [stdout] 
[INFO] [stdout] 
[INFO] [stdout] failures:
[INFO] [stdout]     a_store_restored_in_place_is_settled_though_it_is_a_different_file
[INFO] [stdout] 
[INFO] [stdout] test result: FAILED. 10 passed; 1 failed; 0 ignored; 0 measured; 0 filtered out; finished in 0.01s
[INFO] [stdout] 
[INFO] running `Command { std: "docker" "inspect" "452788442b6ad02039d38a34be0314a0e90e197e3d882a01e4e368277c0531f0", kill_on_drop: false }`
[INFO] running `Command { std: "docker" "rm" "-f" "452788442b6ad02039d38a34be0314a0e90e197e3d882a01e4e368277c0531f0", kill_on_drop: false }`
[INFO] [stdout] 452788442b6ad02039d38a34be0314a0e90e197e3d882a01e4e368277c0531f0
