[INFO] cloning repository https://github.com/Green-Cinnamon-Labs/simulation-framework
[INFO] running `Command { std: "git" "-c" "credential.helper=" "-c" "credential.helper=/workspace/cargo-home/bin/git-credential-null" "clone" "--bare" "https://github.com/Green-Cinnamon-Labs/simulation-framework" "/workspace/cache/git-repos/https%3A%2F%2Fgithub.com%2FGreen-Cinnamon-Labs%2Fsimulation-framework", kill_on_drop: false }`
[INFO] [stderr] Cloning into bare repository '/workspace/cache/git-repos/https%3A%2F%2Fgithub.com%2FGreen-Cinnamon-Labs%2Fsimulation-framework'...
[INFO] running `Command { std: "git" "rev-parse" "HEAD", kill_on_drop: false }`
[INFO] [stdout] 1b67168fcf10f10afd241342e57388d1245c2c48
[INFO] testing Green-Cinnamon-Labs/simulation-framework against 1.99.0-beta.8+cargoflags=--release for beta-release-1.100-2
[INFO] running `Command { std: "git" "clone" "/workspace/cache/git-repos/https%3A%2F%2Fgithub.com%2FGreen-Cinnamon-Labs%2Fsimulation-framework" "/workspace/builds/worker-0-tc1/source", kill_on_drop: false }`
[INFO] [stderr] Cloning into '/workspace/builds/worker-0-tc1/source'...
[INFO] [stderr] done.
[INFO] started tweaking git repo https://github.com/Green-Cinnamon-Labs/simulation-framework
[INFO] removed 0 missing examples
[INFO] finished tweaking git repo https://github.com/Green-Cinnamon-Labs/simulation-framework
[INFO] tweaked toml for git repo https://github.com/Green-Cinnamon-Labs/simulation-framework written to /workspace/builds/worker-0-tc1/source/Cargo.toml
[INFO] validating manifest of git repo https://github.com/Green-Cinnamon-Labs/simulation-framework on toolchain 1.99.0-beta.8
[INFO] running `Command { std: CARGO_HOME="/workspace/cargo-home" RUSTUP_HOME="/workspace/rustup-home" "/workspace/cargo-home/bin/cargo" "+1.99.0-beta.8" "metadata" "--manifest-path" "Cargo.toml" "--no-deps", kill_on_drop: false }`
[INFO] crate git repo https://github.com/Green-Cinnamon-Labs/simulation-framework already has a lockfile, it will not be regenerated
[INFO] running `Command { std: CARGO_HOME="/workspace/cargo-home" RUSTUP_HOME="/workspace/rustup-home" "/workspace/cargo-home/bin/cargo" "+1.99.0-beta.8" "fetch" "--manifest-path" "Cargo.toml", kill_on_drop: false }`
[INFO] [stderr]     Updating crates.io index
[INFO] [stderr]  Downloading crates ...
[INFO] [stderr]   Downloaded async-opcua v0.18.0
[INFO] [stderr]   Downloaded gethostname v0.5.0
[INFO] [stderr]   Downloaded cc v1.2.66
[INFO] [stderr]   Downloaded tls_codec v0.4.2
[INFO] [stderr]   Downloaded tls_codec_derive v0.4.2
[INFO] [stderr]   Downloaded async-opcua-macros v0.18.0
[INFO] [stderr]   Downloaded der_derive v0.7.3
[INFO] [stderr]   Downloaded async-opcua-nodes v0.18.0
[INFO] [stderr]   Downloaded async-opcua-crypto v0.18.0
[INFO] [stderr]   Downloaded zerocopy-derive v0.8.53
[INFO] [stderr]   Downloaded x509-cert v0.2.5
[INFO] [stderr]   Downloaded async-opcua-core v0.18.0
[INFO] [stderr]   Downloaded async-opcua-client v0.18.0
[INFO] [stderr]   Downloaded async-opcua-server v0.18.0
[INFO] [stderr]   Downloaded zerocopy v0.8.53
[INFO] [stderr]   Downloaded async-opcua-core-namespace v0.18.0
[INFO] [stderr]   Downloaded async-opcua-types v0.18.0
[INFO] running `Command { std: "docker" "create" "-v" "/var/lib/crater-agent-workspace/builds/worker-0-tc1/source:/opt/rustwide/workdir:ro,Z" "-v" "/var/lib/crater-agent-workspace/builds/worker-0-tc1/target:/opt/rustwide/target:rw,Z" "-v" "/var/lib/crater-agent-workspace/cargo-home:/opt/rustwide/cargo-home:ro,Z" "-v" "/var/lib/crater-agent-workspace/rustup-home:/opt/rustwide/rustup-home:ro,Z" "-m" "1610612736" "--network" "none" "ghcr.io/rust-lang/crates-build-env/linux@sha256:77db811e55d90add9212f6832c23229e3de5f1c1f9905e8cb07319ea15df73ac" "sleep" "infinity", kill_on_drop: false }`
[INFO] [stdout] 9e6b3f0c62b1d88d132a4cbbfdf0459fd13c24986ec9cb3e81c6435c3a444ace
[INFO] running `Command { std: "docker" "start" "9e6b3f0c62b1d88d132a4cbbfdf0459fd13c24986ec9cb3e81c6435c3a444ace", kill_on_drop: false }`
[INFO] running `Command { std: "docker" "inspect" "9e6b3f0c62b1d88d132a4cbbfdf0459fd13c24986ec9cb3e81c6435c3a444ace", kill_on_drop: false }`
[INFO] running `Command { std: "docker" "exec" "-e" "SOURCE_DIR=/opt/rustwide/workdir" "-e" "CARGO_HOME=/opt/rustwide/cargo-home" "-e" "RUSTUP_HOME=/opt/rustwide/rustup-home" "-e" "CARGO_TARGET_DIR=/opt/rustwide/target" "-w" "/opt/rustwide/workdir" "--user" "0:0" "9e6b3f0c62b1d88d132a4cbbfdf0459fd13c24986ec9cb3e81c6435c3a444ace" "/opt/rustwide/cargo-home/bin/cargo" "+1.99.0-beta.8" "metadata" "--no-deps" "--format-version=1", kill_on_drop: false }`
[INFO] running `Command { std: "docker" "inspect" "9e6b3f0c62b1d88d132a4cbbfdf0459fd13c24986ec9cb3e81c6435c3a444ace", kill_on_drop: false }`
[INFO] running `Command { std: "docker" "exec" "-e" "SOURCE_DIR=/opt/rustwide/workdir" "-e" "CARGO_HOME=/opt/rustwide/cargo-home" "-e" "RUSTUP_HOME=/opt/rustwide/rustup-home" "-e" "CARGO_TARGET_DIR=/opt/rustwide/target" "-e" "CARGO_INCREMENTAL=0" "-e" "RUST_BACKTRACE=full" "-e" "RUSTFLAGS=--cap-lints=warn" "-e" "RUSTDOCFLAGS=--cap-lints=warn" "-w" "/opt/rustwide/workdir" "--user" "0:0" "9e6b3f0c62b1d88d132a4cbbfdf0459fd13c24986ec9cb3e81c6435c3a444ace" "/opt/rustwide/cargo-home/bin/cargo" "+1.99.0-beta.8" "build" "--frozen" "--message-format=json" "--release", kill_on_drop: false }`
[INFO] [stderr]    Compiling libc v0.2.186
[INFO] [stderr]    Compiling serde v1.0.228
[INFO] [stderr]    Compiling zerocopy v0.8.53
[INFO] [stderr]    Compiling hashbrown v0.17.1
[INFO] [stderr]    Compiling toml_write v0.1.2
[INFO] [stderr]    Compiling inventory v0.3.24
[INFO] [stderr]    Compiling num-traits v0.2.19
[INFO] [stderr]    Compiling syn v2.0.118
[INFO] [stderr]    Compiling serde_spanned v0.6.9
[INFO] [stderr]    Compiling toml_datetime v0.6.11
[INFO] [stderr]    Compiling indexmap v2.14.0
[INFO] [stderr]    Compiling getrandom v0.2.17
[INFO] [stderr]    Compiling rand_core v0.6.4
[INFO] [stderr]    Compiling toml_edit v0.22.27
[INFO] [stderr]    Compiling monjolo-macros v0.1.0 (/opt/rustwide/workdir/monjolo-macros)
[INFO] [stderr]    Compiling toml v0.8.23
[INFO] [stderr]    Compiling ppv-lite86 v0.2.21
[INFO] [stderr]    Compiling rand_chacha v0.3.1
[INFO] [stderr]    Compiling rand v0.8.6
[INFO] [stderr]    Compiling rand_distr v0.4.3
[INFO] [stderr]    Compiling monjolo v0.1.0 (/opt/rustwide/workdir)
[INFO] [stderr]     Finished `release` profile [optimized] target(s) in 23.94s
[INFO] running `Command { std: "docker" "inspect" "9e6b3f0c62b1d88d132a4cbbfdf0459fd13c24986ec9cb3e81c6435c3a444ace", kill_on_drop: false }`
[INFO] running `Command { std: "docker" "exec" "-e" "SOURCE_DIR=/opt/rustwide/workdir" "-e" "CARGO_HOME=/opt/rustwide/cargo-home" "-e" "RUSTUP_HOME=/opt/rustwide/rustup-home" "-e" "CARGO_TARGET_DIR=/opt/rustwide/target" "-e" "CARGO_INCREMENTAL=0" "-e" "RUST_BACKTRACE=full" "-e" "RUSTFLAGS=--cap-lints=warn" "-e" "RUSTDOCFLAGS=--cap-lints=warn" "-w" "/opt/rustwide/workdir" "--user" "0:0" "9e6b3f0c62b1d88d132a4cbbfdf0459fd13c24986ec9cb3e81c6435c3a444ace" "/opt/rustwide/cargo-home/bin/cargo" "+1.99.0-beta.8" "test" "--frozen" "--no-run" "--message-format=json" "--release", kill_on_drop: false }`
[INFO] [stderr]    Compiling monjolo v0.1.0 (/opt/rustwide/workdir)
[INFO] [stderr]     Finished `release` profile [optimized] target(s) in 6.81s
[INFO] running `Command { std: "docker" "inspect" "9e6b3f0c62b1d88d132a4cbbfdf0459fd13c24986ec9cb3e81c6435c3a444ace", kill_on_drop: false }`
[INFO] running `Command { std: "docker" "exec" "-e" "SOURCE_DIR=/opt/rustwide/workdir" "-e" "CARGO_HOME=/opt/rustwide/cargo-home" "-e" "RUSTUP_HOME=/opt/rustwide/rustup-home" "-e" "CARGO_TARGET_DIR=/opt/rustwide/target" "-e" "CARGO_INCREMENTAL=0" "-e" "RUST_BACKTRACE=full" "-e" "RUSTFLAGS=--cap-lints=warn" "-e" "RUSTDOCFLAGS=--cap-lints=warn" "-w" "/opt/rustwide/workdir" "--user" "0:0" "9e6b3f0c62b1d88d132a4cbbfdf0459fd13c24986ec9cb3e81c6435c3a444ace" "/opt/rustwide/cargo-home/bin/cargo" "+1.99.0-beta.8" "test" "--frozen" "--release", kill_on_drop: false }`
[INFO] [stderr]     Finished `release` profile [optimized] target(s) in 0.09s
[INFO] [stderr]      Running unittests monjolo/lib.rs (/opt/rustwide/target/release/deps/monjolo-d808cf69ed14d713)
[INFO] [stdout] 
[INFO] [stdout] running 77 tests
[INFO] [stdout] test actuator::model::tests::dynamics_law_is_not_hardcoded ... ok
[INFO] [stdout] test actuator::model::tests::derivative_is_real_not_a_stub ... ok
[INFO] [stdout] test component::tests::sort_phase_a_panics_on_a_real_cycle - should panic ... ok
[INFO] [stdout] test actuator::model::tests::state_keys_declares_its_own_key ... ok
[INFO] [stdout] test component::tests::sort_phase_a_panics_on_duplicate_offer - should panic ... ok
[INFO] [stdout] test actuator::model::tests::new_registers_itself_under_its_own_key ... ok
[INFO] [stdout] test component::tests::attach_discovered_components_finds_and_wires_a_real_macro_declared_actuator ... ok
[INFO] [stdout] test component::tests::attach_discovered_components_orders_phase_a_by_after ... ok
[INFO] [stdout] test component::tests::config_plus_offer_field_declares_state_keys_and_its_derivative_can_be_owned_elsewhere ... ok
[INFO] [stdout] test component::tests::controller_state_is_integrated_by_the_integrator ... ok
[INFO] [stdout] test component::tests::disturbance_macro_transparently_shifts_a_need_read_while_active ... ok
[INFO] [stdout] test component::tests::need_supports_array_form ... ok
[INFO] [stdout] test component::tests::signal_tasks_derive_execution_order_from_the_body_not_source_order ... ok
[INFO] [stdout] test component::tests::sort_phase_a_does_not_guarantee_order_against_an_unlisted_sibling ... ok
[INFO] [stdout] test component::tests::sort_phase_a_handles_pure_chains_transitively_for_free ... ok
[INFO] [stdout] test component::tests::sort_phase_a_orders_cross_unit_tasks_by_matching_needs_to_offers_with_no_after_declared ... ok
[INFO] [stdout] test model_function::tests::a_model_that_changes_on_a_second_evaluation_is_rejected ... ok
[INFO] [stdout] test component::tests::attach_discovered_components_finds_and_wires_a_real_macro_declared_controller ... ok
[INFO] [stdout] test model_function::tests::point_a_gives_the_same_result_before_and_after_point_b ... ok
[INFO] [stdout] test component::tests::tasks_disturbance_flag_stamps_kind_and_is_its_own_external_command ... ok
[INFO] [stdout] test component::tests::attach_discovered_components_finds_and_wires_a_real_macro_declared_dynamic_model ... ok
[INFO] [stdout] test numerical_method::rk4::tests::integrates_exponential_growth_close_to_analytical_solution ... ok
[INFO] [stdout] test numerical_method::rk4::tests::calls_dynamics_exactly_four_times_per_step ... ok
[INFO] [stdout] test numerical_method::tests::from_str_accepts_rk4_case_insensitively ... ok
[INFO] [stdout] test dynamic_model::tests::aggregates_state_keys_from_every_child ... ok
[INFO] [stdout] test component::tests::tasks_macro_wires_two_units_across_a_needs_offers_boundary_with_no_after_declared ... ok
[INFO] [stdout] test numerical_method::tests::from_str_rejects_unknown_values ... ok
[INFO] [stdout] test runtime::tests::bootstrap_settings_default_when_file_is_absent ... ok
[INFO] [stdout] test dynamic_model::tests::aggregates_recursively_through_nested_composites ... ok
[INFO] [stdout] test model_function::tests::the_a_b_a_test_catches_memory_kept_outside_the_registry ... ok
[INFO] [stdout] test model_function::tests::unknown_keys_are_an_error_on_either_side ... ok
[INFO] [stdout] test model_function::tests::a_write_does_not_survive_into_the_next_evaluation ... ok
[INFO] [stdout] test runtime::tests::bootstrap_settings_errors_on_unknown_numerical_method ... ok
[INFO] [stdout] test runtime::tests::bootstrap_settings_errors_on_unknown_mode ... ok
[INFO] [stdout] test runtime::tests::bootstrap_settings_reads_numerical_method_from_monjolo_table ... ok
[INFO] [stdout] test model_function::tests::a_state_without_a_derivative_key_is_rejected ... ok
[INFO] [stdout] test runtime::tests::bootstrap_settings_ignores_unrelated_tables_like_state_and_meta ... ok
[INFO] [stdout] test model_function::tests::evaluates_the_analytic_derivative_at_a_written_point ... ok
[INFO] [stdout] test controller::model::tests::new_registers_itself_under_name ... ok
[INFO] [stdout] test controller::model::tests::resolves_named_dependencies_declared_before_they_are_offered ... ok
[INFO] [stdout] test runtime::tests::bootstrap_settings_mode_override_wins_over_the_file ... ok
[INFO] [stdout] test component::tests::two_disturbance_macros_on_the_same_key_chain_instead_of_colliding ... ok
[INFO] [stdout] test runtime::tests::bootstrap_settings_mode_defaults_to_simulation_and_reads_function_from_monjolo_table ... ok
[INFO] [stdout] test runtime_control::tests::advance_t_h_accumulates ... ok
[INFO] [stdout] test model_function::tests::lists_keys_states_and_base_values ... ok
[INFO] [stdout] test runtime_control::tests::negative_speed_clamps_to_zero ... ok
[INFO] [stdout] test runtime_control::tests::pause_and_resume_toggle_is_paused ... ok
[INFO] [stdout] test runtime_control::tests::reset_request_is_consumed_exactly_once ... ok
[INFO] [stdout] test sensor::model::tests::read_before_any_commit_ever_happened ... ok
[INFO] [stdout] test sensor::model::tests::sensor_can_be_declared_before_its_key_is_offered ... ok
[INFO] [stdout] test sensor::model::tests::read_is_idempotent_within_the_same_generation ... ok
[INFO] [stdout] test sensor::model::tests::sensor_is_send_and_sync ... ok
[INFO] [stdout] test runtime_control::tests::starts_running_at_speed_1_and_t_h_zero ... ok
[INFO] [stdout] test sensor::model::tests::new_registers_itself_under_its_own_key ... ok
[INFO] [stdout] test simulation::tests::run_requires_model ... ok
[INFO] [stdout] test snapshot::tests::flattens_nested_tables_into_dotted_keys ... ok
[INFO] [stdout] test snapshot::tests::from_pairs_builds_a_queryable_snapshot ... ok
[INFO] [stdout] test simulation::tests::run_returns_err_instead_of_hanging_when_plant_panics ... ok
[INFO] [stdout] test state_registry::tests::a_registered_disturbance_transforms_the_value_at_offer_time_while_active ... ok
[INFO] [stdout] test state_registry::tests::a_registered_disturbance_transforms_the_value_for_the_offering_proxy_too ... ok
[INFO] [stdout] test state_registry::tests::instance_is_none_when_downcast_type_does_not_match ... ok
[INFO] [stdout] test state_registry::tests::need_sensor_resolves_regardless_of_order_relative_to_offer ... ok
[INFO] [stdout] test state_registry::tests::offer_controller_is_discoverable_by_name ... ok
[INFO] [stdout] test state_registry::tests::instance_is_none_when_name_was_never_offered ... ok
[INFO] [stdout] test state_registry::tests::need_actuator_resolves_regardless_of_order_relative_to_offer ... ok
[INFO] [stdout] test state_registry::tests::offer_instance_then_instance_roundtrips_the_same_allocation ... ok
[INFO] [stdout] test state_registry::tests::resolve_errors_when_a_disturbance_key_has_no_real_offer ... ok
[INFO] [stdout] test state_registry::tests::resolve_errors_when_a_needed_actuator_was_never_offered ... ok
[INFO] [stdout] test state_registry::tests::resolve_errors_when_a_needed_sensor_was_never_offered ... ok
[INFO] [stdout] test state_registry::tests::two_disturbances_on_the_same_key_chain_in_registration_order ... ok
[INFO] [stdout] test state_registry::tests::two_need_actuator_calls_for_the_same_name_share_the_same_instance ... ok
[INFO] [stdout] test state_registry::tests::two_need_sensor_calls_for_the_same_name_share_the_same_instance ... ok
[INFO] [stdout] test runtime::tests::new_builds_and_exposes_the_first_plant ... ok
[INFO] [stdout] test runtime::tests::binding_after_reset_routes_actuator_writes_to_the_new_plant_thread ... ok
[INFO] [stdout] test simulation::tests::run_ticks_on_its_own_thread ... ok
[INFO] [stdout] test runtime::tests::reset_replaces_the_plant_instance_instead_of_just_pausing_it ... FAILED
[INFO] [stdout] test simulation::tests::run_integrates_declared_state_keys_via_rk4 ... ok
[INFO] [stdout] 
[INFO] [stdout] failures:
[INFO] [stdout] 
[INFO] [stdout] ---- runtime::tests::reset_replaces_the_plant_instance_instead_of_just_pausing_it stdout ----
[INFO] [stdout] [main] Simulation::spawn — método numérico: RK4
[INFO] [stdout] [plant] iniciando — 7 chave(s) de estado integrável, tick a cada 5ms (dt = 0.1h)
[INFO] [stdout] [plant] reset solicitado — encerrando esta instância
[INFO] [stdout] [main] Simulation::spawn — método numérico: RK4
[INFO] [stdout] [plant] iniciando — 7 chave(s) de estado integrável, tick a cada 5ms (dt = 0.1h)
[INFO] [stdout] 
[INFO] [stdout] thread 'runtime::tests::reset_replaces_the_plant_instance_instead_of_just_pausing_it' (679) panicked at monjolo/runtime.rs:730:9:
[INFO] [stdout] esperava a planta NOVA reiniciada perto de 100.0 (menos 1-2 ticks de decaimento) logo após reset(), ficou em 74.08184220011776 (se ficou baixo/perto de 13.533552842179072, o reset não substituiu a instância de verdade)
[INFO] [stdout] stack backtrace:
[INFO] [stdout]    0:     0x5e4dae0b8d11 - <<std[70759c8f55707aa4]::sys::backtrace::BacktraceLock>::print::DisplayBacktrace as core[df12db4294e9bfd3]::fmt::Display>::fmt
[INFO] [stdout]    1:     0x5e4dae0cdd5a - core[df12db4294e9bfd3]::fmt::write
[INFO] [stdout]    2:     0x5e4dae0bd1ac - <alloc[2182bb758b4b3781]::vec::Vec<u8> as core[df12db4294e9bfd3]::io::write::Write>::write_fmt
[INFO] [stdout]    3:     0x5e4dae094976 - std[70759c8f55707aa4]::panicking::default_hook::{closure#0}
[INFO] [stdout]    4:     0x5e4dae0b0d89 - std[70759c8f55707aa4]::panicking::default_hook
[INFO] [stderr] error: test failed, to rerun pass `--lib`
[INFO] [stdout]    5:     0x5e4dae04c950 - test[9d35eded1c95d3be]::test_main_inner::<test[9d35eded1c95d3be]::test_main_static::{closure#0}>::{closure#0}
[INFO] [stdout]    6:     0x5e4dae0b0f42 - std[70759c8f55707aa4]::panicking::panic_with_hook
[INFO] [stdout]    7:     0x5e4dae094a22 - std[70759c8f55707aa4]::panicking::panic_handler::{closure#0}
[INFO] [stdout]    8:     0x5e4dae08d569 - std[70759c8f55707aa4]::sys::backtrace::__rust_end_short_backtrace::<std[70759c8f55707aa4]::panicking::panic_handler::{closure#0}, !>
[INFO] [stdout]    9:     0x5e4dae09561d - __rustc[8fa7c3cbc660c2b3]::rust_begin_unwind
[INFO] [stdout]   10:     0x5e4dae0ce4bc - core[df12db4294e9bfd3]::panicking::panic_fmt
[INFO] [stdout]   11:     0x5e4dadfe36f9 - monjolo[4f7edefac8d3b955]::runtime::tests::reset_replaces_the_plant_instance_instead_of_just_pausing_it
[INFO] [stdout]   12:     0x5e4dadff4399 - <monjolo[4f7edefac8d3b955]::runtime::tests::reset_replaces_the_plant_instance_instead_of_just_pausing_it::{closure#0} as core[df12db4294e9bfd3]::ops::function::FnOnce<()>>::call_once
[INFO] [stdout]   13:     0x5e4dae03fc3b - test[9d35eded1c95d3be]::__rust_begin_short_backtrace::<core[df12db4294e9bfd3]::result::Result<(), alloc[2182bb758b4b3781]::string::String>, fn() -> core[df12db4294e9bfd3]::result::Result<(), alloc[2182bb758b4b3781]::string::String>>
[INFO] [stdout]   14:     0x5e4dae04d2a5 - test[9d35eded1c95d3be]::run_test::{closure#0}
[INFO] [stdout]   15:     0x5e4dae046b64 - std[70759c8f55707aa4]::sys::backtrace::__rust_begin_short_backtrace::<test[9d35eded1c95d3be]::run_test::{closure#1}, ()>
[INFO] [stdout]   16:     0x5e4dae050402 - <std[70759c8f55707aa4]::thread::lifecycle::spawn_unchecked<test[9d35eded1c95d3be]::run_test::{closure#1}, ()>::{closure#1} as core[df12db4294e9bfd3]::ops::function::FnOnce<()>>::call_once::{shim:vtable#0}
[INFO] [stdout]   17:     0x5e4dae0b8089 - <std[70759c8f55707aa4]::sys::thread::unix::Thread>::new::thread_start
[INFO] [stdout]   18:     0x7088bca1cdfa - <unknown>
[INFO] [stdout]   19:     0x7088bcab03d4 - clone
[INFO] [stdout]   20:                0x0 - <unknown>
[INFO] [stdout] 
[INFO] [stdout] 
[INFO] [stdout] failures:
[INFO] [stdout]     runtime::tests::reset_replaces_the_plant_instance_instead_of_just_pausing_it
[INFO] [stdout] 
[INFO] [stdout] test result: FAILED. 76 passed; 1 failed; 0 ignored; 0 measured; 0 filtered out; finished in 0.23s
[INFO] [stdout] 
[INFO] running `Command { std: "docker" "inspect" "9e6b3f0c62b1d88d132a4cbbfdf0459fd13c24986ec9cb3e81c6435c3a444ace", kill_on_drop: false }`
[INFO] running `Command { std: "docker" "rm" "-f" "9e6b3f0c62b1d88d132a4cbbfdf0459fd13c24986ec9cb3e81c6435c3a444ace", kill_on_drop: false }`
[INFO] [stdout] 9e6b3f0c62b1d88d132a4cbbfdf0459fd13c24986ec9cb3e81c6435c3a444ace
