[INFO] cloning repository https://github.com/Gore55/gossipmesh
[INFO] running `Command { std: "git" "-c" "credential.helper=" "-c" "credential.helper=/workspace/cargo-home/bin/git-credential-null" "clone" "--bare" "https://github.com/Gore55/gossipmesh" "/workspace/cache/git-repos/https%3A%2F%2Fgithub.com%2FGore55%2Fgossipmesh", kill_on_drop: false }`
[INFO] [stderr] Cloning into bare repository '/workspace/cache/git-repos/https%3A%2F%2Fgithub.com%2FGore55%2Fgossipmesh'...
[INFO] running `Command { std: "git" "rev-parse" "HEAD", kill_on_drop: false }`
[INFO] [stdout] 5ac87d125cc55c7f5ee40ac3a47ade7d4ff356cb
[INFO] testing Gore55/gossipmesh against 1.99.0-beta.8+cargoflags=--release for beta-release-1.100-2
[INFO] running `Command { std: "git" "clone" "/workspace/cache/git-repos/https%3A%2F%2Fgithub.com%2FGore55%2Fgossipmesh" "/workspace/builds/worker-4-tc1/source", kill_on_drop: false }`
[INFO] [stderr] Cloning into '/workspace/builds/worker-4-tc1/source'...
[INFO] [stderr] done.
[INFO] started tweaking git repo https://github.com/Gore55/gossipmesh
[INFO] finished tweaking git repo https://github.com/Gore55/gossipmesh
[INFO] tweaked toml for git repo https://github.com/Gore55/gossipmesh written to /workspace/builds/worker-4-tc1/source/Cargo.toml
[INFO] validating manifest of git repo https://github.com/Gore55/gossipmesh on toolchain 1.99.0-beta.8
[INFO] running `Command { std: CARGO_HOME="/workspace/cargo-home" RUSTUP_HOME="/workspace/rustup-home" "/workspace/cargo-home/bin/cargo" "+1.99.0-beta.8" "metadata" "--manifest-path" "Cargo.toml" "--no-deps", kill_on_drop: false }`
[INFO] crate git repo https://github.com/Gore55/gossipmesh already has a lockfile, it will not be regenerated
[INFO] running `Command { std: CARGO_HOME="/workspace/cargo-home" RUSTUP_HOME="/workspace/rustup-home" "/workspace/cargo-home/bin/cargo" "+1.99.0-beta.8" "fetch" "--manifest-path" "Cargo.toml", kill_on_drop: false }`
[INFO] [stderr]     Blocking waiting for file lock on package cache
[INFO] [stderr]     Blocking waiting for file lock on package cache
[INFO] running `Command { std: "docker" "create" "-v" "/var/lib/crater-agent-workspace/builds/worker-4-tc1/source:/opt/rustwide/workdir:ro,Z" "-v" "/var/lib/crater-agent-workspace/builds/worker-4-tc1/target:/opt/rustwide/target:rw,Z" "-v" "/var/lib/crater-agent-workspace/cargo-home:/opt/rustwide/cargo-home:ro,Z" "-v" "/var/lib/crater-agent-workspace/rustup-home:/opt/rustwide/rustup-home:ro,Z" "-m" "1610612736" "--network" "none" "ghcr.io/rust-lang/crates-build-env/linux@sha256:77db811e55d90add9212f6832c23229e3de5f1c1f9905e8cb07319ea15df73ac" "sleep" "infinity", kill_on_drop: false }`
[INFO] [stdout] e5acde8bef8c76d2a6be4ba3e3e0294db75560bfb673710d237af16d231ea9f4
[INFO] running `Command { std: "docker" "start" "e5acde8bef8c76d2a6be4ba3e3e0294db75560bfb673710d237af16d231ea9f4", kill_on_drop: false }`
[INFO] running `Command { std: "docker" "inspect" "e5acde8bef8c76d2a6be4ba3e3e0294db75560bfb673710d237af16d231ea9f4", kill_on_drop: false }`
[INFO] running `Command { std: "docker" "exec" "-e" "SOURCE_DIR=/opt/rustwide/workdir" "-e" "CARGO_HOME=/opt/rustwide/cargo-home" "-e" "RUSTUP_HOME=/opt/rustwide/rustup-home" "-e" "CARGO_TARGET_DIR=/opt/rustwide/target" "-w" "/opt/rustwide/workdir" "--user" "0:0" "e5acde8bef8c76d2a6be4ba3e3e0294db75560bfb673710d237af16d231ea9f4" "/opt/rustwide/cargo-home/bin/cargo" "+1.99.0-beta.8" "metadata" "--no-deps" "--format-version=1", kill_on_drop: false }`
[INFO] running `Command { std: "docker" "inspect" "e5acde8bef8c76d2a6be4ba3e3e0294db75560bfb673710d237af16d231ea9f4", kill_on_drop: false }`
[INFO] running `Command { std: "docker" "exec" "-e" "SOURCE_DIR=/opt/rustwide/workdir" "-e" "CARGO_HOME=/opt/rustwide/cargo-home" "-e" "RUSTUP_HOME=/opt/rustwide/rustup-home" "-e" "CARGO_TARGET_DIR=/opt/rustwide/target" "-e" "CARGO_INCREMENTAL=0" "-e" "RUST_BACKTRACE=full" "-e" "RUSTFLAGS=--cap-lints=warn" "-e" "RUSTDOCFLAGS=--cap-lints=warn" "-w" "/opt/rustwide/workdir" "--user" "0:0" "e5acde8bef8c76d2a6be4ba3e3e0294db75560bfb673710d237af16d231ea9f4" "/opt/rustwide/cargo-home/bin/cargo" "+1.99.0-beta.8" "build" "--frozen" "--message-format=json" "--release", kill_on_drop: false }`
[INFO] [stderr]    Compiling quote v1.0.46
[INFO] [stderr]    Compiling smallvec v1.15.2
[INFO] [stderr]    Compiling log v0.4.33
[INFO] [stderr]    Compiling anstyle-parse v1.0.0
[INFO] [stderr]    Compiling num-traits v0.2.19
[INFO] [stderr]    Compiling cc v1.2.65
[INFO] [stderr]    Compiling getrandom v0.4.3
[INFO] [stderr]    Compiling colorchoice v1.0.5
[INFO] [stderr]    Compiling anstyle-query v1.1.5
[INFO] [stderr]    Compiling anstyle v1.0.14
[INFO] [stderr]    Compiling is_terminal_polyfill v1.70.2
[INFO] [stderr]    Compiling regex-automata v0.4.14
[INFO] [stderr]    Compiling inotify-sys v0.1.5
[INFO] [stderr]    Compiling clap_lex v1.1.0
[INFO] [stderr]    Compiling anyhow v1.0.103
[INFO] [stderr]    Compiling dirs-sys v0.4.1
[INFO] [stderr]    Compiling walkdir v2.5.0
[INFO] [stderr]    Compiling crossbeam-channel v0.5.15
[INFO] [stderr]    Compiling sharded-slab v0.1.7
[INFO] [stderr]    Compiling inotify v0.9.6
[INFO] [stderr]    Compiling anstream v1.0.0
[INFO] [stderr]    Compiling parking_lot_core v0.9.12
[INFO] [stderr]    Compiling tracing-log v0.2.0
[INFO] [stderr]    Compiling mio v0.8.11
[INFO] [stderr]    Compiling filetime v0.2.29
[INFO] [stderr]    Compiling thread_local v1.1.9
[INFO] [stderr]    Compiling syn v2.0.118
[INFO] [stderr]    Compiling nu-ansi-term v0.50.3
[INFO] [stderr]    Compiling parking_lot v0.12.5
[INFO] [stderr]    Compiling clap_builder v4.6.0
[INFO] [stderr]    Compiling memchr v2.8.2
[INFO] [stderr]    Compiling cpufeatures v0.3.0
[INFO] [stderr]    Compiling bytes v1.12.0
[INFO] [stderr]    Compiling arrayvec v0.7.7
[INFO] [stderr]    Compiling constant_time_eq v0.4.2
[INFO] [stderr]    Compiling notify v6.1.1
[INFO] [stderr]    Compiling uuid v1.23.4
[INFO] [stderr]    Compiling dirs v5.0.1
[INFO] [stderr]    Compiling colored v2.2.0
[INFO] [stderr]    Compiling blake3 v1.8.5
[INFO] [stderr]    Compiling serde_json v1.0.150
[INFO] [stderr]    Compiling chrono v0.4.45
[INFO] [stderr]    Compiling matchers v0.2.0
[INFO] [stderr]    Compiling tracing-attributes v0.1.31
[INFO] [stderr]    Compiling thiserror-impl v1.0.69
[INFO] [stderr]    Compiling clap_derive v4.6.1
[INFO] [stderr]    Compiling tokio-macros v2.7.0
[INFO] [stderr]    Compiling serde_derive v1.0.228
[INFO] [stderr]    Compiling tokio v1.52.3
[INFO] [stderr]    Compiling thiserror v1.0.69
[INFO] [stderr]    Compiling tracing v0.1.44
[INFO] [stderr]    Compiling tracing-subscriber v0.3.23
[INFO] [stderr]    Compiling clap v4.6.1
[INFO] [stderr]    Compiling serde v1.0.228
[INFO] [stderr]    Compiling gossipmesh v0.1.0 (/opt/rustwide/workdir)
[INFO] [stderr]     Finished `release` profile [optimized] target(s) in 1m 07s
[INFO] running `Command { std: "docker" "inspect" "e5acde8bef8c76d2a6be4ba3e3e0294db75560bfb673710d237af16d231ea9f4", kill_on_drop: false }`
[INFO] running `Command { std: "docker" "exec" "-e" "SOURCE_DIR=/opt/rustwide/workdir" "-e" "CARGO_HOME=/opt/rustwide/cargo-home" "-e" "RUSTUP_HOME=/opt/rustwide/rustup-home" "-e" "CARGO_TARGET_DIR=/opt/rustwide/target" "-e" "CARGO_INCREMENTAL=0" "-e" "RUST_BACKTRACE=full" "-e" "RUSTFLAGS=--cap-lints=warn" "-e" "RUSTDOCFLAGS=--cap-lints=warn" "-w" "/opt/rustwide/workdir" "--user" "0:0" "e5acde8bef8c76d2a6be4ba3e3e0294db75560bfb673710d237af16d231ea9f4" "/opt/rustwide/cargo-home/bin/cargo" "+1.99.0-beta.8" "test" "--frozen" "--no-run" "--message-format=json" "--release", kill_on_drop: false }`
[INFO] [stderr]    Compiling rustix v1.1.4
[INFO] [stderr]    Compiling linux-raw-sys v0.12.1
[INFO] [stderr]    Compiling bitflags v2.13.0
[INFO] [stderr]    Compiling fastrand v2.4.1
[INFO] [stderr]    Compiling tempfile v3.27.0
[INFO] [stderr]    Compiling gossipmesh v0.1.0 (/opt/rustwide/workdir)
[INFO] [stderr]     Finished `release` profile [optimized] target(s) in 17.28s
[INFO] running `Command { std: "docker" "inspect" "e5acde8bef8c76d2a6be4ba3e3e0294db75560bfb673710d237af16d231ea9f4", kill_on_drop: false }`
[INFO] running `Command { std: "docker" "exec" "-e" "SOURCE_DIR=/opt/rustwide/workdir" "-e" "CARGO_HOME=/opt/rustwide/cargo-home" "-e" "RUSTUP_HOME=/opt/rustwide/rustup-home" "-e" "CARGO_TARGET_DIR=/opt/rustwide/target" "-e" "CARGO_INCREMENTAL=0" "-e" "RUST_BACKTRACE=full" "-e" "RUSTFLAGS=--cap-lints=warn" "-e" "RUSTDOCFLAGS=--cap-lints=warn" "-w" "/opt/rustwide/workdir" "--user" "0:0" "e5acde8bef8c76d2a6be4ba3e3e0294db75560bfb673710d237af16d231ea9f4" "/opt/rustwide/cargo-home/bin/cargo" "+1.99.0-beta.8" "test" "--frozen" "--release", kill_on_drop: false }`
[INFO] [stderr]     Finished `release` profile [optimized] target(s) in 0.11s
[INFO] [stderr]      Running unittests src/main.rs (/opt/rustwide/target/release/deps/gossipmesh-d99ece608f8d30b6)
[INFO] [stdout] 
[INFO] [stdout] running 81 tests
[INFO] [stdout] test conflict::tests::test_conflict_filename_format ... ok
[INFO] [stdout] test conflict::tests::test_conflict_log_roundtrip ... ok
[INFO] [stdout] test diff::tests::test_deleted_files_ignored ... ok
[INFO] [stdout] test diff::tests::test_identical_files ... ok
[INFO] [stdout] test cli::tests::test_status_no_state ... ok
[INFO] [stdout] test diff::tests::test_modified_different_timestamps ... ok
[INFO] [stdout] test discovery::tests::test_discovery_message_deserialize ... ok
[INFO] [stdout] test cli::tests::test_json_output ... ok
[INFO] [stdout] test diff::tests::test_local_only ... ok
[INFO] [stdout] test cli::tests::test_scan_and_manifest ... ok
[INFO] [stdout] test domain::tests::test_file_hash_different_content ... ok
[INFO] [stdout] test discovery::tests::test_handle_broadcast_ignores_self ... ok
[INFO] [stdout] test diff::tests::test_mixed_scenario ... ok
[INFO] [stdout] test conflict::tests::test_log_conflict_creates_backup ... ok
[INFO] [stdout] test diff::tests::test_remote_only ... ok
[INFO] [stdout] test cli::tests::test_init_creates_state ... FAILED
[INFO] [stdout] test discovery::tests::test_handle_broadcast_registers_peer ... ok
[INFO] [stdout] test cli::tests::test_manifest_no_state ... FAILED
[INFO] [stdout] test conflict::tests::test_load_empty_conflict_log ... ok
[INFO] [stdout] test domain::tests::test_file_hash_verify_failure ... ok
[INFO] [stdout] test domain::tests::test_folder_id_valid ... ok
[INFO] [stdout] test domain::tests::test_manifest_create_empty ... ok
[INFO] [stdout] test domain::tests::test_manifest_add_and_get_file ... ok
[INFO] [stdout] test discovery::tests::test_handle_broadcast_ignores_duplicate ... ok
[INFO] [stdout] test domain::tests::test_file_hash_verify_success ... ok
[INFO] [stdout] test domain::tests::test_file_record_equality ... ok
[INFO] [stdout] test domain::tests::test_file_hash_deterministic ... ok
[INFO] [stdout] test domain::tests::test_folder_id_rejects_empty ... ok
[INFO] [stdout] test domain::tests::test_file_record_inequality_different_hash ... ok
[INFO] [stdout] test discovery::tests::test_discovery_message_serialize ... ok
[INFO] [stdout] test domain::tests::test_peer_id_valid ... ok
[INFO] [stdout] test domain::tests::test_relative_path_rejects_absolute ... ok
[INFO] [stdout] test domain::tests::test_relative_path_rejects_middle_dotdot ... ok
[INFO] [stdout] test domain::tests::test_manifest_get_nonexistent_file ... ok
[INFO] [stdout] test domain::tests::test_relative_path_simple_filename ... ok
[INFO] [stdout] test domain::tests::test_relative_path_valid ... ok
[INFO] [stdout] test domain::tests::test_peer_id_rejects_empty ... ok
[INFO] [stdout] test diff::tests::test_conflict_same_timestamp ... ok
[INFO] [stdout] test fs_index::tests::test_scan_records_file_sizes ... ok
[INFO] [stdout] test persistence::tests::test_atomic_write_no_corruption ... ok
[INFO] [stdout] test persistence::tests::test_default_port ... ok
[INFO] [stdout] test fs_index::tests::test_scan_finds_all_files ... ok
[INFO] [stdout] test fs_index::tests::test_scan_empty_directory ... ok
[INFO] [stdout] test domain::tests::test_sync_decision_identical ... ok
[INFO] [stdout] test domain::tests::test_relative_path_rejects_dotdot ... ok
[INFO] [stdout] test fs_index::tests::test_scan_computes_correct_hashes ... ok
[INFO] [stdout] test persistence::tests::test_known_peers_roundtrip ... ok
[INFO] [stdout] test persistence::tests::test_save_and_load_state ... ok
[INFO] [stdout] test persistence::tests::test_load_or_create_generates_peer_id ... ok
[INFO] [stdout] test persistence::tests::test_load_nonexistent_returns_none ... ok
[INFO] [stdout] test fs_index::tests::test_scan_propagates_io_error ... ok
[INFO] [stdout] test fs_index::tests::test_scan_nested_relative_paths ... ok
[INFO] [stdout] test domain::tests::test_relative_path_rejects_empty ... ok
[INFO] [stdout] test protocol::tests::test_manifest_request_roundtrip ... ok
[INFO] [stdout] test protocol::tests::test_all_message_types_serializable ... ok
[INFO] [stdout] test protocol::tests::test_ping_pong_roundtrip ... ok
[INFO] [stdout] test protocol::tests::test_file_request_roundtrip ... ok
[INFO] [stdout] test protocol::tests::test_framing_encode_decode ... ok
[INFO] [stdout] test protocol::tests::test_framing_incomplete ... ok
[INFO] [stdout] test protocol::tests::test_framing_too_short ... ok
[INFO] [stdout] test protocol::tests::test_file_chunk_roundtrip ... ok
[INFO] [stdout] test transfer::tests::test_chunk_large_file ... ok
[INFO] [stdout] test transfer::tests::test_chunk_small_file ... ok
[INFO] [stdout] test protocol::tests::test_error_roundtrip ... ok
[INFO] [stdout] test protocol::tests::test_handshake_roundtrip ... ok
[INFO] [stdout] test protocol::tests::test_manifest_response_roundtrip ... ok
[INFO] [stdout] test protocol::tests::test_transfer_complete_roundtrip ... ok
[INFO] [stdout] test protocol::tests::test_framing_rejects_oversized_frame ... ok
[INFO] [stdout] test transfer::tests::test_verify_chunk_invalid ... ok
[INFO] [stdout] test sync_engine::tests::test_sync_loop_creation ... ok
[INFO] [stdout] test transfer::tests::test_chunk_exact_size ... ok
[INFO] [stdout] test transfer::tests::test_verify_chunk_valid ... ok
[INFO] [stdout] test transfer::tests::test_transfer_state_progress ... ok
[INFO] [stdout] test transfer::tests::test_verify_complete_file ... ok
[INFO] [stdout] test domain::tests::test_file_hash_from_content ... ok
[INFO] [stdout] test watcher::tests::test_handle_change_new_file ... ok
[INFO] [stdout] test watcher::tests::test_handle_change_deletion ... ok
[INFO] [stdout] test watcher::tests::test_handle_change_modification ... ok
[INFO] [stdout] test network::tests::test_handshake_and_manifest ... ok
[INFO] [stdout] test network::tests::test_version_mismatch ... ok
[INFO] [stderr] error: test failed, to rerun pass `--bin gossipmesh`
[INFO] [stdout] test network::tests::test_server_accepts_connection ... ok
[INFO] [stdout] 
[INFO] [stdout] failures:
[INFO] [stdout] 
[INFO] [stdout] ---- cli::tests::test_init_creates_state stdout ----
[INFO] [stdout] 
[INFO] [stdout] thread 'cli::tests::test_init_creates_state' (1326) panicked at src/cli.rs:581:9:
[INFO] [stdout] assertion failed: result.is_ok()
[INFO] [stdout] stack backtrace:
[INFO] [stdout]    0:     0x561cd8ea8381 - <<std[70759c8f55707aa4]::sys::backtrace::BacktraceLock>::print::DisplayBacktrace as core[df12db4294e9bfd3]::fmt::Display>::fmt
[INFO] [stdout]    1:     0x561cd8ebe72a - core[df12db4294e9bfd3]::fmt::write
[INFO] [stdout]    2:     0x561cd8ead0dc - <alloc[2182bb758b4b3781]::vec::Vec<u8> as core[df12db4294e9bfd3]::io::write::Write>::write_fmt
[INFO] [stdout]    3:     0x561cd8e7f896 - std[70759c8f55707aa4]::panicking::default_hook::{closure#0}
[INFO] [stdout]    4:     0x561cd8e9dc89 - std[70759c8f55707aa4]::panicking::default_hook
[INFO] [stdout]    5:     0x561cd8de4810 - test[9d35eded1c95d3be]::test_main_inner::<test[9d35eded1c95d3be]::test_main_static::{closure#0}>::{closure#0}
[INFO] [stdout]    6:     0x561cd8e9dfb2 - std[70759c8f55707aa4]::panicking::panic_with_hook
[INFO] [stdout]    7:     0x561cd8e7f974 - std[70759c8f55707aa4]::panicking::panic_handler::{closure#0}
[INFO] [stdout]    8:     0x561cd8e780d9 - std[70759c8f55707aa4]::sys::backtrace::__rust_end_short_backtrace::<std[70759c8f55707aa4]::panicking::panic_handler::{closure#0}, !>
[INFO] [stdout]    9:     0x561cd8e80a3d - __rustc[8fa7c3cbc660c2b3]::rust_begin_unwind
[INFO] [stdout]   10:     0x561cd8ebee8c - core[df12db4294e9bfd3]::panicking::panic_fmt
[INFO] [stdout]   11:     0x561cd8ebee52 - core[df12db4294e9bfd3]::panicking::panic
[INFO] [stdout]   12:     0x561cd8da2e64 - gossipmesh[bc65481faa02c63c]::cli::tests::test_init_creates_state
[INFO] [stdout]   13:     0x561cd8dbd109 - <gossipmesh[bc65481faa02c63c]::cli::tests::test_init_creates_state::{closure#0} as core[df12db4294e9bfd3]::ops::function::FnOnce<()>>::call_once
[INFO] [stdout]   14:     0x561cd8dd7afb - test[9d35eded1c95d3be]::__rust_begin_short_backtrace::<core[df12db4294e9bfd3]::result::Result<(), alloc[2182bb758b4b3781]::string::String>, fn() -> core[df12db4294e9bfd3]::result::Result<(), alloc[2182bb758b4b3781]::string::String>>
[INFO] [stdout]   15:     0x561cd8de5165 - test[9d35eded1c95d3be]::run_test::{closure#0}
[INFO] [stdout]   16:     0x561cd8ddea24 - std[70759c8f55707aa4]::sys::backtrace::__rust_begin_short_backtrace::<test[9d35eded1c95d3be]::run_test::{closure#1}, ()>
[INFO] [stdout]   17:     0x561cd8de82c2 - <std[70759c8f55707aa4]::thread::lifecycle::spawn_unchecked<test[9d35eded1c95d3be]::run_test::{closure#1}, ()>::{closure#1} as core[df12db4294e9bfd3]::ops::function::FnOnce<()>>::call_once::{shim:vtable#0}
[INFO] [stdout]   18:     0x561cd8ea6f69 - <std[70759c8f55707aa4]::sys::thread::unix::Thread>::new::thread_start
[INFO] [stdout]   19:     0x76e372a19dfa - <unknown>
[INFO] [stdout]   20:     0x76e372aad3d4 - clone
[INFO] [stdout]   21:                0x0 - <unknown>
[INFO] [stdout] 
[INFO] [stdout] ---- cli::tests::test_manifest_no_state stdout ----
[INFO] [stdout] 
[INFO] [stdout] thread 'cli::tests::test_manifest_no_state' (1328) panicked at src/cli.rs:632:9:
[INFO] [stdout] assertion failed: result.is_ok()
[INFO] [stdout] stack backtrace:
[INFO] [stdout]    0:     0x561cd8ea8381 - <<std[70759c8f55707aa4]::sys::backtrace::BacktraceLock>::print::DisplayBacktrace as core[df12db4294e9bfd3]::fmt::Display>::fmt
[INFO] [stdout]    1:     0x561cd8ebe72a - core[df12db4294e9bfd3]::fmt::write
[INFO] [stdout]    2:     0x561cd8ead0dc - <alloc[2182bb758b4b3781]::vec::Vec<u8> as core[df12db4294e9bfd3]::io::write::Write>::write_fmt
[INFO] [stdout]    3:     0x561cd8e7f896 - std[70759c8f55707aa4]::panicking::default_hook::{closure#0}
[INFO] [stdout]    4:     0x561cd8e9dc89 - std[70759c8f55707aa4]::panicking::default_hook
[INFO] [stdout]    5:     0x561cd8de4810 - test[9d35eded1c95d3be]::test_main_inner::<test[9d35eded1c95d3be]::test_main_static::{closure#0}>::{closure#0}
[INFO] [stdout]    6:     0x561cd8e9dfb2 - std[70759c8f55707aa4]::panicking::panic_with_hook
[INFO] [stdout]    7:     0x561cd8e7f974 - std[70759c8f55707aa4]::panicking::panic_handler::{closure#0}
[INFO] [stdout]    8:     0x561cd8e780d9 - std[70759c8f55707aa4]::sys::backtrace::__rust_end_short_backtrace::<std[70759c8f55707aa4]::panicking::panic_handler::{closure#0}, !>
[INFO] [stdout]    9:     0x561cd8e80a3d - __rustc[8fa7c3cbc660c2b3]::rust_begin_unwind
[INFO] [stdout]   10:     0x561cd8ebee8c - core[df12db4294e9bfd3]::panicking::panic_fmt
[INFO] [stdout]   11:     0x561cd8ebee52 - core[df12db4294e9bfd3]::panicking::panic
[INFO] [stdout]   12:     0x561cd8da1a0d - gossipmesh[bc65481faa02c63c]::cli::tests::test_manifest_no_state
[INFO] [stdout]   13:     0x561cd8dbd0c9 - <gossipmesh[bc65481faa02c63c]::cli::tests::test_manifest_no_state::{closure#0} as core[df12db4294e9bfd3]::ops::function::FnOnce<()>>::call_once
[INFO] [stdout]   14:     0x561cd8dd7afb - test[9d35eded1c95d3be]::__rust_begin_short_backtrace::<core[df12db4294e9bfd3]::result::Result<(), alloc[2182bb758b4b3781]::string::String>, fn() -> core[df12db4294e9bfd3]::result::Result<(), alloc[2182bb758b4b3781]::string::String>>
[INFO] [stdout]   15:     0x561cd8de5165 - test[9d35eded1c95d3be]::run_test::{closure#0}
[INFO] [stdout]   16:     0x561cd8ddea24 - std[70759c8f55707aa4]::sys::backtrace::__rust_begin_short_backtrace::<test[9d35eded1c95d3be]::run_test::{closure#1}, ()>
[INFO] [stdout]   17:     0x561cd8de82c2 - <std[70759c8f55707aa4]::thread::lifecycle::spawn_unchecked<test[9d35eded1c95d3be]::run_test::{closure#1}, ()>::{closure#1} as core[df12db4294e9bfd3]::ops::function::FnOnce<()>>::call_once::{shim:vtable#0}
[INFO] [stdout]   18:     0x561cd8ea6f69 - <std[70759c8f55707aa4]::sys::thread::unix::Thread>::new::thread_start
[INFO] [stdout]   19:     0x76e372a19dfa - <unknown>
[INFO] [stdout]   20:     0x76e372aad3d4 - clone
[INFO] [stdout]   21:                0x0 - <unknown>
[INFO] [stdout] 
[INFO] [stdout] 
[INFO] [stdout] failures:
[INFO] [stdout]     cli::tests::test_init_creates_state
[INFO] [stdout]     cli::tests::test_manifest_no_state
[INFO] [stdout] 
[INFO] [stdout] test result: FAILED. 79 passed; 2 failed; 0 ignored; 0 measured; 0 filtered out; finished in 0.08s
[INFO] [stdout] 
[INFO] running `Command { std: "docker" "inspect" "e5acde8bef8c76d2a6be4ba3e3e0294db75560bfb673710d237af16d231ea9f4", kill_on_drop: false }`
[INFO] running `Command { std: "docker" "rm" "-f" "e5acde8bef8c76d2a6be4ba3e3e0294db75560bfb673710d237af16d231ea9f4", kill_on_drop: false }`
[INFO] [stdout] e5acde8bef8c76d2a6be4ba3e3e0294db75560bfb673710d237af16d231ea9f4
