[INFO] fetching crate goose 0.18.1...
[INFO] testing goose-0.18.1 against 1.100.0-beta.1+cargoflags=--release for beta-release-1.100-2
[INFO] extracting crate goose 0.18.1 into /workspace/builds/worker-7-tc2/source
[INFO] started tweaking crates.io crate goose 0.18.1
[INFO] removed 0 missing examples
[INFO] removed 0 missing tests
[INFO] finished tweaking crates.io crate goose 0.18.1
[INFO] tweaked toml for crates.io crate goose 0.18.1 written to /workspace/builds/worker-7-tc2/source/Cargo.toml
[INFO] validating manifest of crates.io crate goose 0.18.1 on toolchain 1.100.0-beta.1
[INFO] running `Command { std: CARGO_HOME="/workspace/cargo-home" RUSTUP_HOME="/workspace/rustup-home" "/workspace/cargo-home/bin/cargo" "+1.100.0-beta.1" "metadata" "--manifest-path" "Cargo.toml" "--no-deps", kill_on_drop: false }`
[INFO] crate crates.io crate goose 0.18.1 already has a lockfile, it will not be regenerated
[INFO] running `Command { std: CARGO_HOME="/workspace/cargo-home" RUSTUP_HOME="/workspace/rustup-home" "/workspace/cargo-home/bin/cargo" "+1.100.0-beta.1" "fetch" "--manifest-path" "Cargo.toml", kill_on_drop: false }`
[INFO] running `Command { std: "docker" "create" "-v" "/var/lib/crater-agent-workspace/builds/worker-7-tc2/source:/opt/rustwide/workdir:ro,Z" "-v" "/var/lib/crater-agent-workspace/builds/worker-7-tc2/target:/opt/rustwide/target:rw,Z" "-v" "/var/lib/crater-agent-workspace/cargo-home:/opt/rustwide/cargo-home:ro,Z" "-v" "/var/lib/crater-agent-workspace/rustup-home:/opt/rustwide/rustup-home:ro,Z" "-m" "1610612736" "--network" "none" "ghcr.io/rust-lang/crates-build-env/linux@sha256:77db811e55d90add9212f6832c23229e3de5f1c1f9905e8cb07319ea15df73ac" "sleep" "infinity", kill_on_drop: false }`
[INFO] [stdout] 08948c6b0a0b329a723229bc7ed4f5f363843f4b214932411f58511f4b542981
[INFO] running `Command { std: "docker" "start" "08948c6b0a0b329a723229bc7ed4f5f363843f4b214932411f58511f4b542981", kill_on_drop: false }`
[INFO] running `Command { std: "docker" "inspect" "08948c6b0a0b329a723229bc7ed4f5f363843f4b214932411f58511f4b542981", kill_on_drop: false }`
[INFO] running `Command { std: "docker" "exec" "-e" "SOURCE_DIR=/opt/rustwide/workdir" "-e" "CARGO_HOME=/opt/rustwide/cargo-home" "-e" "RUSTUP_HOME=/opt/rustwide/rustup-home" "-e" "CARGO_TARGET_DIR=/opt/rustwide/target" "-w" "/opt/rustwide/workdir" "--user" "0:0" "08948c6b0a0b329a723229bc7ed4f5f363843f4b214932411f58511f4b542981" "/opt/rustwide/cargo-home/bin/cargo" "+1.100.0-beta.1" "metadata" "--no-deps" "--format-version=1", kill_on_drop: false }`
[INFO] running `Command { std: "docker" "inspect" "08948c6b0a0b329a723229bc7ed4f5f363843f4b214932411f58511f4b542981", kill_on_drop: false }`
[INFO] running `Command { std: "docker" "exec" "-e" "SOURCE_DIR=/opt/rustwide/workdir" "-e" "CARGO_HOME=/opt/rustwide/cargo-home" "-e" "RUSTUP_HOME=/opt/rustwide/rustup-home" "-e" "CARGO_TARGET_DIR=/opt/rustwide/target" "-e" "CARGO_INCREMENTAL=0" "-e" "RUST_BACKTRACE=full" "-e" "RUSTFLAGS=--cap-lints=warn" "-e" "RUSTDOCFLAGS=--cap-lints=warn" "-w" "/opt/rustwide/workdir" "--user" "0:0" "08948c6b0a0b329a723229bc7ed4f5f363843f4b214932411f58511f4b542981" "/opt/rustwide/cargo-home/bin/cargo" "+1.100.0-beta.1" "build" "--frozen" "--message-format=json" "--release", kill_on_drop: false }`
[INFO] [stderr]    Compiling proc-macro2 v1.0.93
[INFO] [stderr]    Compiling unicode-ident v1.0.17
[INFO] [stderr]    Compiling libc v0.2.175
[INFO] [stderr]    Compiling itoa v1.0.14
[INFO] [stderr]    Compiling writeable v0.5.5
[INFO] [stderr]    Compiling litemap v0.7.4
[INFO] [stderr]    Compiling smallvec v1.14.0
[INFO] [stderr]    Compiling pkg-config v0.3.31
[INFO] [stderr]    Compiling value-bag v1.10.0
[INFO] [stderr]    Compiling icu_locid_transform_data v1.5.0
[INFO] [stderr]    Compiling http v1.2.0
[INFO] [stderr]    Compiling once_cell v1.20.3
[INFO] [stderr]    Compiling icu_properties_data v1.5.0
[INFO] [stderr]    Compiling log v0.4.26
[INFO] [stderr]    Compiling httparse v1.10.0
[INFO] [stderr]    Compiling icu_normalizer_data v1.5.0
[INFO] [stderr]    Compiling bitflags v2.8.0
[INFO] [stderr]    Compiling utf16_iter v1.0.5
[INFO] [stderr]    Compiling getrandom v0.3.1
[INFO] [stderr]    Compiling write16 v1.0.0
[INFO] [stderr]    Compiling quote v1.0.38
[INFO] [stderr]    Compiling generic-array v0.14.7
[INFO] [stderr]    Compiling syn v2.0.98
[INFO] [stderr]    Compiling openssl v0.10.71
[INFO] [stderr]    Compiling serde v1.0.218
[INFO] [stderr]    Compiling time-macros v0.2.19
[INFO] [stderr]    Compiling num_threads v0.1.7
[INFO] [stderr]    Compiling native-tls v0.2.14
[INFO] [stderr]    Compiling http-body v1.0.1
[INFO] [stderr]    Compiling tracing-core v0.1.33
[INFO] [stderr]    Compiling cookie v0.18.1
[INFO] [stderr]    Compiling lock_api v0.4.12
[INFO] [stderr]    Compiling serde_json v1.0.139
[INFO] [stderr]    Compiling openssl-probe v0.1.6
[INFO] [stderr]    Compiling crypto-common v0.1.6
[INFO] [stderr]    Compiling block-buffer v0.10.4
[INFO] [stderr]    Compiling ryu v1.0.19
[INFO] [stderr]    Compiling syn v1.0.109
[INFO] [stderr]    Compiling digest v0.10.7
[INFO] [stderr]    Compiling jobserver v0.1.32
[INFO] [stderr]    Compiling tracing v0.1.41
[INFO] [stderr]    Compiling miniz_oxide v0.8.5
[INFO] [stderr]    Compiling socket2 v0.5.8
[INFO] [stderr]    Compiling cc v1.2.15
[INFO] [stderr]    Compiling mio v1.0.3
[INFO] [stderr]    Compiling signal-hook-registry v1.4.2
[INFO] [stderr]    Compiling time v0.3.37
[INFO] [stderr]    Compiling rand_core v0.9.3
[INFO] [stderr]    Compiling nix v0.29.0
[INFO] [stderr]    Compiling num-traits v0.2.19
[INFO] [stderr]    Compiling litrs v0.4.2
[INFO] [stderr]    Compiling psl-types v2.0.11
[INFO] [stderr]    Compiling sha1 v0.10.6
[INFO] [stderr]    Compiling flate2 v1.1.0
[INFO] [stderr]    Compiling getrandom v0.2.15
[INFO] [stderr]    Compiling document-features v0.2.11
[INFO] [stderr]    Compiling http-body-util v0.1.3
[INFO] [stderr]    Compiling aho-corasick v1.1.3
[INFO] [stderr]    Compiling rustls-pki-types v1.11.0
[INFO] [stderr]    Compiling regex-syntax v0.8.5
[INFO] [stderr]    Compiling openssl-sys v0.9.106
[INFO] [stderr]    Compiling data-encoding v2.8.0
[INFO] [stderr]    Compiling synstructure v0.13.1
[INFO] [stderr]    Compiling rustls-pemfile v2.2.0
[INFO] [stderr]    Compiling nanorand v0.7.0
[INFO] [stderr]    Compiling regex-automata v0.4.9
[INFO] [stderr]    Compiling zerofrom-derive v0.1.5
[INFO] [stderr]    Compiling yoke-derive v0.7.5
[INFO] [stderr]    Compiling zerovec-derive v0.10.3
[INFO] [stderr]    Compiling displaydoc v0.2.5
[INFO] [stderr]    Compiling zerofrom v0.1.5
[INFO] [stderr]    Compiling yoke v0.7.5
[INFO] [stderr]    Compiling icu_provider_macros v1.5.0
[INFO] [stderr]    Compiling tokio-macros v2.5.0
[INFO] [stderr]    Compiling zerovec v0.10.4
[INFO] [stderr]    Compiling futures-macro v0.3.31
[INFO] [stderr]    Compiling zerocopy-derive v0.7.35
[INFO] [stderr]    Compiling tokio v1.43.0
[INFO] [stderr]    Compiling openssl-macros v0.1.1
[INFO] [stderr]    Compiling serde_derive v1.0.218
[INFO] [stderr]    Compiling futures-util v0.3.31
[INFO] [stderr]    Compiling zerocopy v0.7.35
[INFO] [stderr]    Compiling tinystr v0.7.6
[INFO] [stderr]    Compiling icu_locid v1.5.0
[INFO] [stderr]    Compiling icu_collections v1.5.0
[INFO] [stderr]    Compiling icu_provider v1.5.0
[INFO] [stderr]    Compiling ppv-lite86 v0.2.20
[INFO] [stderr]    Compiling icu_locid_transform v1.5.0
[INFO] [stderr]    Compiling icu_properties v1.5.1
[INFO] [stderr]    Compiling rand_chacha v0.9.0
[INFO] [stderr]    Compiling thiserror-impl v2.0.12
[INFO] [stderr]    Compiling rand v0.9.2
[INFO] [stderr]    Compiling hyper v1.6.0
[INFO] [stderr]    Compiling thiserror v2.0.12
[INFO] [stderr]    Compiling tungstenite v0.27.0
[INFO] [stderr]    Compiling tower v0.5.2
[INFO] [stderr]    Compiling icu_normalizer v1.5.0
[INFO] [stderr]    Compiling idna_adapter v1.2.0
[INFO] [stderr]    Compiling idna v1.0.3
[INFO] [stderr]    Compiling tokio-native-tls v0.3.1
[INFO] [stderr]    Compiling hyper-util v0.1.10
[INFO] [stderr]    Compiling url v2.5.4
[INFO] [stderr]    Compiling publicsuffix v2.3.0
[INFO] [stderr]    Compiling hyper-tls v0.6.0
[INFO] [stderr]    Compiling serde_urlencoded v0.7.1
[INFO] [stderr]    Compiling async-compression v0.4.18
[INFO] [stderr]    Compiling tokio-util v0.7.13
[INFO] [stderr]    Compiling futures-executor v0.3.31
[INFO] [stderr]    Compiling gumdrop_derive v0.8.1
[INFO] [stderr]    Compiling spin v0.9.8
[INFO] [stderr]    Compiling iana-time-zone v0.1.61
[INFO] [stderr]    Compiling either v1.14.0
[INFO] [stderr]    Compiling cookie_store v0.21.1
[INFO] [stderr]    Compiling simplelog v0.12.2
[INFO] [stderr]    Compiling gumdrop v0.8.1
[INFO] [stderr]    Compiling strum_macros v0.27.2
[INFO] [stderr]    Compiling num-format v0.4.4
[INFO] [stderr]    Compiling reqwest v0.12.15
[INFO] [stderr]    Compiling itertools v0.14.0
[INFO] [stderr]    Compiling flume v0.11.1
[INFO] [stderr]    Compiling chrono v0.4.39
[INFO] [stderr]    Compiling futures v0.3.31
[INFO] [stderr]    Compiling tokio-tungstenite v0.27.0
[INFO] [stderr]    Compiling regex v1.11.1
[INFO] [stderr]    Compiling ctrlc v3.4.5
[INFO] [stderr]    Compiling async-trait v0.1.86
[INFO] [stderr]    Compiling strum v0.27.2
[INFO] [stderr]    Compiling downcast-rs v2.0.1
[INFO] [stderr]    Compiling goose v0.18.1 (/opt/rustwide/workdir)
[INFO] [stderr]     Finished `release` profile [optimized] target(s) in 3m 22s
[INFO] [stderr] warning: the following packages contain code that will be rejected by a future version of Rust: nix v0.29.0
[INFO] [stderr] note: to see what the problems were, use the option `--future-incompat-report`, or run `cargo report future-incompatibilities --id 4`
[INFO] running `Command { std: "docker" "inspect" "08948c6b0a0b329a723229bc7ed4f5f363843f4b214932411f58511f4b542981", kill_on_drop: false }`
[INFO] running `Command { std: "docker" "exec" "-e" "SOURCE_DIR=/opt/rustwide/workdir" "-e" "CARGO_HOME=/opt/rustwide/cargo-home" "-e" "RUSTUP_HOME=/opt/rustwide/rustup-home" "-e" "CARGO_TARGET_DIR=/opt/rustwide/target" "-e" "CARGO_INCREMENTAL=0" "-e" "RUST_BACKTRACE=full" "-e" "RUSTFLAGS=--cap-lints=warn" "-e" "RUSTDOCFLAGS=--cap-lints=warn" "-w" "/opt/rustwide/workdir" "--user" "0:0" "08948c6b0a0b329a723229bc7ed4f5f363843f4b214932411f58511f4b542981" "/opt/rustwide/cargo-home/bin/cargo" "+1.100.0-beta.1" "test" "--frozen" "--no-run" "--message-format=json" "--release", kill_on_drop: false }`
[INFO] [stderr]    Compiling parking_lot_core v0.9.10
[INFO] [stderr]    Compiling event-listener-strategy v0.5.3
[INFO] [stderr]    Compiling rustix v0.38.44
[INFO] [stderr]    Compiling aho-corasick v1.1.3
[INFO] [stderr]    Compiling lock_api v0.4.12
[INFO] [stderr]    Compiling cmake v0.1.54
[INFO] [stderr]    Compiling dirs-sys-next v0.1.2
[INFO] [stderr]    Compiling regex-syntax v0.8.5
[INFO] [stderr]    Compiling crunchy v0.2.3
[INFO] [stderr]    Compiling smallvec v1.14.0
[INFO] [stderr]    Compiling async-lock v3.4.0
[INFO] [stderr]    Compiling dirs-next v2.0.0
[INFO] [stderr]    Compiling tiny-keccak v2.0.2
[INFO] [stderr]    Compiling value-bag v1.10.0
[INFO] [stderr]    Compiling aws-lc-sys v0.30.0
[INFO] [stderr]    Compiling siphasher v1.0.1
[INFO] [stderr]    Compiling indexmap v2.7.1
[INFO] [stderr]    Compiling log v0.4.26
[INFO] [stderr]    Compiling phf_shared v0.11.3
[INFO] [stderr]    Compiling parking_lot v0.12.3
[INFO] [stderr]    Compiling term v0.7.0
[INFO] [stderr]    Compiling async-channel v2.3.1
[INFO] [stderr]    Compiling bit-vec v0.6.3
[INFO] [stderr]    Compiling fixedbitset v0.4.2
[INFO] [stderr]    Compiling either v1.14.0
[INFO] [stderr]    Compiling string_cache v0.8.8
[INFO] [stderr]    Compiling itertools v0.11.0
[INFO] [stderr]    Compiling petgraph v0.6.5
[INFO] [stderr]    Compiling bit-set v0.5.3
[INFO] [stderr]    Compiling ascii-canvas v3.0.0
[INFO] [stderr]    Compiling ena v0.14.3
[INFO] [stderr]    Compiling aws-lc-rs v1.13.3
[INFO] [stderr]    Compiling unicode-xid v0.2.6
[INFO] [stderr]    Compiling pico-args v0.5.0
[INFO] [stderr]    Compiling blocking v1.6.1
[INFO] [stderr]    Compiling async-executor v1.13.1
[INFO] [stderr]    Compiling async-channel v1.9.0
[INFO] [stderr]    Compiling regex-automata v0.4.9
[INFO] [stderr]    Compiling async-attributes v1.1.2
[INFO] [stderr]    Compiling http v0.2.12
[INFO] [stderr]    Compiling kv-log-macro v1.0.7
[INFO] [stderr]    Compiling zeroize v1.8.1
[INFO] [stderr]    Compiling lalrpop-util v0.20.2
[INFO] [stderr]    Compiling nix v0.30.1
[INFO] [stderr]    Compiling sdd v3.0.10
[INFO] [stderr]    Compiling rustls v0.23.28
[INFO] [stderr]    Compiling serde_regex v1.1.0
[INFO] [stderr]    Compiling scc v2.3.4
[INFO] [stderr]    Compiling assert-json-diff v2.0.2
[INFO] [stderr]    Compiling serial_test_derive v3.2.0
[INFO] [stderr]    Compiling http-body v0.4.6
[INFO] [stderr]    Compiling hyper v0.14.32
[INFO] [stderr]    Compiling levenshtein v1.0.5
[INFO] [stderr]    Compiling similar v2.7.0
[INFO] [stderr]    Compiling polling v3.7.4
[INFO] [stderr]    Compiling async-io v2.4.0
[INFO] [stderr]    Compiling regex v1.11.1
[INFO] [stderr]    Compiling serial_test v3.2.0
[INFO] [stderr]    Compiling lalrpop v0.20.2
[INFO] [stderr]    Compiling async-signal v0.2.10
[INFO] [stderr]    Compiling async-process v2.3.0
[INFO] [stderr]    Compiling async-global-executor v2.4.1
[INFO] [stderr]    Compiling async-std v1.13.0
[INFO] [stderr]    Compiling async-object-pool v0.1.5
[INFO] [stderr]    Compiling basic-cookies v0.1.5
[INFO] [stderr]    Compiling httpmock v0.7.0
[INFO] [stderr]    Compiling rustls-webpki v0.103.3
[INFO] [stderr]    Compiling goose v0.18.1 (/opt/rustwide/workdir)
[INFO] [stdout] warning: use of deprecated constant `std::f32::EPSILON`: replaced by the `EPSILON` associated constant on `f32`
[INFO] [stdout]     --> src/metrics.rs:3645:59
[INFO] [stdout]      |
[INFO] [stdout] 3645 |         assert!((requests_per_second - 10.0).abs() < f32::EPSILON);
[INFO] [stdout]      |                                                           ^^^^^^^
[INFO] [stdout]      |
[INFO] [stdout]      = note: `#[warn(deprecated)]` on by default
[INFO] [stdout] 
[INFO] [stdout] 
[INFO] [stdout] warning: use of deprecated constant `std::f32::EPSILON`: replaced by the `EPSILON` associated constant on `f32`
[INFO] [stdout]     --> src/metrics.rs:3646:55
[INFO] [stdout]      |
[INFO] [stdout] 3646 |         assert!((fails_per_second - 1.0).abs() < f32::EPSILON);
[INFO] [stdout]      |                                                       ^^^^^^^
[INFO] [stdout] 
[INFO] [stdout] 
[INFO] [stderr]     Finished `release` profile [optimized] target(s) in 12m 31s
[INFO] [stderr] warning: the following packages contain code that will be rejected by a future version of Rust: nix v0.29.0, nix v0.30.1
[INFO] [stderr] note: to see what the problems were, use the option `--future-incompat-report`, or run `cargo report future-incompatibilities --id 7`
[INFO] running `Command { std: "docker" "inspect" "08948c6b0a0b329a723229bc7ed4f5f363843f4b214932411f58511f4b542981", kill_on_drop: false }`
[INFO] running `Command { std: "docker" "exec" "-e" "SOURCE_DIR=/opt/rustwide/workdir" "-e" "CARGO_HOME=/opt/rustwide/cargo-home" "-e" "RUSTUP_HOME=/opt/rustwide/rustup-home" "-e" "CARGO_TARGET_DIR=/opt/rustwide/target" "-e" "CARGO_INCREMENTAL=0" "-e" "RUST_BACKTRACE=full" "-e" "RUSTFLAGS=--cap-lints=warn" "-e" "RUSTDOCFLAGS=--cap-lints=warn" "-w" "/opt/rustwide/workdir" "--user" "0:0" "08948c6b0a0b329a723229bc7ed4f5f363843f4b214932411f58511f4b542981" "/opt/rustwide/cargo-home/bin/cargo" "+1.100.0-beta.1" "test" "--frozen" "--release", kill_on_drop: false }`
[INFO] [stderr] warning: use of deprecated constant `std::f32::EPSILON`: replaced by the `EPSILON` associated constant on `f32`
[INFO] [stderr]     --> src/metrics.rs:3645:59
[INFO] [stderr]      |
[INFO] [stderr] 3645 |         assert!((requests_per_second - 10.0).abs() < f32::EPSILON);
[INFO] [stderr]      |                                                           ^^^^^^^
[INFO] [stderr]      |
[INFO] [stderr]      = note: `#[warn(deprecated)]` on by default
[INFO] [stderr] 
[INFO] [stderr] warning: use of deprecated constant `std::f32::EPSILON`: replaced by the `EPSILON` associated constant on `f32`
[INFO] [stderr]     --> src/metrics.rs:3646:55
[INFO] [stderr]      |
[INFO] [stderr] 3646 |         assert!((fails_per_second - 1.0).abs() < f32::EPSILON);
[INFO] [stderr]      |                                                       ^^^^^^^
[INFO] [stderr] 
[INFO] [stderr] warning: `goose` (lib test) generated 2 warnings
[INFO] [stderr]     Finished `release` profile [optimized] target(s) in 0.55s
[INFO] [stderr] warning: the following packages contain code that will be rejected by a future version of Rust: nix v0.29.0, nix v0.30.1
[INFO] [stderr] note: to see what the problems were, use the option `--future-incompat-report`, or run `cargo report future-incompatibilities --id 7`
[INFO] [stderr]      Running unittests src/lib.rs (/opt/rustwide/target/release/build/goose/877886b2092a6471/out/goose-877886b2092a6471)
[INFO] [stdout] 
[INFO] [stdout] running 34 tests
[INFO] [stdout] test goose::tests::goose_transaction ... ok
[INFO] [stdout] test goose::tests::goose_scenario ... ok
[INFO] [stdout] test graph::test::test_add_timestamp_to_html_graph_data ... ok
[INFO] [stdout] test graph::test::test_graph_markup ... ok
[INFO] [stdout] test graph::test::test_moving_average ... ok
[INFO] [stdout] test graph::test::test_moving_average_cmp ... ok
[INFO] [stdout] test graph::test::test_record_average_response_time_per_second ... ok
[INFO] [stdout] test graph::test::test_record_errors_per_second ... ok
[INFO] [stdout] test graph::test::test_record_requests_per_second ... ok
[INFO] [stdout] test graph::test::test_graph_setters ... ok
[INFO] [stdout] test graph::test::test_record_transactions_per_second ... ok
[INFO] [stdout] test metrics::test::calculate_per_second ... ok
[INFO] [stdout] test metrics::test::goose_raw_request ... ok
[INFO] [stdout] test config::test::set_defaults ... ok
[INFO] [stdout] test graph::test::test_record_users_per_second ... ok
[INFO] [stdout] test metrics::test::max_response_time ... ok
[INFO] [stdout] test metrics::test::max_response_time_percentile ... ok
[INFO] [stdout] test metrics::test::min_response_time ... ok
[INFO] [stdout] test metrics::test::goose_request ... ok
[INFO] [stdout] test report::common::test::format ... ok
[INFO] [stdout] test metrics::test::response_time_merge ... ok
[INFO] [stdout] test tests::test_killswitch_functions ... ok
[INFO] [stdout] test util::tests::median_test ... ok
[INFO] [stdout] test util::tests::hatch_rate ... ok
[INFO] [stdout] test util::tests::greatest_common_divisor ... ok
[INFO] [stdout] test util::tests::timespan ... ok
[INFO] [stdout] test util::tests::truncate ... ok
[INFO] [stdout] test util::tests::valid_host ... ok
[INFO] [stdout] test goose::tests::test_get_mut_session_data ... ok
[INFO] [stdout] test goose::tests::manual_requests ... ok
[INFO] [stdout] test goose::tests::test_set_session_data ... ok
[INFO] [stdout] test goose::tests::test_set_session_data_override ... ok
[INFO] [stdout] test goose::tests::goose_user ... ok
[INFO] [stderr]      Running tests/builder.rs (/opt/rustwide/target/release/build/goose/dfbd254906ed9e8e/out/builder-dfbd254906ed9e8e)
[INFO] [stdout] test util::tests::timer ... ok
[INFO] [stdout] 
[INFO] [stdout] test result: ok. 34 passed; 0 failed; 0 ignored; 0 measured; 0 filtered out; finished in 1.03s
[INFO] [stdout] 
[INFO] [stdout] 
[INFO] [stdout] running 4 tests
[INFO] [stdout] test test_request_builder_gaggle ... ignored
[INFO] [stdout] test test_request_no_builder_gaggle ... ignored
[INFO] [stdout] test test_request_no_builder ... ok
[INFO] [stdout] test test_request_builder ... ok
[INFO] [stdout] 
[INFO] [stdout] test result: ok. 2 passed; 0 failed; 2 ignored; 0 measured; 0 filtered out; finished in 3.25s
[INFO] [stdout] 
[INFO] [stderr]      Running tests/cancel.rs (/opt/rustwide/target/release/build/goose/e34ea92893e6c0b1/out/cancel-e34ea92893e6c0b1)
[INFO] [stdout] 
[INFO] [stdout] running 9 tests
[INFO] [stdout] test test_cancel_iterations_gaggle ... ignored
[INFO] [stdout] test test_cancel_noruntime_gaggle ... ignored
[INFO] [stdout] test test_cancel_runtime_gaggle ... ignored
[INFO] [stdout] 09:52:37 [WARN] caught ctrl-c, stopping...
[INFO] [stdout] test test_cancel_runtime ... ok
[INFO] [stdout] 09:52:40 [WARN] caught ctrl-c, stopping...
[INFO] [stdout] test test_cancel_testplan_increase ... ok
[INFO] [stdout] 09:52:44 [WARN] caught ctrl-c, stopping...
[INFO] [stdout] test test_cancel_iterations ... ok
[INFO] [stdout] 09:52:47 [WARN] caught ctrl-c, stopping...
[INFO] [stdout] test test_cancel_testplan_maintain ... ok
[INFO] [stdout] 09:52:50 [WARN] caught ctrl-c, stopping...
[INFO] [stdout] test test_cancel_noruntime ... ok
[INFO] [stdout] 09:52:54 [WARN] caught ctrl-c, stopping...
[INFO] [stdout] test test_cancel_testplan_decrease ... ok
[INFO] [stdout] 
[INFO] [stdout] test result: ok. 6 passed; 0 failed; 3 ignored; 0 measured; 0 filtered out; finished in 20.35s
[INFO] [stdout] 
[INFO] [stderr]      Running tests/closure.rs (/opt/rustwide/target/release/build/goose/4ea72fa492eb89f3/out/closure-4ea72fa492eb89f3)
[INFO] [stdout] 
[INFO] [stdout] running 2 tests
[INFO] [stdout] test test_single_scenario_closure_gaggle ... ignored
[INFO] [stdout] test test_single_scenario_closure ... ok
[INFO] [stdout] 
[INFO] [stdout] test result: ok. 1 passed; 0 failed; 1 ignored; 0 measured; 0 filtered out; finished in 1.57s
[INFO] [stdout] 
[INFO] [stderr]      Running tests/common.rs (/opt/rustwide/target/release/build/goose/586c3c518af88daa/out/common-586c3c518af88daa)
[INFO] [stderr]      Running tests/controller.rs (/opt/rustwide/target/release/build/goose/76b7511e32002217/out/controller-76b7511e32002217)
[INFO] [stdout] 
[INFO] [stdout] running 0 tests
[INFO] [stdout] 
[INFO] [stdout] test result: ok. 0 passed; 0 failed; 0 ignored; 0 measured; 0 filtered out; finished in 0.00s
[INFO] [stdout] 
[INFO] [stdout] 
[INFO] [stdout] running 2 tests
[INFO] [stdout] test test_telnet_controller ... FAILED
[INFO] [stdout] test test_websocket_controller ... ok
[INFO] [stdout] 
[INFO] [stdout] failures:
[INFO] [stdout] 
[INFO] [stdout] ---- test_telnet_controller stdout ----
[INFO] [stdout] 
[INFO] [stdout] thread 'test_telnet_controller' (5861) panicked at tests/common.rs:121:54:
[INFO] [stdout] called `Result::unwrap()` on an `Err` value: InvalidOption { option: "--report-file", value: "test-controller-report.html", detail: "Failed to create report file: Read-only file system (os error 30)" }
[INFO] [stdout] stack backtrace:
[INFO] [stdout]    0:     0x60c97e17ca61 - <<std[617be2ca0a6fd877]::sys::backtrace::BacktraceLock>::print::DisplayBacktrace as core[a373ad73a504971]::fmt::Display>::fmt
[INFO] [stdout]    1:     0x60c97e195aaa - core[a373ad73a504971]::fmt::write
[INFO] [stdout]    2:     0x60c97e18183c - <alloc[2e1b2a31b91974c5]::vec::Vec<u8> as core[a373ad73a504971]::io::write::Write>::write_fmt
[INFO] [stdout]    3:     0x60c97e1565a6 - std[617be2ca0a6fd877]::panicking::default_hook::{closure#0}
[INFO] [stdout]    4:     0x60c97e173739 - std[617be2ca0a6fd877]::panicking::default_hook
[INFO] [stdout]    5:     0x60c97ddd46c0 - test[aada8e7e76ba119b]::test_main_inner::{closure#0}
[INFO] [stdout]    6:     0x60c97e173a62 - std[617be2ca0a6fd877]::panicking::panic_with_hook
[INFO] [stdout]    7:     0x60c97e156652 - std[617be2ca0a6fd877]::panicking::panic_handler::{closure#0}
[INFO] [stdout]    8:     0x60c97e14f049 - std[617be2ca0a6fd877]::sys::backtrace::__rust_end_short_backtrace::<std[617be2ca0a6fd877]::panicking::panic_handler::{closure#0}, !>
[INFO] [stdout]    9:     0x60c97e15744d - __rustc[ea4f61d10b84890b]::rust_begin_unwind
[INFO] [stdout]   10:     0x60c97e19628c - core[a373ad73a504971]::panicking::panic_fmt
[INFO] [stdout]   11:     0x60c97e196062 - core[a373ad73a504971]::result::unwrap_failed
[INFO] [stdout]   12:     0x60c97dd4e8d4 - <tokio[6003d621b177e0ff]::time::timeout::Timeout<controller[de8f1c91c920dd96]::common::run_load_test::{closure#0}> as core[a373ad73a504971]::future::future::Future>::poll
[INFO] [stdout]   13:     0x60c97ddbaa23 - controller[de8f1c91c920dd96]::run_standalone_test::{closure#0}
[INFO] [stdout]   14:     0x60c97ddbbb8f - controller[de8f1c91c920dd96]::test_telnet_controller::{closure#0}
[INFO] [stdout]   15:     0x60c97dd5a80a - <tokio[6003d621b177e0ff]::runtime::park::CachedParkThread>::block_on::<core[a373ad73a504971]::pin::Pin<&mut dyn core[a373ad73a504971]::future::future::Future<Output = ()>>>
[INFO] [stdout]   16:     0x60c97dd65b85 - <tokio[6003d621b177e0ff]::runtime::runtime::Runtime>::block_on::<core[a373ad73a504971]::pin::Pin<&mut dyn core[a373ad73a504971]::future::future::Future<Output = ()>>>
[INFO] [stdout]   17:     0x60c97ddbfea0 - <controller[de8f1c91c920dd96]::test_telnet_controller::{closure#0} as core[a373ad73a504971]::ops::function::FnOnce<()>>::call_once
[INFO] [stdout]   18:     0x60c97ddc7b0b - test[aada8e7e76ba119b]::__rust_begin_short_backtrace::<core[a373ad73a504971]::result::Result<(), alloc[2e1b2a31b91974c5]::string::String>, fn() -> core[a373ad73a504971]::result::Result<(), alloc[2e1b2a31b91974c5]::string::String>>
[INFO] [stdout]   19:     0x60c97ddd4ce5 - test[aada8e7e76ba119b]::run_test::{closure#0}
[INFO] [stdout]   20:     0x60c97ddce5d4 - std[617be2ca0a6fd877]::sys::backtrace::__rust_begin_short_backtrace::<test[aada8e7e76ba119b]::run_test::{closure#1}, ()>
[INFO] [stdout]   21:     0x60c97ddd7d72 - <std[617be2ca0a6fd877]::thread::lifecycle::spawn_unchecked<test[aada8e7e76ba119b]::run_test::{closure#1}, ()>::{closure#1} as core[a373ad73a504971]::ops::function::FnOnce<()>>::call_once::{shim:vtable#0}
[INFO] [stdout]   22:     0x60c97e17b64f - <std[617be2ca0a6fd877]::sys::thread::unix::Thread>::new::thread_start
[INFO] [stdout]   23:     0x7a30f6916dfa - <unknown>
[INFO] [stdout]   24:     0x7a30f69aa3d4 - clone
[INFO] [stdout]   25:                0x0 - <unknown>
[INFO] [stdout] 
[INFO] [stdout] 
[INFO] [stdout] failures:
[INFO] [stdout]     test_telnet_controller
[INFO] [stdout] 
[INFO] [stdout] test result: FAILED. 1 passed; 1 failed; 0 ignored; 0 measured; 0 filtered out; finished in 13.57s
[INFO] [stdout] 
[INFO] [stderr] error: test failed, to rerun pass `--test controller`
[INFO] running `Command { std: "docker" "inspect" "08948c6b0a0b329a723229bc7ed4f5f363843f4b214932411f58511f4b542981", kill_on_drop: false }`
[INFO] running `Command { std: "docker" "rm" "-f" "08948c6b0a0b329a723229bc7ed4f5f363843f4b214932411f58511f4b542981", kill_on_drop: false }`
[INFO] [stdout] 08948c6b0a0b329a723229bc7ed4f5f363843f4b214932411f58511f4b542981
