[INFO] fetching crate gload 0.5.1...
[INFO] testing gload-0.5.1 against 1.100.0-beta.1+cargoflags=--release for beta-release-1.100-2
[INFO] extracting crate gload 0.5.1 into /workspace/builds/worker-3-tc2/source
[INFO] started tweaking crates.io crate gload 0.5.1
[INFO] removed 0 missing examples
[INFO] finished tweaking crates.io crate gload 0.5.1
[INFO] tweaked toml for crates.io crate gload 0.5.1 written to /workspace/builds/worker-3-tc2/source/Cargo.toml
[INFO] validating manifest of crates.io crate gload 0.5.1 on toolchain 1.100.0-beta.1
[INFO] running `Command { std: CARGO_HOME="/workspace/cargo-home" RUSTUP_HOME="/workspace/rustup-home" "/workspace/cargo-home/bin/cargo" "+1.100.0-beta.1" "metadata" "--manifest-path" "Cargo.toml" "--no-deps", kill_on_drop: false }`
[INFO] crate crates.io crate gload 0.5.1 already has a lockfile, it will not be regenerated
[INFO] running `Command { std: CARGO_HOME="/workspace/cargo-home" RUSTUP_HOME="/workspace/rustup-home" "/workspace/cargo-home/bin/cargo" "+1.100.0-beta.1" "fetch" "--manifest-path" "Cargo.toml", kill_on_drop: false }`
[INFO] running `Command { std: "docker" "create" "-v" "/var/lib/crater-agent-workspace/builds/worker-3-tc2/source:/opt/rustwide/workdir:ro,Z" "-v" "/var/lib/crater-agent-workspace/builds/worker-3-tc2/target:/opt/rustwide/target:rw,Z" "-v" "/var/lib/crater-agent-workspace/cargo-home:/opt/rustwide/cargo-home:ro,Z" "-v" "/var/lib/crater-agent-workspace/rustup-home:/opt/rustwide/rustup-home:ro,Z" "-m" "1610612736" "--network" "none" "ghcr.io/rust-lang/crates-build-env/linux@sha256:77db811e55d90add9212f6832c23229e3de5f1c1f9905e8cb07319ea15df73ac" "sleep" "infinity", kill_on_drop: false }`
[INFO] [stdout] 9b2020e1e2da8f0c253c7249ba57a3b973a89f4f451b1f1853d3fdfeb287f656
[INFO] running `Command { std: "docker" "start" "9b2020e1e2da8f0c253c7249ba57a3b973a89f4f451b1f1853d3fdfeb287f656", kill_on_drop: false }`
[INFO] running `Command { std: "docker" "inspect" "9b2020e1e2da8f0c253c7249ba57a3b973a89f4f451b1f1853d3fdfeb287f656", kill_on_drop: false }`
[INFO] running `Command { std: "docker" "exec" "-e" "SOURCE_DIR=/opt/rustwide/workdir" "-e" "CARGO_HOME=/opt/rustwide/cargo-home" "-e" "RUSTUP_HOME=/opt/rustwide/rustup-home" "-e" "CARGO_TARGET_DIR=/opt/rustwide/target" "-w" "/opt/rustwide/workdir" "--user" "0:0" "9b2020e1e2da8f0c253c7249ba57a3b973a89f4f451b1f1853d3fdfeb287f656" "/opt/rustwide/cargo-home/bin/cargo" "+1.100.0-beta.1" "metadata" "--no-deps" "--format-version=1", kill_on_drop: false }`
[INFO] running `Command { std: "docker" "inspect" "9b2020e1e2da8f0c253c7249ba57a3b973a89f4f451b1f1853d3fdfeb287f656", kill_on_drop: false }`
[INFO] running `Command { std: "docker" "exec" "-e" "SOURCE_DIR=/opt/rustwide/workdir" "-e" "CARGO_HOME=/opt/rustwide/cargo-home" "-e" "RUSTUP_HOME=/opt/rustwide/rustup-home" "-e" "CARGO_TARGET_DIR=/opt/rustwide/target" "-e" "CARGO_INCREMENTAL=0" "-e" "RUST_BACKTRACE=full" "-e" "RUSTFLAGS=--cap-lints=warn" "-e" "RUSTDOCFLAGS=--cap-lints=warn" "-w" "/opt/rustwide/workdir" "--user" "0:0" "9b2020e1e2da8f0c253c7249ba57a3b973a89f4f451b1f1853d3fdfeb287f656" "/opt/rustwide/cargo-home/bin/cargo" "+1.100.0-beta.1" "build" "--frozen" "--message-format=json" "--release", kill_on_drop: false }`
[INFO] [stderr]    Compiling libc v0.2.182
[INFO] [stderr]    Compiling smallvec v1.15.1
[INFO] [stderr]    Compiling num-traits v0.2.19
[INFO] [stderr]    Compiling quote v1.0.44
[INFO] [stderr]    Compiling zeroize v1.8.2
[INFO] [stderr]    Compiling litemap v0.8.1
[INFO] [stderr]    Compiling serde_core v1.0.228
[INFO] [stderr]    Compiling writeable v0.6.2
[INFO] [stderr]    Compiling syn v2.0.117
[INFO] [stderr]    Compiling icu_normalizer_data v2.1.1
[INFO] [stderr]    Compiling icu_properties_data v2.1.2
[INFO] [stderr]    Compiling time-core v0.1.8
[INFO] [stderr]    Compiling num-conv v0.2.0
[INFO] [stderr]    Compiling powerfmt v0.2.0
[INFO] [stderr]    Compiling aws-lc-rs v1.16.1
[INFO] [stderr]    Compiling nom v7.1.3
[INFO] [stderr]    Compiling time-macros v0.2.27
[INFO] [stderr]    Compiling rustls-pki-types v1.14.0
[INFO] [stderr]    Compiling deranged v0.5.8
[INFO] [stderr]    Compiling jobserver v0.1.34
[INFO] [stderr]    Compiling parking_lot_core v0.9.12
[INFO] [stderr]    Compiling thiserror v1.0.69
[INFO] [stderr]    Compiling cc v1.2.56
[INFO] [stderr]    Compiling errno v0.3.14
[INFO] [stderr]    Compiling winnow v0.7.14
[INFO] [stderr]    Compiling signal-hook-registry v1.4.8
[INFO] [stderr]    Compiling parking_lot v0.12.5
[INFO] [stderr]    Compiling num-integer v0.1.46
[INFO] [stderr]    Compiling time v0.3.47
[INFO] [stderr]    Compiling cmake v0.1.57
[INFO] [stderr]    Compiling rusticata-macros v4.1.0
[INFO] [stderr]    Compiling toml_datetime v1.0.0+spec-1.1.0
[INFO] [stderr]    Compiling serde_spanned v1.0.4
[INFO] [stderr]    Compiling mio v1.1.1
[INFO] [stderr]    Compiling socket2 v0.6.2
[INFO] [stderr]    Compiling toml_writer v1.0.6+spec-1.1.0
[INFO] [stderr]    Compiling aws-lc-sys v0.38.0
[INFO] [stderr]    Compiling rustls v0.23.37
[INFO] [stderr]    Compiling oid-registry v0.8.1
[INFO] [stderr]    Compiling num-bigint v0.4.6
[INFO] [stderr]    Compiling anstyle v1.0.13
[INFO] [stderr]    Compiling toml_parser v1.0.9+spec-1.1.0
[INFO] [stderr]    Compiling percent-encoding v2.3.2
[INFO] [stderr]    Compiling unicase v2.9.0
[INFO] [stderr]    Compiling clap_lex v1.0.0
[INFO] [stderr]    Compiling form_urlencoded v1.2.2
[INFO] [stderr]    Compiling clap_builder v4.5.60
[INFO] [stderr]    Compiling toml v1.0.3+spec-1.1.0
[INFO] [stderr]    Compiling futures-sink v0.3.32
[INFO] [stderr]    Compiling rustls-native-certs v0.8.3
[INFO] [stderr]    Compiling webpki-roots v1.0.6
[INFO] [stderr]    Compiling normalize-path v0.2.1
[INFO] [stderr]    Compiling synstructure v0.13.2
[INFO] [stderr]    Compiling displaydoc v0.2.5
[INFO] [stderr]    Compiling zerofrom-derive v0.1.6
[INFO] [stderr]    Compiling yoke-derive v0.8.1
[INFO] [stderr]    Compiling zerovec-derive v0.11.2
[INFO] [stderr]    Compiling thiserror-impl v2.0.18
[INFO] [stderr]    Compiling thiserror-impl v1.0.69
[INFO] [stderr]    Compiling asn1-rs-derive v0.6.0
[INFO] [stderr]    Compiling asn1-rs-impl v0.2.0
[INFO] [stderr]    Compiling zerofrom v0.1.6
[INFO] [stderr]    Compiling yoke v0.8.1
[INFO] [stderr]    Compiling tokio-macros v2.6.1
[INFO] [stderr]    Compiling zerovec v0.11.5
[INFO] [stderr]    Compiling zerotrie v0.2.3
[INFO] [stderr]    Compiling thiserror v2.0.18
[INFO] [stderr]    Compiling asn1-rs v0.7.1
[INFO] [stderr]    Compiling serde_derive v1.0.228
[INFO] [stderr]    Compiling rustc-host v0.1.7
[INFO] [stderr]    Compiling tokio v1.49.0
[INFO] [stderr]    Compiling clap_derive v4.5.55
[INFO] [stderr]    Compiling tinystr v0.8.2
[INFO] [stderr]    Compiling icu_locale_core v2.1.1
[INFO] [stderr]    Compiling potential_utf v0.1.4
[INFO] [stderr]    Compiling icu_collections v2.1.1
[INFO] [stderr]    Compiling icu_provider v2.1.1
[INFO] [stderr]    Compiling icu_properties v2.1.2
[INFO] [stderr]    Compiling icu_normalizer v2.1.1
[INFO] [stderr]    Compiling serde v1.0.228
[INFO] [stderr]    Compiling idna_adapter v1.2.1
[INFO] [stderr]    Compiling idna v1.1.0
[INFO] [stderr]    Compiling der-parser v10.0.0
[INFO] [stderr]    Compiling gload v0.5.1 (/opt/rustwide/workdir)
[INFO] [stderr]    Compiling clap v4.5.60
[INFO] [stderr]    Compiling url v2.5.8
[INFO] [stderr]    Compiling x509-parser v0.18.1
[INFO] [stderr]    Compiling tokio-util v0.7.18
[INFO] [stderr]    Compiling rustls-webpki v0.103.9
[INFO] [stderr]    Compiling tokio-rustls v0.26.4
[INFO] [stderr]     Finished `release` profile [optimized] target(s) in 3m 51s
[INFO] running `Command { std: "docker" "inspect" "9b2020e1e2da8f0c253c7249ba57a3b973a89f4f451b1f1853d3fdfeb287f656", kill_on_drop: false }`
[INFO] running `Command { std: "docker" "exec" "-e" "SOURCE_DIR=/opt/rustwide/workdir" "-e" "CARGO_HOME=/opt/rustwide/cargo-home" "-e" "RUSTUP_HOME=/opt/rustwide/rustup-home" "-e" "CARGO_TARGET_DIR=/opt/rustwide/target" "-e" "CARGO_INCREMENTAL=0" "-e" "RUST_BACKTRACE=full" "-e" "RUSTFLAGS=--cap-lints=warn" "-e" "RUSTDOCFLAGS=--cap-lints=warn" "-w" "/opt/rustwide/workdir" "--user" "0:0" "9b2020e1e2da8f0c253c7249ba57a3b973a89f4f451b1f1853d3fdfeb287f656" "/opt/rustwide/cargo-home/bin/cargo" "+1.100.0-beta.1" "test" "--frozen" "--no-run" "--message-format=json" "--release", kill_on_drop: false }`
[INFO] [stderr]    Compiling litemap v0.8.1
[INFO] [stderr]    Compiling writeable v0.6.2
[INFO] [stderr]    Compiling zerofrom v0.1.6
[INFO] [stderr]    Compiling openssl-src v300.5.5+3.5.5
[INFO] [stderr]    Compiling pkg-config v0.3.32
[INFO] [stderr]    Compiling icu_normalizer_data v2.1.1
[INFO] [stderr]    Compiling icu_properties_data v2.1.2
[INFO] [stderr]    Compiling smallvec v1.15.1
[INFO] [stderr]    Compiling getrandom v0.2.17
[INFO] [stderr]    Compiling yoke v0.8.1
[INFO] [stderr]    Compiling getrandom v0.4.1
[INFO] [stderr]    Compiling ring v0.17.14
[INFO] [stderr]    Compiling openssl v0.10.75
[INFO] [stderr]    Compiling openssl-sys v0.9.111
[INFO] [stderr]    Compiling predicates-core v1.0.10
[INFO] [stderr]    Compiling rustls v0.23.37
[INFO] [stderr]    Compiling zerovec v0.11.5
[INFO] [stderr]    Compiling zerotrie v0.2.3
[INFO] [stderr]    Compiling openssl-macros v0.1.1
[INFO] [stderr]    Compiling base64 v0.22.1
[INFO] [stderr]    Compiling tinystr v0.8.2
[INFO] [stderr]    Compiling potential_utf v0.1.4
[INFO] [stderr]    Compiling icu_collections v2.1.1
[INFO] [stderr]    Compiling termtree v0.5.1
[INFO] [stderr]    Compiling icu_locale_core v2.1.1
[INFO] [stderr]    Compiling tokio-openssl v0.6.5
[INFO] [stderr]    Compiling assert_cmd v2.1.2
[INFO] [stderr]    Compiling regex-automata v0.4.14
[INFO] [stderr]    Compiling difflib v0.4.0
[INFO] [stderr]    Compiling pem v3.0.6
[INFO] [stderr]    Compiling predicates-tree v1.0.13
[INFO] [stderr]    Compiling icu_provider v2.1.1
[INFO] [stderr]    Compiling predicates v3.1.4
[INFO] [stderr]    Compiling icu_normalizer v2.1.1
[INFO] [stderr]    Compiling icu_properties v2.1.2
[INFO] [stderr]    Compiling bstr v1.12.1
[INFO] [stderr]    Compiling tempfile v3.26.0
[INFO] [stderr]    Compiling idna_adapter v1.2.1
[INFO] [stderr]    Compiling idna v1.1.0
[INFO] [stderr]    Compiling gload v0.5.1 (/opt/rustwide/workdir)
[INFO] [stderr]    Compiling uuid v1.4.1
[INFO] [stderr]    Compiling yasna v0.5.2
[INFO] [stderr]    Compiling console v0.15.11
[INFO] [stderr]    Compiling url v2.5.8
[INFO] [stderr]    Compiling wait-timeout v0.2.1
[INFO] [stderr]    Compiling similar v2.7.0
[INFO] [stderr]    Compiling url-static v0.1.4
[INFO] [stderr]    Compiling mktemp v0.5.1
[INFO] [stderr]    Compiling mediatype v0.21.0
[INFO] [stderr]    Compiling insta v1.46.3
[INFO] [stderr]    Compiling signal-child v1.0.6
[INFO] [stderr]    Compiling tokio-rustls v0.26.4
[INFO] [stderr]    Compiling rcgen v0.14.7
[INFO] [stdout] warning: use of deprecated associated function `assert_cmd::cargo::CommandCargoExt::cargo_bin`: incompatible with a custom cargo build-dir, see instead `cargo::cargo_bin!`
[INFO] [stdout]    --> src/main.rs:652:30
[INFO] [stdout]     |
[INFO] [stdout] 652 |                 let mut child = Command::cargo_bin(crate_name!())
[INFO] [stdout]     |                                          ^^^^^^^^^
[INFO] [stdout]     |
[INFO] [stdout]     = note: `#[warn(deprecated)]` on by default
[INFO] [stdout] 
[INFO] [stdout] 
[INFO] [stdout] warning: use of deprecated associated function `assert_cmd::cargo::CommandCargoExt::cargo_bin`: incompatible with a custom cargo build-dir, see instead `cargo::cargo_bin!`
[INFO] [stdout]    --> src/main.rs:674:30
[INFO] [stdout]     |
[INFO] [stdout] 674 |                 let mut child = Command::cargo_bin(crate_name!())
[INFO] [stdout]     |                                          ^^^^^^^^^
[INFO] [stdout] 
[INFO] [stdout] 
[INFO] [stderr]     Finished `release` profile [optimized] target(s) in 6m 37s
[INFO] running `Command { std: "docker" "inspect" "9b2020e1e2da8f0c253c7249ba57a3b973a89f4f451b1f1853d3fdfeb287f656", kill_on_drop: false }`
[INFO] running `Command { std: "docker" "exec" "-e" "SOURCE_DIR=/opt/rustwide/workdir" "-e" "CARGO_HOME=/opt/rustwide/cargo-home" "-e" "RUSTUP_HOME=/opt/rustwide/rustup-home" "-e" "CARGO_TARGET_DIR=/opt/rustwide/target" "-e" "CARGO_INCREMENTAL=0" "-e" "RUST_BACKTRACE=full" "-e" "RUSTFLAGS=--cap-lints=warn" "-e" "RUSTDOCFLAGS=--cap-lints=warn" "-w" "/opt/rustwide/workdir" "--user" "0:0" "9b2020e1e2da8f0c253c7249ba57a3b973a89f4f451b1f1853d3fdfeb287f656" "/opt/rustwide/cargo-home/bin/cargo" "+1.100.0-beta.1" "test" "--frozen" "--release", kill_on_drop: false }`
[INFO] [stderr]    Compiling gload v0.5.1 (/opt/rustwide/workdir)
[INFO] [stderr] warning: use of deprecated associated function `assert_cmd::cargo::CommandCargoExt::cargo_bin`: incompatible with a custom cargo build-dir, see instead `cargo::cargo_bin!`
[INFO] [stderr]    --> src/main.rs:652:30
[INFO] [stderr]     |
[INFO] [stderr] 652 |                 let mut child = Command::cargo_bin(crate_name!())
[INFO] [stderr]     |                                          ^^^^^^^^^
[INFO] [stderr]     |
[INFO] [stderr]     = note: `#[warn(deprecated)]` on by default
[INFO] [stderr] 
[INFO] [stderr] warning: use of deprecated associated function `assert_cmd::cargo::CommandCargoExt::cargo_bin`: incompatible with a custom cargo build-dir, see instead `cargo::cargo_bin!`
[INFO] [stderr]    --> src/main.rs:674:30
[INFO] [stderr]     |
[INFO] [stderr] 674 |                 let mut child = Command::cargo_bin(crate_name!())
[INFO] [stderr]     |                                          ^^^^^^^^^
[INFO] [stderr] 
[INFO] [stderr] warning: `gload` (bin "gload" test) generated 2 warnings
[INFO] [stderr]     Finished `release` profile [optimized] target(s) in 30.76s
[INFO] [stderr]      Running unittests src/lib.rs (/opt/rustwide/target/release/build/gload/66ea980386459e2d/out/gload-66ea980386459e2d)
[INFO] [stdout] 
[INFO] [stdout] running 60 tests
[INFO] [stdout] test net::tests::test_redir_by_path_target ... ok
[INFO] [stdout] test net::tests::test_redir_by_uri_target ... ok
[INFO] [stdout] test net::tests::test_resolves_all_address_families ... ok
[INFO] [stdout] test net::tests::test_resolves_only_ipv4 ... ok
[INFO] [stdout] test net::tests::test_resolves_only_ipv6 ... ok
[INFO] [stdout] test net::tests::test_sync_api ... ok
[INFO] [stdout] test request::tests::test_adds_gemini_protocol_if_none_given ... ok
[INFO] [stdout] test request::tests::test_constructs_request ... ok
[INFO] [stdout] test request::tests::test_fails_for_missing_host ... ok
[INFO] [stdout] test request::tests::test_fails_for_non_gemini_protocol ... ok
[INFO] [stdout] test request::tests::test_fails_for_too_long_uri ... ok
[INFO] [stdout] test request::tests::test_fails_for_userinfo_url ... ok
[INFO] [stdout] test request::tests::test_fails_to_parse_bad_string_even_with_assumed_protocol ... ok
[INFO] [stdout] test request::tests::test_for_exact_length_uri ... ok
[INFO] [stdout] test request::tests::test_for_right_length_uri ... ok
[INFO] [stdout] test response::tests::test_fails_to_parse_empty_buffer ... ok
[INFO] [stdout] test response::tests::test_fails_to_parse_non_utf8_header ... ok
[INFO] [stdout] test response::tests::test_fails_to_parse_non_utf8_separator ... ok
[INFO] [stdout] test response::tests::test_fails_to_parse_non_utf8_status ... ok
[INFO] [stdout] test response::tests::test_fails_to_parse_single_byte ... ok
[INFO] [stdout] test response::tests::test_invalid_statuses ... ok
[INFO] [stdout] test net::tests::test_cancelling_before_flight ... ok
[INFO] [stdout] test response::tests::test_response_from_bytes_with_extra_leading_body_space ... ok
[INFO] [stdout] test response::tests::test_response_from_bytes_with_extra_trailing_body_space ... ok
[INFO] [stdout] test response::tests::test_response_from_bytes_with_no_body ... ok
[INFO] [stdout] test response::tests::test_raw_resolution ... ok
[INFO] [stdout] test response::tests::test_response_from_bytes_without_trailing_newline ... ok
[INFO] [stdout] test response::tests::test_response_from_malformed_bytes_with_byte_order_at_start ... ok
[INFO] [stdout] test response::tests::test_response_from_malformed_bytes_with_nbsp ... ok
[INFO] [stdout] test response::tests::test_response_from_malformed_bytes_with_extra_meta_space ... ok
[INFO] [stdout] test response::tests::test_response_from_malformed_bytes_with_no_delimiter ... ok
[INFO] [stdout] test response::tests::test_response_from_malformed_bytes_with_no_mime ... ok
[INFO] [stdout] test response::tests::test_response_from_malformed_bytes_with_no_mime_no_delimiter_and_weird_status ... ok
[INFO] [stdout] test response::tests::test_response_from_malformed_bytes_with_no_mime_no_line_feed ... ok
[INFO] [stdout] test response::tests::test_response_from_malformed_bytes_with_no_mime_reversed_delimiter ... ok
[INFO] [stdout] test response::tests::test_response_from_malformed_bytes_with_no_separation_after_status ... ok
[INFO] [stdout] test response::tests::test_response_from_reasonable_bytes ... ok
[INFO] [stdout] test response::tests::test_response_from_malformed_bytes_with_no_mime_no_delimiter ... ok
[INFO] [stdout] test response::tests::test_response_from_weird_status ... ok
[INFO] [stdout] test response::tests::test_valid_statuses ... ok
[INFO] [stdout] test response::tests::test_response_from_reasonable_bytes_with_non_unicode_body ... ok
[INFO] [stdout] test net::tests::test_fails_to_redir_when_limit_is_two ... ok
[INFO] [stdout] test tls::tests::test_fails_when_close_notify_is_missing ... ok
[INFO] [stdout] test net::tests::test_cancelling_during_flight ... FAILED
[INFO] [stdout] test net::tests::test_fails_to_redir_when_limit_is_default ... ok
[INFO] [stdout] test net::tests::test_fails_to_redir_when_limit_is_one ... ok
[INFO] [stdout] test tls::tests::test_rejects_ancient_cert ... ok
[INFO] [stdout] test net::tests::test_fails_to_redir_when_limit_is_zero ... ok
[INFO] [stdout] test net::tests::test_succeeds_when_redir_limit_is_one_and_only_one_redir ... ok
[INFO] [stdout] test tls::tests::test_rejects_cert_with_different_subject_alt_name_and_matching_common_name ... ok
[INFO] [stdout] test tls::tests::test_rejects_cert_with_no_name ... ok
[INFO] [stdout] test tls::tests::test_rejects_cert_with_no_subject_alt_name_and_different_common_name ... ok
[INFO] [stdout] test tls::tests::test_rejects_cert_with_different_subject_alt_name ... ok
[INFO] [stdout] test tls::tests::test_rejects_future_cert ... ok
[INFO] [stdout] test tls::tests::test_validates_cert_with_only_common_name ... ok
[INFO] [stdout] test tls::tests::test_rejects_expired_cert ... ok
[INFO] [stdout] test tls::tests::test_validates_cert_with_only_common_name_with_other_details ... ok
[INFO] [stdout] test tls::tests::test_validates_cert_with_subject_alt_name ... ok
[INFO] [stdout] test tls::tests::test_validates_cert_with_subject_alt_name_with_different_common_name ... ok
[INFO] [stderr] error: test failed, to rerun pass `--lib`
[INFO] [stdout] test tls::tests::test_validates_old_cert_still_valid ... ok
[INFO] [stdout] 
[INFO] [stdout] failures:
[INFO] [stdout] 
[INFO] [stdout] ---- net::tests::test_cancelling_during_flight stdout ----
[INFO] [stdout] 
[INFO] [stdout] thread 'test-server-runtime-worker' (14373) panicked at src/test_server.rs:166:64:
[INFO] [stdout] called `Result::unwrap()` on an `Err` value: Error { code: ErrorCode(5), cause: None }
[INFO] [stdout] stack backtrace:
[INFO] [stdout]    0:     0x5664ce59dce1 - <<std[617be2ca0a6fd877]::sys::backtrace::BacktraceLock>::print::DisplayBacktrace as core[a373ad73a504971]::fmt::Display>::fmt
[INFO] [stdout]    1:     0x5664ce5b3fba - core[a373ad73a504971]::fmt::write
[INFO] [stdout]    2:     0x5664ce5a286c - <alloc[2e1b2a31b91974c5]::vec::Vec<u8> as core[a373ad73a504971]::io::write::Write>::write_fmt
[INFO] [stdout]    3:     0x5664ce5777b6 - std[617be2ca0a6fd877]::panicking::default_hook::{closure#0}
[INFO] [stdout]    4:     0x5664ce594e49 - std[617be2ca0a6fd877]::panicking::default_hook
[INFO] [stdout]    5:     0x5664cdea0d90 - test[aada8e7e76ba119b]::test_main_inner::{closure#0}
[INFO] [stdout]    6:     0x5664ce595172 - std[617be2ca0a6fd877]::panicking::panic_with_hook
[INFO] [stdout]    7:     0x5664ce577862 - std[617be2ca0a6fd877]::panicking::panic_handler::{closure#0}
[INFO] [stdout]    8:     0x5664ce570309 - std[617be2ca0a6fd877]::sys::backtrace::__rust_end_short_backtrace::<std[617be2ca0a6fd877]::panicking::panic_handler::{closure#0}, !>
[INFO] [stdout]    9:     0x5664ce57865d - __rustc[ea4f61d10b84890b]::rust_begin_unwind
[INFO] [stdout]   10:     0x5664ce5b471c - core[a373ad73a504971]::panicking::panic_fmt
[INFO] [stdout]   11:     0x5664ce5b44f2 - core[a373ad73a504971]::result::unwrap_failed
[INFO] [stdout]   12:     0x5664cde35c47 - gload[e888cc3c7dbfe664]::test_server::start_gemini_server::{closure#0}::{closure#1}
[INFO] [stdout]   13:     0x5664cde38816 - <tokio[1a6f37de570e5a49]::runtime::task::core::Core<gload[e888cc3c7dbfe664]::test_server::start_gemini_server::{closure#0}::{closure#1}, alloc[2e1b2a31b91974c5]::sync::Arc<tokio[1a6f37de570e5a49]::runtime::scheduler::multi_thread::handle::Handle>>>::poll
[INFO] [stdout]   14:     0x5664cde1f66f - <tokio[1a6f37de570e5a49]::runtime::task::harness::Harness<gload[e888cc3c7dbfe664]::test_server::start_gemini_server::{closure#0}::{closure#1}, alloc[2e1b2a31b91974c5]::sync::Arc<tokio[1a6f37de570e5a49]::runtime::scheduler::multi_thread::handle::Handle>>>::poll
[INFO] [stdout]   15:     0x5664ce2ac38d - <tokio[1a6f37de570e5a49]::runtime::scheduler::multi_thread::worker::Context>::run_task
[INFO] [stdout]   16:     0x5664ce2ab5ff - <tokio[1a6f37de570e5a49]::runtime::scheduler::multi_thread::worker::Context>::run
[INFO] [stdout]   17:     0x5664ce2adc08 - <tokio[1a6f37de570e5a49]::runtime::context::scoped::Scoped<tokio[1a6f37de570e5a49]::runtime::scheduler::Context>>::set::<tokio[1a6f37de570e5a49]::runtime::scheduler::multi_thread::worker::run::{closure#0}::{closure#0}, ()>
[INFO] [stdout]   18:     0x5664ce2c2dbe - tokio[1a6f37de570e5a49]::runtime::context::runtime::enter_runtime::<tokio[1a6f37de570e5a49]::runtime::scheduler::multi_thread::worker::run::{closure#0}, ()>
[INFO] [stdout]   19:     0x5664ce2ac84d - tokio[1a6f37de570e5a49]::runtime::scheduler::multi_thread::worker::run
[INFO] [stdout]   20:     0x5664ce2b71cc - <tokio[1a6f37de570e5a49]::runtime::blocking::task::BlockingTask<<tokio[1a6f37de570e5a49]::runtime::scheduler::multi_thread::worker::Launch>::launch::{closure#0}> as core[a373ad73a504971]::future::future::Future>::poll
[INFO] [stdout]   21:     0x5664ce2b65d5 - <tokio[1a6f37de570e5a49]::runtime::task::core::Core<tokio[1a6f37de570e5a49]::runtime::blocking::task::BlockingTask<<tokio[1a6f37de570e5a49]::runtime::scheduler::multi_thread::worker::Launch>::launch::{closure#0}>, tokio[1a6f37de570e5a49]::runtime::blocking::schedule::BlockingSchedule>>::poll
[INFO] [stdout]   22:     0x5664ce2a6ee1 - <tokio[1a6f37de570e5a49]::runtime::task::harness::Harness<tokio[1a6f37de570e5a49]::runtime::blocking::task::BlockingTask<<tokio[1a6f37de570e5a49]::runtime::scheduler::multi_thread::worker::Launch>::launch::{closure#0}>, tokio[1a6f37de570e5a49]::runtime::blocking::schedule::BlockingSchedule>>::poll
[INFO] [stdout]   23:     0x5664ce2ba9eb - <tokio[1a6f37de570e5a49]::runtime::blocking::pool::Inner>::run
[INFO] [stdout]   24:     0x5664ce2a7d71 - std[617be2ca0a6fd877]::sys::backtrace::__rust_begin_short_backtrace::<<tokio[1a6f37de570e5a49]::runtime::blocking::pool::Spawner>::spawn_thread::{closure#0}, ()>
[INFO] [stdout]   25:     0x5664ce2b80d3 - <std[617be2ca0a6fd877]::thread::lifecycle::spawn_unchecked<<tokio[1a6f37de570e5a49]::runtime::blocking::pool::Spawner>::spawn_thread::{closure#0}, ()>::{closure#1} as core[a373ad73a504971]::ops::function::FnOnce<()>>::call_once::{shim:vtable#0}
[INFO] [stdout]   26:     0x5664ce59cd5f - <std[617be2ca0a6fd877]::sys::thread::unix::Thread>::new::thread_start
[INFO] [stdout]   27:     0x73c754538dfa - <unknown>
[INFO] [stdout]   28:     0x73c7545cc3d4 - clone
[INFO] [stdout]   29:                0x0 - <unknown>
[INFO] [stdout] 
[INFO] [stdout] thread 'net::tests::test_cancelling_during_flight' (14347) panicked at src/net.rs:806:9:
[INFO] [stdout] assertion `left == right` failed
[INFO] [stdout]   left: 0
[INFO] [stdout]  right: 1
[INFO] [stdout] stack backtrace:
[INFO] [stdout]    0:     0x5664ce59dce1 - <<std[617be2ca0a6fd877]::sys::backtrace::BacktraceLock>::print::DisplayBacktrace as core[a373ad73a504971]::fmt::Display>::fmt
[INFO] [stdout]    1:     0x5664ce5b3fba - core[a373ad73a504971]::fmt::write
[INFO] [stdout]    2:     0x5664ce5a286c - <alloc[2e1b2a31b91974c5]::vec::Vec<u8> as core[a373ad73a504971]::io::write::Write>::write_fmt
[INFO] [stdout]    3:     0x5664ce5777b6 - std[617be2ca0a6fd877]::panicking::default_hook::{closure#0}
[INFO] [stdout]    4:     0x5664ce594e49 - std[617be2ca0a6fd877]::panicking::default_hook
[INFO] [stdout]    5:     0x5664cdea0d90 - test[aada8e7e76ba119b]::test_main_inner::{closure#0}
[INFO] [stdout]    6:     0x5664ce595172 - std[617be2ca0a6fd877]::panicking::panic_with_hook
[INFO] [stdout]    7:     0x5664ce577862 - std[617be2ca0a6fd877]::panicking::panic_handler::{closure#0}
[INFO] [stdout]    8:     0x5664ce570309 - std[617be2ca0a6fd877]::sys::backtrace::__rust_end_short_backtrace::<std[617be2ca0a6fd877]::panicking::panic_handler::{closure#0}, !>
[INFO] [stdout]    9:     0x5664ce57865d - __rustc[ea4f61d10b84890b]::rust_begin_unwind
[INFO] [stdout]   10:     0x5664ce5b471c - core[a373ad73a504971]::panicking::panic_fmt
[INFO] [stdout]   11:     0x5664ce5b4633 - core[a373ad73a504971]::panicking::assert_failed_inner
[INFO] [stdout]   12:     0x5664ce29350b - core[a373ad73a504971]::panicking::assert_failed::<u8, u8>
[INFO] [stdout]   13:     0x5664cde56302 - <gload[e888cc3c7dbfe664]::net::tests::test_cancelling_during_flight::{closure#0} as core[a373ad73a504971]::ops::function::FnOnce<()>>::call_once
[INFO] [stdout]   14:     0x5664cde941db - test[aada8e7e76ba119b]::__rust_begin_short_backtrace::<core[a373ad73a504971]::result::Result<(), alloc[2e1b2a31b91974c5]::string::String>, fn() -> core[a373ad73a504971]::result::Result<(), alloc[2e1b2a31b91974c5]::string::String>>
[INFO] [stdout]   15:     0x5664cdea13b5 - test[aada8e7e76ba119b]::run_test::{closure#0}
[INFO] [stdout]   16:     0x5664cde9aca4 - std[617be2ca0a6fd877]::sys::backtrace::__rust_begin_short_backtrace::<test[aada8e7e76ba119b]::run_test::{closure#1}, ()>
[INFO] [stdout]   17:     0x5664cdea4442 - <std[617be2ca0a6fd877]::thread::lifecycle::spawn_unchecked<test[aada8e7e76ba119b]::run_test::{closure#1}, ()>::{closure#1} as core[a373ad73a504971]::ops::function::FnOnce<()>>::call_once::{shim:vtable#0}
[INFO] [stdout]   18:     0x5664ce59cd5f - <std[617be2ca0a6fd877]::sys::thread::unix::Thread>::new::thread_start
[INFO] [stdout]   19:     0x73c754538dfa - <unknown>
[INFO] [stdout]   20:     0x73c7545cc3d4 - clone
[INFO] [stdout]   21:                0x0 - <unknown>
[INFO] [stdout] 
[INFO] [stdout] 
[INFO] [stdout] failures:
[INFO] [stdout]     net::tests::test_cancelling_during_flight
[INFO] [stdout] 
[INFO] [stdout] test result: FAILED. 59 passed; 1 failed; 0 ignored; 0 measured; 0 filtered out; finished in 0.39s
[INFO] [stdout] 
[INFO] running `Command { std: "docker" "inspect" "9b2020e1e2da8f0c253c7249ba57a3b973a89f4f451b1f1853d3fdfeb287f656", kill_on_drop: false }`
[INFO] running `Command { std: "docker" "rm" "-f" "9b2020e1e2da8f0c253c7249ba57a3b973a89f4f451b1f1853d3fdfeb287f656", kill_on_drop: false }`
[INFO] [stdout] 9b2020e1e2da8f0c253c7249ba57a3b973a89f4f451b1f1853d3fdfeb287f656
