[INFO] fetching crate felixctl 0.6.0-preview.7...
[INFO] testing felixctl-0.6.0-preview.7 against 1.100.0-beta.1+cargoflags=--release for beta-release-1.100-2
[INFO] extracting crate felixctl 0.6.0-preview.7 into /workspace/builds/worker-2-tc2/source
[INFO] started tweaking crates.io crate felixctl 0.6.0-preview.7
[INFO] removed 0 missing tests
[INFO] finished tweaking crates.io crate felixctl 0.6.0-preview.7
[INFO] tweaked toml for crates.io crate felixctl 0.6.0-preview.7 written to /workspace/builds/worker-2-tc2/source/Cargo.toml
[INFO] validating manifest of crates.io crate felixctl 0.6.0-preview.7 on toolchain 1.100.0-beta.1
[INFO] running `Command { std: CARGO_HOME="/workspace/cargo-home" RUSTUP_HOME="/workspace/rustup-home" "/workspace/cargo-home/bin/cargo" "+1.100.0-beta.1" "metadata" "--manifest-path" "Cargo.toml" "--no-deps", kill_on_drop: false }`
[INFO] crate crates.io crate felixctl 0.6.0-preview.7 already has a lockfile, it will not be regenerated
[INFO] running `Command { std: CARGO_HOME="/workspace/cargo-home" RUSTUP_HOME="/workspace/rustup-home" "/workspace/cargo-home/bin/cargo" "+1.100.0-beta.1" "fetch" "--manifest-path" "Cargo.toml", kill_on_drop: false }`
[INFO] [stderr] warning: `package.homepage` is redundant with `package.repository`
[INFO] [stderr]   --> Cargo.toml:81:12
[INFO] [stderr]    |
[INFO] [stderr] 81 | homepage = "https://github.com/GetFelix/felix"
[INFO] [stderr]    |            ^^^^^^^^^^^^^^^^^^^^^^^^^^^^^^^^^^^
[INFO] [stderr] ...
[INFO] [stderr] 86 | repository = "https://github.com/GetFelix/felix"
[INFO] [stderr]    |              -----------------------------------
[INFO] [stderr]    |
[INFO] [stderr]    = note: `cargo::redundant_homepage` is set to `warn` by default
[INFO] [stderr] help: consider removing `package.homepage`
[INFO] [stderr] warning: `felixctl` (manifest) generated 1 warning
[INFO] running `Command { std: "docker" "create" "-v" "/var/lib/crater-agent-workspace/builds/worker-2-tc2/source:/opt/rustwide/workdir:ro,Z" "-v" "/var/lib/crater-agent-workspace/builds/worker-2-tc2/target:/opt/rustwide/target:rw,Z" "-v" "/var/lib/crater-agent-workspace/cargo-home:/opt/rustwide/cargo-home:ro,Z" "-v" "/var/lib/crater-agent-workspace/rustup-home:/opt/rustwide/rustup-home:ro,Z" "-m" "1610612736" "--network" "none" "ghcr.io/rust-lang/crates-build-env/linux@sha256:77db811e55d90add9212f6832c23229e3de5f1c1f9905e8cb07319ea15df73ac" "sleep" "infinity", kill_on_drop: false }`
[INFO] [stdout] 101078c8be252e8522617eec306c128a72f4a7186f04db2dd4385ebe86504b4a
[INFO] running `Command { std: "docker" "start" "101078c8be252e8522617eec306c128a72f4a7186f04db2dd4385ebe86504b4a", kill_on_drop: false }`
[INFO] running `Command { std: "docker" "inspect" "101078c8be252e8522617eec306c128a72f4a7186f04db2dd4385ebe86504b4a", kill_on_drop: false }`
[INFO] running `Command { std: "docker" "exec" "-e" "SOURCE_DIR=/opt/rustwide/workdir" "-e" "CARGO_HOME=/opt/rustwide/cargo-home" "-e" "RUSTUP_HOME=/opt/rustwide/rustup-home" "-e" "CARGO_TARGET_DIR=/opt/rustwide/target" "-w" "/opt/rustwide/workdir" "--user" "0:0" "101078c8be252e8522617eec306c128a72f4a7186f04db2dd4385ebe86504b4a" "/opt/rustwide/cargo-home/bin/cargo" "+1.100.0-beta.1" "metadata" "--no-deps" "--format-version=1", kill_on_drop: false }`
[INFO] running `Command { std: "docker" "inspect" "101078c8be252e8522617eec306c128a72f4a7186f04db2dd4385ebe86504b4a", kill_on_drop: false }`
[INFO] running `Command { std: "docker" "exec" "-e" "SOURCE_DIR=/opt/rustwide/workdir" "-e" "CARGO_HOME=/opt/rustwide/cargo-home" "-e" "RUSTUP_HOME=/opt/rustwide/rustup-home" "-e" "CARGO_TARGET_DIR=/opt/rustwide/target" "-e" "CARGO_INCREMENTAL=0" "-e" "RUST_BACKTRACE=full" "-e" "RUSTFLAGS=--cap-lints=warn" "-e" "RUSTDOCFLAGS=--cap-lints=warn" "-w" "/opt/rustwide/workdir" "--user" "0:0" "101078c8be252e8522617eec306c128a72f4a7186f04db2dd4385ebe86504b4a" "/opt/rustwide/cargo-home/bin/cargo" "+1.100.0-beta.1" "build" "--frozen" "--message-format=json" "--release", kill_on_drop: false }`
[INFO] [stderr] warning: `package.homepage` is redundant with `package.repository`
[INFO] [stderr]   --> Cargo.toml:81:12
[INFO] [stderr]    |
[INFO] [stderr] 81 | homepage = "https://github.com/GetFelix/felix"
[INFO] [stderr]    |            ^^^^^^^^^^^^^^^^^^^^^^^^^^^^^^^^^^^
[INFO] [stderr] ...
[INFO] [stderr] 86 | repository = "https://github.com/GetFelix/felix"
[INFO] [stderr]    |              -----------------------------------
[INFO] [stderr]    |
[INFO] [stderr]    = note: `cargo::redundant_homepage` is set to `warn` by default
[INFO] [stderr] help: consider removing `package.homepage`
[INFO] [stderr] warning: `felixctl` (manifest) generated 1 warning
[INFO] [stderr]    Compiling fs_extra v1.3.0
[INFO] [stderr]    Compiling libc v0.2.189
[INFO] [stderr]    Compiling dunce v1.0.5
[INFO] [stderr]    Compiling aws-lc-rs v1.18.1
[INFO] [stderr]    Compiling syn v3.0.6
[INFO] [stderr]    Compiling socket2 v0.6.5
[INFO] [stderr]    Compiling errno v0.3.14
[INFO] [stderr]    Compiling mio v1.2.3
[INFO] [stderr]    Compiling syn v2.0.119
[INFO] [stderr]    Compiling signal-hook-registry v1.4.8
[INFO] [stderr]    Compiling rustls v0.23.45
[INFO] [stderr]    Compiling smallvec v1.16.2
[INFO] [stderr]    Compiling portable-atomic v1.15.0
[INFO] [stderr]    Compiling http v1.5.0
[INFO] [stderr]    Compiling getrandom v0.4.3
[INFO] [stderr]    Compiling quinn-udp v0.5.15
[INFO] [stderr]    Compiling serde_json v1.0.151
[INFO] [stderr]    Compiling siphasher v1.0.4
[INFO] [stderr]    Compiling base64 v0.23.1
[INFO] [stderr]    Compiling rand v0.10.3
[INFO] [stderr]    Compiling quinn v0.11.12
[INFO] [stderr]    Compiling rand_pcg v0.10.2
[INFO] [stderr]    Compiling fastbloom v0.17.0
[INFO] [stderr]    Compiling jobserver v0.1.35
[INFO] [stderr]    Compiling lru-slab v0.1.3
[INFO] [stderr]    Compiling rustc-hash v2.1.3
[INFO] [stderr]    Compiling http-body v1.1.0
[INFO] [stderr]    Compiling zerocopy v0.8.59
[INFO] [stderr]    Compiling anstream v1.0.0
[INFO] [stderr]    Compiling cc v1.5.1
[INFO] [stderr]    Compiling clap_lex v1.1.1
[INFO] [stderr]    Compiling clap_builder v4.6.7
[INFO] [stderr]    Compiling indexmap v2.14.2
[INFO] [stderr]    Compiling getrandom v0.3.4
[INFO] [stderr]    Compiling cmake v0.1.58
[INFO] [stderr]    Compiling sync_wrapper v1.0.2
[INFO] [stderr]    Compiling ipnet v2.12.2
[INFO] [stderr]    Compiling winnow v1.0.4
[INFO] [stderr]    Compiling aws-lc-sys v0.45.0
[INFO] [stderr]    Compiling toml_parser v1.1.3+spec-1.1.0
[INFO] [stderr]    Compiling synstructure v0.14.0
[INFO] [stderr]    Compiling http-body-util v0.1.5
[INFO] [stderr]    Compiling toml_datetime v1.1.1+spec-1.1.0
[INFO] [stderr]    Compiling serde_spanned v1.1.1
[INFO] [stderr]    Compiling toml_writer v1.1.2+spec-1.1.0
[INFO] [stderr]    Compiling tracing-attributes v0.1.31
[INFO] [stderr]    Compiling roff v1.1.1
[INFO] [stderr]    Compiling toml v1.1.6+spec-1.1.0
[INFO] [stderr]    Compiling zerofrom-derive v0.1.8
[INFO] [stderr]    Compiling yoke-derive v0.8.3
[INFO] [stderr]    Compiling zerovec-derive v0.11.6
[INFO] [stderr]    Compiling zerofrom v0.1.8
[INFO] [stderr]    Compiling displaydoc v0.2.7
[INFO] [stderr]    Compiling tokio-macros v2.7.2
[INFO] [stderr]    Compiling tracing v0.1.44
[INFO] [stderr]    Compiling yoke v0.8.3
[INFO] [stderr]    Compiling thiserror-impl v2.0.21
[INFO] [stderr]    Compiling zerotrie v0.2.5
[INFO] [stderr]    Compiling serde_derive v1.0.229
[INFO] [stderr]    Compiling tokio v1.53.1
[INFO] [stderr]    Compiling zerovec v0.11.8
[INFO] [stderr]    Compiling clap_derive v4.6.7
[INFO] [stderr]    Compiling thiserror v2.0.21
[INFO] [stderr]    Compiling ahash v0.8.12
[INFO] [stderr]    Compiling tinystr v0.8.4
[INFO] [stderr]    Compiling potential_utf v0.1.6
[INFO] [stderr]    Compiling icu_locale_core v2.3.0
[INFO] [stderr]    Compiling icu_collections v2.3.0
[INFO] [stderr]    Compiling icu_provider v2.3.1
[INFO] [stderr]    Compiling serde v1.0.229
[INFO] [stderr]    Compiling icu_properties v2.3.0
[INFO] [stderr]    Compiling icu_normalizer v2.3.0
[INFO] [stderr]    Compiling serde_yaml_ng v0.10.0
[INFO] [stderr]    Compiling felix-wire v0.6.0-preview.7
[INFO] [stderr]    Compiling clap v4.6.7
[INFO] [stderr]    Compiling serde_urlencoded v0.7.1
[INFO] [stderr]    Compiling clap_mangen v0.3.3
[INFO] [stderr]    Compiling idna_adapter v1.2.2
[INFO] [stderr]    Compiling idna v1.1.0
[INFO] [stderr]    Compiling url v2.5.8
[INFO] [stderr]    Compiling clap_complete v4.6.11
[INFO] [stderr]    Compiling hyper v1.11.1
[INFO] [stderr]    Compiling tower v0.5.3
[INFO] [stderr]    Compiling tower-http v0.6.11
[INFO] [stderr]    Compiling hyper-util v0.1.21
[INFO] [stderr]    Compiling rustls-webpki v0.103.15
[INFO] [stderr]    Compiling rustls-platform-verifier v0.7.1
[INFO] [stderr]    Compiling tokio-rustls v0.26.6
[INFO] [stderr]    Compiling quinn-proto v0.11.18
[INFO] [stderr]    Compiling hyper-rustls v0.27.10
[INFO] [stderr]    Compiling reqwest v0.13.5
[INFO] [stderr]    Compiling felix-transport v0.6.0-preview.7
[INFO] [stderr]    Compiling felix-client v0.6.0-preview.7
[INFO] [stderr]    Compiling felix-loadgen v0.6.0-preview.7
[INFO] [stderr]    Compiling felixctl v0.6.0-preview.7 (/opt/rustwide/workdir)
[INFO] [stderr]     Finished `release` profile [optimized] target(s) in 7m 32s
[INFO] running `Command { std: "docker" "inspect" "101078c8be252e8522617eec306c128a72f4a7186f04db2dd4385ebe86504b4a", kill_on_drop: false }`
[INFO] running `Command { std: "docker" "exec" "-e" "SOURCE_DIR=/opt/rustwide/workdir" "-e" "CARGO_HOME=/opt/rustwide/cargo-home" "-e" "RUSTUP_HOME=/opt/rustwide/rustup-home" "-e" "CARGO_TARGET_DIR=/opt/rustwide/target" "-e" "CARGO_INCREMENTAL=0" "-e" "RUST_BACKTRACE=full" "-e" "RUSTFLAGS=--cap-lints=warn" "-e" "RUSTDOCFLAGS=--cap-lints=warn" "-w" "/opt/rustwide/workdir" "--user" "0:0" "101078c8be252e8522617eec306c128a72f4a7186f04db2dd4385ebe86504b4a" "/opt/rustwide/cargo-home/bin/cargo" "+1.100.0-beta.1" "test" "--frozen" "--no-run" "--message-format=json" "--release", kill_on_drop: false }`
[INFO] [stderr] warning: `package.homepage` is redundant with `package.repository`
[INFO] [stderr]   --> Cargo.toml:81:12
[INFO] [stderr]    |
[INFO] [stderr] 81 | homepage = "https://github.com/GetFelix/felix"
[INFO] [stderr]    |            ^^^^^^^^^^^^^^^^^^^^^^^^^^^^^^^^^^^
[INFO] [stderr] ...
[INFO] [stderr] 86 | repository = "https://github.com/GetFelix/felix"
[INFO] [stderr]    |              -----------------------------------
[INFO] [stderr]    |
[INFO] [stderr]    = note: `cargo::redundant_homepage` is set to `warn` by default
[INFO] [stderr] help: consider removing `package.homepage`
[INFO] [stderr] warning: `felixctl` (manifest) generated 1 warning
[INFO] [stderr]    Compiling futures-task v0.3.34
[INFO] [stderr]    Compiling parking_lot_core v0.9.12
[INFO] [stderr]    Compiling serial_test_derive v4.0.1
[INFO] [stderr]    Compiling tempfile v3.27.0
[INFO] [stderr]    Compiling futures-util v0.3.34
[INFO] [stderr]    Compiling parking_lot v0.12.5
[INFO] [stderr]    Compiling hyper-util v0.1.21
[INFO] [stderr]    Compiling tower v0.5.3
[INFO] [stderr]    Compiling futures-executor v0.3.34
[INFO] [stderr]    Compiling serial_test v4.0.1
[INFO] [stderr]    Compiling tower-http v0.6.11
[INFO] [stderr]    Compiling hyper-rustls v0.27.10
[INFO] [stderr]    Compiling reqwest v0.13.5
[INFO] [stderr]    Compiling felixctl v0.6.0-preview.7 (/opt/rustwide/workdir)
[INFO] [stdout] error[E0432]: unresolved import `felix_cluster`
[INFO] [stdout]  --> tests/cluster/bench.rs:5:5
[INFO] [stdout]   |
[INFO] [stdout] 5 | use felix_cluster::{CacheSpec, Cluster, ClusterConfig, StreamSpec};
[INFO] [stdout]   |     ^^^^^^^^^^^^^ use of unresolved module or unlinked crate `felix_cluster`
[INFO] [stdout]   |
[INFO] [stdout]   = help: if you wanted to use a crate named `felix_cluster`, use `cargo add felix_cluster` to add it to your `Cargo.toml`
[INFO] [stdout] 
[INFO] [stdout] 
[INFO] [stdout] error[E0432]: unresolved import `felix_cluster`
[INFO] [stdout]  --> tests/cluster/contexts.rs:4:5
[INFO] [stdout]   |
[INFO] [stdout] 4 | use felix_cluster::{Cluster, ClusterConfig, StreamSpec};
[INFO] [stdout]   |     ^^^^^^^^^^^^^ use of unresolved module or unlinked crate `felix_cluster`
[INFO] [stdout]   |
[INFO] [stdout]   = help: if you wanted to use a crate named `felix_cluster`, use `cargo add felix_cluster` to add it to your `Cargo.toml`
[INFO] [stdout] 
[INFO] [stdout] 
[INFO] [stdout] error[E0432]: unresolved import `felix_cluster`
[INFO] [stdout]  --> tests/cluster/control_plane.rs:3:5
[INFO] [stdout]   |
[INFO] [stdout] 3 | use felix_cluster::{CacheSpec, Cluster, ClusterConfig, StreamSpec};
[INFO] [stdout]   |     ^^^^^^^^^^^^^ use of unresolved module or unlinked crate `felix_cluster`
[INFO] [stdout]   |
[INFO] [stdout]   = help: if you wanted to use a crate named `felix_cluster`, use `cargo add felix_cluster` to add it to your `Cargo.toml`
[INFO] [stdout] 
[INFO] [stdout] 
[INFO] [stdout] error[E0432]: unresolved import `felix_cluster`
[INFO] [stdout]  --> tests/cluster/data_plane.rs:3:5
[INFO] [stdout]   |
[INFO] [stdout] 3 | use felix_cluster::{CacheSpec, Cluster, ClusterConfig, StreamSpec};
[INFO] [stdout]   |     ^^^^^^^^^^^^^ use of unresolved module or unlinked crate `felix_cluster`
[INFO] [stdout]   |
[INFO] [stdout]   = help: if you wanted to use a crate named `felix_cluster`, use `cargo add felix_cluster` to add it to your `Cargo.toml`
[INFO] [stdout] 
[INFO] [stdout] 
[INFO] [stdout] error[E0432]: unresolved import `felix_cluster`
[INFO] [stdout]  --> tests/cluster/inspect.rs:6:5
[INFO] [stdout]   |
[INFO] [stdout] 6 | use felix_cluster::{Cluster, ClusterConfig, StreamSpec};
[INFO] [stdout]   |     ^^^^^^^^^^^^^ use of unresolved module or unlinked crate `felix_cluster`
[INFO] [stdout]   |
[INFO] [stdout]   = help: if you wanted to use a crate named `felix_cluster`, use `cargo add felix_cluster` to add it to your `Cargo.toml`
[INFO] [stdout] 
[INFO] [stdout] 
[INFO] [stdout] error[E0432]: unresolved import `felix_cluster`
[INFO] [stdout]  --> tests/cluster/inspect_subs.rs:7:5
[INFO] [stdout]   |
[INFO] [stdout] 7 | use felix_cluster::{Cluster, ClusterConfig, StreamSpec};
[INFO] [stdout]   |     ^^^^^^^^^^^^^ use of unresolved module or unlinked crate `felix_cluster`
[INFO] [stdout]   |
[INFO] [stdout]   = help: if you wanted to use a crate named `felix_cluster`, use `cargo add felix_cluster` to add it to your `Cargo.toml`
[INFO] [stdout] 
[INFO] [stdout] 
[INFO] [stdout] error[E0432]: unresolved import `felix_cluster`
[INFO] [stdout]  --> tests/cluster/rbac.rs:3:5
[INFO] [stdout]   |
[INFO] [stdout] 3 | use felix_cluster::{Cluster, ClusterConfig};
[INFO] [stdout]   |     ^^^^^^^^^^^^^ use of unresolved module or unlinked crate `felix_cluster`
[INFO] [stdout]   |
[INFO] [stdout]   = help: if you wanted to use a crate named `felix_cluster`, use `cargo add felix_cluster` to add it to your `Cargo.toml`
[INFO] [stdout] 
[INFO] [stdout] 
[INFO] [stdout] error[E0432]: unresolved import `felix_cluster`
[INFO] [stdout]   --> tests/cluster/main.rs:21:5
[INFO] [stdout]    |
[INFO] [stdout] 21 | use felix_cluster::Cluster;
[INFO] [stdout]    |     ^^^^^^^^^^^^^ use of unresolved module or unlinked crate `felix_cluster`
[INFO] [stdout]    |
[INFO] [stdout]    = help: if you wanted to use a crate named `felix_cluster`, use `cargo add felix_cluster` to add it to your `Cargo.toml`
[INFO] [stdout] 
[INFO] [stdout] 
[INFO] [stdout] For more information about this error, try `rustc --explain E0432`.
[INFO] [stdout] 
[INFO] [stderr] error: could not compile `felixctl` (test "cluster") due to 8 previous errors
[INFO] [stderr] warning: build failed, waiting for other jobs to finish...
[INFO] running `Command { std: "docker" "inspect" "101078c8be252e8522617eec306c128a72f4a7186f04db2dd4385ebe86504b4a", kill_on_drop: false }`
[INFO] running `Command { std: "docker" "rm" "-f" "101078c8be252e8522617eec306c128a72f4a7186f04db2dd4385ebe86504b4a", kill_on_drop: false }`
[INFO] [stdout] 101078c8be252e8522617eec306c128a72f4a7186f04db2dd4385ebe86504b4a
