[INFO] fetching crate eventful-rs 0.2.1...
[INFO] testing eventful-rs-0.2.1 against 1.100.0-beta.1+cargoflags=--release for beta-release-1.100-2
[INFO] extracting crate eventful-rs 0.2.1 into /workspace/builds/worker-5-tc2/source
[INFO] started tweaking crates.io crate eventful-rs 0.2.1
[INFO] removed 0 missing tests
[INFO] finished tweaking crates.io crate eventful-rs 0.2.1
[INFO] tweaked toml for crates.io crate eventful-rs 0.2.1 written to /workspace/builds/worker-5-tc2/source/Cargo.toml
[INFO] validating manifest of crates.io crate eventful-rs 0.2.1 on toolchain 1.100.0-beta.1
[INFO] running `Command { std: CARGO_HOME="/workspace/cargo-home" RUSTUP_HOME="/workspace/rustup-home" "/workspace/cargo-home/bin/cargo" "+1.100.0-beta.1" "metadata" "--manifest-path" "Cargo.toml" "--no-deps", kill_on_drop: false }`
[INFO] crate crates.io crate eventful-rs 0.2.1 already has a lockfile, it will not be regenerated
[INFO] running `Command { std: CARGO_HOME="/workspace/cargo-home" RUSTUP_HOME="/workspace/rustup-home" "/workspace/cargo-home/bin/cargo" "+1.100.0-beta.1" "fetch" "--manifest-path" "Cargo.toml", kill_on_drop: false }`
[INFO] [stderr] warning: `package.homepage` is redundant with `package.repository`
[INFO] [stderr]   --> Cargo.toml:48:12
[INFO] [stderr]    |
[INFO] [stderr] 48 | homepage = "https://github.com/DreamLogics/eventful-rs"
[INFO] [stderr]    |            ^^^^^^^^^^^^^^^^^^^^^^^^^^^^^^^^^^^^^^^^^^^^
[INFO] [stderr] ...
[INFO] [stderr] 54 | repository = "https://github.com/DreamLogics/eventful-rs"
[INFO] [stderr]    |              --------------------------------------------
[INFO] [stderr]    |
[INFO] [stderr]    = note: `cargo::redundant_homepage` is set to `warn` by default
[INFO] [stderr] help: consider removing `package.homepage`
[INFO] [stderr] warning: `eventful-rs` (manifest) generated 1 warning
[INFO] running `Command { std: "docker" "create" "-v" "/var/lib/crater-agent-workspace/builds/worker-5-tc2/source:/opt/rustwide/workdir:ro,Z" "-v" "/var/lib/crater-agent-workspace/builds/worker-5-tc2/target:/opt/rustwide/target:rw,Z" "-v" "/var/lib/crater-agent-workspace/cargo-home:/opt/rustwide/cargo-home:ro,Z" "-v" "/var/lib/crater-agent-workspace/rustup-home:/opt/rustwide/rustup-home:ro,Z" "-m" "1610612736" "--network" "none" "ghcr.io/rust-lang/crates-build-env/linux@sha256:77db811e55d90add9212f6832c23229e3de5f1c1f9905e8cb07319ea15df73ac" "sleep" "infinity", kill_on_drop: false }`
[INFO] [stdout] 3a25d69e130806dabad9759cc367a7fe750af2d6babee7b839a58ddad88c6246
[INFO] running `Command { std: "docker" "start" "3a25d69e130806dabad9759cc367a7fe750af2d6babee7b839a58ddad88c6246", kill_on_drop: false }`
[INFO] running `Command { std: "docker" "inspect" "3a25d69e130806dabad9759cc367a7fe750af2d6babee7b839a58ddad88c6246", kill_on_drop: false }`
[INFO] running `Command { std: "docker" "exec" "-e" "SOURCE_DIR=/opt/rustwide/workdir" "-e" "CARGO_HOME=/opt/rustwide/cargo-home" "-e" "RUSTUP_HOME=/opt/rustwide/rustup-home" "-e" "CARGO_TARGET_DIR=/opt/rustwide/target" "-w" "/opt/rustwide/workdir" "--user" "0:0" "3a25d69e130806dabad9759cc367a7fe750af2d6babee7b839a58ddad88c6246" "/opt/rustwide/cargo-home/bin/cargo" "+1.100.0-beta.1" "metadata" "--no-deps" "--format-version=1", kill_on_drop: false }`
[INFO] running `Command { std: "docker" "inspect" "3a25d69e130806dabad9759cc367a7fe750af2d6babee7b839a58ddad88c6246", kill_on_drop: false }`
[INFO] running `Command { std: "docker" "exec" "-e" "SOURCE_DIR=/opt/rustwide/workdir" "-e" "CARGO_HOME=/opt/rustwide/cargo-home" "-e" "RUSTUP_HOME=/opt/rustwide/rustup-home" "-e" "CARGO_TARGET_DIR=/opt/rustwide/target" "-e" "CARGO_INCREMENTAL=0" "-e" "RUST_BACKTRACE=full" "-e" "RUSTFLAGS=--cap-lints=warn" "-e" "RUSTDOCFLAGS=--cap-lints=warn" "-w" "/opt/rustwide/workdir" "--user" "0:0" "3a25d69e130806dabad9759cc367a7fe750af2d6babee7b839a58ddad88c6246" "/opt/rustwide/cargo-home/bin/cargo" "+1.100.0-beta.1" "build" "--frozen" "--message-format=json" "--release", kill_on_drop: false }`
[INFO] [stderr] warning: `package.homepage` is redundant with `package.repository`
[INFO] [stderr]   --> Cargo.toml:48:12
[INFO] [stderr]    |
[INFO] [stderr] 48 | homepage = "https://github.com/DreamLogics/eventful-rs"
[INFO] [stderr]    |            ^^^^^^^^^^^^^^^^^^^^^^^^^^^^^^^^^^^^^^^^^^^^
[INFO] [stderr] ...
[INFO] [stderr] 54 | repository = "https://github.com/DreamLogics/eventful-rs"
[INFO] [stderr]    |              --------------------------------------------
[INFO] [stderr]    |
[INFO] [stderr]    = note: `cargo::redundant_homepage` is set to `warn` by default
[INFO] [stderr] help: consider removing `package.homepage`
[INFO] [stderr] warning: `eventful-rs` (manifest) generated 1 warning
[INFO] [stderr]    Compiling futures-sink v0.3.34
[INFO] [stderr]    Compiling winnow v1.0.4
[INFO] [stderr]    Compiling indexmap v2.14.1
[INFO] [stderr]    Compiling futures-io v0.3.34
[INFO] [stderr]    Compiling syn v3.0.5
[INFO] [stderr]    Compiling futures-timer v3.0.4
[INFO] [stderr]    Compiling futures-channel v0.3.34
[INFO] [stderr]    Compiling toml_parser v1.1.3+spec-1.1.0
[INFO] [stderr]    Compiling toml_edit v0.25.13+spec-1.1.0
[INFO] [stderr]    Compiling proc-macro-crate v3.5.0
[INFO] [stderr]    Compiling futures-macro v0.3.34
[INFO] [stderr]    Compiling eventful-rs-macros v0.2.1
[INFO] [stderr]    Compiling futures-util v0.3.34
[INFO] [stderr]    Compiling futures-executor v0.3.34
[INFO] [stderr]    Compiling futures v0.3.34
[INFO] [stderr]    Compiling eventful-rs v0.2.1 (/opt/rustwide/workdir)
[INFO] [stderr]     Finished `release` profile [optimized] target(s) in 17.64s
[INFO] running `Command { std: "docker" "inspect" "3a25d69e130806dabad9759cc367a7fe750af2d6babee7b839a58ddad88c6246", kill_on_drop: false }`
[INFO] running `Command { std: "docker" "exec" "-e" "SOURCE_DIR=/opt/rustwide/workdir" "-e" "CARGO_HOME=/opt/rustwide/cargo-home" "-e" "RUSTUP_HOME=/opt/rustwide/rustup-home" "-e" "CARGO_TARGET_DIR=/opt/rustwide/target" "-e" "CARGO_INCREMENTAL=0" "-e" "RUST_BACKTRACE=full" "-e" "RUSTFLAGS=--cap-lints=warn" "-e" "RUSTDOCFLAGS=--cap-lints=warn" "-w" "/opt/rustwide/workdir" "--user" "0:0" "3a25d69e130806dabad9759cc367a7fe750af2d6babee7b839a58ddad88c6246" "/opt/rustwide/cargo-home/bin/cargo" "+1.100.0-beta.1" "test" "--frozen" "--no-run" "--message-format=json" "--release", kill_on_drop: false }`
[INFO] [stderr] warning: `package.homepage` is redundant with `package.repository`
[INFO] [stderr]   --> Cargo.toml:48:12
[INFO] [stderr]    |
[INFO] [stderr] 48 | homepage = "https://github.com/DreamLogics/eventful-rs"
[INFO] [stderr]    |            ^^^^^^^^^^^^^^^^^^^^^^^^^^^^^^^^^^^^^^^^^^^^
[INFO] [stderr] ...
[INFO] [stderr] 54 | repository = "https://github.com/DreamLogics/eventful-rs"
[INFO] [stderr]    |              --------------------------------------------
[INFO] [stderr]    |
[INFO] [stderr]    = note: `cargo::redundant_homepage` is set to `warn` by default
[INFO] [stderr] help: consider removing `package.homepage`
[INFO] [stderr] warning: `eventful-rs` (manifest) generated 1 warning
[INFO] [stderr]    Compiling stable_deref_trait v1.2.1
[INFO] [stderr]    Compiling writeable v0.6.4
[INFO] [stderr]    Compiling portable-atomic v1.15.0
[INFO] [stderr]    Compiling litemap v0.8.3
[INFO] [stderr]    Compiling num-traits v0.2.19
[INFO] [stderr]    Compiling smallvec v1.16.0
[INFO] [stderr]    Compiling syn v3.0.5
[INFO] [stderr]    Compiling zerofrom v0.1.8
[INFO] [stderr]    Compiling icu_locale_fallback_data v2.3.0
[INFO] [stderr]    Compiling yeslogic-fontconfig-sys v6.0.1
[INFO] [stderr]    Compiling yoke v0.8.3
[INFO] [stderr]    Compiling field-offset v0.3.6
[INFO] [stderr]    Compiling dlib v0.5.3
[INFO] [stderr]    Compiling icu_segmenter_data v2.3.0
[INFO] [stderr]    Compiling icu_decimal_data v2.3.0
[INFO] [stderr]    Compiling serde_core v1.0.229
[INFO] [stderr]    Compiling slotmap v1.1.1
[INFO] [stderr]    Compiling hashbrown v0.17.1
[INFO] [stderr]    Compiling thiserror v2.0.20
[INFO] [stderr]    Compiling parlance v0.1.0
[INFO] [stderr]    Compiling pulldown-cmark v0.13.4
[INFO] [stderr]    Compiling linebender_resource_handle v0.1.1
[INFO] [stderr]    Compiling derive_more-impl v2.1.1
[INFO] [stderr]    Compiling once_cell v1.21.4
[INFO] [stderr]    Compiling euclid v0.22.14
[INFO] [stderr]    Compiling unicase v2.9.0
[INFO] [stderr]    Compiling strum_macros v0.28.0
[INFO] [stderr]    Compiling pin-project-internal v1.1.13
[INFO] [stderr]    Compiling zeno v0.3.3
[INFO] [stderr]    Compiling lyon_geom v1.0.19
[INFO] [stderr]    Compiling yazi v0.2.1
[INFO] [stderr]    Compiling lyon_path v1.0.19
[INFO] [stderr]    Compiling serde_json v1.0.151
[INFO] [stderr]    Compiling htmlparser v0.2.1
[INFO] [stderr]    Compiling strum v0.28.0
[INFO] [stderr]    Compiling chrono v0.4.45
[INFO] [stderr]    Compiling lyon_algorithms v1.0.21
[INFO] [stderr]    Compiling pin-project v1.1.13
[INFO] [stderr]    Compiling taffy v0.10.1
[INFO] [stderr]    Compiling pin-weak v1.1.0
[INFO] [stderr]    Compiling derive_more v2.1.1
[INFO] [stderr]    Compiling sys-locale v0.3.2
[INFO] [stderr]    Compiling displaydoc v0.2.7
[INFO] [stderr]    Compiling zerovec-derive v0.11.6
[INFO] [stderr]    Compiling bytemuck_derive v1.12.0
[INFO] [stderr]    Compiling const-field-offset-macro v0.2.1
[INFO] [stderr]    Compiling futures-macro v0.3.34
[INFO] [stderr]    Compiling thiserror-impl v2.0.20
[INFO] [stderr]    Compiling const-field-offset v0.2.1
[INFO] [stderr]    Compiling vtable-macro v0.5.0
[INFO] [stderr]    Compiling zerotrie v0.2.5
[INFO] [stderr]    Compiling fixed_decimal v0.7.2
[INFO] [stderr]    Compiling futures-util v0.3.34
[INFO] [stderr]    Compiling zerovec v0.11.8
[INFO] [stderr]    Compiling bytemuck v1.25.2
[INFO] [stderr]    Compiling lyon_extra v1.1.0
[INFO] [stderr]    Compiling font-types v0.12.4
[INFO] [stderr]    Compiling rgb v0.8.53
[INFO] [stderr]    Compiling vtable v0.5.0
[INFO] [stderr]    Compiling i-slint-core-macros v1.18.1
[INFO] [stderr]    Compiling read-fonts v0.41.0
[INFO] [stderr]    Compiling serde_derive v1.0.229
[INFO] [stderr]    Compiling eventful-rs-macros v0.2.1
[INFO] [stderr]    Compiling tinystr v0.8.4
[INFO] [stderr]    Compiling potential_utf v0.1.6
[INFO] [stderr]    Compiling icu_collections v2.3.0
[INFO] [stderr]    Compiling icu_locale_core v2.3.0
[INFO] [stderr]    Compiling icu_provider v2.3.1
[INFO] [stderr]    Compiling trybuild v1.0.119
[INFO] [stderr]    Compiling icu_locale_fallback v2.3.0
[INFO] [stderr]    Compiling icu_properties v2.3.0
[INFO] [stderr]    Compiling icu_segmenter v2.3.0
[INFO] [stderr]    Compiling icu_decimal v2.3.0
[INFO] [stderr]    Compiling icu_normalizer v2.3.0
[INFO] [stderr]    Compiling futures-executor v0.3.34
[INFO] [stderr]    Compiling futures v0.3.34
[INFO] [stderr]    Compiling eventful-rs v0.2.1 (/opt/rustwide/workdir)
[INFO] [stderr]    Compiling parley_data v0.11.1
[INFO] [stderr]    Compiling skrifa v0.44.0
[INFO] [stderr]    Compiling fontique v0.11.1
[INFO] [stderr]    Compiling harfrust v0.12.0
[INFO] [stderr]    Compiling swash v0.2.10
[INFO] [stderr]    Compiling i-slint-common v1.18.1
[INFO] [stderr]    Compiling parley v0.11.1
[INFO] [stderr]    Compiling i-slint-core v1.18.1
[INFO] [stderr]    Compiling i-slint-renderer-software v1.18.1
[INFO] [stderr]     Finished `release` profile [optimized] target(s) in 5m 09s
[INFO] running `Command { std: "docker" "inspect" "3a25d69e130806dabad9759cc367a7fe750af2d6babee7b839a58ddad88c6246", kill_on_drop: false }`
[INFO] running `Command { std: "docker" "exec" "-e" "SOURCE_DIR=/opt/rustwide/workdir" "-e" "CARGO_HOME=/opt/rustwide/cargo-home" "-e" "RUSTUP_HOME=/opt/rustwide/rustup-home" "-e" "CARGO_TARGET_DIR=/opt/rustwide/target" "-e" "CARGO_INCREMENTAL=0" "-e" "RUST_BACKTRACE=full" "-e" "RUSTFLAGS=--cap-lints=warn" "-e" "RUSTDOCFLAGS=--cap-lints=warn" "-w" "/opt/rustwide/workdir" "--user" "0:0" "3a25d69e130806dabad9759cc367a7fe750af2d6babee7b839a58ddad88c6246" "/opt/rustwide/cargo-home/bin/cargo" "+1.100.0-beta.1" "test" "--frozen" "--release", kill_on_drop: false }`
[INFO] [stderr] warning: `package.homepage` is redundant with `package.repository`
[INFO] [stderr]   --> Cargo.toml:48:12
[INFO] [stderr]    |
[INFO] [stderr] 48 | homepage = "https://github.com/DreamLogics/eventful-rs"
[INFO] [stderr]    |            ^^^^^^^^^^^^^^^^^^^^^^^^^^^^^^^^^^^^^^^^^^^^
[INFO] [stderr] ...
[INFO] [stderr] 54 | repository = "https://github.com/DreamLogics/eventful-rs"
[INFO] [stderr]    |              --------------------------------------------
[INFO] [stderr]    |
[INFO] [stderr]    = note: `cargo::redundant_homepage` is set to `warn` by default
[INFO] [stderr] help: consider removing `package.homepage`
[INFO] [stderr] warning: `eventful-rs` (manifest) generated 1 warning
[INFO] [stderr]     Finished `release` profile [optimized] target(s) in 0.38s
[INFO] [stderr]      Running unittests src/lib.rs (/opt/rustwide/target/release/build/eventful-rs/38a1382f0ac050cc/out/eventful_rs-38a1382f0ac050cc)
[INFO] [stdout] 
[INFO] [stdout] running 14 tests
[INFO] [stdout] test shard_handle::tests::collection_preserves_local_references_and_strong_handle_tokens ... ok
[INFO] [stdout] test event::tests::the_last_matching_subscription_receives_the_original_payload ... ok
[INFO] [stdout] test registry::tests::joined_shards_leave_the_registry ... ok
[INFO] [stdout] test event::tests::scoped_cleanup_recovers_a_poisoned_subscription_lock ... ok
[INFO] [stdout] test shard_handle::tests::borrowed_values_are_rechecked_as_orphans ... ok
[INFO] [stdout] test event::tests::snapshots_are_shared_and_updates_copy_only_while_shared ... ok
[INFO] [stdout] test shard_handle::tests::lookup_matches_value_identity_and_retains_the_entry ... ok
[INFO] [stdout] test shard_handle::tests::lookup_forgets_collected_addresses ... ok
[INFO] [stdout] test shard_handle::tests::reacquired_values_are_not_collected_until_released_again ... ok
[INFO] [stdout] test event::tests::exhausted_connection_ids_never_wrap ... ok
[INFO] [stdout] test shard_handle::tests::weak_handle_does_not_keep_event_set_alive ... ok
[INFO] [stdout] test shard_handle::tests::only_the_last_release_queues_a_candidate_and_wakes_the_driver ... ok
[INFO] [stdout] test shard_handle::tests::lookup_requires_the_matching_thread_local_store ... ok
[INFO] [stdout] test shard_handle::tests::disconnected_owned_groups_are_pruned_on_reconnect ... ok
[INFO] [stdout] 
[INFO] [stdout] test result: ok. 14 passed; 0 failed; 0 ignored; 0 measured; 0 filtered out; finished in 0.00s
[INFO] [stdout] 
[INFO] [stderr]      Running tests/api_guidelines.rs (/opt/rustwide/target/release/build/eventful-rs/9487f267c467f643/out/api_guidelines-9487f267c467f643)
[INFO] [stdout] 
[INFO] [stdout] running 5 tests
[INFO] [stdout] test runtime_types_have_thread_safe_debuggable_handles ... ok
[INFO] [stdout] test local_binding_is_fallible_and_preserves_application_methods ... ok
[INFO] [stderr]      Running tests/builders.rs (/opt/rustwide/target/release/build/eventful-rs/778dc2ee7ec72fef/out/builders-778dc2ee7ec72fef)
[INFO] [stdout] test event_and_connections_do_not_require_debug_payloads ... ok
[INFO] [stdout] test qualified_types_and_restricted_wrapper_visibility_work ... ok
[INFO] [stdout] test conditional_methods_do_not_leak_into_generated_items ... ok
[INFO] [stdout] 
[INFO] [stdout] test result: ok. 5 passed; 0 failed; 0 ignored; 0 measured; 0 filtered out; finished in 0.00s
[INFO] [stdout] 
[INFO] [stdout] 
[INFO] [stdout] running 4 tests
[INFO] [stdout] test completion_future_does_not_retain_emission_access ... ok
[INFO] [stdout] test paths::relative_paths_and_restricted_visibility_survive_generated_module ... ok
[INFO] [stdout] test tracked_standalone_callbacks_report_panics_and_closed_shards ... ok
[INFO] [stdout] test standalone_callbacks_route_filter_and_complete_without_a_receiver ... ok
[INFO] [stdout] 
[INFO] [stdout] test result: ok. 4 passed; 0 failed; 0 ignored; 0 measured; 0 filtered out; finished in 0.03s
[INFO] [stdout] 
[INFO] [stderr]      Running tests/conditional_events.rs (/opt/rustwide/target/release/build/eventful-rs/3f7a40bb8d78994e/out/conditional_events-3f7a40bb8d78994e)
[INFO] [stdout] 
[INFO] [stdout] running 1 test
[INFO] [stdout] test mutually_exclusive_declarations_share_a_name ... ok
[INFO] [stdout] 
[INFO] [stdout] test result: ok. 1 passed; 0 failed; 0 ignored; 0 measured; 0 filtered out; finished in 0.16s
[INFO] [stdout] 
[INFO] [stderr]      Running tests/connect_all.rs (/opt/rustwide/target/release/build/eventful-rs/c5705acdaa4999f1/out/connect_all-c5705acdaa4999f1)
[INFO] [stdout] 
[INFO] [stdout] running 2 tests
[INFO] [stdout] test groups_do_not_keep_targets_alive ... ok
[INFO] [stdout] test bulk_connections_deliver_and_disconnect_through_local_strong_and_weak_sources ... ok
[INFO] [stderr]      Running tests/connections.rs (/opt/rustwide/target/release/build/eventful-rs/6de489fd43e3736b/out/connections-6de489fd43e3736b)
[INFO] [stdout] 
[INFO] [stdout] test result: ok. 2 passed; 0 failed; 0 ignored; 0 measured; 0 filtered out; finished in 0.04s
[INFO] [stdout] 
[INFO] [stdout] 
[INFO] [stdout] running 9 tests
[INFO] [stdout] test disconnect_during_emission_preserves_current_snapshot ... ok
[INFO] [stdout] test disconnect_stops_both_dispatch_paths_without_canceling_pending_delivery ... ok
[INFO] [stdout] test scoped_connection_disconnects_only_its_listener_at_scope_exit ... ok
[INFO] [stdout] test disconnect_removes_only_its_listener_and_stale_clones_are_harmless ... ok
[INFO] [stdout] test handles_can_outlive_event_and_release_listener_captures ... ok
[INFO] [stdout] test disconnect_allows_capture_destructors_to_reenter_the_event ... ok
[INFO] [stdout] test dropping_connection_and_its_clone_keeps_listener_connected ... ok
[INFO] [stdout] test dropping_either_scoped_clone_disconnects_immediately ... ok
[INFO] [stdout] test scoped_drop_after_explicit_disconnect_is_harmless ... ok
[INFO] [stdout] 
[INFO] [stdout] test result: ok. 9 passed; 0 failed; 0 ignored; 0 measured; 0 filtered out; finished in 0.01s
[INFO] [stdout] 
[INFO] [stdout] 
[INFO] [stdout] running 1 test
[INFO] [stderr]      Running tests/documented_api.rs (/opt/rustwide/target/release/build/eventful-rs/cd748b5fec6cd094/out/documented_api-cd748b5fec6cd094)
[INFO] [stdout] test generated_wrappers_are_usable_with_missing_docs_denied ... ok
[INFO] [stdout] 
[INFO] [stdout] test result: ok. 1 passed; 0 failed; 0 ignored; 0 measured; 0 filtered out; finished in 0.01s
[INFO] [stdout] 
[INFO] [stderr]      Running tests/events.rs (/opt/rustwide/target/release/build/eventful-rs/0b486dbc9e7ac73d/out/events-0b486dbc9e7ac73d)
[INFO] [stdout] 
[INFO] [stdout] running 4 tests
[INFO] [stdout] test emission_uses_snapshot_and_does_not_hold_connection_lock ... ok
[INFO] [stdout] test tracked_emission_is_immediate_owned_and_uses_a_snapshot ... ok
[INFO] [stdout] test tracked_emission_waits_for_all_handlers_even_after_a_failure ... ok
[INFO] [stdout] test tracked_emission_polls_concurrently_and_reports_future_panics ... ok
[INFO] [stdout] 
[INFO] [stdout] test result: ok. 4 passed; 0 failed; 0 ignored; 0 measured; 0 filtered out; finished in 0.00s
[INFO] [stdout] 
[INFO] [stderr]      Running tests/file_scope.rs (/opt/rustwide/target/release/build/eventful-rs/562905a1f8143d06/out/file_scope-562905a1f8143d06)
[INFO] [stdout] 
[INFO] [stdout] running 1 test
[INFO] [stdout] test file_selection_and_overrides_resolve_to_the_expected_shard ... ok
[INFO] [stdout] 
[INFO] [stdout] test result: ok. 1 passed; 0 failed; 0 ignored; 0 measured; 0 filtered out; finished in 0.01s
[INFO] [stdout] 
[INFO] [stderr]      Running tests/generic_structs.rs (/opt/rustwide/target/release/build/eventful-rs/f3d58a38715af3cd/out/generic_structs-f3d58a38715af3cd)
[INFO] [stdout] 
[INFO] [stdout] running 2 tests
[INFO] [stdout] test empty_interfaces::empty_interfaces_preserve_lifetimes_unsized_parameters_and_const_defaults ... ok
[INFO] [stdout] test generic_instances_deliver_events_across_shards ... ok
[INFO] [stdout] 
[INFO] [stdout] test result: ok. 2 passed; 0 failed; 0 ignored; 0 measured; 0 filtered out; finished in 0.01s
[INFO] [stdout] 
[INFO] [stderr]      Running tests/joined_handles.rs (/opt/rustwide/target/release/build/eventful-rs/033c14c1b4523d45/out/joined_handles-033c14c1b4523d45)
[INFO] [stdout] 
[INFO] [stdout] running 3 tests
[INFO] [stderr]      Running tests/labelled_events.rs (/opt/rustwide/target/release/build/eventful-rs/e1906358af370fad/out/labelled_events-e1906358af370fad)
[INFO] [stdout] test eight_handles_form_a_flat_tuple_and_closed_shards_report_failure ... ok
[INFO] [stdout] test joins_reject_different_shards_even_with_colliding_ids ... ok
[INFO] [stdout] test standard_joined_callbacks ... ok
[INFO] [stdout] 
[INFO] [stdout] test result: ok. 3 passed; 0 failed; 0 ignored; 0 measured; 0 filtered out; finished in 0.01s
[INFO] [stdout] 
[INFO] [stdout] 
[INFO] [stdout] running 4 tests
[INFO] [stdout] test matching_precedes_cloning_and_dispatch_and_preserves_connection_lifetimes ... ok
[INFO] [stdout] test tracked_matching_panics_do_not_prevent_other_deliveries ... ok
[INFO] [stdout] test generated_labels_work_across_shards_with_bulk_connections_and_closed_targets ... ok
[INFO] [stdout] test matching_runs_outside_lock_and_uses_connection_snapshot ... ok
[INFO] [stdout] 
[INFO] [stdout] test result: ok. 4 passed; 0 failed; 0 ignored; 0 measured; 0 filtered out; finished in 0.08s
[INFO] [stdout] 
[INFO] [stdout] 
[INFO] [stderr]      Running tests/macro_hygiene.rs (/opt/rustwide/target/release/build/eventful-rs/65b61750be28c5e5/out/macro_hygiene-65b61750be28c5e5)
[INFO] [stdout] running 2 tests
[INFO] [stdout] test sharded_scopes_accept_external_crate_paths_in_nested_modules ... ok
[INFO] [stdout] test generated_code_ignores_shadowed_prelude_names ... ok
[INFO] [stdout] 
[INFO] [stdout] test result: ok. 2 passed; 0 failed; 0 ignored; 0 measured; 0 filtered out; finished in 0.16s
[INFO] [stdout] 
[INFO] [stdout] 
[INFO] [stderr]      Running tests/macros.rs (/opt/rustwide/target/release/build/eventful-rs/2ae78000ffdc6e84/out/macros-2ae78000ffdc6e84)
[INFO] [stdout] running 3 tests
[INFO] [stdout] test generated_dispatch_supports_non_send_values_and_events_between_shards ... ok
[INFO] [stdout] test generated_tracked_signals_observe_cross_shard_completion_and_closed_targets ... ok
[INFO] [stdout] test concrete_event_arguments::concrete_generic_arguments_are_delivered_between_shards ... ok
[INFO] [stderr]      Running tests/owned_connections.rs (/opt/rustwide/target/release/build/eventful-rs/68dbaab291bc2346/out/owned_connections-68dbaab291bc2346)
[INFO] [stdout] 
[INFO] [stdout] test result: ok. 3 passed; 0 failed; 0 ignored; 0 measured; 0 filtered out; finished in 0.01s
[INFO] [stdout] 
[INFO] [stdout] 
[INFO] [stdout] running 2 tests
[INFO] [stdout] test constructor_connections_follow_the_value_not_the_local_wrapper_or_event_set ... ok
[INFO] [stdout] test ownership_survives_store_shutdown_but_not_the_last_local_reference ... ok
[INFO] [stdout] 
[INFO] [stdout] test result: ok. 2 passed; 0 failed; 0 ignored; 0 measured; 0 filtered out; finished in 0.00s
[INFO] [stdout] 
[INFO] [stderr]      Running tests/private_event_payload.rs (/opt/rustwide/target/release/build/eventful-rs/c92cde4c36b0ef74/out/private_event_payload-c92cde4c36b0ef74)
[INFO] [stdout] 
[INFO] [stdout] running 1 test
[INFO] [stdout] test private_payloads_support_tracked_dispatch ... ok
[INFO] [stdout] 
[INFO] [stdout] test result: ok. 1 passed; 0 failed; 0 ignored; 0 measured; 0 filtered out; finished in 0.00s
[INFO] [stdout] 
[INFO] [stderr]      Running tests/receiver_roles.rs (/opt/rustwide/target/release/build/eventful-rs/6fe8b285297352f9/out/receiver_roles-6fe8b285297352f9)
[INFO] [stdout] 
[INFO] [stdout] running 4 tests
[INFO] [stdout] test callback_hygiene::default_roles_callback_only_receivers_and_marker_hygiene ... ok
[INFO] [stdout] test local_bulk_roles_disconnect_when_source_value_dies ... ok
[INFO] [stdout] test labelled_roles_callbacks_and_bulk_handles_compose ... ok
[INFO] [stderr]      Running tests/runtime.rs (/opt/rustwide/target/release/build/eventful-rs/06f68dcd90c6f7bf/out/runtime-06f68dcd90c6f7bf)
[INFO] [stdout] test roles_and_callbacks_dispatch_to_non_send_receiver_on_its_shard ... ok
[INFO] [stdout] 
[INFO] [stdout] test result: ok. 4 passed; 0 failed; 0 ignored; 0 measured; 0 filtered out; finished in 0.01s
[INFO] [stdout] 
[INFO] [stdout] 
[INFO] [stdout] running 14 tests
[INFO] [stdout] test local_loop_can_stop_without_a_main_result ... ok
[INFO] [stdout] test local_main_accepts_non_send_future_and_result ... ok
[INFO] [stdout] test local_main_propagates_panic_without_hanging ... ok
[INFO] [stdout] test final_value_drop_occurs_on_owner_even_when_handle_drops_elsewhere ... ok
[INFO] [stdout] test same_shard_nested_deferred_call_progresses ... ok
[INFO] [stdout] test queued_strong_handle_calls_keep_their_target_alive ... ok
[INFO] [stdout] test synchronous_callback_panics_are_isolated ... ok
[INFO] [stdout] test standard_concurrency_results_and_panic_isolation ... ok
[INFO] [stdout] test concurrent_joiners_wait_for_actual_completion ... ok
[INFO] [stdout] test shutdown_runs_accepted_work_and_rejects_later_submissions ... ok
[INFO] [stdout] test wrong_shard_never_resolves_colliding_value_id ... ok
[INFO] [stdout] test deferred_future_outlives_the_submitting_handle ... ok
[INFO] [stdout] test shutdown_cancels_pending_results_rejects_submissions_and_is_repeatable ... ok
[INFO] [stdout] test tracked_events_report_async_handler_completion_panic_and_cancellation ... ok
[INFO] [stderr]      Running tests/shard_binding.rs (/opt/rustwide/target/release/build/eventful-rs/7010c3f12e1ca91a/out/shard_binding-7010c3f12e1ca91a)
[INFO] [stdout] 
[INFO] [stderr]      Running tests/slint.rs (/opt/rustwide/target/release/build/eventful-rs/0aef22316a7b82fc/out/slint-0aef22316a7b82fc)
[INFO] [stdout] test result: ok. 14 passed; 0 failed; 0 ignored; 0 measured; 0 filtered out; finished in 0.03s
[INFO] [stderr]      Running tests/ui.rs (/opt/rustwide/target/release/build/eventful-rs/f06af723ad143feb/out/ui-f06af723ad143feb)
[INFO] [stdout] 
[INFO] [stdout] 
[INFO] [stdout] running 1 test
[INFO] [stdout] test named_affinity_scopes_factories_and_runtime_checks ... ok
[INFO] [stdout] 
[INFO] [stdout] test result: ok. 1 passed; 0 failed; 0 ignored; 0 measured; 0 filtered out; finished in 0.00s
[INFO] [stdout] 
[INFO] [stdout] 
[INFO] [stdout] running 0 tests
[INFO] [stdout] 
[INFO] [stdout] test result: ok. 0 passed; 0 failed; 0 ignored; 0 measured; 0 filtered out; finished in 0.00s
[INFO] [stdout] 
[INFO] [stdout] 
[INFO] [stdout] running 2 tests
[INFO] [stderr] warning: `package.homepage` is redundant with `package.repository`
[INFO] [stderr]   --> /opt/rustwide/workdir/Cargo.toml:48:12
[INFO] [stderr]    |
[INFO] [stderr] 48 | homepage = "https://github.com/DreamLogics/eventful-rs"
[INFO] [stderr]    |            ^^^^^^^^^^^^^^^^^^^^^^^^^^^^^^^^^^^^^^^^^^^^
[INFO] [stderr] ...
[INFO] [stderr] 54 | repository = "https://github.com/DreamLogics/eventful-rs"
[INFO] [stderr]    |              --------------------------------------------
[INFO] [stderr]    |
[INFO] [stderr]    = note: `cargo::redundant_homepage` is set to `warn` by default
[INFO] [stderr] help: consider removing `package.homepage`
[INFO] [stderr] warning: `eventful-rs` (manifest) generated 1 warning
[INFO] [stderr]    Compiling stable_deref_trait v1.2.1
[INFO] [stderr]    Compiling autocfg v1.5.1
[INFO] [stderr]    Compiling writeable v0.6.4
[INFO] [stderr]    Compiling portable-atomic v1.15.0
[INFO] [stderr]    Compiling critical-section v1.2.0
[INFO] [stderr]    Compiling litemap v0.8.3
[INFO] [stderr]    Compiling libm v0.2.16
[INFO] [stderr]    Compiling syn v3.0.5
[INFO] [stderr]    Compiling syn v2.0.119
[INFO] [stderr]    Compiling smallvec v1.16.0
[INFO] [stderr]    Compiling icu_locale_fallback_data v2.3.0
[INFO] [stderr]    Compiling cfg-if v1.0.4
[INFO] [stderr]    Compiling pkg-config v0.3.34
[INFO] [stderr]    Compiling foldhash v0.2.0
[INFO] [stderr]    Compiling semver v1.0.28
[INFO] [stderr]    Compiling utf8_iter v1.0.4
[INFO] [stderr]    Compiling libc v0.2.189
[INFO] [stderr]    Compiling memchr v2.8.3
[INFO] [stderr]    Compiling num-traits v0.2.19
[INFO] [stderr]    Compiling memoffset v0.9.1
[INFO] [stderr]    Compiling rustc_version v0.4.1
[INFO] [stderr]    Compiling libloading v0.8.9
[INFO] [stderr]    Compiling arrayvec v0.7.8
[INFO] [stderr]    Compiling yeslogic-fontconfig-sys v6.0.1
[INFO] [stderr]    Compiling icu_properties_data v2.3.0
[INFO] [stderr]    Compiling once_cell v1.21.4
[INFO] [stderr]    Compiling field-offset v0.3.6
[INFO] [stderr]    Compiling dlib v0.5.3
[INFO] [stderr]    Compiling icu_segmenter_data v2.3.0
[INFO] [stderr]    Compiling version_check v0.9.5
[INFO] [stderr]    Compiling slab v0.4.12
[INFO] [stderr]    Compiling unicode-segmentation v1.13.3
[INFO] [stderr]    Compiling zmij v1.0.23
[INFO] [stderr]    Compiling icu_decimal_data v2.3.0
[INFO] [stderr]    Compiling icu_normalizer_data v2.3.0
[INFO] [stderr]    Compiling serde_core v1.0.229
[INFO] [stderr]    Compiling bitflags v2.13.1
[INFO] [stderr]    Compiling slotmap v1.1.1
[INFO] [stderr]    Compiling convert_case v0.10.0
[INFO] [stderr]    Compiling hashbrown v0.17.1
[INFO] [stderr]    Compiling parlance v0.1.0
[INFO] [stderr]    Compiling equivalent v1.0.2
[INFO] [stderr]    Compiling winnow v1.0.4
[INFO] [stderr]    Compiling linebender_resource_handle v0.1.1
[INFO] [stderr]    Compiling euclid v0.22.14
[INFO] [stderr]    Compiling thiserror v2.0.20
[INFO] [stderr]    Compiling pulldown-cmark v0.13.4
[INFO] [stderr]    Compiling futures-sink v0.3.34
[INFO] [stderr]    Compiling serde_json v1.0.151
[INFO] [stderr]    Compiling futures-core v0.3.34
[INFO] [stderr]    Compiling memmap2 v0.9.11
[INFO] [stderr]    Compiling unicode-xid v0.2.6
[INFO] [stderr]    Compiling futures-channel v0.3.34
[INFO] [stderr]    Compiling unicase v2.9.0
[INFO] [stderr]    Compiling lyon_geom v1.0.19
[INFO] [stderr]    Compiling indexmap v2.14.1
[INFO] [stderr]    Compiling itoa v1.0.18
[INFO] [stderr]    Compiling toml_datetime v1.1.1+spec-1.1.0
[INFO] [stderr]    Compiling toml_parser v1.1.3+spec-1.1.0
[INFO] [stderr]    Compiling pin-project-lite v0.2.17
[INFO] [stderr]    Compiling futures-task v0.3.34
[INFO] [stderr]    Compiling lyon_path v1.0.19
[INFO] [stderr]    Compiling futures-io v0.3.34
[INFO] [stderr]    Compiling heck v0.5.0
[INFO] [stderr]    Compiling toml_edit v0.25.13+spec-1.1.0
[INFO] [stderr]    Compiling zeno v0.3.3
[INFO] [stderr]    Compiling yazi v0.2.1
[INFO] [stderr]    Compiling iana-time-zone v0.1.65
[INFO] [stderr]    Compiling synstructure v0.13.2
[INFO] [stderr]    Compiling allocator-api2 v0.2.21
[INFO] [stderr]    Compiling htmlparser v0.2.1
[INFO] [stderr]    Compiling hashbrown v0.16.1
[INFO] [stderr]    Compiling proc-macro-crate v3.5.0
[INFO] [stderr]    Compiling chrono v0.4.45
[INFO] [stderr]    Compiling taffy v0.10.1
[INFO] [stderr]    Compiling lyon_algorithms v1.0.21
[INFO] [stderr]    Compiling sys-locale v0.3.2
[INFO] [stderr]    Compiling pin-weak v1.1.0
[INFO] [stderr]    Compiling scopeguard v1.2.0
[INFO] [stderr]    Compiling clru v0.6.3
[INFO] [stderr]    Compiling futures-timer v3.0.4
[INFO] [stderr]    Compiling zerovec-derive v0.11.6
[INFO] [stderr]    Compiling displaydoc v0.2.7
[INFO] [stderr]    Compiling bytemuck_derive v1.12.0
[INFO] [stderr]    Compiling const-field-offset-macro v0.2.1
[INFO] [stderr]    Compiling futures-macro v0.3.34
[INFO] [stderr]    Compiling zerofrom-derive v0.1.7
[INFO] [stderr]    Compiling yoke-derive v0.8.2
[INFO] [stderr]    Compiling derive_more-impl v2.1.1
[INFO] [stderr]    Compiling thiserror-impl v2.0.20
[INFO] [stderr]    Compiling fixed_decimal v0.7.2
[INFO] [stderr]    Compiling futures-util v0.3.34
[INFO] [stdout] test invalid_macro_input_is_rejected has been running for over 60 seconds
[INFO] [stdout] test valid_macro_input_compiles_and_runs has been running for over 60 seconds
[INFO] [stderr]    Compiling const-field-offset v0.2.1
[INFO] [stderr]    Compiling pin-project-internal v1.1.13
[INFO] [stderr]    Compiling strum_macros v0.28.0
[INFO] [stderr]    Compiling bytemuck v1.25.2
[INFO] [stderr]    Compiling font-types v0.12.4
[INFO] [stderr]    Compiling vtable-macro v0.5.0
[INFO] [stderr]    Compiling read-fonts v0.41.0
[INFO] [stderr]    Compiling zerofrom v0.1.8
[INFO] [stderr]    Compiling yoke v0.8.3
[INFO] [stderr]    Compiling lyon_extra v1.1.0
[INFO] [stderr]    Compiling zerovec v0.11.8
[INFO] [stderr]    Compiling zerotrie v0.2.5
[INFO] [stderr]    Compiling pin-project v1.1.13
[INFO] [stderr]    Compiling rgb v0.8.53
[INFO] [stderr]    Compiling vtable v0.5.0
[INFO] [stderr]    Compiling i-slint-core-macros v1.18.1
[INFO] [stderr]    Compiling eventful-rs-macros v0.2.1
[INFO] [stderr]    Compiling tinystr v0.8.4
[INFO] [stderr]    Compiling icu_locale_core v2.3.0
[INFO] [stderr]    Compiling potential_utf v0.1.6
[INFO] [stderr]    Compiling icu_collections v2.3.0
[INFO] [stderr]    Compiling futures-executor v0.3.34
[INFO] [stderr]    Compiling futures v0.3.34
[INFO] [stderr]    Compiling strum v0.28.0
[INFO] [stderr]    Compiling eventful-rs v0.2.1 (/opt/rustwide/workdir)
[INFO] [stderr]    Compiling icu_provider v2.3.1
[INFO] [stderr]    Compiling derive_more v2.1.1
[INFO] [stderr]    Compiling icu_locale_fallback v2.3.0
[INFO] [stderr]    Compiling icu_properties v2.3.0
[INFO] [stderr]    Compiling icu_normalizer v2.3.0
[INFO] [stderr]    Compiling icu_segmenter v2.3.0
[INFO] [stderr]    Compiling icu_decimal v2.3.0
[INFO] [stderr]    Compiling parley_data v0.11.1
[INFO] [stderr]    Compiling skrifa v0.44.0
[INFO] [stderr]    Compiling fontique v0.11.1
[INFO] [stderr]    Compiling harfrust v0.12.0
[INFO] [stderr]    Compiling swash v0.2.10
[INFO] [stderr]    Compiling i-slint-common v1.18.1
[INFO] [stderr]    Compiling parley v0.11.1
[INFO] [stderr]    Compiling i-slint-core v1.18.1
[INFO] [stderr]    Compiling i-slint-renderer-software v1.18.1
[INFO] [stderr]    Compiling eventful-rs-tests v0.0.0 (/opt/rustwide/target/tests/trybuild/eventful-rs)
[INFO] [stderr]     Finished `dev` profile [unoptimized + debuginfo] target(s) in 2m 24s
[INFO] [stderr] 
[INFO] [stderr] 
[INFO] [stderr] test tests/ui-pass/sharded_main.rs ... ok
[INFO] [stderr] 
[INFO] [stderr] STDERR:
[INFO] [stderr] ┈┈┈┈┈┈┈┈┈┈┈┈┈┈┈┈┈┈┈┈┈┈┈┈┈┈┈┈┈┈┈┈┈┈┈┈┈┈┈┈┈┈┈┈┈┈┈┈┈┈┈┈┈┈┈┈┈┈┈┈
[INFO] [stderr] warning: `package.homepage` is redundant with `package.repository`
[INFO] [stderr]   --> /opt/rustwide/workdir/Cargo.toml:48:12
[INFO] [stderr]    |
[INFO] [stderr] 48 | homepage = "https://github.com/DreamLogics/eventful-rs"
[INFO] [stderr]    |            ^^^^^^^^^^^^^^^^^^^^^^^^^^^^^^^^^^^^^^^^^^^^
[INFO] [stderr] ...
[INFO] [stderr] 54 | repository = "https://github.com/DreamLogics/eventful-rs"
[INFO] [stderr]    |              --------------------------------------------
[INFO] [stderr]    |
[INFO] [stderr]    = note: `cargo::redundant_homepage` is set to `warn` by default
[INFO] [stderr] help: consider removing `package.homepage`
[INFO] [stderr] ┈┈┈┈┈┈┈┈┈┈┈┈┈┈┈┈┈┈┈┈┈┈┈┈┈┈┈┈┈┈┈┈┈┈┈┈┈┈┈┈┈┈┈┈┈┈┈┈┈┈┈┈┈┈┈┈┈┈┈┈
[INFO] [stderr] 
[INFO] [stderr] 
[INFO] [stderr] 
[INFO] [stdout] test valid_macro_input_compiles_and_runs ... ok
[INFO] [stderr] warning: `package.homepage` is redundant with `package.repository`
[INFO] [stderr]   --> /opt/rustwide/workdir/Cargo.toml:48:12
[INFO] [stderr]    |
[INFO] [stderr] 48 | homepage = "https://github.com/DreamLogics/eventful-rs"
[INFO] [stderr]    |            ^^^^^^^^^^^^^^^^^^^^^^^^^^^^^^^^^^^^^^^^^^^^
[INFO] [stderr] ...
[INFO] [stderr] 54 | repository = "https://github.com/DreamLogics/eventful-rs"
[INFO] [stderr]    |              --------------------------------------------
[INFO] [stderr]    |
[INFO] [stderr]    = note: `cargo::redundant_homepage` is set to `warn` by default
[INFO] [stderr] help: consider removing `package.homepage`
[INFO] [stderr] warning: `eventful-rs` (manifest) generated 1 warning
[INFO] [stderr]     Checking stable_deref_trait v1.2.1
[INFO] [stderr]     Checking zerofrom v0.1.8
[INFO] [stderr]     Checking writeable v0.6.4
[INFO] [stderr]     Checking critical-section v1.2.0
[INFO] [stderr]     Checking litemap v0.8.3
[INFO] [stderr]     Checking bytemuck v1.25.2
[INFO] [stderr]     Checking smallvec v1.16.0
[INFO] [stderr]     Checking libm v0.2.16
[INFO] [stderr]     Checking memchr v2.8.3
[INFO] [stderr]     Checking portable-atomic v1.15.0
[INFO] [stderr]     Checking yoke v0.8.3
[INFO] [stderr]     Checking cfg-if v1.0.4
[INFO] [stderr]     Checking foldhash v0.2.0
[INFO] [stderr]     Checking font-types v0.12.4
[INFO] [stderr]     Checking utf8_iter v1.0.4
[INFO] [stderr]     Checking libloading v0.8.9
[INFO] [stderr]     Checking icu_locale_fallback_data v2.3.0
[INFO] [stderr]     Checking arrayvec v0.7.8
[INFO] [stderr]     Checking zerovec v0.11.8
[INFO] [stderr]     Checking zerotrie v0.2.5
[INFO] [stderr]     Checking dlib v0.5.3
[INFO] [stderr]     Checking libc v0.2.189
[INFO] [stderr]     Checking slab v0.4.12
[INFO] [stderr]     Checking bitflags v2.13.1
[INFO] [stderr]     Checking memoffset v0.9.1
[INFO] [stderr]     Checking icu_properties_data v2.3.0
[INFO] [stderr]     Checking hashbrown v0.17.1
[INFO] [stderr]     Checking linebender_resource_handle v0.1.1
[INFO] [stderr]     Checking once_cell v1.21.4
[INFO] [stderr]     Checking parlance v0.1.0
[INFO] [stderr]     Checking futures-sink v0.3.34
[INFO] [stderr]     Checking futures-core v0.3.34
[INFO] [stderr]     Checking read-fonts v0.41.0
[INFO] [stderr]     Checking yeslogic-fontconfig-sys v6.0.1
[INFO] [stderr]     Checking futures-channel v0.3.34
[INFO] [stderr]     Checking field-offset v0.3.6
[INFO] [stderr]     Checking icu_decimal_data v2.3.0
[INFO] [stderr]     Checking icu_normalizer_data v2.3.0
[INFO] [stderr]     Checking icu_segmenter_data v2.3.0
[INFO] [stderr]     Checking fixed_decimal v0.7.2
[INFO] [stderr]     Checking pin-project-lite v0.2.17
[INFO] [stderr]     Checking futures-task v0.3.34
[INFO] [stderr]     Checking futures-io v0.3.34
[INFO] [stderr]     Checking unicase v2.9.0
[INFO] [stderr]     Checking const-field-offset v0.2.1
[INFO] [stderr]     Checking futures-util v0.3.34
[INFO] [stderr]     Checking thiserror v2.0.20
[INFO] [stderr]     Checking slotmap v1.1.1
[INFO] [stderr]     Checking derive_more v2.1.1
[INFO] [stderr]     Checking num-traits v0.2.19
[INFO] [stderr]     Checking iana-time-zone v0.1.65
[INFO] [stderr]     Checking pulldown-cmark v0.13.4
[INFO] [stderr]     Checking equivalent v1.0.2
[INFO] [stderr]     Checking allocator-api2 v0.2.21
[INFO] [stderr]     Checking memmap2 v0.9.11
[INFO] [stderr]     Checking tinystr v0.8.4
[INFO] [stderr]     Checking potential_utf v0.1.6
[INFO] [stderr]     Checking zeno v0.3.3
[INFO] [stderr]     Checking icu_collections v2.3.0
[INFO] [stderr]     Checking htmlparser v0.2.1
[INFO] [stderr]     Checking icu_locale_core v2.3.0
[INFO] [stderr]     Checking yazi v0.2.1
[INFO] [stderr]     Checking taffy v0.10.1
[INFO] [stderr]     Checking euclid v0.22.14
[INFO] [stderr]     Checking chrono v0.4.45
[INFO] [stderr]     Checking hashbrown v0.16.1
[INFO] [stderr]     Checking vtable v0.5.0
[INFO] [stderr]     Checking pin-project v1.1.13
[INFO] [stderr]     Checking strum v0.28.0
[INFO] [stderr]     Checking rgb v0.8.53
[INFO] [stderr]     Checking scopeguard v1.2.0
[INFO] [stderr]     Checking sys-locale v0.3.2
[INFO] [stderr]     Checking unicode-segmentation v1.13.3
[INFO] [stderr]     Checking pin-weak v1.1.0
[INFO] [stderr]     Checking icu_provider v2.3.1
[INFO] [stderr]     Checking lyon_geom v1.0.19
[INFO] [stderr]     Checking futures-timer v3.0.4
[INFO] [stderr]     Checking clru v0.6.3
[INFO] [stderr]     Checking icu_locale_fallback v2.3.0
[INFO] [stderr]     Checking icu_properties v2.3.0
[INFO] [stderr]     Checking icu_normalizer v2.3.0
[INFO] [stderr]     Checking lyon_path v1.0.19
[INFO] [stderr]     Checking icu_segmenter v2.3.0
[INFO] [stderr]     Checking icu_decimal v2.3.0
[INFO] [stderr]     Checking lyon_extra v1.1.0
[INFO] [stderr]     Checking lyon_algorithms v1.0.21
[INFO] [stderr]     Checking futures-executor v0.3.34
[INFO] [stderr]     Checking futures v0.3.34
[INFO] [stderr]     Checking eventful-rs v0.2.1 (/opt/rustwide/workdir)
[INFO] [stderr]     Checking parley_data v0.11.1
[INFO] [stderr]     Checking skrifa v0.44.0
[INFO] [stderr]     Checking fontique v0.11.1
[INFO] [stderr]     Checking harfrust v0.12.0
[INFO] [stderr]     Checking i-slint-common v1.18.1
[INFO] [stderr]     Checking swash v0.2.10
[INFO] [stderr]     Checking parley v0.11.1
[INFO] [stderr]     Checking i-slint-core v1.18.1
[INFO] [stderr]     Checking i-slint-renderer-software v1.18.1
[INFO] [stderr]     Checking eventful-rs-tests v0.0.0 (/opt/rustwide/target/tests/trybuild/eventful-rs)
[INFO] [stderr]     Finished `dev` profile [unoptimized + debuginfo] target(s) in 44.89s
[INFO] [stderr] 
[INFO] [stderr] 
[INFO] [stderr] test tests/ui/async_event.rs ... ok
[INFO] [stderr] test tests/ui/builder_states.rs ... ok
[INFO] [stderr] test tests/ui/callback_constraints.rs ... mismatch
[INFO] [stderr] 
[INFO] [stderr] EXPECTED:
[INFO] [stderr] ┈┈┈┈┈┈┈┈┈┈┈┈┈┈┈┈┈┈┈┈┈┈┈┈┈┈┈┈┈┈┈┈┈┈┈┈┈┈┈┈┈┈┈┈┈┈┈┈┈┈┈┈┈┈┈┈┈┈┈┈
[INFO] [stderr] error[E0631]: type mismatch in closure arguments
[INFO] [stderr]   --> tests/ui/callback_constraints.rs:13:45
[INFO] [stderr]    |
[INFO] [stderr] 13 |     button.clicked().with_receiver(&dialog).connect(|_: &Dialog, _: String| {});
[INFO] [stderr]    |                                             ^^^^^^^ ----------------------- found signature defined here
[INFO] [stderr]    |                                             |
[INFO] [stderr]    |                                             expected due to this
[INFO] [stderr]    |
[INFO] [stderr]    = note: expected closure signature `for<'a> fn(&'a Dialog, usize) -> _`
[INFO] [stderr]               found closure signature `fn(&Dialog, String) -> _`
[INFO] [stderr] note: required by a bound in `ButtonsClickedSignal::<L, ShardWeakHandle<T>>::connect`
[INFO] [stderr]   --> tests/ui/callback_constraints.rs:3:1
[INFO] [stderr]    |
[INFO] [stderr]  3 | #[events(ListenerKind)]
[INFO] [stderr]    | ^^^^^^^^^^^^^^^^^^^^^^^ required by this bound in `ButtonsClickedSignal::<L, ShardWeakHandle<T>>::connect`
[INFO] [stderr]    = note: this error originates in the attribute macro `events` (in Nightly builds, run with -Z macro-backtrace for more info)
[INFO] [stderr] 
[INFO] [stderr] error[E0277]: the trait bound `Other: __ButtonsReceiver` is not satisfied
[INFO] [stderr]   --> tests/ui/callback_constraints.rs:14:22
[INFO] [stderr]    |
[INFO] [stderr] 14 |     button.clicked().with_receiver(&other).connect(|_, _| {});
[INFO] [stderr]    |                      ^^^^^^^^^^^^^ unsatisfied trait bound
[INFO] [stderr]    |
[INFO] [stderr] help: the trait `ListenerKind` is not implemented for `Other`
[INFO] [stderr]   --> tests/ui/callback_constraints.rs:10:1
[INFO] [stderr]    |
[INFO] [stderr] 10 | #[eventful(shard = DynamicShard)]
[INFO] [stderr]    | ^^^^^^^^^^^^^^^^^^^^^^^^^^^^^^^^^
[INFO] [stderr] help: the trait `ListenerKind` is implemented for `Dialog`
[INFO] [stderr]   --> tests/ui/callback_constraints.rs:9:1
[INFO] [stderr]    |
[INFO] [stderr]  9 | impl ListenerKind for Dialog {}
[INFO] [stderr]    | ^^^^^^^^^^^^^^^^^^^^^^^^^^^^
[INFO] [stderr] note: required for `Other` to implement `__ButtonsReceiver`
[INFO] [stderr]   --> tests/ui/callback_constraints.rs:3:1
[INFO] [stderr]    |
[INFO] [stderr]  3 | #[events(ListenerKind)]
[INFO] [stderr]    | ^^^^^^^^^^^^^^^^^^^^^^^
[INFO] [stderr]  4 | trait Buttons { fn clicked(&self, value: usize); }
[INFO] [stderr]    |       ^^^^^^^
[INFO] [stderr] note: required by a bound in `ButtonsClickedSignal::<L>::with_receiver`
[INFO] [stderr]   --> tests/ui/callback_constraints.rs:4:7
[INFO] [stderr]    |
[INFO] [stderr]  3 | #[events(ListenerKind)]
[INFO] [stderr]    | ----------------------- required by a bound in this associated function
[INFO] [stderr]  4 | trait Buttons { fn clicked(&self, value: usize); }
[INFO] [stderr]    |       ^^^^^^^ required by this bound in `ButtonsClickedSignal::<L>::with_receiver`
[INFO] [stderr]    = note: this error originates in the attribute macro `eventful` which comes from the expansion of the attribute macro `events` (in Nightly builds, run with -Z macro-backtrace for more info)
[INFO] [stderr] 
[INFO] [stderr] error[E0599]: the method `connect` exists for struct `ButtonsClickedSignal<eventful_rs::__builders::All, ShardWeakHandle<Other>>`, but its trait bounds were not satisfied
[INFO] [stderr]   --> tests/ui/callback_constraints.rs:14:44
[INFO] [stderr]    |
[INFO] [stderr]  3 | #[events(ListenerKind)]
[INFO] [stderr]    | ----------------------- method `connect` not found for this struct
[INFO] [stderr] ...
[INFO] [stderr] 10 | #[eventful(shard = DynamicShard)]
[INFO] [stderr]    | --------------------------------- doesn't satisfy `Other: ListenerKind` or `Other: __ButtonsReceiver`
[INFO] [stderr] ...
[INFO] [stderr] 14 |     button.clicked().with_receiver(&other).connect(|_, _| {});
[INFO] [stderr]    |                                            ^^^^^^^ method cannot be called due to unsatisfied trait bounds
[INFO] [stderr]    |
[INFO] [stderr] note: trait bound `Other: ListenerKind` was not satisfied
[INFO] [stderr]   --> tests/ui/callback_constraints.rs:3:10
[INFO] [stderr]    |
[INFO] [stderr]  3 | #[events(ListenerKind)]
[INFO] [stderr]    | ---------^^^^^^^^^^^^--
[INFO] [stderr]    |          |
[INFO] [stderr]    |          unsatisfied trait bound introduced here
[INFO] [stderr]  4 | trait Buttons { fn clicked(&self, value: usize); }
[INFO] [stderr]    |       -------
[INFO] [stderr] note: the trait `ListenerKind` must be implemented
[INFO] [stderr]   --> tests/ui/callback_constraints.rs:2:1
[INFO] [stderr]    |
[INFO] [stderr]  2 | trait ListenerKind {}
[INFO] [stderr]    | ^^^^^^^^^^^^^^^^^^
[INFO] [stderr] ┈┈┈┈┈┈┈┈┈┈┈┈┈┈┈┈┈┈┈┈┈┈┈┈┈┈┈┈┈┈┈┈┈┈┈┈┈┈┈┈┈┈┈┈┈┈┈┈┈┈┈┈┈┈┈┈┈┈┈┈
[INFO] [stderr] 
[INFO] [stderr] ACTUAL OUTPUT:
[INFO] [stderr] ┈┈┈┈┈┈┈┈┈┈┈┈┈┈┈┈┈┈┈┈┈┈┈┈┈┈┈┈┈┈┈┈┈┈┈┈┈┈┈┈┈┈┈┈┈┈┈┈┈┈┈┈┈┈┈┈┈┈┈┈
[INFO] [stderr] error[E0631]: type mismatch in closure arguments
[INFO] [stderr]   --> tests/ui/callback_constraints.rs:13:45
[INFO] [stderr]    |
[INFO] [stderr] 13 |     button.clicked().with_receiver(&dialog).connect(|_: &Dialog, _: String| {});
[INFO] [stderr]    |                                             ^^^^^^^ ----------------------- found signature defined here
[INFO] [stderr]    |                                             |
[INFO] [stderr]    |                                             expected due to this
[INFO] [stderr]    |
[INFO] [stderr]    = note: expected closure signature `for<'a> fn(&'a Dialog, usize) -> _`
[INFO] [stderr]               found closure signature `fn(&Dialog, String) -> _`
[INFO] [stderr] note: required by a bound in `ButtonsClickedSignal::<L, ShardWeakHandle<T>>::connect`
[INFO] [stderr]   --> tests/ui/callback_constraints.rs:3:1
[INFO] [stderr]    |
[INFO] [stderr]  3 | #[events(ListenerKind)]
[INFO] [stderr]    | ^^^^^^^^^^^^^^^^^^^^^^^ required by this bound in `ButtonsClickedSignal::<L, ShardWeakHandle<T>>::connect`
[INFO] [stderr]    = note: this error originates in the attribute macro `events` (in Nightly builds, run with -Z macro-backtrace for more info)
[INFO] [stderr] 
[INFO] [stderr] error[E0277]: the trait bound `Other: __ButtonsReceiver` is not satisfied
[INFO] [stderr]   --> tests/ui/callback_constraints.rs:14:22
[INFO] [stderr]    |
[INFO] [stderr] 14 |     button.clicked().with_receiver(&other).connect(|_, _| {});
[INFO] [stderr]    |                      ^^^^^^^^^^^^^ unsatisfied trait bound
[INFO] [stderr]    |
[INFO] [stderr] help: the trait `ListenerKind` is not implemented for `Other`
[INFO] [stderr]   --> tests/ui/callback_constraints.rs:10:1
[INFO] [stderr]    |
[INFO] [stderr] 10 | #[eventful(shard = DynamicShard)]
[INFO] [stderr]    | ^^^^^^^^^^^^^^^^^^^^^^^^^^^^^^^^^
[INFO] [stderr] help: the trait `ListenerKind` is implemented for `Dialog`
[INFO] [stderr]   --> tests/ui/callback_constraints.rs:9:1
[INFO] [stderr]    |
[INFO] [stderr]  9 | impl ListenerKind for Dialog {}
[INFO] [stderr]    | ^^^^^^^^^^^^^^^^^^^^^^^^^^^^
[INFO] [stderr] note: required for `Other` to implement `__ButtonsReceiver`
[INFO] [stderr]   --> tests/ui/callback_constraints.rs:3:1
[INFO] [stderr]    |
[INFO] [stderr]  3 | #[events(ListenerKind)]
[INFO] [stderr]    | ^^^^^^^^^^^^^^^^^^^^^^^
[INFO] [stderr]  4 | trait Buttons { fn clicked(&self, value: usize); }
[INFO] [stderr]    |       ^^^^^^^
[INFO] [stderr] note: required by a bound in `ButtonsClickedSignal::<L>::with_receiver`
[INFO] [stderr]   --> tests/ui/callback_constraints.rs:4:7
[INFO] [stderr]    |
[INFO] [stderr]  3 | #[events(ListenerKind)]
[INFO] [stderr]  4 | trait Buttons { fn clicked(&self, value: usize); }
[INFO] [stderr]    |       ^^^^^^^ required by this bound in `ButtonsClickedSignal::<L>::with_receiver`
[INFO] [stderr]    = note: this error originates in the attribute macro `eventful` which comes from the expansion of the attribute macro `events` (in Nightly builds, run with -Z macro-backtrace for more info)
[INFO] [stderr] 
[INFO] [stderr] error[E0599]: the method `connect` exists for struct `ButtonsClickedSignal<eventful_rs::__builders::All, ShardWeakHandle<Other>>`, but its trait bounds were not satisfied
[INFO] [stderr]   --> tests/ui/callback_constraints.rs:14:44
[INFO] [stderr]    |
[INFO] [stderr]  3 | #[events(ListenerKind)]
[INFO] [stderr]    | ----------------------- method `connect` not found for this struct
[INFO] [stderr] ...
[INFO] [stderr] 10 | #[eventful(shard = DynamicShard)]
[INFO] [stderr]    | --------------------------------- doesn't satisfy `Other: ListenerKind` or `Other: __ButtonsReceiver`
[INFO] [stderr] ...
[INFO] [stderr] 14 |     button.clicked().with_receiver(&other).connect(|_, _| {});
[INFO] [stderr]    |                                            ^^^^^^^ method cannot be called due to unsatisfied trait bounds
[INFO] [stderr]    |
[INFO] [stderr] note: trait bound `Other: ListenerKind` was not satisfied
[INFO] [stderr]   --> tests/ui/callback_constraints.rs:3:10
[INFO] [stderr]    |
[INFO] [stderr]  3 | #[events(ListenerKind)]
[INFO] [stderr]    | ---------^^^^^^^^^^^^--
[INFO] [stderr]    |          |
[INFO] [stderr]    |          unsatisfied trait bound introduced here
[INFO] [stderr]  4 | trait Buttons { fn clicked(&self, value: usize); }
[INFO] [stderr]    |       -------
[INFO] [stderr] note: the trait `ListenerKind` must be implemented
[INFO] [stderr]   --> tests/ui/callback_constraints.rs:2:1
[INFO] [stderr]    |
[INFO] [stderr]  2 | trait ListenerKind {}
[INFO] [stderr]    | ^^^^^^^^^^^^^^^^^^
[INFO] [stderr] ┈┈┈┈┈┈┈┈┈┈┈┈┈┈┈┈┈┈┈┈┈┈┈┈┈┈┈┈┈┈┈┈┈┈┈┈┈┈┈┈┈┈┈┈┈┈┈┈┈┈┈┈┈┈┈┈┈┈┈┈
[INFO] [stderr] note: If the actual output is the correct output you can bless it by rerunning
[INFO] [stderr]       your test with the environment variable TRYBUILD=overwrite
[INFO] [stderr] 
[INFO] [stderr] test tests/ui/callback_non_send.rs ... mismatch
[INFO] [stderr] 
[INFO] [stderr] EXPECTED:
[INFO] [stderr] ┈┈┈┈┈┈┈┈┈┈┈┈┈┈┈┈┈┈┈┈┈┈┈┈┈┈┈┈┈┈┈┈┈┈┈┈┈┈┈┈┈┈┈┈┈┈┈┈┈┈┈┈┈┈┈┈┈┈┈┈
[INFO] [stderr] error[E0277]: `Rc<i32>` cannot be sent between threads safely
[INFO] [stderr]   --> tests/ui/callback_non_send.rs:11:53
[INFO] [stderr]    |
[INFO] [stderr] 11 |     button.clicked().with_receiver(&dialog).connect(move |_| { drop(capture.clone()); });
[INFO] [stderr]    |                                             ------- --------^^^^^^^^^^^^^^^^^^^^^^^^^^^
[INFO] [stderr]    |                                             |       |
[INFO] [stderr]    |                                             |       `Rc<i32>` cannot be sent between threads safely
[INFO] [stderr]    |                                             |       within this `{closure@$DIR/tests/ui/callback_non_send.rs:11:53: 11:61}`
[INFO] [stderr]    |                                             required by a bound introduced by this call
[INFO] [stderr]    |
[INFO] [stderr]    = help: within `{closure@$DIR/tests/ui/callback_non_send.rs:11:53: 11:61}`, the trait `Send` is not implemented for `Rc<i32>`
[INFO] [stderr] note: required because it's used within this closure
[INFO] [stderr]   --> tests/ui/callback_non_send.rs:11:53
[INFO] [stderr]    |
[INFO] [stderr] 11 |     button.clicked().with_receiver(&dialog).connect(move |_| { drop(capture.clone()); });
[INFO] [stderr]    |                                                     ^^^^^^^^
[INFO] [stderr] note: required by a bound in `ButtonsClickedSignal::<L, ShardWeakHandle<T>>::connect`
[INFO] [stderr]   --> tests/ui/callback_non_send.rs:3:1
[INFO] [stderr]    |
[INFO] [stderr]  3 | #[events]
[INFO] [stderr]    | ^^^^^^^^^ required by this bound in `ButtonsClickedSignal::<L, ShardWeakHandle<T>>::connect`
[INFO] [stderr]    = note: this error originates in the attribute macro `events` (in Nightly builds, run with -Z macro-backtrace for more info)
[INFO] [stderr] 
[INFO] [stderr] error[E0277]: `Rc<i32>` cannot be shared between threads safely
[INFO] [stderr]   --> tests/ui/callback_non_send.rs:11:53
[INFO] [stderr]    |
[INFO] [stderr] 11 |     button.clicked().with_receiver(&dialog).connect(move |_| { drop(capture.clone()); });
[INFO] [stderr]    |                                             ------- --------^^^^^^^^^^^^^^^^^^^^^^^^^^^
[INFO] [stderr]    |                                             |       |
[INFO] [stderr]    |                                             |       `Rc<i32>` cannot be shared between threads safely
[INFO] [stderr]    |                                             |       within this `{closure@$DIR/tests/ui/callback_non_send.rs:11:53: 11:61}`
[INFO] [stderr]    |                                             required by a bound introduced by this call
[INFO] [stderr]    |
[INFO] [stderr]    = help: within `{closure@$DIR/tests/ui/callback_non_send.rs:11:53: 11:61}`, the trait `Sync` is not implemented for `Rc<i32>`
[INFO] [stderr] note: required because it's used within this closure
[INFO] [stderr]   --> tests/ui/callback_non_send.rs:11:53
[INFO] [stderr]    |
[INFO] [stderr] 11 |     button.clicked().with_receiver(&dialog).connect(move |_| { drop(capture.clone()); });
[INFO] [stderr]    |                                                     ^^^^^^^^
[INFO] [stderr] note: required by a bound in `ButtonsClickedSignal::<L, ShardWeakHandle<T>>::connect`
[INFO] [stderr]   --> tests/ui/callback_non_send.rs:3:1
[INFO] [stderr]    |
[INFO] [stderr]  3 | #[events]
[INFO] [stderr]    | ^^^^^^^^^ required by this bound in `ButtonsClickedSignal::<L, ShardWeakHandle<T>>::connect`
[INFO] [stderr]    = note: this error originates in the attribute macro `events` (in Nightly builds, run with -Z macro-backtrace for more info)
[INFO] [stderr] ┈┈┈┈┈┈┈┈┈┈┈┈┈┈┈┈┈┈┈┈┈┈┈┈┈┈┈┈┈┈┈┈┈┈┈┈┈┈┈┈┈┈┈┈┈┈┈┈┈┈┈┈┈┈┈┈┈┈┈┈
[INFO] [stderr] 
[INFO] [stderr] ACTUAL OUTPUT:
[INFO] [stderr] ┈┈┈┈┈┈┈┈┈┈┈┈┈┈┈┈┈┈┈┈┈┈┈┈┈┈┈┈┈┈┈┈┈┈┈┈┈┈┈┈┈┈┈┈┈┈┈┈┈┈┈┈┈┈┈┈┈┈┈┈
[INFO] [stderr] error[E0277]: `Rc<i32>` cannot be sent between threads safely
[INFO] [stderr]   --> tests/ui/callback_non_send.rs:11:53
[INFO] [stderr]    |
[INFO] [stderr] 11 |     button.clicked().with_receiver(&dialog).connect(move |_| { drop(capture.clone()); });
[INFO] [stderr]    |                                             ------- --------^^^^^^^^^^^^^^^^^^^^^^^^^^^
[INFO] [stderr]    |                                             |       |
[INFO] [stderr]    |                                             |       `Rc<i32>` cannot be sent between threads safely
[INFO] [stderr]    |                                             |       within this `{closure@$DIR/tests/ui/callback_non_send.rs:11:53: 11:61}`
[INFO] [stderr]    |                                             required by a bound introduced by this call
[INFO] [stderr]    |
[INFO] [stderr]    = help: within `{closure@$DIR/tests/ui/callback_non_send.rs:11:53: 11:61}`, the trait `Send` is not implemented for `Rc<i32>`
[INFO] [stderr] note: required because `capture` is used within this closure
[INFO] [stderr]   --> tests/ui/callback_non_send.rs:11:69
[INFO] [stderr]    |
[INFO] [stderr] 11 |     button.clicked().with_receiver(&dialog).connect(move |_| { drop(capture.clone()); });
[INFO] [stderr]    |                                                                     ^^^^^^^
[INFO] [stderr] note: required by a bound in `ButtonsClickedSignal::<L, ShardWeakHandle<T>>::connect`
[INFO] [stderr]   --> tests/ui/callback_non_send.rs:3:1
[INFO] [stderr]    |
[INFO] [stderr]  3 | #[events]
[INFO] [stderr]    | ^^^^^^^^^ required by this bound in `ButtonsClickedSignal::<L, ShardWeakHandle<T>>::connect`
[INFO] [stderr]    = note: this error originates in the attribute macro `events` (in Nightly builds, run with -Z macro-backtrace for more info)
[INFO] [stderr] 
[INFO] [stderr] error[E0277]: `Rc<i32>` cannot be shared between threads safely
[INFO] [stderr]   --> tests/ui/callback_non_send.rs:11:53
[INFO] [stderr]    |
[INFO] [stderr] 11 |     button.clicked().with_receiver(&dialog).connect(move |_| { drop(capture.clone()); });
[INFO] [stderr]    |                                             ------- --------^^^^^^^^^^^^^^^^^^^^^^^^^^^
[INFO] [stderr]    |                                             |       |
[INFO] [stderr]    |                                             |       `Rc<i32>` cannot be shared between threads safely
[INFO] [stderr]    |                                             |       within this `{closure@$DIR/tests/ui/callback_non_send.rs:11:53: 11:61}`
[INFO] [stderr]    |                                             required by a bound introduced by this call
[INFO] [stderr]    |
[INFO] [stderr]    = help: within `{closure@$DIR/tests/ui/callback_non_send.rs:11:53: 11:61}`, the trait `Sync` is not implemented for `Rc<i32>`
[INFO] [stderr] note: required because `capture` is used within this closure
[INFO] [stderr]   --> tests/ui/callback_non_send.rs:11:69
[INFO] [stderr]    |
[INFO] [stderr] 11 |     button.clicked().with_receiver(&dialog).connect(move |_| { drop(capture.clone()); });
[INFO] [stderr]    |                                                                     ^^^^^^^
[INFO] [stderr] note: required by a bound in `ButtonsClickedSignal::<L, ShardWeakHandle<T>>::connect`
[INFO] [stderr]   --> tests/ui/callback_non_send.rs:3:1
[INFO] [stderr]    |
[INFO] [stderr]  3 | #[events]
[INFO] [stderr]    | ^^^^^^^^^ required by this bound in `ButtonsClickedSignal::<L, ShardWeakHandle<T>>::connect`
[INFO] [stderr]    = note: this error originates in the attribute macro `events` (in Nightly builds, run with -Z macro-backtrace for more info)
[INFO] [stderr] ┈┈┈┈┈┈┈┈┈┈┈┈┈┈┈┈┈┈┈┈┈┈┈┈┈┈┈┈┈┈┈┈┈┈┈┈┈┈┈┈┈┈┈┈┈┈┈┈┈┈┈┈┈┈┈┈┈┈┈┈
[INFO] [stderr] note: If the actual output is the correct output you can bless it by rerunning
[INFO] [stderr]       your test with the environment variable TRYBUILD=overwrite
[INFO] [stderr] 
[INFO] [stderr] test tests/ui/conditional_event_collision.rs ... ok
[INFO] [stderr] test tests/ui/dispatch_invalid_methods.rs ... ok
[INFO] [stderr] test tests/ui/duplicate_event_label.rs ... ok
[INFO] [stderr] test tests/ui/dynamic_spawn.rs ... mismatch
[INFO] [stderr] 
[INFO] [stderr] EXPECTED:
[INFO] [stderr] ┈┈┈┈┈┈┈┈┈┈┈┈┈┈┈┈┈┈┈┈┈┈┈┈┈┈┈┈┈┈┈┈┈┈┈┈┈┈┈┈┈┈┈┈┈┈┈┈┈┈┈┈┈┈┈┈┈┈┈┈
[INFO] [stderr] error[E0277]: the trait bound `eventful_rs::DynamicShard: ShardBinding` is not satisfied
[INFO] [stderr]  --> tests/ui/dynamic_spawn.rs:5:13
[INFO] [stderr]   |
[INFO] [stderr] 5 |     let _ = Value::spawn(|| Value { events: Default::default() });
[INFO] [stderr]   |             ^^^^^ the trait `ShardBinding` is not implemented for `eventful_rs::DynamicShard`
[INFO] [stderr]   |
[INFO] [stderr] note: required by a bound in `eventful_rs::Eventful::spawn`
[INFO] [stderr]  --> src/eventful.rs
[INFO] [stderr]   |
[INFO] [stderr]   |     fn spawn<F>(
[INFO] [stderr]   |        ----- required by a bound in this associated function
[INFO] [stderr] ...
[INFO] [stderr]   |         Self::Shard: ShardBinding,
[INFO] [stderr]   |                      ^^^^^^^^^^^^ required by this bound in `Eventful::spawn`
[INFO] [stderr] 
[INFO] [stderr] error[E0277]: the trait bound `eventful_rs::DynamicShard: ShardBinding` is not satisfied
[INFO] [stderr]  --> tests/ui/dynamic_spawn.rs:5:13
[INFO] [stderr]   |
[INFO] [stderr] 5 |     let _ = Value::spawn(|| Value { events: Default::default() });
[INFO] [stderr]   |             ^^^^^^^^^^^^^^^^^^^^^^^^^^^^^^^^^^^^^^^^^^^^^^^^^^^^^ the trait `ShardBinding` is not implemented for `eventful_rs::DynamicShard`
[INFO] [stderr]   |
[INFO] [stderr] note: required by a bound in `eventful_rs::Eventful::spawn::{anon_assoc#0}`
[INFO] [stderr]  --> src/eventful.rs
[INFO] [stderr]   |
[INFO] [stderr]   |         Self::Shard: ShardBinding,
[INFO] [stderr]   |                      ^^^^^^^^^^^^ required by this bound in `Eventful::spawn::{anon_assoc#0}`
[INFO] [stderr] ┈┈┈┈┈┈┈┈┈┈┈┈┈┈┈┈┈┈┈┈┈┈┈┈┈┈┈┈┈┈┈┈┈┈┈┈┈┈┈┈┈┈┈┈┈┈┈┈┈┈┈┈┈┈┈┈┈┈┈┈
[INFO] [stderr] 
[INFO] [stderr] ACTUAL OUTPUT:
[INFO] [stderr] ┈┈┈┈┈┈┈┈┈┈┈┈┈┈┈┈┈┈┈┈┈┈┈┈┈┈┈┈┈┈┈┈┈┈┈┈┈┈┈┈┈┈┈┈┈┈┈┈┈┈┈┈┈┈┈┈┈┈┈┈
[INFO] [stderr] error[E0277]: the trait bound `eventful_rs::DynamicShard: ShardBinding` is not satisfied
[INFO] [stderr]  --> tests/ui/dynamic_spawn.rs:5:13
[INFO] [stderr]   |
[INFO] [stderr] 5 |     let _ = Value::spawn(|| Value { events: Default::default() });
[INFO] [stderr]   |             ^^^^^ the trait `ShardBinding` is not implemented for `eventful_rs::DynamicShard`
[INFO] [stderr]   |
[INFO] [stderr] note: required by a bound in `eventful_rs::Eventful::spawn`
[INFO] [stderr]  --> src/eventful.rs
[INFO] [stderr]   |
[INFO] [stderr]   | pub trait Eventful {
[INFO] [stderr] ...
[INFO] [stderr]   |     fn spawn<F>(
[INFO] [stderr] ...
[INFO] [stderr]   |         Self::Shard: ShardBinding,
[INFO] [stderr]   |                      ^^^^^^^^^^^^ required by this bound in `Eventful::spawn`
[INFO] [stderr] 
[INFO] [stderr] error[E0277]: the trait bound `eventful_rs::DynamicShard: ShardBinding` is not satisfied
[INFO] [stderr]  --> tests/ui/dynamic_spawn.rs:5:13
[INFO] [stderr]   |
[INFO] [stderr] 5 |     let _ = Value::spawn(|| Value { events: Default::default() });
[INFO] [stderr]   |             ^^^^^^^^^^^^^^^^^^^^^^^^^^^^^^^^^^^^^^^^^^^^^^^^^^^^^ the trait `ShardBinding` is not implemented for `eventful_rs::DynamicShard`
[INFO] [stderr]   |
[INFO] [stderr] note: required by a bound in `eventful_rs::Eventful::spawn::{anon_assoc#0}`
[INFO] [stderr]  --> src/eventful.rs
[INFO] [stderr]   |
[INFO] [stderr]   | pub trait Eventful {
[INFO] [stderr] ...
[INFO] [stderr]   |         Self::Shard: ShardBinding,
[INFO] [stderr]   |                      ^^^^^^^^^^^^ required by this bound in `Eventful::spawn::{anon_assoc#0}`
[INFO] [stderr] ┈┈┈┈┈┈┈┈┈┈┈┈┈┈┈┈┈┈┈┈┈┈┈┈┈┈┈┈┈┈┈┈┈┈┈┈┈┈┈┈┈┈┈┈┈┈┈┈┈┈┈┈┈┈┈┈┈┈┈┈
[INFO] [stderr] note: If the actual output is the correct output you can bless it by rerunning
[INFO] [stderr]       your test with the environment variable TRYBUILD=overwrite
[INFO] [stderr] 
[INFO] [stderr] test tests/ui/emission_privacy.rs ... ok
[INFO] [stderr] test tests/ui/emitter_forgery.rs ... ok
[INFO] [stderr] test tests/ui/empty_event_source.rs ... mismatch
[INFO] [stderr] 
[INFO] [stderr] EXPECTED:
[INFO] [stderr] ┈┈┈┈┈┈┈┈┈┈┈┈┈┈┈┈┈┈┈┈┈┈┈┈┈┈┈┈┈┈┈┈┈┈┈┈┈┈┈┈┈┈┈┈┈┈┈┈┈┈┈┈┈┈┈┈┈┈┈┈
[INFO] [stderr] error[E0277]: source event interface cannot connect to this receiver
[INFO] [stderr]   --> tests/ui/empty_event_source.rs:20:12
[INFO] [stderr]    |
[INFO] [stderr] 20 |     source.connect_to(receiver);
[INFO] [stderr]    |            ^^^^^^^^^^ unsatisfied trait bound
[INFO] [stderr]    |
[INFO] [stderr] help: the trait `ConnectEvents<_>` is not implemented for `ReceiverEventsEventSet`
[INFO] [stderr]   --> tests/ui/empty_event_source.rs:3:1
[INFO] [stderr]    |
[INFO] [stderr]  3 | #[eventful(shard = DynamicShard)]
[INFO] [stderr]    | ^^^^^^^^^^^^^^^^^^^^^^^^^^^^^^^^^
[INFO] [stderr]    = note: connect_to connects source events to receiver handlers; the source must declare at least one enabled event and the receiver must implement its interface
[INFO] [stderr] note: required by a bound in `eventful_rs::ShardRc::<T>::connect_to`
[INFO] [stderr]   --> src/shard_handle.rs
[INFO] [stderr]    |
[INFO] [stderr]    |     pub fn connect_to<U, S>(&self, target: &S) -> crate::ConnectionGroup
[INFO] [stderr]    |            ---------- required by a bound in this associated function
[INFO] [stderr] ...
[INFO] [stderr]    |         T::EventSetType: crate::ConnectEvents<U>,
[INFO] [stderr]    |                          ^^^^^^^^^^^^^^^^^^^^^^^ required by this bound in `ShardRc::<T>::connect_to`
[INFO] [stderr]    = note: this error originates in the attribute macro `eventful` (in Nightly builds, run with -Z macro-backtrace for more info)
[INFO] [stderr] 
[INFO] [stderr] error[E0277]: source event interface cannot connect to this receiver
[INFO] [stderr]   --> tests/ui/empty_event_source.rs:23:12
[INFO] [stderr]    |
[INFO] [stderr] 23 |     source.connect_to(receiver);
[INFO] [stderr]    |            ^^^^^^^^^^ unsatisfied trait bound
[INFO] [stderr]    |
[INFO] [stderr] help: the trait `ConnectEvents<_>` is not implemented for `EmptyEventSet`
[INFO] [stderr]   --> tests/ui/empty_event_source.rs:6:1
[INFO] [stderr]    |
[INFO] [stderr]  6 | #[events]
[INFO] [stderr]    | ^^^^^^^^^
[INFO] [stderr]    = note: connect_to connects source events to receiver handlers; the source must declare at least one enabled event and the receiver must implement its interface
[INFO] [stderr] note: required by a bound in `eventful_rs::ShardRcHandle::<T>::connect_to`
[INFO] [stderr]   --> src/shard_handle.rs
[INFO] [stderr]    |
[INFO] [stderr]    |     pub fn connect_to<U, S>(&self, target: &S) -> crate::ConnectionGroup
[INFO] [stderr]    |            ---------- required by a bound in this associated function
[INFO] [stderr] ...
[INFO] [stderr]    |         T::EventSetType: crate::ConnectEvents<U>,
[INFO] [stderr]    |                          ^^^^^^^^^^^^^^^^^^^^^^^ required by this bound in `ShardRcHandle::<T>::connect_to`
[INFO] [stderr]    = note: this error originates in the attribute macro `events` (in Nightly builds, run with -Z macro-backtrace for more info)
[INFO] [stderr] 
[INFO] [stderr] error[E0277]: source event interface cannot connect to this receiver
[INFO] [stderr]   --> tests/ui/empty_event_source.rs:26:22
[INFO] [stderr]    |
[INFO] [stderr] 26 |     ShardRc::connect(source, receiver);
[INFO] [stderr]    |     ---------------- ^^^^^^ unsatisfied trait bound
[INFO] [stderr]    |     |
[INFO] [stderr]    |     required by a bound introduced by this call
[INFO] [stderr]    |
[INFO] [stderr] help: the trait `ConnectEvents<_>` is not implemented for `DisabledEventSet`
[INFO] [stderr]   --> tests/ui/empty_event_source.rs:11:1
[INFO] [stderr]    |
[INFO] [stderr] 11 | #[events]
[INFO] [stderr]    | ^^^^^^^^^
[INFO] [stderr]    = note: connect_to connects source events to receiver handlers; the source must declare at least one enabled event and the receiver must implement its interface
[INFO] [stderr] note: required by a bound in `eventful_rs::ShardRc::<T>::connect`
[INFO] [stderr]   --> src/shard_handle.rs
[INFO] [stderr]    |
[INFO] [stderr]    |     pub fn connect<U, S>(this: &Self, target: &S) -> crate::ConnectionGroup
[INFO] [stderr]    |            ------- required by a bound in this associated function
[INFO] [stderr] ...
[INFO] [stderr]    |         T::EventSetType: crate::ConnectEvents<U>,
[INFO] [stderr]    |                          ^^^^^^^^^^^^^^^^^^^^^^^ required by this bound in `ShardRc::<T>::connect`
[INFO] [stderr]    = note: this error originates in the attribute macro `events` (in Nightly builds, run with -Z macro-backtrace for more info)
[INFO] [stderr] ┈┈┈┈┈┈┈┈┈┈┈┈┈┈┈┈┈┈┈┈┈┈┈┈┈┈┈┈┈┈┈┈┈┈┈┈┈┈┈┈┈┈┈┈┈┈┈┈┈┈┈┈┈┈┈┈┈┈┈┈
[INFO] [stderr] 
[INFO] [stderr] ACTUAL OUTPUT:
[INFO] [stderr] ┈┈┈┈┈┈┈┈┈┈┈┈┈┈┈┈┈┈┈┈┈┈┈┈┈┈┈┈┈┈┈┈┈┈┈┈┈┈┈┈┈┈┈┈┈┈┈┈┈┈┈┈┈┈┈┈┈┈┈┈
[INFO] [stderr] error[E0277]: source event interface cannot connect to this receiver
[INFO] [stderr]   --> tests/ui/empty_event_source.rs:20:12
[INFO] [stderr]    |
[INFO] [stderr] 20 |     source.connect_to(receiver);
[INFO] [stderr]    |            ^^^^^^^^^^ unsatisfied trait bound
[INFO] [stderr]    |
[INFO] [stderr] help: the trait `ConnectEvents<_>` is not implemented for `ReceiverEventsEventSet`
[INFO] [stderr]   --> tests/ui/empty_event_source.rs:3:1
[INFO] [stderr]    |
[INFO] [stderr]  3 | #[eventful(shard = DynamicShard)]
[INFO] [stderr]    | ^^^^^^^^^^^^^^^^^^^^^^^^^^^^^^^^^
[INFO] [stderr]    = note: connect_to connects source events to receiver handlers; the source must declare at least one enabled event and the receiver must implement its interface
[INFO] [stderr] note: required by a bound in `eventful_rs::ShardRc::<T>::connect_to`
[INFO] [stderr]   --> src/shard_handle.rs
[INFO] [stderr]    |
[INFO] [stderr]    | impl<T> ShardRc<T>
[INFO] [stderr] ...
[INFO] [stderr]    |     pub fn connect_to<U, S>(&self, target: &S) -> crate::ConnectionGroup
[INFO] [stderr] ...
[INFO] [stderr]    |         T::EventSetType: crate::ConnectEvents<U>,
[INFO] [stderr]    |                          ^^^^^^^^^^^^^^^^^^^^^^^ required by this bound in `ShardRc::<T>::connect_to`
[INFO] [stderr]    = note: this error originates in the attribute macro `eventful` (in Nightly builds, run with -Z macro-backtrace for more info)
[INFO] [stderr] 
[INFO] [stderr] error[E0277]: source event interface cannot connect to this receiver
[INFO] [stderr]   --> tests/ui/empty_event_source.rs:23:12
[INFO] [stderr]    |
[INFO] [stderr] 23 |     source.connect_to(receiver);
[INFO] [stderr]    |            ^^^^^^^^^^ unsatisfied trait bound
[INFO] [stderr]    |
[INFO] [stderr] help: the trait `ConnectEvents<_>` is not implemented for `EmptyEventSet`
[INFO] [stderr]   --> tests/ui/empty_event_source.rs:6:1
[INFO] [stderr]    |
[INFO] [stderr]  6 | #[events]
[INFO] [stderr]    | ^^^^^^^^^
[INFO] [stderr]    = note: connect_to connects source events to receiver handlers; the source must declare at least one enabled event and the receiver must implement its interface
[INFO] [stderr] note: required by a bound in `eventful_rs::ShardRcHandle::<T>::connect_to`
[INFO] [stderr]   --> src/shard_handle.rs
[INFO] [stderr]    |
[INFO] [stderr]    | impl<T> ShardRcHandle<T>
[INFO] [stderr] ...
[INFO] [stderr]    |     pub fn connect_to<U, S>(&self, target: &S) -> crate::ConnectionGroup
[INFO] [stderr] ...
[INFO] [stderr]    |         T::EventSetType: crate::ConnectEvents<U>,
[INFO] [stderr]    |                          ^^^^^^^^^^^^^^^^^^^^^^^ required by this bound in `ShardRcHandle::<T>::connect_to`
[INFO] [stderr]    = note: this error originates in the attribute macro `events` (in Nightly builds, run with -Z macro-backtrace for more info)
[INFO] [stderr] 
[INFO] [stderr] error[E0277]: source event interface cannot connect to this receiver
[INFO] [stderr]   --> tests/ui/empty_event_source.rs:26:22
[INFO] [stderr]    |
[INFO] [stderr] 26 |     ShardRc::connect(source, receiver);
[INFO] [stderr]    |     ---------------- ^^^^^^ unsatisfied trait bound
[INFO] [stderr]    |     |
[INFO] [stderr]    |     required by a bound introduced by this call
[INFO] [stderr]    |
[INFO] [stderr] help: the trait `ConnectEvents<_>` is not implemented for `DisabledEventSet`
[INFO] [stderr]   --> tests/ui/empty_event_source.rs:11:1
[INFO] [stderr]    |
[INFO] [stderr] 11 | #[events]
[INFO] [stderr]    | ^^^^^^^^^
[INFO] [stderr]    = note: connect_to connects source events to receiver handlers; the source must declare at least one enabled event and the receiver must implement its interface
[INFO] [stderr] note: required by a bound in `eventful_rs::ShardRc::<T>::connect`
[INFO] [stderr]   --> src/shard_handle.rs
[INFO] [stderr]    |
[INFO] [stderr]    | impl<T> ShardRc<T>
[INFO] [stderr] ...
[INFO] [stderr]    |     pub fn connect<U, S>(this: &Self, target: &S) -> crate::ConnectionGroup
[INFO] [stderr] ...
[INFO] [stderr]    |         T::EventSetType: crate::ConnectEvents<U>,
[INFO] [stderr]    |                          ^^^^^^^^^^^^^^^^^^^^^^^ required by this bound in `ShardRc::<T>::connect`
[INFO] [stderr]    = note: this error originates in the attribute macro `events` (in Nightly builds, run with -Z macro-backtrace for more info)
[INFO] [stderr] ┈┈┈┈┈┈┈┈┈┈┈┈┈┈┈┈┈┈┈┈┈┈┈┈┈┈┈┈┈┈┈┈┈┈┈┈┈┈┈┈┈┈┈┈┈┈┈┈┈┈┈┈┈┈┈┈┈┈┈┈
[INFO] [stderr] note: If the actual output is the correct output you can bless it by rerunning
[INFO] [stderr]       your test with the environment variable TRYBUILD=overwrite
[INFO] [stderr] 
[INFO] [stderr] test tests/ui/event_missing_receiver.rs ... ok
[INFO] [stderr] test tests/ui/events_field_conflict.rs ... ok
[INFO] [stderr] test tests/ui/file_scope_not_inherited.rs ... ok
[INFO] [stderr] test tests/ui/generic_event_method.rs ... ok
[INFO] [stderr] test tests/ui/incompatible_bulk_listener.rs ... mismatch
[INFO] [stderr] 
[INFO] [stderr] EXPECTED:
[INFO] [stderr] ┈┈┈┈┈┈┈┈┈┈┈┈┈┈┈┈┈┈┈┈┈┈┈┈┈┈┈┈┈┈┈┈┈┈┈┈┈┈┈┈┈┈┈┈┈┈┈┈┈┈┈┈┈┈┈┈┈┈┈┈
[INFO] [stderr] error[E0277]: the trait bound `Listener: Updates` is not satisfied
[INFO] [stderr]  --> tests/ui/incompatible_bulk_listener.rs:9:12
[INFO] [stderr]   |
[INFO] [stderr] 9 |     source.connect(&listener);
[INFO] [stderr]   |            ^^^^^^^ unsatisfied trait bound
[INFO] [stderr]   |
[INFO] [stderr] help: the trait `Updates` is not implemented for `Listener`
[INFO] [stderr]  --> tests/ui/incompatible_bulk_listener.rs:6:1
[INFO] [stderr]   |
[INFO] [stderr] 6 | #[eventful(shard = DynamicShard)]
[INFO] [stderr]   | ^^^^^^^^^^^^^^^^^^^^^^^^^^^^^^^^^
[INFO] [stderr] help: this trait has no implementations, consider adding one
[INFO] [stderr]  --> tests/ui/incompatible_bulk_listener.rs:3:1
[INFO] [stderr]   |
[INFO] [stderr] 3 | trait Updates { fn updated(&self); }
[INFO] [stderr]   | ^^^^^^^^^^^^^^^^^^^^^^^^^^^^^^^^^^^^
[INFO] [stderr] note: required for `UpdatesEventSet` to implement `ConnectEvents<Listener>`
[INFO] [stderr]  --> tests/ui/incompatible_bulk_listener.rs:2:1
[INFO] [stderr]   |
[INFO] [stderr] 2 | #[events]
[INFO] [stderr]   | ^^^^^^^^^
[INFO] [stderr] 3 | trait Updates { fn updated(&self); }
[INFO] [stderr]   |       ^^^^^^^
[INFO] [stderr] note: required by a bound in `eventful_rs::ShardRcHandle::<T>::connect`
[INFO] [stderr]  --> src/shard_handle.rs
[INFO] [stderr]   |
[INFO] [stderr]   |     pub fn connect<U, S>(&self, target: &S) -> crate::ConnectionGroup
[INFO] [stderr]   |            ------- required by a bound in this associated function
[INFO] [stderr] ...
[INFO] [stderr]   |         T::EventSetType: crate::ConnectEvents<U>,
[INFO] [stderr]   |                          ^^^^^^^^^^^^^^^^^^^^^^^ required by this bound in `ShardRcHandle::<T>::connect`
[INFO] [stderr]   = note: this error originates in the attribute macro `eventful` which comes from the expansion of the attribute macro `events` (in Nightly builds, run with -Z macro-backtrace for more info)
[INFO] [stderr] ┈┈┈┈┈┈┈┈┈┈┈┈┈┈┈┈┈┈┈┈┈┈┈┈┈┈┈┈┈┈┈┈┈┈┈┈┈┈┈┈┈┈┈┈┈┈┈┈┈┈┈┈┈┈┈┈┈┈┈┈
[INFO] [stderr] 
[INFO] [stderr] ACTUAL OUTPUT:
[INFO] [stderr] ┈┈┈┈┈┈┈┈┈┈┈┈┈┈┈┈┈┈┈┈┈┈┈┈┈┈┈┈┈┈┈┈┈┈┈┈┈┈┈┈┈┈┈┈┈┈┈┈┈┈┈┈┈┈┈┈┈┈┈┈
[INFO] [stderr] error[E0277]: the trait bound `Listener: Updates` is not satisfied
[INFO] [stderr]  --> tests/ui/incompatible_bulk_listener.rs:9:12
[INFO] [stderr]   |
[INFO] [stderr] 9 |     source.connect(&listener);
[INFO] [stderr]   |            ^^^^^^^ unsatisfied trait bound
[INFO] [stderr]   |
[INFO] [stderr] help: the trait `Updates` is not implemented for `Listener`
[INFO] [stderr]  --> tests/ui/incompatible_bulk_listener.rs:6:1
[INFO] [stderr]   |
[INFO] [stderr] 6 | #[eventful(shard = DynamicShard)]
[INFO] [stderr]   | ^^^^^^^^^^^^^^^^^^^^^^^^^^^^^^^^^
[INFO] [stderr] help: this trait has no implementations, consider adding one
[INFO] [stderr]  --> tests/ui/incompatible_bulk_listener.rs:3:1
[INFO] [stderr]   |
[INFO] [stderr] 3 | trait Updates { fn updated(&self); }
[INFO] [stderr]   | ^^^^^^^^^^^^^^^^^^^^^^^^^^^^^^^^^^^^
[INFO] [stderr] note: required for `UpdatesEventSet` to implement `ConnectEvents<Listener>`
[INFO] [stderr]  --> tests/ui/incompatible_bulk_listener.rs:2:1
[INFO] [stderr]   |
[INFO] [stderr] 2 | #[events]
[INFO] [stderr]   | ^^^^^^^^^
[INFO] [stderr] 3 | trait Updates { fn updated(&self); }
[INFO] [stderr]   |       ^^^^^^^
[INFO] [stderr] note: required by a bound in `eventful_rs::ShardRcHandle::<T>::connect`
[INFO] [stderr]  --> src/shard_handle.rs
[INFO] [stderr]   |
[INFO] [stderr]   | impl<T> ShardRcHandle<T>
[INFO] [stderr] ...
[INFO] [stderr]   |     pub fn connect<U, S>(&self, target: &S) -> crate::ConnectionGroup
[INFO] [stderr] ...
[INFO] [stderr]   |         T::EventSetType: crate::ConnectEvents<U>,
[INFO] [stderr]   |                          ^^^^^^^^^^^^^^^^^^^^^^^ required by this bound in `ShardRcHandle::<T>::connect`
[INFO] [stderr]   = note: this error originates in the attribute macro `eventful` which comes from the expansion of the attribute macro `events` (in Nightly builds, run with -Z macro-backtrace for more info)
[INFO] [stderr] ┈┈┈┈┈┈┈┈┈┈┈┈┈┈┈┈┈┈┈┈┈┈┈┈┈┈┈┈┈┈┈┈┈┈┈┈┈┈┈┈┈┈┈┈┈┈┈┈┈┈┈┈┈┈┈┈┈┈┈┈
[INFO] [stderr] note: If the actual output is the correct output you can bless it by rerunning
[INFO] [stderr]       your test with the environment variable TRYBUILD=overwrite
[INFO] [stderr] 
[INFO] [stderr] test tests/ui/invalid_event_label.rs ... mismatch
[INFO] [stderr] 
[INFO] [stderr] EXPECTED:
[INFO] [stderr] ┈┈┈┈┈┈┈┈┈┈┈┈┈┈┈┈┈┈┈┈┈┈┈┈┈┈┈┈┈┈┈┈┈┈┈┈┈┈┈┈┈┈┈┈┈┈┈┈┈┈┈┈┈┈┈┈┈┈┈┈
[INFO] [stderr] error[E0599]: the method `emit_labelled_tracked` exists for reference `&Event<(), Label>`, but its trait bounds were not satisfied
[INFO] [stderr]  --> tests/ui/invalid_event_label.rs:5:1
[INFO] [stderr]   |
[INFO] [stderr] 3 | struct Label;
[INFO] [stderr]   | ------------ doesn't satisfy `Label: EventLabel`
[INFO] [stderr] 4 |
[INFO] [stderr] 5 | #[events]
[INFO] [stderr]   | ^^^^^^^^^ method cannot be called on `&Event<(), Label>` due to unsatisfied trait bounds
[INFO] [stderr]   |
[INFO] [stderr]   = note: the following trait bounds were not satisfied:
[INFO] [stderr]           `Label: EventLabel`
[INFO] [stderr] note: the trait `EventLabel` must be implemented
[INFO] [stderr]  --> src/event.rs
[INFO] [stderr]   |
[INFO] [stderr]   | pub trait EventLabel: Send + Sync + 'static {
[INFO] [stderr]   | ^^^^^^^^^^^^^^^^^^^^^^^^^^^^^^^^^^^^^^^^^^^
[INFO] [stderr]   = note: this error originates in the attribute macro `events` (in Nightly builds, run with -Z macro-backtrace for more info)
[INFO] [stderr] 
[INFO] [stderr] error[E0599]: the method `connection_count` exists for struct `Event<(), Label>`, but its trait bounds were not satisfied
[INFO] [stderr]  --> tests/ui/invalid_event_label.rs:5:1
[INFO] [stderr]   |
[INFO] [stderr] 3 | struct Label;
[INFO] [stderr]   | ------------ doesn't satisfy `Label: EventLabel`
[INFO] [stderr] 4 |
[INFO] [stderr] 5 | #[events]
[INFO] [stderr]   | ^^^^^^^^^ method cannot be called on `Event<(), Label>` due to unsatisfied trait bounds
[INFO] [stderr]   |
[INFO] [stderr]   = note: the following trait bounds were not satisfied:
[INFO] [stderr]           `Label: EventLabel`
[INFO] [stderr] note: the trait `EventLabel` must be implemented
[INFO] [stderr]  --> src/event.rs
[INFO] [stderr]   |
[INFO] [stderr]   | pub trait EventLabel: Send + Sync + 'static {
[INFO] [stderr]   | ^^^^^^^^^^^^^^^^^^^^^^^^^^^^^^^^^^^^^^^^^^^
[INFO] [stderr]   = note: this error originates in the attribute macro `events` (in Nightly builds, run with -Z macro-backtrace for more info)
[INFO] [stderr] 
[INFO] [stderr] error[E0277]: the trait bound `Label: EventLabel` is not satisfied
[INFO] [stderr]  --> tests/ui/invalid_event_label.rs:5:1
[INFO] [stderr]   |
[INFO] [stderr] 5 | #[events]
[INFO] [stderr]   | ^^^^^^^^^ unsatisfied trait bound
[INFO] [stderr]   |
[INFO] [stderr] help: the trait `EventLabel` is not implemented for `Label`
[INFO] [stderr]  --> tests/ui/invalid_event_label.rs:3:1
[INFO] [stderr]   |
[INFO] [stderr] 3 | struct Label;
[INFO] [stderr]   | ^^^^^^^^^^^^
[INFO] [stderr] help: the trait `EventLabel` is implemented for `()`
[INFO] [stderr]  --> src/event.rs
[INFO] [stderr]   |
[INFO] [stderr]   | impl EventLabel for () {
[INFO] [stderr]   | ^^^^^^^^^^^^^^^^^^^^^^
[INFO] [stderr] note: required by a bound in `eventful_rs::__builders::connect_receiver`
[INFO] [stderr]  --> src/builders.rs
[INFO] [stderr]   |
[INFO] [stderr]   | pub fn connect_receiver<A, L, T, F>(
[INFO] [stderr]   |        ---------------- required by a bound in this function
[INFO] [stderr] ...
[INFO] [stderr]   |     L: EventLabel,
[INFO] [stderr]   |        ^^^^^^^^^^ required by this bound in `connect_receiver`
[INFO] [stderr]   = note: this error originates in the attribute macro `events` (in Nightly builds, run with -Z macro-backtrace for more info)
[INFO] [stderr] 
[INFO] [stderr] error[E0277]: the trait bound `Label: EventLabel` is not satisfied
[INFO] [stderr]  --> tests/ui/invalid_event_label.rs:5:1
[INFO] [stderr]   |
[INFO] [stderr] 5 | #[events]
[INFO] [stderr]   | ^^^^^^^^^ unsatisfied trait bound
[INFO] [stderr]   |
[INFO] [stderr] help: the trait `EventLabel` is not implemented for `Label`
[INFO] [stderr]  --> tests/ui/invalid_event_label.rs:3:1
[INFO] [stderr]   |
[INFO] [stderr] 3 | struct Label;
[INFO] [stderr]   | ^^^^^^^^^^^^
[INFO] [stderr] help: the trait `EventLabel` is implemented for `()`
[INFO] [stderr]  --> src/event.rs
[INFO] [stderr]   |
[INFO] [stderr]   | impl EventLabel for () {
[INFO] [stderr]   | ^^^^^^^^^^^^^^^^^^^^^^
[INFO] [stderr] note: required by a bound in `eventful_rs::__builders::connect_shard`
[INFO] [stderr]  --> src/builders.rs
[INFO] [stderr]   |
[INFO] [stderr]   | pub fn connect_shard<A, L, F>(
[INFO] [stderr]   |        ------------- required by a bound in this function
[INFO] [stderr] ...
[INFO] [stderr]   |     L: EventLabel,
[INFO] [stderr]   |        ^^^^^^^^^^ required by this bound in `connect_shard`
[INFO] [stderr]   = note: this error originates in the attribute macro `events` (in Nightly builds, run with -Z macro-backtrace for more info)
[INFO] [stderr] 
[INFO] [stderr] error[E0599]: the method `emit_labelled` exists for reference `&Event<(), Label>`, but its trait bounds were not satisfied
[INFO] [stderr]  --> tests/ui/invalid_event_label.rs:5:1
[INFO] [stderr]   |
[INFO] [stderr] 3 | struct Label;
[INFO] [stderr]   | ------------ doesn't satisfy `Label: EventLabel`
[INFO] [stderr] 4 |
[INFO] [stderr] 5 | #[events]
[INFO] [stderr]   | ^^^^^^^^^ method cannot be called on `&Event<(), Label>` due to unsatisfied trait bounds
[INFO] [stderr]   |
[INFO] [stderr]   = note: the following trait bounds were not satisfied:
[INFO] [stderr]           `Label: EventLabel`
[INFO] [stderr] note: the trait `EventLabel` must be implemented
[INFO] [stderr]  --> src/event.rs
[INFO] [stderr]   |
[INFO] [stderr]   | pub trait EventLabel: Send + Sync + 'static {
[INFO] [stderr]   | ^^^^^^^^^^^^^^^^^^^^^^^^^^^^^^^^^^^^^^^^^^^
[INFO] [stderr]   = note: this error originates in the attribute macro `events` (in Nightly builds, run with -Z macro-backtrace for more info)
[INFO] [stderr] ┈┈┈┈┈┈┈┈┈┈┈┈┈┈┈┈┈┈┈┈┈┈┈┈┈┈┈┈┈┈┈┈┈┈┈┈┈┈┈┈┈┈┈┈┈┈┈┈┈┈┈┈┈┈┈┈┈┈┈┈
[INFO] [stderr] 
[INFO] [stderr] ACTUAL OUTPUT:
[INFO] [stderr] ┈┈┈┈┈┈┈┈┈┈┈┈┈┈┈┈┈┈┈┈┈┈┈┈┈┈┈┈┈┈┈┈┈┈┈┈┈┈┈┈┈┈┈┈┈┈┈┈┈┈┈┈┈┈┈┈┈┈┈┈
[INFO] [stderr] error[E0599]: the method `emit_labelled_tracked` exists for reference `&Event<(), Label>`, but its trait bounds were not satisfied
[INFO] [stderr]  --> tests/ui/invalid_event_label.rs:5:1
[INFO] [stderr]   |
[INFO] [stderr] 3 | struct Label;
[INFO] [stderr]   | ------------ doesn't satisfy `Label: EventLabel`
[INFO] [stderr] 4 |
[INFO] [stderr] 5 | #[events]
[INFO] [stderr]   | ^^^^^^^^^ method cannot be called on `&Event<(), Label>` due to unsatisfied trait bounds
[INFO] [stderr]   |
[INFO] [stderr]   = note: the following trait bounds were not satisfied:
[INFO] [stderr]           `Label: EventLabel`
[INFO] [stderr] note: the trait `EventLabel` must be implemented
[INFO] [stderr]  --> src/event.rs
[INFO] [stderr]   |
[INFO] [stderr]   | pub trait EventLabel: Send + Sync + 'static {
[INFO] [stderr]   | ^^^^^^^^^^^^^^^^^^^^^^^^^^^^^^^^^^^^^^^^^^^
[INFO] [stderr]   = note: this error originates in the attribute macro `events` (in Nightly builds, run with -Z macro-backtrace for more info)
[INFO] [stderr] 
[INFO] [stderr] error[E0599]: the method `connection_count` exists for struct `Event<(), Label>`, but its trait bounds were not satisfied
[INFO] [stderr]  --> tests/ui/invalid_event_label.rs:5:1
[INFO] [stderr]   |
[INFO] [stderr] 3 | struct Label;
[INFO] [stderr]   | ------------ doesn't satisfy `Label: EventLabel`
[INFO] [stderr] 4 |
[INFO] [stderr] 5 | #[events]
[INFO] [stderr]   | ^^^^^^^^^ method cannot be called on `Event<(), Label>` due to unsatisfied trait bounds
[INFO] [stderr]   |
[INFO] [stderr]   = note: the following trait bounds were not satisfied:
[INFO] [stderr]           `Label: EventLabel`
[INFO] [stderr] note: the trait `EventLabel` must be implemented
[INFO] [stderr]  --> src/event.rs
[INFO] [stderr]   |
[INFO] [stderr]   | pub trait EventLabel: Send + Sync + 'static {
[INFO] [stderr]   | ^^^^^^^^^^^^^^^^^^^^^^^^^^^^^^^^^^^^^^^^^^^
[INFO] [stderr]   = note: this error originates in the attribute macro `events` (in Nightly builds, run with -Z macro-backtrace for more info)
[INFO] [stderr] 
[INFO] [stderr] error[E0277]: the trait bound `Label: EventLabel` is not satisfied
[INFO] [stderr]  --> tests/ui/invalid_event_label.rs:5:1
[INFO] [stderr]   |
[INFO] [stderr] 5 | #[events]
[INFO] [stderr]   | ^^^^^^^^^ unsatisfied trait bound
[INFO] [stderr]   |
[INFO] [stderr] help: the trait `EventLabel` is not implemented for `Label`
[INFO] [stderr]  --> tests/ui/invalid_event_label.rs:3:1
[INFO] [stderr]   |
[INFO] [stderr] 3 | struct Label;
[INFO] [stderr]   | ^^^^^^^^^^^^
[INFO] [stderr] help: the trait `EventLabel` is implemented for `()`
[INFO] [stderr]  --> src/event.rs
[INFO] [stderr]   |
[INFO] [stderr]   | impl EventLabel for () {
[INFO] [stderr]   | ^^^^^^^^^^^^^^^^^^^^^^
[INFO] [stderr] note: required by a bound in `eventful_rs::__builders::connect_receiver`
[INFO] [stderr]  --> src/builders.rs
[INFO] [stderr]   |
[INFO] [stderr]   | pub fn connect_receiver<A, L, T, F>(
[INFO] [stderr] ...
[INFO] [stderr]   |     L: EventLabel,
[INFO] [stderr]   |        ^^^^^^^^^^ required by this bound in `connect_receiver`
[INFO] [stderr]   = note: this error originates in the attribute macro `events` (in Nightly builds, run with -Z macro-backtrace for more info)
[INFO] [stderr] 
[INFO] [stderr] error[E0277]: the trait bound `Label: EventLabel` is not satisfied
[INFO] [stderr]  --> tests/ui/invalid_event_label.rs:5:1
[INFO] [stderr]   |
[INFO] [stderr] 5 | #[events]
[INFO] [stderr]   | ^^^^^^^^^ unsatisfied trait bound
[INFO] [stderr]   |
[INFO] [stderr] help: the trait `EventLabel` is not implemented for `Label`
[INFO] [stderr]  --> tests/ui/invalid_event_label.rs:3:1
[INFO] [stderr]   |
[INFO] [stderr] 3 | struct Label;
[INFO] [stderr]   | ^^^^^^^^^^^^
[INFO] [stderr] help: the trait `EventLabel` is implemented for `()`
[INFO] [stderr]  --> src/event.rs
[INFO] [stderr]   |
[INFO] [stderr]   | impl EventLabel for () {
[INFO] [stderr]   | ^^^^^^^^^^^^^^^^^^^^^^
[INFO] [stderr] note: required by a bound in `eventful_rs::__builders::connect_shard`
[INFO] [stderr]  --> src/builders.rs
[INFO] [stderr]   |
[INFO] [stderr]   | pub fn connect_shard<A, L, F>(
[INFO] [stderr] ...
[INFO] [stderr]   |     L: EventLabel,
[INFO] [stderr]   |        ^^^^^^^^^^ required by this bound in `connect_shard`
[INFO] [stderr]   = note: this error originates in the attribute macro `events` (in Nightly builds, run with -Z macro-backtrace for more info)
[INFO] [stderr] 
[INFO] [stderr] error[E0599]: the method `emit_labelled` exists for reference `&Event<(), Label>`, but its trait bounds were not satisfied
[INFO] [stderr]  --> tests/ui/invalid_event_label.rs:5:1
[INFO] [stderr]   |
[INFO] [stderr] 3 | struct Label;
[INFO] [stderr]   | ------------ doesn't satisfy `Label: EventLabel`
[INFO] [stderr] 4 |
[INFO] [stderr] 5 | #[events]
[INFO] [stderr]   | ^^^^^^^^^ method cannot be called on `&Event<(), Label>` due to unsatisfied trait bounds
[INFO] [stderr]   |
[INFO] [stderr]   = note: the following trait bounds were not satisfied:
[INFO] [stderr]           `Label: EventLabel`
[INFO] [stderr] note: the trait `EventLabel` must be implemented
[INFO] [stderr]  --> src/event.rs
[INFO] [stderr]   |
[INFO] [stderr]   | pub trait EventLabel: Send + Sync + 'static {
[INFO] [stderr]   | ^^^^^^^^^^^^^^^^^^^^^^^^^^^^^^^^^^^^^^^^^^^
[INFO] [stderr]   = note: this error originates in the attribute macro `events` (in Nightly builds, run with -Z macro-backtrace for more info)
[INFO] [stderr] ┈┈┈┈┈┈┈┈┈┈┈┈┈┈┈┈┈┈┈┈┈┈┈┈┈┈┈┈┈┈┈┈┈┈┈┈┈┈┈┈┈┈┈┈┈┈┈┈┈┈┈┈┈┈┈┈┈┈┈┈
[INFO] [stderr] note: If the actual output is the correct output you can bless it by rerunning
[INFO] [stderr]       your test with the environment variable TRYBUILD=overwrite
[INFO] [stderr] 
[INFO] [stderr] test tests/ui/main_not_async.rs ... ok
[INFO] [stderr] test tests/ui/malformed_event_label.rs ... ok
[INFO] [stderr] test tests/ui/missing_shard.rs ... ok
[INFO] [stderr] test tests/ui/non_send_handle_result.rs ... mismatch
[INFO] [stderr] 
[INFO] [stderr] EXPECTED:
[INFO] [stderr] ┈┈┈┈┈┈┈┈┈┈┈┈┈┈┈┈┈┈┈┈┈┈┈┈┈┈┈┈┈┈┈┈┈┈┈┈┈┈┈┈┈┈┈┈┈┈┈┈┈┈┈┈┈┈┈┈┈┈┈┈
[INFO] [stderr] error[E0277]: `Rc<eventful_rs::shard_handle::ShardValue<Value>>` cannot be sent between threads safely
[INFO] [stderr]  --> tests/ui/non_send_handle_result.rs:6:34
[INFO] [stderr]   |
[INFO] [stderr] 6 |     let _local = Worker::shard().bind(|bind| bind(Value { events: Default::default() }));
[INFO] [stderr]   |                                  ^^^^ `Rc<eventful_rs::shard_handle::ShardValue<Value>>` cannot be sent between threads safely
[INFO] [stderr]   |
[INFO] [stderr]   = help: within `ShardRc<Value>`, the trait `Send` is not implemented for `Rc<eventful_rs::shard_handle::ShardValue<Value>>`
[INFO] [stderr] note: required because it appears within the type `ShardRc<Value>`
[INFO] [stderr]  --> src/shard_handle.rs
[INFO] [stderr]   |
[INFO] [stderr]   | pub struct ShardRc<T>
[INFO] [stderr]   |            ^^^^^^^
[INFO] [stderr] note: required by a bound in `bind`
[INFO] [stderr]  --> src/event_loop.rs
[INFO] [stderr]   |
[INFO] [stderr]   |     fn bind<F, R, T>(&self, f: F) -> R
[INFO] [stderr]   |        ---- required by a bound in this associated function
[INFO] [stderr] ...
[INFO] [stderr]   |         R: Send + 'static,
[INFO] [stderr]   |            ^^^^ required by this bound in `EventLoop::bind`
[INFO] [stderr] ┈┈┈┈┈┈┈┈┈┈┈┈┈┈┈┈┈┈┈┈┈┈┈┈┈┈┈┈┈┈┈┈┈┈┈┈┈┈┈┈┈┈┈┈┈┈┈┈┈┈┈┈┈┈┈┈┈┈┈┈
[INFO] [stderr] 
[INFO] [stderr] ACTUAL OUTPUT:
[INFO] [stderr] ┈┈┈┈┈┈┈┈┈┈┈┈┈┈┈┈┈┈┈┈┈┈┈┈┈┈┈┈┈┈┈┈┈┈┈┈┈┈┈┈┈┈┈┈┈┈┈┈┈┈┈┈┈┈┈┈┈┈┈┈
[INFO] [stderr] error[E0277]: `Rc<eventful_rs::shard_handle::ShardValue<Value>>` cannot be sent between threads safely
[INFO] [stderr]  --> tests/ui/non_send_handle_result.rs:6:34
[INFO] [stderr]   |
[INFO] [stderr] 6 |     let _local = Worker::shard().bind(|bind| bind(Value { events: Default::default() }));
[INFO] [stderr]   |                                  ^^^^ `Rc<eventful_rs::shard_handle::ShardValue<Value>>` cannot be sent between threads safely
[INFO] [stderr]   |
[INFO] [stderr]   = help: within `ShardRc<Value>`, the trait `Send` is not implemented for `Rc<eventful_rs::shard_handle::ShardValue<Value>>`
[INFO] [stderr] note: required because it appears within the type `ShardRc<Value>`
[INFO] [stderr]  --> src/shard_handle.rs
[INFO] [stderr]   |
[INFO] [stderr]   | pub struct ShardRc<T>
[INFO] [stderr]   |            ^^^^^^^
[INFO] [stderr] note: required by a bound in `bind`
[INFO] [stderr]  --> src/event_loop.rs
[INFO] [stderr]   |
[INFO] [stderr]   | pub trait EventLoop {
[INFO] [stderr] ...
[INFO] [stderr]   |     fn bind<F, R, T>(&self, f: F) -> R
[INFO] [stderr] ...
[INFO] [stderr]   |         R: Send + 'static,
[INFO] [stderr]   |            ^^^^ required by this bound in `EventLoop::bind`
[INFO] [stderr] ┈┈┈┈┈┈┈┈┈┈┈┈┈┈┈┈┈┈┈┈┈┈┈┈┈┈┈┈┈┈┈┈┈┈┈┈┈┈┈┈┈┈┈┈┈┈┈┈┈┈┈┈┈┈┈┈┈┈┈┈
[INFO] [stderr] note: If the actual output is the correct output you can bless it by rerunning
[INFO] [stderr]       your test with the environment variable TRYBUILD=overwrite
[INFO] [stderr] 
[INFO] [stderr] test tests/ui/private_event_extensions.rs ... ok
[INFO] [stderr] test tests/ui/receiver_role_missing.rs ... mismatch
[INFO] [stderr] 
[INFO] [stderr] EXPECTED:
[INFO] [stderr] ┈┈┈┈┈┈┈┈┈┈┈┈┈┈┈┈┈┈┈┈┈┈┈┈┈┈┈┈┈┈┈┈┈┈┈┈┈┈┈┈┈┈┈┈┈┈┈┈┈┈┈┈┈┈┈┈┈┈┈┈
[INFO] [stderr] error[E0277]: the trait bound `Dialog: Buttons<B>` is not satisfied
[INFO] [stderr]   --> tests/ui/receiver_role_missing.rs:12:34
[INFO] [stderr]    |
[INFO] [stderr] 12 |     button.clicked().role::<B>().connect(&dialog);
[INFO] [stderr]    |                                  ^^^^^^^ unsatisfied trait bound
[INFO] [stderr]    |
[INFO] [stderr] help: the trait `Buttons<B>` is not implemented for `Dialog`
[INFO] [stderr]       but trait `Buttons<A>` is implemented for it
[INFO] [stderr]   --> tests/ui/receiver_role_missing.rs:10:1
[INFO] [stderr]    |
[INFO] [stderr] 10 | impl Buttons<A> for Dialog { fn clicked(&self) {} }
[INFO] [stderr]    | ^^^^^^^^^^^^^^^^^^^^^^^^^^
[INFO] [stderr]    = help: for that trait implementation, expected `A`, found `B`
[INFO] [stderr] note: required by a bound in `ButtonsClickedSignal::<L, eventful_rs::__builders::Unselected, R>::connect`
[INFO] [stderr]   --> tests/ui/receiver_role_missing.rs:4:1
[INFO] [stderr]    |
[INFO] [stderr]  4 | #[events]
[INFO] [stderr]    | ^^^^^^^^^ required by this bound in `ButtonsClickedSignal::<L, Unselected, R>::connect`
[INFO] [stderr]    = note: this error originates in the attribute macro `events` (in Nightly builds, run with -Z macro-backtrace for more info)
[INFO] [stderr] 
[INFO] [stderr] error[E0277]: the trait bound `Dialog: Buttons<B>` is not satisfied
[INFO] [stderr]   --> tests/ui/receiver_role_missing.rs:13:24
[INFO] [stderr]    |
[INFO] [stderr] 13 |     button.role::<B>().connect(&dialog);
[INFO] [stderr]    |                        ^^^^^^^ unsatisfied trait bound
[INFO] [stderr]    |
[INFO] [stderr] help: the trait `Buttons<B>` is not implemented for `Dialog`
[INFO] [stderr]       but trait `Buttons<A>` is implemented for it
[INFO] [stderr]   --> tests/ui/receiver_role_missing.rs:10:1
[INFO] [stderr]    |
[INFO] [stderr] 10 | impl Buttons<A> for Dialog { fn clicked(&self) {} }
[INFO] [stderr]    | ^^^^^^^^^^^^^^^^^^^^^^^^^^
[INFO] [stderr]    = help: for that trait implementation, expected `A`, found `B`
[INFO] [stderr] note: required for `ButtonsEventSet` to implement `ConnectEventsAs<Dialog, B>`
[INFO] [stderr]   --> tests/ui/receiver_role_missing.rs:4:1
[INFO] [stderr]    |
[INFO] [stderr]  4 | #[events]
[INFO] [stderr]    | ^^^^^^^^^ unsatisfied trait bound introduced here
[INFO] [stderr]  5 | trait Buttons { fn clicked(&self); }
[INFO] [stderr]    |       ^^^^^^^
[INFO] [stderr] note: required by a bound in `RoleConnections::<'_, eventful_rs::ShardRcHandle<T>, Role>::connect`
[INFO] [stderr]   --> src/shard_handle.rs
[INFO] [stderr]    |
[INFO] [stderr]    |     pub fn connect<U>(self, target: &impl Sharded<U>) -> crate::ConnectionGroup
[INFO] [stderr]    |            ------- required by a bound in this associated function
[INFO] [stderr] ...
[INFO] [stderr]    |         T::EventSetType: crate::ConnectEventsAs<U, Role>,
[INFO] [stderr]    |                          ^^^^^^^^^^^^^^^^^^^^^^^^^^^^^^^ required by this bound in `RoleConnections::<'_, ShardRcHandle<T>, Role>::connect`
[INFO] [stderr]    = note: this error originates in the attribute macro `events` (in Nightly builds, run with -Z macro-backtrace for more info)
[INFO] [stderr] 
[INFO] [stderr] error[E0277]: the trait bound `Dialog: Buttons` is not satisfied
[INFO] [stderr]   --> tests/ui/receiver_role_missing.rs:14:22
[INFO] [stderr]    |
[INFO] [stderr] 14 |     button.clicked().connect(&dialog);
[INFO] [stderr]    |                      ^^^^^^^ unsatisfied trait bound
[INFO] [stderr]    |
[INFO] [stderr] help: the trait `Buttons<()>` is not implemented for `Dialog`
[INFO] [stderr]       but trait `Buttons<A>` is implemented for it
[INFO] [stderr]   --> tests/ui/receiver_role_missing.rs:10:1
[INFO] [stderr]    |
[INFO] [stderr] 10 | impl Buttons<A> for Dialog { fn clicked(&self) {} }
[INFO] [stderr]    | ^^^^^^^^^^^^^^^^^^^^^^^^^^
[INFO] [stderr]    = help: for that trait implementation, expected `A`, found `()`
[INFO] [stderr] note: required by a bound in `ButtonsClickedSignal::<L, eventful_rs::__builders::Unselected, R>::connect`
[INFO] [stderr]   --> tests/ui/receiver_role_missing.rs:4:1
[INFO] [stderr]    |
[INFO] [stderr]  4 | #[events]
[INFO] [stderr]    | ^^^^^^^^^ required by this bound in `ButtonsClickedSignal::<L, Unselected, R>::connect`
[INFO] [stderr]    = note: this error originates in the attribute macro `events` (in Nightly builds, run with -Z macro-backtrace for more info)
[INFO] [stderr] ┈┈┈┈┈┈┈┈┈┈┈┈┈┈┈┈┈┈┈┈┈┈┈┈┈┈┈┈┈┈┈┈┈┈┈┈┈┈┈┈┈┈┈┈┈┈┈┈┈┈┈┈┈┈┈┈┈┈┈┈
[INFO] [stderr] 
[INFO] [stderr] ACTUAL OUTPUT:
[INFO] [stderr] ┈┈┈┈┈┈┈┈┈┈┈┈┈┈┈┈┈┈┈┈┈┈┈┈┈┈┈┈┈┈┈┈┈┈┈┈┈┈┈┈┈┈┈┈┈┈┈┈┈┈┈┈┈┈┈┈┈┈┈┈
[INFO] [stderr] error[E0277]: the trait bound `Dialog: Buttons<B>` is not satisfied
[INFO] [stderr]   --> tests/ui/receiver_role_missing.rs:12:34
[INFO] [stderr]    |
[INFO] [stderr] 12 |     button.clicked().role::<B>().connect(&dialog);
[INFO] [stderr]    |                                  ^^^^^^^ unsatisfied trait bound
[INFO] [stderr]    |
[INFO] [stderr] help: the trait `Buttons<B>` is not implemented for `Dialog`
[INFO] [stderr]       but trait `Buttons<A>` is implemented for it
[INFO] [stderr]   --> tests/ui/receiver_role_missing.rs:10:1
[INFO] [stderr]    |
[INFO] [stderr] 10 | impl Buttons<A> for Dialog { fn clicked(&self) {} }
[INFO] [stderr]    | ^^^^^^^^^^^^^^^^^^^^^^^^^^
[INFO] [stderr]    = help: for that trait implementation, expected `A`, found `B`
[INFO] [stderr] note: required by a bound in `ButtonsClickedSignal::<L, eventful_rs::__builders::Unselected, R>::connect`
[INFO] [stderr]   --> tests/ui/receiver_role_missing.rs:4:1
[INFO] [stderr]    |
[INFO] [stderr]  4 | #[events]
[INFO] [stderr]    | ^^^^^^^^^ required by this bound in `ButtonsClickedSignal::<L, Unselected, R>::connect`
[INFO] [stderr]    = note: this error originates in the attribute macro `events` (in Nightly builds, run with -Z macro-backtrace for more info)
[INFO] [stderr] 
[INFO] [stderr] error[E0277]: the trait bound `Dialog: Buttons<B>` is not satisfied
[INFO] [stderr]   --> tests/ui/receiver_role_missing.rs:13:24
[INFO] [stderr]    |
[INFO] [stderr] 13 |     button.role::<B>().connect(&dialog);
[INFO] [stderr]    |                        ^^^^^^^ unsatisfied trait bound
[INFO] [stderr]    |
[INFO] [stderr] help: the trait `Buttons<B>` is not implemented for `Dialog`
[INFO] [stderr]       but trait `Buttons<A>` is implemented for it
[INFO] [stderr]   --> tests/ui/receiver_role_missing.rs:10:1
[INFO] [stderr]    |
[INFO] [stderr] 10 | impl Buttons<A> for Dialog { fn clicked(&self) {} }
[INFO] [stderr]    | ^^^^^^^^^^^^^^^^^^^^^^^^^^
[INFO] [stderr]    = help: for that trait implementation, expected `A`, found `B`
[INFO] [stderr] note: required for `ButtonsEventSet` to implement `ConnectEventsAs<Dialog, B>`
[INFO] [stderr]   --> tests/ui/receiver_role_missing.rs:4:1
[INFO] [stderr]    |
[INFO] [stderr]  4 | #[events]
[INFO] [stderr]    | ^^^^^^^^^ unsatisfied trait bound introduced here
[INFO] [stderr]  5 | trait Buttons { fn clicked(&self); }
[INFO] [stderr]    |       ^^^^^^^
[INFO] [stderr] note: required by a bound in `RoleConnections::<'_, eventful_rs::ShardRcHandle<T>, Role>::connect`
[INFO] [stderr]   --> src/shard_handle.rs
[INFO] [stderr]    |
[INFO] [stderr]    | impl<T, Role: 'static> RoleConnections<'_, ShardRcHandle<T>, Role>
[INFO] [stderr] ...
[INFO] [stderr]    |     pub fn connect<U>(self, target: &impl Sharded<U>) -> crate::ConnectionGroup
[INFO] [stderr] ...
[INFO] [stderr]    |         T::EventSetType: crate::ConnectEventsAs<U, Role>,
[INFO] [stderr]    |                          ^^^^^^^^^^^^^^^^^^^^^^^^^^^^^^^ required by this bound in `RoleConnections::<'_, ShardRcHandle<T>, Role>::connect`
[INFO] [stderr]    = note: this error originates in the attribute macro `events` (in Nightly builds, run with -Z macro-backtrace for more info)
[INFO] [stderr] 
[INFO] [stderr] error[E0277]: the trait bound `Dialog: Buttons` is not satisfied
[INFO] [stderr]   --> tests/ui/receiver_role_missing.rs:14:22
[INFO] [stderr]    |
[INFO] [stderr] 14 |     button.clicked().connect(&dialog);
[INFO] [stderr]    |                      ^^^^^^^ unsatisfied trait bound
[INFO] [stderr]    |
[INFO] [stderr] help: the trait `Buttons<()>` is not implemented for `Dialog`
[INFO] [stderr]       but trait `Buttons<A>` is implemented for it
[INFO] [stderr]   --> tests/ui/receiver_role_missing.rs:10:1
[INFO] [stderr]    |
[INFO] [stderr] 10 | impl Buttons<A> for Dialog { fn clicked(&self) {} }
[INFO] [stderr]    | ^^^^^^^^^^^^^^^^^^^^^^^^^^
[INFO] [stderr]    = help: for that trait implementation, expected `A`, found `()`
[INFO] [stderr] note: required by a bound in `ButtonsClickedSignal::<L, eventful_rs::__builders::Unselected, R>::connect`
[INFO] [stderr]   --> tests/ui/receiver_role_missing.rs:4:1
[INFO] [stderr]    |
[INFO] [stderr]  4 | #[events]
[INFO] [stderr]    | ^^^^^^^^^ required by this bound in `ButtonsClickedSignal::<L, Unselected, R>::connect`
[INFO] [stderr]    = note: this error originates in the attribute macro `events` (in Nightly builds, run with -Z macro-backtrace for more info)
[INFO] [stderr] ┈┈┈┈┈┈┈┈┈┈┈┈┈┈┈┈┈┈┈┈┈┈┈┈┈┈┈┈┈┈┈┈┈┈┈┈┈┈┈┈┈┈┈┈┈┈┈┈┈┈┈┈┈┈┈┈┈┈┈┈
[INFO] [stderr] note: If the actual output is the correct output you can bless it by rerunning
[INFO] [stderr]       your test with the environment variable TRYBUILD=overwrite
[INFO] [stderr] 
[INFO] [stderr] test tests/ui/reserved_event_names.rs ... ok
[INFO] [stderr] test tests/ui/slint_callback_label.rs ... ok
[INFO] [stderr] test tests/ui/slint_callback_return.rs ... ok
[INFO] [stderr] test tests/ui/slint_reserved_name.rs ... ok
[INFO] [stderr] test tests/ui/tuple_struct.rs ... ok
[INFO] [stderr] test tests/ui/wrong_named_shard.rs ... mismatch
[INFO] [stderr] 
[INFO] [stderr] EXPECTED:
[INFO] [stderr] ┈┈┈┈┈┈┈┈┈┈┈┈┈┈┈┈┈┈┈┈┈┈┈┈┈┈┈┈┈┈┈┈┈┈┈┈┈┈┈┈┈┈┈┈┈┈┈┈┈┈┈┈┈┈┈┈┈┈┈┈
[INFO] [stderr] error[E0271]: type mismatch resolving `<Value as Eventful>::Shard == Other`
[INFO] [stderr]  --> tests/ui/wrong_named_shard.rs:7:13
[INFO] [stderr]   |
[INFO] [stderr] 7 |     let _ = Other::bind_async(|bind| bind(Value { events: Default::default() }).to_handle());
[INFO] [stderr]   |             ^^^^^^^^^^^^^^^^^^^^^^^^^^^^^^^^^^^^^^^^^^^^^^^^^^^^^^^^^^^^^^^^^^^^^^^^^^^^^^^^ type mismatch resolving `<Value as Eventful>::Shard == Other`
[INFO] [stderr]   |
[INFO] [stderr] note: expected this to be `Other`
[INFO] [stderr]  --> tests/ui/wrong_named_shard.rs:4:20
[INFO] [stderr]   |
[INFO] [stderr] 4 | #[eventful(shard = Worker)]
[INFO] [stderr]   |                    ^^^^^^
[INFO] [stderr] note: required by a bound in `bind_async`
[INFO] [stderr]  --> src/binding.rs
[INFO] [stderr]   |
[INFO] [stderr]   |     fn bind_async<F, R, T>(f: F) -> impl Future<Output = Result<R, InvokeError>> + Send + 'static
[INFO] [stderr]   |        ---------- required by a bound in this associated function
[INFO] [stderr] ...
[INFO] [stderr]   |         T: Eventful<Shard = Self> + HasEvents<T::EventSetType> + 'static,
[INFO] [stderr]   |                     ^^^^^^^^^^^^ required by this bound in `ShardBinding::bind_async`
[INFO] [stderr] ┈┈┈┈┈┈┈┈┈┈┈┈┈┈┈┈┈┈┈┈┈┈┈┈┈┈┈┈┈┈┈┈┈┈┈┈┈┈┈┈┈┈┈┈┈┈┈┈┈┈┈┈┈┈┈┈┈┈┈┈
[INFO] [stderr] 
[INFO] [stderr] ACTUAL OUTPUT:
[INFO] [stderr] ┈┈┈┈┈┈┈┈┈┈┈┈┈┈┈┈┈┈┈┈┈┈┈┈┈┈┈┈┈┈┈┈┈┈┈┈┈┈┈┈┈┈┈┈┈┈┈┈┈┈┈┈┈┈┈┈┈┈┈┈
[INFO] [stderr] error[E0271]: type mismatch resolving `<Value as Eventful>::Shard == Other`
[INFO] [stderr]  --> tests/ui/wrong_named_shard.rs:7:13
[INFO] [stderr]   |
[INFO] [stderr] 7 |     let _ = Other::bind_async(|bind| bind(Value { events: Default::default() }).to_handle());
[INFO] [stderr]   |             ^^^^^^^^^^^^^^^^^^^^^^^^^^^^^^^^^^^^^^^^^^^^^^^^^^^^^^^^^^^^^^^^^^^^^^^^^^^^^^^^ type mismatch resolving `<Value as Eventful>::Shard == Other`
[INFO] [stderr]   |
[INFO] [stderr] note: expected this to be `Other`
[INFO] [stderr]  --> tests/ui/wrong_named_shard.rs:4:20
[INFO] [stderr]   |
[INFO] [stderr] 4 | #[eventful(shard = Worker)]
[INFO] [stderr]   |                    ^^^^^^
[INFO] [stderr] note: required by a bound in `bind_async`
[INFO] [stderr]  --> src/binding.rs
[INFO] [stderr]   |
[INFO] [stderr]   | pub trait ShardBinding: 'static {
[INFO] [stderr] ...
[INFO] [stderr]   |     fn bind_async<F, R, T>(f: F) -> impl Future<Output = Result<R, InvokeError>> + Send + 'static
[INFO] [stderr] ...
[INFO] [stderr]   |         T: Eventful<Shard = Self> + HasEvents<T::EventSetType> + 'static,
[INFO] [stderr]   |                     ^^^^^^^^^^^^ required by this bound in `ShardBinding::bind_async`
[INFO] [stderr] ┈┈┈┈┈┈┈┈┈┈┈┈┈┈┈┈┈┈┈┈┈┈┈┈┈┈┈┈┈┈┈┈┈┈┈┈┈┈┈┈┈┈┈┈┈┈┈┈┈┈┈┈┈┈┈┈┈┈┈┈
[INFO] [stderr] note: If the actual output is the correct output you can bless it by rerunning
[INFO] [stderr]       your test with the environment variable TRYBUILD=overwrite
[INFO] [stderr] 
[INFO] [stderr] 
[INFO] [stderr] 
[INFO] [stdout] test invalid_macro_input_is_rejected ... FAILED
[INFO] [stdout] 
[INFO] [stdout] failures:
[INFO] [stdout] 
[INFO] [stdout] ---- invalid_macro_input_is_rejected stdout ----
[INFO] [stdout] 
[INFO] [stdout] thread 'invalid_macro_input_is_rejected' (3004) panicked at /opt/rustwide/cargo-home/registry/src/index.crates.io-1949cf8c6b5b557f/trybuild-1.0.119/src/run.rs:102:13:
[INFO] [stdout] 9 of 29 tests failed
[INFO] [stdout] stack backtrace:
[INFO] [stdout]    0:     0x627f5ef3a8e1 - <<std[617be2ca0a6fd877]::sys::backtrace::BacktraceLock>::print::DisplayBacktrace as core[a373ad73a504971]::fmt::Display>::fmt
[INFO] [stdout]    1:     0x627f5ef50bca - core[a373ad73a504971]::fmt::write
[INFO] [stdout]    2:     0x627f5ef3f12c - <alloc[2e1b2a31b91974c5]::vec::Vec<u8> as core[a373ad73a504971]::io::write::Write>::write_fmt
[INFO] [stdout]    3:     0x627f5ef13d46 - std[617be2ca0a6fd877]::panicking::default_hook::{closure#0}
[INFO] [stdout]    4:     0x627f5ef31e89 - std[617be2ca0a6fd877]::panicking::default_hook
[INFO] [stdout]    5:     0x627f5eecb490 - test[aada8e7e76ba119b]::test_main_inner::{closure#0}
[INFO] [stdout]    6:     0x627f5ef32042 - std[617be2ca0a6fd877]::panicking::panic_with_hook
[INFO] [stdout]    7:     0x627f5ef13df2 - std[617be2ca0a6fd877]::panicking::panic_handler::{closure#0}
[INFO] [stdout]    8:     0x627f5ef0c649 - std[617be2ca0a6fd877]::sys::backtrace::__rust_end_short_backtrace::<std[617be2ca0a6fd877]::panicking::panic_handler::{closure#0}, !>
[INFO] [stdout]    9:     0x627f5ef149fd - __rustc[ea4f61d10b84890b]::rust_begin_unwind
[INFO] [stdout]   10:     0x627f5ef5133c - core[a373ad73a504971]::panicking::panic_fmt
[INFO] [stdout]   11:     0x627f5ee1e24a - <trybuild[4d1653fb25bcb4cc]::Runner>::run
[INFO] [stdout]   12:     0x627f5ee21380 - <trybuild[4d1653fb25bcb4cc]::TestCases as core[a373ad73a504971]::ops::drop::Drop>::drop
[INFO] [stdout]   13:     0x627f5ee18048 - ui[1125d59eee14bab9]::invalid_macro_input_is_rejected
[INFO] [stdout]   14:     0x627f5ee18399 - <ui[1125d59eee14bab9]::invalid_macro_input_is_rejected::{closure#0} as core[a373ad73a504971]::ops::function::FnOnce<()>>::call_once
[INFO] [stdout]   15:     0x627f5eebe8db - test[aada8e7e76ba119b]::__rust_begin_short_backtrace::<core[a373ad73a504971]::result::Result<(), alloc[2e1b2a31b91974c5]::string::String>, fn() -> core[a373ad73a504971]::result::Result<(), alloc[2e1b2a31b91974c5]::string::String>>
[INFO] [stdout]   16:     0x627f5eecbab5 - test[aada8e7e76ba119b]::run_test::{closure#0}
[INFO] [stdout]   17:     0x627f5eec53a4 - std[617be2ca0a6fd877]::sys::backtrace::__rust_begin_short_backtrace::<test[aada8e7e76ba119b]::run_test::{closure#1}, ()>
[INFO] [stdout]   18:     0x627f5eeceb42 - <std[617be2ca0a6fd877]::thread::lifecycle::spawn_unchecked<test[aada8e7e76ba119b]::run_test::{closure#1}, ()>::{closure#1} as core[a373ad73a504971]::ops::function::FnOnce<()>>::call_once::{shim:vtable#0}
[INFO] [stdout]   19:     0x627f5ef39b3f - <std[617be2ca0a6fd877]::sys::thread::unix::Thread>::new::thread_start
[INFO] [stdout]   20:     0x7ece5149bdfa - <unknown>
[INFO] [stdout]   21:     0x7ece5152f3d4 - clone
[INFO] [stdout]   22:                0x0 - <unknown>
[INFO] [stdout] 
[INFO] [stdout] 
[INFO] [stdout] failures:
[INFO] [stdout]     invalid_macro_input_is_rejected
[INFO] [stdout] 
[INFO] [stdout] test result: FAILED. 1 passed; 1 failed; 0 ignored; 0 measured; 0 filtered out; finished in 324.17s
[INFO] [stdout] 
[INFO] [stderr] error: test failed, to rerun pass `--test ui`
[INFO] running `Command { std: "docker" "inspect" "3a25d69e130806dabad9759cc367a7fe750af2d6babee7b839a58ddad88c6246", kill_on_drop: false }`
[INFO] running `Command { std: "docker" "rm" "-f" "3a25d69e130806dabad9759cc367a7fe750af2d6babee7b839a58ddad88c6246", kill_on_drop: false }`
[INFO] [stdout] 3a25d69e130806dabad9759cc367a7fe750af2d6babee7b839a58ddad88c6246
