[INFO] fetching crate et-cli 0.2.0...
[INFO] testing et-cli-0.2.0 against 1.100.0-beta.1+cargoflags=--release for beta-release-1.100-2
[INFO] extracting crate et-cli 0.2.0 into /workspace/builds/worker-0-tc2/source
[INFO] started tweaking crates.io crate et-cli 0.2.0
[INFO] removed 0 missing tests
[INFO] finished tweaking crates.io crate et-cli 0.2.0
[INFO] tweaked toml for crates.io crate et-cli 0.2.0 written to /workspace/builds/worker-0-tc2/source/Cargo.toml
[INFO] validating manifest of crates.io crate et-cli 0.2.0 on toolchain 1.100.0-beta.1
[INFO] running `Command { std: CARGO_HOME="/workspace/cargo-home" RUSTUP_HOME="/workspace/rustup-home" "/workspace/cargo-home/bin/cargo" "+1.100.0-beta.1" "metadata" "--manifest-path" "Cargo.toml" "--no-deps", kill_on_drop: false }`
[INFO] crate crates.io crate et-cli 0.2.0 already has a lockfile, it will not be regenerated
[INFO] running `Command { std: CARGO_HOME="/workspace/cargo-home" RUSTUP_HOME="/workspace/rustup-home" "/workspace/cargo-home/bin/cargo" "+1.100.0-beta.1" "fetch" "--manifest-path" "Cargo.toml", kill_on_drop: false }`
[INFO] running `Command { std: "docker" "create" "-v" "/var/lib/crater-agent-workspace/builds/worker-0-tc2/source:/opt/rustwide/workdir:ro,Z" "-v" "/var/lib/crater-agent-workspace/builds/worker-0-tc2/target:/opt/rustwide/target:rw,Z" "-v" "/var/lib/crater-agent-workspace/cargo-home:/opt/rustwide/cargo-home:ro,Z" "-v" "/var/lib/crater-agent-workspace/rustup-home:/opt/rustwide/rustup-home:ro,Z" "-m" "1610612736" "--network" "none" "ghcr.io/rust-lang/crates-build-env/linux@sha256:77db811e55d90add9212f6832c23229e3de5f1c1f9905e8cb07319ea15df73ac" "sleep" "infinity", kill_on_drop: false }`
[INFO] [stdout] 9fe51af7d6f7f168bd837ba52d8fe46955b65650fb3db5f7b8d9d8e1a27001ad
[INFO] running `Command { std: "docker" "start" "9fe51af7d6f7f168bd837ba52d8fe46955b65650fb3db5f7b8d9d8e1a27001ad", kill_on_drop: false }`
[INFO] running `Command { std: "docker" "inspect" "9fe51af7d6f7f168bd837ba52d8fe46955b65650fb3db5f7b8d9d8e1a27001ad", kill_on_drop: false }`
[INFO] running `Command { std: "docker" "exec" "-e" "SOURCE_DIR=/opt/rustwide/workdir" "-e" "CARGO_HOME=/opt/rustwide/cargo-home" "-e" "RUSTUP_HOME=/opt/rustwide/rustup-home" "-e" "CARGO_TARGET_DIR=/opt/rustwide/target" "-w" "/opt/rustwide/workdir" "--user" "0:0" "9fe51af7d6f7f168bd837ba52d8fe46955b65650fb3db5f7b8d9d8e1a27001ad" "/opt/rustwide/cargo-home/bin/cargo" "+1.100.0-beta.1" "metadata" "--no-deps" "--format-version=1", kill_on_drop: false }`
[INFO] running `Command { std: "docker" "inspect" "9fe51af7d6f7f168bd837ba52d8fe46955b65650fb3db5f7b8d9d8e1a27001ad", kill_on_drop: false }`
[INFO] running `Command { std: "docker" "exec" "-e" "SOURCE_DIR=/opt/rustwide/workdir" "-e" "CARGO_HOME=/opt/rustwide/cargo-home" "-e" "RUSTUP_HOME=/opt/rustwide/rustup-home" "-e" "CARGO_TARGET_DIR=/opt/rustwide/target" "-e" "CARGO_INCREMENTAL=0" "-e" "RUST_BACKTRACE=full" "-e" "RUSTFLAGS=--cap-lints=warn" "-e" "RUSTDOCFLAGS=--cap-lints=warn" "-w" "/opt/rustwide/workdir" "--user" "0:0" "9fe51af7d6f7f168bd837ba52d8fe46955b65650fb3db5f7b8d9d8e1a27001ad" "/opt/rustwide/cargo-home/bin/cargo" "+1.100.0-beta.1" "build" "--frozen" "--message-format=json" "--release", kill_on_drop: false }`
[INFO] [stderr]    Compiling syn v2.0.119
[INFO] [stderr]    Compiling nix v0.30.1
[INFO] [stderr]    Compiling indexmap v2.14.2
[INFO] [stderr]    Compiling zerocopy v0.8.57
[INFO] [stderr]    Compiling fs-err v3.3.1
[INFO] [stderr]    Compiling text-size v1.1.1
[INFO] [stderr]    Compiling countme v3.0.1
[INFO] [stderr]    Compiling hashbrown v0.14.5
[INFO] [stderr]    Compiling serde_json v1.0.151
[INFO] [stderr]    Compiling getrandom v0.4.3
[INFO] [stderr]    Compiling thiserror-impl v2.0.20
[INFO] [stderr]    Compiling utf8-command v1.0.1
[INFO] [stderr]    Compiling zeroize v1.9.0
[INFO] [stderr]    Compiling humantime v2.4.0
[INFO] [stderr]    Compiling rowan v0.16.1
[INFO] [stderr]    Compiling jiff-core v0.1.1
[INFO] [stderr]    Compiling k8s-openapi v0.28.0
[INFO] [stderr]    Compiling serde_yaml v0.9.34+deprecated
[INFO] [stderr]    Compiling thiserror v2.0.20
[INFO] [stderr]    Compiling chrono v0.4.45
[INFO] [stderr]    Compiling jiff v0.2.37
[INFO] [stderr]    Compiling darling_core v0.20.11
[INFO] [stderr]    Compiling yaml_parser v0.3.0
[INFO] [stderr]    Compiling humantime-serde v1.1.1
[INFO] [stderr]    Compiling secrecy v0.10.3
[INFO] [stderr]    Compiling rand v0.10.2
[INFO] [stderr]    Compiling digest v0.11.3
[INFO] [stderr]    Compiling tracing-attributes v0.1.31
[INFO] [stderr]    Compiling strum_macros v0.28.0
[INFO] [stderr]    Compiling ppv-lite86 v0.2.21
[INFO] [stderr]    Compiling clap_derive v4.6.7
[INFO] [stderr]    Compiling serde_path_to_error v0.1.20
[INFO] [stderr]    Compiling tracing v0.1.44
[INFO] [stderr]    Compiling darling_macro v0.20.11
[INFO] [stderr]    Compiling process-wrap v8.2.1
[INFO] [stderr]    Compiling serde-inline-default v1.0.2
[INFO] [stderr]    Compiling deunicode v1.6.2
[INFO] [stderr]    Compiling darling v0.20.11
[INFO] [stderr]    Compiling serde_default v0.2.0
[INFO] [stderr]    Compiling base64 v0.22.1
[INFO] [stderr]    Compiling tiny_pretty v0.2.1
[INFO] [stderr]    Compiling command-error v0.8.0
[INFO] [stderr]    Compiling et-path v0.3.0
[INFO] [stderr]    Compiling pretty_yaml v0.6.0
[INFO] [stderr]    Compiling strum v0.28.0
[INFO] [stderr]    Compiling edge-toolkit v0.4.0
[INFO] [stderr]    Compiling toml v1.1.6+spec-1.1.0
[INFO] [stderr]    Compiling fake v5.1.0
[INFO] [stderr]    Compiling clap v4.6.7
[INFO] [stderr]    Compiling rand_chacha v0.10.0
[INFO] [stderr]    Compiling sha2 v0.11.0
[INFO] [stderr]    Compiling textwrap v0.16.4
[INFO] [stderr]    Compiling et-org v0.2.0
[INFO] [stderr]    Compiling et-cli v0.2.0 (/opt/rustwide/workdir)
[INFO] [stderr]     Finished `release` profile [optimized] target(s) in 2m 28s
[INFO] running `Command { std: "docker" "inspect" "9fe51af7d6f7f168bd837ba52d8fe46955b65650fb3db5f7b8d9d8e1a27001ad", kill_on_drop: false }`
[INFO] running `Command { std: "docker" "exec" "-e" "SOURCE_DIR=/opt/rustwide/workdir" "-e" "CARGO_HOME=/opt/rustwide/cargo-home" "-e" "RUSTUP_HOME=/opt/rustwide/rustup-home" "-e" "CARGO_TARGET_DIR=/opt/rustwide/target" "-e" "CARGO_INCREMENTAL=0" "-e" "RUST_BACKTRACE=full" "-e" "RUSTFLAGS=--cap-lints=warn" "-e" "RUSTDOCFLAGS=--cap-lints=warn" "-w" "/opt/rustwide/workdir" "--user" "0:0" "9fe51af7d6f7f168bd837ba52d8fe46955b65650fb3db5f7b8d9d8e1a27001ad" "/opt/rustwide/cargo-home/bin/cargo" "+1.100.0-beta.1" "test" "--frozen" "--no-run" "--message-format=json" "--release", kill_on_drop: false }`
[INFO] [stderr]    Compiling smallvec v1.16.1
[INFO] [stderr]    Compiling syn v3.0.5
[INFO] [stderr]    Compiling jobserver v0.1.35
[INFO] [stderr]    Compiling tracing v0.1.44
[INFO] [stderr]    Compiling mio v1.2.3
[INFO] [stderr]    Compiling bitflags v2.13.2
[INFO] [stderr]    Compiling memchr v2.8.3
[INFO] [stderr]    Compiling once_cell v1.21.4
[INFO] [stderr]    Compiling cc v1.4.6
[INFO] [stderr]    Compiling zstd-safe v7.3.0
[INFO] [stderr]    Compiling parking_lot_core v0.9.12
[INFO] [stderr]    Compiling tracing-core v0.1.36
[INFO] [stderr]    Compiling zerofrom v0.1.8
[INFO] [stderr]    Compiling parking_lot v0.12.5
[INFO] [stderr]    Compiling stable_deref_trait v1.2.1
[INFO] [stderr]    Compiling yoke v0.8.3
[INFO] [stderr]    Compiling serde_core v1.0.229
[INFO] [stderr]    Compiling time-core v0.1.9
[INFO] [stderr]    Compiling num-conv v0.2.2
[INFO] [stderr]    Compiling derive_more-impl v2.1.1
[INFO] [stderr]    Compiling serde v1.0.229
[INFO] [stderr]    Compiling aho-corasick v1.1.5
[INFO] [stderr]    Compiling time-macros v0.2.32
[INFO] [stderr]    Compiling http v0.2.12
[INFO] [stderr]    Compiling cmake v0.1.58
[INFO] [stderr]    Compiling serde_json v1.0.151
[INFO] [stderr]    Compiling bytestring v1.5.1
[INFO] [stderr]    Compiling zstd-sys v2.1.0+zstd.1.5.7
[INFO] [stderr]    Compiling aws-lc-sys v0.45.0
[INFO] [stderr]    Compiling regex-automata v0.4.18
[INFO] [stderr]    Compiling futures-core v0.3.34
[INFO] [stderr]    Compiling actix-macros v0.2.4
[INFO] [stderr]    Compiling alloc-stdlib v0.2.4
[INFO] [stderr]    Compiling socket2 v0.6.5
[INFO] [stderr]    Compiling aws-lc-rs v1.18.1
[INFO] [stderr]    Compiling writeable v0.6.4
[INFO] [stderr]    Compiling litemap v0.8.3
[INFO] [stderr]    Compiling tokio v1.53.1
[INFO] [stderr]    Compiling crc32fast v1.5.2
[INFO] [stderr]    Compiling brotli-decompressor v5.0.3
[INFO] [stderr]    Compiling regex v1.13.1
[INFO] [stderr]    Compiling actix-router v0.5.4
[INFO] [stderr]    Compiling zerovec-derive v0.11.6
[INFO] [stderr]    Compiling displaydoc v0.2.7
[INFO] [stderr]    Compiling tokio-macros v2.7.2
[INFO] [stderr]    Compiling futures-macro v0.3.34
[INFO] [stderr]    Compiling serde_derive v1.0.229
[INFO] [stderr]    Compiling zerovec v0.11.8
[INFO] [stderr]    Compiling futures-util v0.3.34
[INFO] [stderr]    Compiling tinystr v0.8.4
[INFO] [stderr]    Compiling icu_locale_core v2.3.0
[INFO] [stderr]    Compiling potential_utf v0.1.6
[INFO] [stderr]    Compiling zerotrie v0.2.5
[INFO] [stderr]    Compiling icu_provider v2.3.1
[INFO] [stderr]    Compiling icu_collections v2.3.0
[INFO] [stderr]    Compiling icu_normalizer v2.3.0
[INFO] [stderr]    Compiling icu_properties v2.3.0
[INFO] [stderr]    Compiling thiserror-impl v2.0.20
[INFO] [stderr]    Compiling actix-web-codegen v4.3.0
[INFO] [stderr]    Compiling tokio-util v0.7.19
[INFO] [stderr]    Compiling actix-service v2.0.3
[INFO] [stderr]    Compiling thiserror v2.0.20
[INFO] [stderr]    Compiling typenum v1.20.1
[INFO] [stderr]    Compiling darling_core v0.20.11
[INFO] [stderr]    Compiling idna_adapter v1.2.2
[INFO] [stderr]    Compiling idna v1.1.0
[INFO] [stderr]    Compiling url v2.5.8
[INFO] [stderr]    Compiling hybrid-array v0.4.15
[INFO] [stderr]    Compiling h2 v0.3.27
[INFO] [stderr]    Compiling actix-codec v0.5.4
[INFO] [stderr]    Compiling time v0.3.55
[INFO] [stderr]    Compiling actix-rt v2.15.0
[INFO] [stderr]    Compiling serde_urlencoded v0.7.1
[INFO] [stderr]    Compiling brotli v8.0.4
[INFO] [stderr]    Compiling flate2 v1.1.10
[INFO] [stderr]    Compiling local-channel v0.1.5
[INFO] [stderr]    Compiling derive_more v2.1.1
[INFO] [stderr]    Compiling icu_normalizer_data v2.3.0
[INFO] [stderr]    Compiling icu_properties_data v2.3.0
[INFO] [stderr]    Compiling foldhash v0.2.0
[INFO] [stderr]    Compiling futures-sink v0.3.34
[INFO] [stderr]    Compiling cookie v0.16.2
[INFO] [stderr]    Compiling actix-server v2.9.5
[INFO] [stderr]    Compiling nix v0.30.1
[INFO] [stderr]    Compiling darling_macro v0.20.11
[INFO] [stderr]    Compiling slab v0.4.12
[INFO] [stderr]    Compiling rand_core v0.10.1
[INFO] [stderr]    Compiling impl-more v0.3.8
[INFO] [stderr]    Compiling futures-task v0.3.34
[INFO] [stderr]    Compiling rustls v0.23.40
[INFO] [stderr]    Compiling cpufeatures v0.3.1
[INFO] [stderr]    Compiling alloc-no-stdlib v2.0.4
[INFO] [stderr]    Compiling darling v0.20.11
[INFO] [stderr]    Compiling chrono v0.4.45
[INFO] [stderr]    Compiling process-wrap v8.2.1
[INFO] [stderr]    Compiling block-buffer v0.12.1
[INFO] [stderr]    Compiling crypto-common v0.2.2
[INFO] [stderr]    Compiling strum_macros v0.28.0
[INFO] [stderr]    Compiling getrandom v0.4.3
[INFO] [stderr]    Compiling simd-adler32 v0.3.10
[INFO] [stderr]    Compiling const-oid v0.10.2
[INFO] [stderr]    Compiling local-waker v0.1.4
[INFO] [stderr]    Compiling command-error v0.8.0
[INFO] [stderr]    Compiling miniz_oxide v0.9.1
[INFO] [stderr]    Compiling digest v0.11.3
[INFO] [stderr]    Compiling indexmap v2.14.2
[INFO] [stderr]    Compiling serde_yaml v0.9.34+deprecated
[INFO] [stderr]    Compiling h2 v0.4.19
[INFO] [stderr]    Compiling serde_default v0.2.0
[INFO] [stderr]    Compiling humantime-serde v1.1.1
[INFO] [stderr]    Compiling chacha20 v0.10.2
[INFO] [stderr]    Compiling strum v0.28.0
[INFO] [stderr]    Compiling form_urlencoded v1.2.2
[INFO] [stderr]    Compiling secrecy v0.10.3
[INFO] [stderr]    Compiling serde-inline-default v1.0.2
[INFO] [stderr]    Compiling zmij v1.0.23
[INFO] [stderr]    Compiling httparse v1.10.1
[INFO] [stderr]    Compiling futures-channel v0.3.34
[INFO] [stderr]    Compiling powerfmt v0.2.0
[INFO] [stderr]    Compiling deranged v0.5.8
[INFO] [stderr]    Compiling edge-toolkit v0.4.0
[INFO] [stderr]    Compiling zstd v0.13.2
[INFO] [stderr]    Compiling rand v0.10.2
[INFO] [stderr]    Compiling generic-array v0.14.7
[INFO] [stderr]    Compiling sha1 v0.11.0
[INFO] [stderr]    Compiling actix-utils v3.0.1
[INFO] [stderr]    Compiling encoding_rs v0.8.35
[INFO] [stderr]    Compiling hyper v1.11.1
[INFO] [stderr]    Compiling ryu v1.0.23
[INFO] [stderr]    Compiling syn v1.0.109
[INFO] [stderr]    Compiling mime v0.3.17
[INFO] [stderr]    Compiling httpdate v1.0.3
[INFO] [stderr]    Compiling language-tags v0.3.2
[INFO] [stderr]    Compiling tower v0.5.3
[INFO] [stderr]    Compiling hyper-util v0.1.20
[INFO] [stderr]    Compiling mime_guess v2.0.5
[INFO] [stderr]    Compiling crypto-common v0.1.7
[INFO] [stderr]    Compiling actix-http v3.13.5
[INFO] [stderr]    Compiling nix v0.31.3
[INFO] [stderr]    Compiling digest v0.10.7
[INFO] [stderr]    Compiling tower-http v0.6.11
[INFO] [stderr]    Compiling arc-swap v1.9.2
[INFO] [stderr]    Compiling opentelemetry v0.32.0
[INFO] [stderr]    Compiling spin v0.10.1
[INFO] [stderr]    Compiling v_escape-base v0.1.0
[INFO] [stderr]    Compiling crc-fast v1.10.0
[INFO] [stderr]    Compiling v_htmlescape v0.17.0
[INFO] [stderr]    Compiling jiff v0.2.37
[INFO] [stderr]    Compiling tracing-subscriber v0.3.23
[INFO] [stderr]    Compiling actix-web v4.15.0
[INFO] [stderr]    Compiling itertools v0.15.0
[INFO] [stderr]    Compiling clap_derive v4.6.7
[INFO] [stderr]    Compiling quick-xml v0.41.0
[INFO] [stderr]    Compiling async-trait v0.1.92
[INFO] [stderr]    Compiling md-5 v0.11.0
[INFO] [stderr]    Compiling uuid v1.26.1
[INFO] [stderr]    Compiling toml_datetime v1.1.1+spec-1.1.0
[INFO] [stderr]    Compiling serde_spanned v1.1.1
[INFO] [stderr]    Compiling tracing-log v0.2.0
[INFO] [stderr]    Compiling http-range v0.1.5
[INFO] [stderr]    Compiling rustix v1.1.4
[INFO] [stderr]    Compiling fake v5.1.0
[INFO] [stderr]    Compiling tungstenite v0.30.0
[INFO] [stderr]    Compiling toml v1.1.6+spec-1.1.0
[INFO] [stderr]    Compiling tracing-opentelemetry v0.33.0
[INFO] [stderr]    Compiling actix-web-thiserror-derive v0.2.7
[INFO] [stderr]    Compiling clap v4.6.7
[INFO] [stderr]    Compiling k8s-openapi v0.28.0
[INFO] [stderr]    Compiling temp-env v0.3.6
[INFO] [stderr]    Compiling sha2 v0.11.0
[INFO] [stderr]    Compiling bytesize v2.7.0
[INFO] [stderr]    Compiling mutually_exclusive_features v0.1.0
[INFO] [stderr]    Compiling port_check v0.3.0
[INFO] [stderr]    Compiling retry v2.2.0
[INFO] [stderr]    Compiling tempfile v3.27.0
[INFO] [stderr]    Compiling et-test-helpers v0.2.0
[INFO] [stderr]    Compiling tokio-tungstenite v0.30.0
[INFO] [stderr]    Compiling et-cli v0.2.0 (/opt/rustwide/workdir)
[INFO] [stderr]    Compiling rustls-webpki v0.103.15
[INFO] [stderr]    Compiling actix-web-thiserror v0.2.7
[INFO] [stderr]    Compiling actix-ws v0.4.0
[INFO] [stderr]    Compiling actix-files v0.7.0
[INFO] [stderr]    Compiling et-ws-service v0.2.0
[INFO] [stderr]    Compiling et-modules-service v0.3.0
[INFO] [stderr]    Compiling tracing-actix-web v0.7.22
[INFO] [stderr]    Compiling tokio-rustls v0.26.5
[INFO] [stderr]    Compiling rustls-platform-verifier v0.7.0
[INFO] [stderr]    Compiling hyper-rustls v0.27.9
[INFO] [stderr]    Compiling reqwest v0.13.5
[INFO] [stderr]    Compiling object_store v0.14.1
[INFO] [stderr]    Compiling et-storage-service v0.2.0
[INFO] [stderr]    Compiling et-ws-test-server v0.2.0
[INFO] [stderr]     Finished `release` profile [optimized] target(s) in 11m 16s
[INFO] running `Command { std: "docker" "inspect" "9fe51af7d6f7f168bd837ba52d8fe46955b65650fb3db5f7b8d9d8e1a27001ad", kill_on_drop: false }`
[INFO] running `Command { std: "docker" "exec" "-e" "SOURCE_DIR=/opt/rustwide/workdir" "-e" "CARGO_HOME=/opt/rustwide/cargo-home" "-e" "RUSTUP_HOME=/opt/rustwide/rustup-home" "-e" "CARGO_TARGET_DIR=/opt/rustwide/target" "-e" "CARGO_INCREMENTAL=0" "-e" "RUST_BACKTRACE=full" "-e" "RUSTFLAGS=--cap-lints=warn" "-e" "RUSTDOCFLAGS=--cap-lints=warn" "-w" "/opt/rustwide/workdir" "--user" "0:0" "9fe51af7d6f7f168bd837ba52d8fe46955b65650fb3db5f7b8d9d8e1a27001ad" "/opt/rustwide/cargo-home/bin/cargo" "+1.100.0-beta.1" "test" "--frozen" "--release", kill_on_drop: false }`
[INFO] [stderr]     Finished `release` profile [optimized] target(s) in 0.82s
[INFO] [stderr]      Running unittests src/lib.rs (/opt/rustwide/target/release/build/et-cli/a860cbe74fcf7766/out/et_cli-a860cbe74fcf7766)
[INFO] [stderr]      Running unittests src/main.rs (/opt/rustwide/target/release/build/et-cli/075f0bb3196197c7/out/et_cli-075f0bb3196197c7)
[INFO] [stdout] 
[INFO] [stdout] running 0 tests
[INFO] [stdout] 
[INFO] [stdout] test result: ok. 0 passed; 0 failed; 0 ignored; 0 measured; 0 filtered out; finished in 0.00s
[INFO] [stdout] 
[INFO] [stdout] 
[INFO] [stderr]      Running tests/collector_identity.rs (/opt/rustwide/target/release/build/et-cli/7a6d7847b2d6e4d8/out/collector_identity-7a6d7847b2d6e4d8)
[INFO] [stdout] running 0 tests
[INFO] [stdout] 
[INFO] [stdout] test result: ok. 0 passed; 0 failed; 0 ignored; 0 measured; 0 filtered out; finished in 0.00s
[INFO] [stdout] 
[INFO] [stdout] 
[INFO] [stdout] running 2 tests
[INFO] [stdout] test the_dev_collector_password_matches_on_both_sides ... FAILED
[INFO] [stdout] test the_dev_collector_account_is_the_one_generated_deployments_use ... FAILED
[INFO] [stdout] 
[INFO] [stdout] failures:
[INFO] [stdout] 
[INFO] [stdout] ---- the_dev_collector_password_matches_on_both_sides stdout ----
[INFO] [stdout] 
[INFO] [stdout] thread 'the_dev_collector_password_matches_on_both_sides' (6358) panicked at tests/collector_identity.rs:37:42:
[INFO] [stdout] called `Result::unwrap()` on an `Err` value: Custom { kind: NotFound, error: Error { kind: OpenFile, source: Os { code: 2, kind: NotFound, message: "No such file or directory" }, path: "/opt/rustwide/workdir/.mise/config.toml" } }
[INFO] [stdout] stack backtrace:
[INFO] [stdout]    0:     0x585e69266451 - <<std[617be2ca0a6fd877]::sys::backtrace::BacktraceLock>::print::DisplayBacktrace as core[a373ad73a504971]::fmt::Display>::fmt
[INFO] [stdout]    1:     0x585e6927b07a - core[a373ad73a504971]::fmt::write
[INFO] [stdout]    2:     0x585e6926a6ac - <alloc[2e1b2a31b91974c5]::vec::Vec<u8> as core[a373ad73a504971]::io::write::Write>::write_fmt
[INFO] [stdout]    3:     0x585e69242446 - std[617be2ca0a6fd877]::panicking::default_hook::{closure#0}
[INFO] [stdout]    4:     0x585e6925eae9 - std[617be2ca0a6fd877]::panicking::default_hook
[INFO] [stdout]    5:     0x585e691e2560 - test[aada8e7e76ba119b]::test_main_inner::{closure#0}
[INFO] [stdout]    6:     0x585e6925eca2 - std[617be2ca0a6fd877]::panicking::panic_with_hook
[INFO] [stdout]    7:     0x585e692424f2 - std[617be2ca0a6fd877]::panicking::panic_handler::{closure#0}
[INFO] [stdout]    8:     0x585e6923b209 - std[617be2ca0a6fd877]::sys::backtrace::__rust_end_short_backtrace::<std[617be2ca0a6fd877]::panicking::panic_handler::{closure#0}, !>
[INFO] [stdout]    9:     0x585e692430fd - __rustc[ea4f61d10b84890b]::rust_begin_unwind
[INFO] [stdout]   10:     0x585e6927b7ec - core[a373ad73a504971]::panicking::panic_fmt
[INFO] [stdout]   11:     0x585e6927b5c2 - core[a373ad73a504971]::result::unwrap_failed
[INFO] [stdout]   12:     0x585e691d0aa4 - collector_identity[374c287f559a4cae]::ws_server_env_value
[INFO] [stdout]   13:     0x585e691d103b - <collector_identity[374c287f559a4cae]::the_dev_collector_password_matches_on_both_sides::{closure#0} as core[a373ad73a504971]::ops::function::FnOnce<()>>::call_once
[INFO] [stdout]   14:     0x585e691d59ab - test[aada8e7e76ba119b]::__rust_begin_short_backtrace::<core[a373ad73a504971]::result::Result<(), alloc[2e1b2a31b91974c5]::string::String>, fn() -> core[a373ad73a504971]::result::Result<(), alloc[2e1b2a31b91974c5]::string::String>>
[INFO] [stdout]   15:     0x585e691e2b85 - test[aada8e7e76ba119b]::run_test::{closure#0}
[INFO] [stdout]   16:     0x585e691dc474 - std[617be2ca0a6fd877]::sys::backtrace::__rust_begin_short_backtrace::<test[aada8e7e76ba119b]::run_test::{closure#1}, ()>
[INFO] [stdout]   17:     0x585e691e5c12 - <std[617be2ca0a6fd877]::thread::lifecycle::spawn_unchecked<test[aada8e7e76ba119b]::run_test::{closure#1}, ()>::{closure#1} as core[a373ad73a504971]::ops::function::FnOnce<()>>::call_once::{shim:vtable#0}
[INFO] [stdout]   18:     0x585e69265caf - <std[617be2ca0a6fd877]::sys::thread::unix::Thread>::new::thread_start
[INFO] [stdout]   19:     0x71499bdcfdfa - <unknown>
[INFO] [stdout]   20:     0x71499be633d4 - clone
[INFO] [stdout]   21:                0x0 - <unknown>
[INFO] [stdout] 
[INFO] [stdout] ---- the_dev_collector_account_is_the_one_generated_deployments_use stdout ----
[INFO] [stdout] 
[INFO] [stdout] thread 'the_dev_collector_account_is_the_one_generated_deployments_use' (6357) panicked at tests/collector_identity.rs:27:42:
[INFO] [stdout] called `Result::unwrap()` on an `Err` value: Custom { kind: NotFound, error: Error { kind: OpenFile, source: Os { code: 2, kind: NotFound, message: "No such file or directory" }, path: "/opt/rustwide/workdir/config/o2.env" } }
[INFO] [stdout] stack backtrace:
[INFO] [stdout]    0:     0x585e69266451 - <<std[617be2ca0a6fd877]::sys::backtrace::BacktraceLock>::print::DisplayBacktrace as core[a373ad73a504971]::fmt::Display>::fmt
[INFO] [stdout]    1:     0x585e6927b07a - core[a373ad73a504971]::fmt::write
[INFO] [stdout]    2:     0x585e6926a6ac - <alloc[2e1b2a31b91974c5]::vec::Vec<u8> as core[a373ad73a504971]::io::write::Write>::write_fmt
[INFO] [stdout]    3:     0x585e69242446 - std[617be2ca0a6fd877]::panicking::default_hook::{closure#0}
[INFO] [stdout]    4:     0x585e6925eae9 - std[617be2ca0a6fd877]::panicking::default_hook
[INFO] [stdout]    5:     0x585e691e2560 - test[aada8e7e76ba119b]::test_main_inner::{closure#0}
[INFO] [stdout]    6:     0x585e6925eca2 - std[617be2ca0a6fd877]::panicking::panic_with_hook
[INFO] [stdout]    7:     0x585e692424f2 - std[617be2ca0a6fd877]::panicking::panic_handler::{closure#0}
[INFO] [stdout]    8:     0x585e6923b209 - std[617be2ca0a6fd877]::sys::backtrace::__rust_end_short_backtrace::<std[617be2ca0a6fd877]::panicking::panic_handler::{closure#0}, !>
[INFO] [stdout]    9:     0x585e692430fd - __rustc[ea4f61d10b84890b]::rust_begin_unwind
[INFO] [stdout]   10:     0x585e6927b7ec - core[a373ad73a504971]::panicking::panic_fmt
[INFO] [stdout]   11:     0x585e6927b5c2 - core[a373ad73a504971]::result::unwrap_failed
[INFO] [stdout]   12:     0x585e691d0568 - collector_identity[374c287f559a4cae]::o2_env_value
[INFO] [stdout]   13:     0x585e691d114e - <collector_identity[374c287f559a4cae]::the_dev_collector_account_is_the_one_generated_deployments_use::{closure#0} as core[a373ad73a504971]::ops::function::FnOnce<()>>::call_once
[INFO] [stdout]   14:     0x585e691d59ab - test[aada8e7e76ba119b]::__rust_begin_short_backtrace::<core[a373ad73a504971]::result::Result<(), alloc[2e1b2a31b91974c5]::string::String>, fn() -> core[a373ad73a504971]::result::Result<(), alloc[2e1b2a31b91974c5]::string::String>>
[INFO] [stdout]   15:     0x585e691e2b85 - test[aada8e7e76ba119b]::run_test::{closure#0}
[INFO] [stdout]   16:     0x585e691dc474 - std[617be2ca0a6fd877]::sys::backtrace::__rust_begin_short_backtrace::<test[aada8e7e76ba119b]::run_test::{closure#1}, ()>
[INFO] [stdout]   17:     0x585e691e5c12 - <std[617be2ca0a6fd877]::thread::lifecycle::spawn_unchecked<test[aada8e7e76ba119b]::run_test::{closure#1}, ()>::{closure#1} as core[a373ad73a504971]::ops::function::FnOnce<()>>::call_once::{shim:vtable#0}
[INFO] [stdout]   18:     0x585e69265caf - <std[617be2ca0a6fd877]::sys::thread::unix::Thread>::new::thread_start
[INFO] [stdout]   19:     0x71499bdcfdfa - <unknown>
[INFO] [stdout]   20:     0x71499be633d4 - clone
[INFO] [stdout]   21:                0x0 - <unknown>
[INFO] [stdout] 
[INFO] [stdout] 
[INFO] [stdout] failures:
[INFO] [stdout]     the_dev_collector_account_is_the_one_generated_deployments_use
[INFO] [stdout]     the_dev_collector_password_matches_on_both_sides
[INFO] [stdout] 
[INFO] [stdout] test result: FAILED. 0 passed; 2 failed; 0 ignored; 0 measured; 0 filtered out; finished in 0.00s
[INFO] [stdout] 
[INFO] [stderr] error: test failed, to rerun pass `--test collector_identity`
[INFO] running `Command { std: "docker" "inspect" "9fe51af7d6f7f168bd837ba52d8fe46955b65650fb3db5f7b8d9d8e1a27001ad", kill_on_drop: false }`
[INFO] running `Command { std: "docker" "rm" "-f" "9fe51af7d6f7f168bd837ba52d8fe46955b65650fb3db5f7b8d9d8e1a27001ad", kill_on_drop: false }`
[INFO] [stdout] 9fe51af7d6f7f168bd837ba52d8fe46955b65650fb3db5f7b8d9d8e1a27001ad
