[INFO] fetching crate dockdash 0.2.0...
[INFO] testing dockdash-0.2.0 against 1.100.0-beta.1+cargoflags=--release for beta-release-1.100-2
[INFO] extracting crate dockdash 0.2.0 into /workspace/builds/worker-4-tc2/source
[INFO] started tweaking crates.io crate dockdash 0.2.0
[INFO] removed 0 missing examples
[INFO] removed 0 missing tests
[INFO] finished tweaking crates.io crate dockdash 0.2.0
[INFO] tweaked toml for crates.io crate dockdash 0.2.0 written to /workspace/builds/worker-4-tc2/source/Cargo.toml
[INFO] validating manifest of crates.io crate dockdash 0.2.0 on toolchain 1.100.0-beta.1
[INFO] running `Command { std: CARGO_HOME="/workspace/cargo-home" RUSTUP_HOME="/workspace/rustup-home" "/workspace/cargo-home/bin/cargo" "+1.100.0-beta.1" "metadata" "--manifest-path" "Cargo.toml" "--no-deps", kill_on_drop: false }`
[INFO] crate crates.io crate dockdash 0.2.0 already has a lockfile, it will not be regenerated
[INFO] running `Command { std: CARGO_HOME="/workspace/cargo-home" RUSTUP_HOME="/workspace/rustup-home" "/workspace/cargo-home/bin/cargo" "+1.100.0-beta.1" "fetch" "--manifest-path" "Cargo.toml", kill_on_drop: false }`
[INFO] [stderr] warning: `package.homepage` is redundant with `package.repository`
[INFO] [stderr]    --> Cargo.toml:117:12
[INFO] [stderr]     |
[INFO] [stderr] 117 | homepage = "https://github.com/alienplatform/dockdash"
[INFO] [stderr]     |            ^^^^^^^^^^^^^^^^^^^^^^^^^^^^^^^^^^^^^^^^^^^
[INFO] [stderr] ...
[INFO] [stderr] 122 | repository = "https://github.com/alienplatform/dockdash"
[INFO] [stderr]     |              -------------------------------------------
[INFO] [stderr]     |
[INFO] [stderr]     = note: `cargo::redundant_homepage` is set to `warn` by default
[INFO] [stderr] help: consider removing `package.homepage`
[INFO] [stderr] warning: `dockdash` (manifest) generated 1 warning
[INFO] running `Command { std: "docker" "create" "-v" "/var/lib/crater-agent-workspace/builds/worker-4-tc2/source:/opt/rustwide/workdir:ro,Z" "-v" "/var/lib/crater-agent-workspace/builds/worker-4-tc2/target:/opt/rustwide/target:rw,Z" "-v" "/var/lib/crater-agent-workspace/cargo-home:/opt/rustwide/cargo-home:ro,Z" "-v" "/var/lib/crater-agent-workspace/rustup-home:/opt/rustwide/rustup-home:ro,Z" "-m" "1610612736" "--network" "none" "ghcr.io/rust-lang/crates-build-env/linux@sha256:77db811e55d90add9212f6832c23229e3de5f1c1f9905e8cb07319ea15df73ac" "sleep" "infinity", kill_on_drop: false }`
[INFO] [stdout] 1c4aa08285d6bbbb62c5eaa6c28761e090d831fba30e7a2a0d3c86a7c0a13f71
[INFO] running `Command { std: "docker" "start" "1c4aa08285d6bbbb62c5eaa6c28761e090d831fba30e7a2a0d3c86a7c0a13f71", kill_on_drop: false }`
[INFO] running `Command { std: "docker" "inspect" "1c4aa08285d6bbbb62c5eaa6c28761e090d831fba30e7a2a0d3c86a7c0a13f71", kill_on_drop: false }`
[INFO] running `Command { std: "docker" "exec" "-e" "SOURCE_DIR=/opt/rustwide/workdir" "-e" "CARGO_HOME=/opt/rustwide/cargo-home" "-e" "RUSTUP_HOME=/opt/rustwide/rustup-home" "-e" "CARGO_TARGET_DIR=/opt/rustwide/target" "-w" "/opt/rustwide/workdir" "--user" "0:0" "1c4aa08285d6bbbb62c5eaa6c28761e090d831fba30e7a2a0d3c86a7c0a13f71" "/opt/rustwide/cargo-home/bin/cargo" "+1.100.0-beta.1" "metadata" "--no-deps" "--format-version=1", kill_on_drop: false }`
[INFO] running `Command { std: "docker" "inspect" "1c4aa08285d6bbbb62c5eaa6c28761e090d831fba30e7a2a0d3c86a7c0a13f71", kill_on_drop: false }`
[INFO] running `Command { std: "docker" "exec" "-e" "SOURCE_DIR=/opt/rustwide/workdir" "-e" "CARGO_HOME=/opt/rustwide/cargo-home" "-e" "RUSTUP_HOME=/opt/rustwide/rustup-home" "-e" "CARGO_TARGET_DIR=/opt/rustwide/target" "-e" "CARGO_INCREMENTAL=0" "-e" "RUST_BACKTRACE=full" "-e" "RUSTFLAGS=--cap-lints=warn" "-e" "RUSTDOCFLAGS=--cap-lints=warn" "-w" "/opt/rustwide/workdir" "--user" "0:0" "1c4aa08285d6bbbb62c5eaa6c28761e090d831fba30e7a2a0d3c86a7c0a13f71" "/opt/rustwide/cargo-home/bin/cargo" "+1.100.0-beta.1" "build" "--frozen" "--message-format=json" "--release", kill_on_drop: false }`
[INFO] [stderr] warning: `package.homepage` is redundant with `package.repository`
[INFO] [stderr]    --> Cargo.toml:117:12
[INFO] [stderr]     |
[INFO] [stderr] 117 | homepage = "https://github.com/alienplatform/dockdash"
[INFO] [stderr]     |            ^^^^^^^^^^^^^^^^^^^^^^^^^^^^^^^^^^^^^^^^^^^
[INFO] [stderr] ...
[INFO] [stderr] 122 | repository = "https://github.com/alienplatform/dockdash"
[INFO] [stderr]     |              -------------------------------------------
[INFO] [stderr]     |
[INFO] [stderr]     = note: `cargo::redundant_homepage` is set to `warn` by default
[INFO] [stderr] help: consider removing `package.homepage`
[INFO] [stderr] warning: `dockdash` (manifest) generated 1 warning
[INFO] [stderr]    Compiling libc v0.2.183
[INFO] [stderr]    Compiling once_cell v1.19.0
[INFO] [stderr]    Compiling zerofrom-derive v0.1.6
[INFO] [stderr]    Compiling yoke-derive v0.8.1
[INFO] [stderr]    Compiling zerovec-derive v0.11.2
[INFO] [stderr]    Compiling tokio-macros v2.6.1
[INFO] [stderr]    Compiling displaydoc v0.2.5
[INFO] [stderr]    Compiling crypto-common v0.1.7
[INFO] [stderr]    Compiling zeroize v1.8.2
[INFO] [stderr]    Compiling rustls-pki-types v1.14.0
[INFO] [stderr]    Compiling digest v0.10.7
[INFO] [stderr]    Compiling futures-channel v0.3.32
[INFO] [stderr]    Compiling darling_core v0.20.11
[INFO] [stderr]    Compiling serde_json v1.0.149
[INFO] [stderr]    Compiling futures-util v0.3.32
[INFO] [stderr]    Compiling http v1.4.0
[INFO] [stderr]    Compiling rustls v0.23.37
[INFO] [stderr]    Compiling zerofrom v0.1.6
[INFO] [stderr]    Compiling sha2 v0.10.9
[INFO] [stderr]    Compiling yoke v0.8.1
[INFO] [stderr]    Compiling parking_lot_core v0.9.12
[INFO] [stderr]    Compiling errno v0.3.14
[INFO] [stderr]    Compiling signal-hook-registry v1.4.8
[INFO] [stderr]    Compiling jobserver v0.1.34
[INFO] [stderr]    Compiling parking_lot v0.12.5
[INFO] [stderr]    Compiling zerovec v0.11.5
[INFO] [stderr]    Compiling cc v1.2.56
[INFO] [stderr]    Compiling mio v1.1.1
[INFO] [stderr]    Compiling socket2 v0.6.3
[INFO] [stderr]    Compiling tokio v1.50.0
[INFO] [stderr]    Compiling tinystr v0.8.2
[INFO] [stderr]    Compiling potential_utf v0.1.4
[INFO] [stderr]    Compiling zerotrie v0.2.3
[INFO] [stderr]    Compiling icu_locale_core v2.1.1
[INFO] [stderr]    Compiling icu_collections v2.1.1
[INFO] [stderr]    Compiling darling_macro v0.20.11
[INFO] [stderr]    Compiling getrandom v0.2.17
[INFO] [stderr]    Compiling ring v0.17.14
[INFO] [stderr]    Compiling darling v0.20.11
[INFO] [stderr]    Compiling derive_builder_core v0.20.2
[INFO] [stderr]    Compiling http-body v1.0.1
[INFO] [stderr]    Compiling proc-macro-error-attr2 v2.0.0
[INFO] [stderr]    Compiling aho-corasick v1.1.4
[INFO] [stderr]    Compiling regex-syntax v0.8.10
[INFO] [stderr]    Compiling proc-macro-error2 v2.0.1
[INFO] [stderr]    Compiling icu_provider v2.1.1
[INFO] [stderr]    Compiling zstd-sys v2.0.16+zstd.1.5.7
[INFO] [stderr]    Compiling num-traits v0.2.19
[INFO] [stderr]    Compiling icu_properties v2.1.2
[INFO] [stderr]    Compiling icu_normalizer v2.1.1
[INFO] [stderr]    Compiling derive_builder_macro v0.20.2
[INFO] [stderr]    Compiling derive_builder v0.20.2
[INFO] [stderr]    Compiling getset v0.1.6
[INFO] [stderr]    Compiling tracing-core v0.1.36
[INFO] [stderr]    Compiling idna_adapter v1.2.1
[INFO] [stderr]    Compiling tracing-attributes v0.1.31
[INFO] [stderr]    Compiling idna v1.1.0
[INFO] [stderr]    Compiling regex-automata v0.4.14
[INFO] [stderr]    Compiling indexmap v2.13.0
[INFO] [stderr]    Compiling tracing v0.1.44
[INFO] [stderr]    Compiling url v2.5.8
[INFO] [stderr]    Compiling getrandom v0.4.2
[INFO] [stderr]    Compiling sync_wrapper v1.0.2
[INFO] [stderr]    Compiling simd-adler32 v0.3.8
[INFO] [stderr]    Compiling regex v1.10.6
[INFO] [stderr]    Compiling hyper v1.8.1
[INFO] [stderr]    Compiling unicode-xid v0.2.6
[INFO] [stderr]    Compiling miniz_oxide v0.8.9
[INFO] [stderr]    Compiling hyper-util v0.1.20
[INFO] [stderr]    Compiling tower v0.5.3
[INFO] [stderr]    Compiling rustls-native-certs v0.8.3
[INFO] [stderr]    Compiling const_format_proc_macros v0.2.34
[INFO] [stderr]    Compiling strum_macros v0.26.4
[INFO] [stderr]    Compiling filetime v0.2.27
[INFO] [stderr]    Compiling xattr v1.6.1
[INFO] [stderr]    Compiling webpki-roots v1.0.6
[INFO] [stderr]    Compiling toml_datetime v0.6.11
[INFO] [stderr]    Compiling serde_spanned v0.6.9
[INFO] [stderr]    Compiling miette-derive v5.10.0
[INFO] [stderr]    Compiling iri-string v0.7.10
[INFO] [stderr]    Compiling zstd-safe v7.2.4
[INFO] [stderr]    Compiling clap_builder v4.5.60
[INFO] [stderr]    Compiling oci-spec v0.6.8
[INFO] [stderr]    Compiling miette v5.10.0
[INFO] [stderr]    Compiling rustls-webpki v0.103.9
[INFO] [stderr]    Compiling tower-http v0.6.8
[INFO] [stderr]    Compiling toml_edit v0.22.27
[INFO] [stderr]    Compiling chrono v0.4.44
[INFO] [stderr]    Compiling serde_urlencoded v0.7.1
[INFO] [stderr]    Compiling webpki-roots v0.26.11
[INFO] [stderr]    Compiling tar v0.4.44
[INFO] [stderr]    Compiling flate2 v1.1.9
[INFO] [stderr]    Compiling const_format v0.2.35
[INFO] [stderr]    Compiling tokio-util v0.7.18
[INFO] [stderr]    Compiling dirs-sys v0.4.1
[INFO] [stderr]    Compiling futures-executor v0.3.32
[INFO] [stderr]    Compiling http-body-util v0.1.3
[INFO] [stderr]    Compiling tokio-rustls v0.26.4
[INFO] [stderr]    Compiling clap_derive v4.5.55
[INFO] [stderr]    Compiling hyper-rustls v0.27.7
[INFO] [stderr]    Compiling strum_macros v0.27.2
[INFO] [stderr]    Compiling sha-1 v0.10.1
[INFO] [stderr]    Compiling hmac v0.12.1
[INFO] [stderr]    Compiling xxhash-rust v0.8.15
[INFO] [stderr]    Compiling strum v0.27.2
[INFO] [stderr]    Compiling ssri v9.2.0
[INFO] [stderr]    Compiling jwt v0.16.0
[INFO] [stderr]    Compiling clap v4.5.60
[INFO] [stderr]    Compiling tempfile v3.26.0
[INFO] [stderr]    Compiling sha256 v1.6.0
[INFO] [stderr]    Compiling reqwest v0.12.28
[INFO] [stderr]    Compiling oci-spec v0.8.4
[INFO] [stderr]    Compiling ureq v2.12.1
[INFO] [stderr]    Compiling futures v0.3.32
[INFO] [stderr]    Compiling directories v5.0.1
[INFO] [stderr]    Compiling toml v0.8.23
[INFO] [stderr]    Compiling olpc-cjson v0.1.4
[INFO] [stderr]    Compiling tokio-stream v0.1.18
[INFO] [stderr]    Compiling uuid v1.22.0
[INFO] [stderr]    Compiling dirs-sys v0.5.0
[INFO] [stderr]    Compiling reflink-copy v0.1.29
[INFO] [stderr]    Compiling memmap2 v0.5.10
[INFO] [stderr]    Compiling sha1 v0.10.6
[INFO] [stderr]    Compiling http-auth v0.1.10
[INFO] [stderr]    Compiling maplit v1.0.2
[INFO] [stderr]    Compiling either v1.15.0
[INFO] [stderr]    Compiling ocipkg v0.3.9
[INFO] [stderr]    Compiling cacache v13.1.0
[INFO] [stderr]    Compiling dirs v6.0.0
[INFO] [stderr]    Compiling oci-tar-builder v0.4.0
[INFO] [stderr]    Compiling oci-client v0.15.0
[INFO] [stderr]    Compiling zstd v0.13.3
[INFO] [stderr]    Compiling dockdash v0.2.0 (/opt/rustwide/workdir)
[INFO] [stderr]     Finished `release` profile [optimized] target(s) in 6m 01s
[INFO] [stderr] warning: the following packages contain code that will be rejected by a future version of Rust: proc-macro-error2 v2.0.1
[INFO] [stderr] note: to see what the problems were, use the option `--future-incompat-report`, or run `cargo report future-incompatibilities --id 8`
[INFO] running `Command { std: "docker" "inspect" "1c4aa08285d6bbbb62c5eaa6c28761e090d831fba30e7a2a0d3c86a7c0a13f71", kill_on_drop: false }`
[INFO] running `Command { std: "docker" "exec" "-e" "SOURCE_DIR=/opt/rustwide/workdir" "-e" "CARGO_HOME=/opt/rustwide/cargo-home" "-e" "RUSTUP_HOME=/opt/rustwide/rustup-home" "-e" "CARGO_TARGET_DIR=/opt/rustwide/target" "-e" "CARGO_INCREMENTAL=0" "-e" "RUST_BACKTRACE=full" "-e" "RUSTFLAGS=--cap-lints=warn" "-e" "RUSTDOCFLAGS=--cap-lints=warn" "-w" "/opt/rustwide/workdir" "--user" "0:0" "1c4aa08285d6bbbb62c5eaa6c28761e090d831fba30e7a2a0d3c86a7c0a13f71" "/opt/rustwide/cargo-home/bin/cargo" "+1.100.0-beta.1" "test" "--frozen" "--no-run" "--message-format=json" "--release", kill_on_drop: false }`
[INFO] [stderr] warning: `package.homepage` is redundant with `package.repository`
[INFO] [stderr]    --> Cargo.toml:117:12
[INFO] [stderr]     |
[INFO] [stderr] 117 | homepage = "https://github.com/alienplatform/dockdash"
[INFO] [stderr]     |            ^^^^^^^^^^^^^^^^^^^^^^^^^^^^^^^^^^^^^^^^^^^
[INFO] [stderr] ...
[INFO] [stderr] 122 | repository = "https://github.com/alienplatform/dockdash"
[INFO] [stderr]     |              -------------------------------------------
[INFO] [stderr]     |
[INFO] [stderr]     = note: `cargo::redundant_homepage` is set to `warn` by default
[INFO] [stderr] help: consider removing `package.homepage`
[INFO] [stderr] warning: `dockdash` (manifest) generated 1 warning
[INFO] [stderr]    Compiling serde v1.0.228
[INFO] [stderr]    Compiling tokio v1.50.0
[INFO] [stderr]    Compiling tracing-core v0.1.36
[INFO] [stderr]    Compiling serde_json v1.0.149
[INFO] [stderr]    Compiling regex-automata v0.4.14
[INFO] [stderr]    Compiling num-traits v0.2.19
[INFO] [stderr]    Compiling rustls v0.23.37
[INFO] [stderr]    Compiling zerocopy v0.8.40
[INFO] [stderr]    Compiling tracing v0.1.44
[INFO] [stderr]    Compiling serde_urlencoded v0.7.1
[INFO] [stderr]    Compiling toml_datetime v0.6.11
[INFO] [stderr]    Compiling serde_spanned v0.6.9
[INFO] [stderr]    Compiling getrandom v0.3.4
[INFO] [stderr]    Compiling toml_edit v0.22.27
[INFO] [stderr]    Compiling rand_core v0.9.5
[INFO] [stderr]    Compiling chrono v0.4.44
[INFO] [stderr]    Compiling tracing-log v0.2.0
[INFO] [stderr]    Compiling uuid v1.22.0
[INFO] [stderr]    Compiling ssri v9.2.0
[INFO] [stderr]    Compiling jwt v0.16.0
[INFO] [stderr]    Compiling axum-core v0.4.5
[INFO] [stderr]    Compiling toml v0.8.23
[INFO] [stderr]    Compiling regex v1.10.6
[INFO] [stderr]    Compiling ppv-lite86 v0.2.21
[INFO] [stderr]    Compiling hyper v1.8.1
[INFO] [stderr]    Compiling tower v0.5.3
[INFO] [stderr]    Compiling tokio-util v0.7.18
[INFO] [stderr]    Compiling tokio-rustls v0.26.4
[INFO] [stderr]    Compiling tower-http v0.6.8
[INFO] [stderr]    Compiling hyper-util v0.1.20
[INFO] [stderr]    Compiling oci-spec v0.6.8
[INFO] [stderr]    Compiling matchers v0.2.0
[INFO] [stderr]    Compiling tracing-subscriber v0.3.22
[INFO] [stderr]    Compiling hyper-rustls v0.27.7
[INFO] [stderr]    Compiling reqwest v0.12.28
[INFO] [stderr]    Compiling rand_chacha v0.9.0
[INFO] [stderr]    Compiling tokio-stream v0.1.18
[INFO] [stderr]    Compiling sha256 v1.6.0
[INFO] [stderr]    Compiling oci-spec v0.8.4
[INFO] [stderr]    Compiling ureq v2.12.1
[INFO] [stderr]    Compiling olpc-cjson v0.1.4
[INFO] [stderr]    Compiling serde_path_to_error v0.1.20
[INFO] [stderr]    Compiling rand v0.4.6
[INFO] [stderr]    Compiling serde_repr v0.1.20
[INFO] [stderr]    Compiling serde_with v3.17.0
[INFO] [stderr]    Compiling remove_dir_all v0.5.3
[INFO] [stderr]    Compiling ocipkg v0.3.9
[INFO] [stderr]    Compiling axum v0.7.9
[INFO] [stderr]    Compiling oci-client v0.15.0
[INFO] [stderr]    Compiling bollard-stubs v1.47.1-rc.27.3.1
[INFO] [stderr]    Compiling cacache v13.1.0
[INFO] [stderr]    Compiling tempdir v0.3.7
[INFO] [stderr]    Compiling oci-tar-builder v0.4.0
[INFO] [stderr]    Compiling rand v0.9.2
[INFO] [stderr]    Compiling hyperlocal v0.9.1
[INFO] [stderr]    Compiling tower-http v0.5.2
[INFO] [stderr]    Compiling sec v1.0.0
[INFO] [stderr]    Compiling tracing-test-macro v0.2.6
[INFO] [stderr]    Compiling rm v0.3.2
[INFO] [stderr]    Compiling constant_time_eq v0.3.1
[INFO] [stderr]    Compiling rand_distr v0.5.1
[INFO] [stderr]    Compiling tracing-test v0.2.6
[INFO] [stderr]    Compiling container-registry v0.3.1
[INFO] [stderr]    Compiling dockdash v0.2.0 (/opt/rustwide/workdir)
[INFO] [stderr]    Compiling bollard v0.18.1
[INFO] [stdout] error[E0432]: unresolved import `dockdash::test_utils`
[INFO] [stdout]   --> tests/build_push_tests.rs:26:5
[INFO] [stdout]    |
[INFO] [stdout] 26 | use dockdash::test_utils;
[INFO] [stdout]    |     ^^^^^^^^^^----------
[INFO] [stdout]    |               |
[INFO] [stdout]    |               no `test_utils` in the root
[INFO] [stdout]    |
[INFO] [stdout] note: found an item that was configured out
[INFO] [stdout]   --> src/lib.rs:55:9
[INFO] [stdout]    |
[INFO] [stdout] 54 | #[cfg(feature = "test-utils")]
[INFO] [stdout]    |       ---------------------- the item is gated behind the `test-utils` feature
[INFO] [stdout] 55 | pub mod test_utils;
[INFO] [stdout]    |         ^^^^^^^^^^
[INFO] [stdout] 
[INFO] [stdout] 
[INFO] [stdout] error[E0277]: the size for values of type `str` cannot be known at compilation time
[INFO] [stdout]    --> tests/build_push_tests.rs:313:29
[INFO] [stdout]     |
[INFO] [stdout] 313 |     let (_running_registry, local_registry_host) = test_utils::setup_local_registry().await?;
[INFO] [stdout]     |                             ^^^^^^^^^^^^^^^^^^^ doesn't have a size known at compile-time
[INFO] [stdout]     |
[INFO] [stdout]     = help: the trait `Sized` is not implemented for `str`
[INFO] [stdout]     = note: all local variables must have a statically known size
[INFO] [stdout] 
[INFO] [stdout] 
[INFO] [stdout] error[E0277]: the size for values of type `str` cannot be known at compilation time
[INFO] [stdout]    --> tests/build_push_tests.rs:313:92
[INFO] [stdout]     |
[INFO] [stdout] 313 |     let (_running_registry, local_registry_host) = test_utils::setup_local_registry().await?;
[INFO] [stdout]     |                                                                                            ^ doesn't have a size known at compile-time
[INFO] [stdout]     |
[INFO] [stdout]     = help: within `(_, str)`, the trait `Sized` is not implemented for `str`
[INFO] [stdout]     = note: required because it appears within the type `(_, str)`
[INFO] [stdout] note: required by an implicit `Sized` bound in `ControlFlow`
[INFO] [stdout]    --> /rustc/e3feeb59cd1bdd011a2bfcc0747b55125d9b8527/library/core/src/ops/control_flow.rs:89:0
[INFO] [stdout] 
[INFO] [stdout] 
[INFO] [stdout] error[E0277]: the size for values of type `str` cannot be known at compilation time
[INFO] [stdout]    --> tests/build_push_tests.rs:313:52
[INFO] [stdout]     |
[INFO] [stdout] 313 |     let (_running_registry, local_registry_host) = test_utils::setup_local_registry().await?;
[INFO] [stdout]     |                                                    ^^^^^^^^^^^^^^^^^^^^^^^^^^^^^^^^^^^^^^^^^ doesn't have a size known at compile-time
[INFO] [stdout]     |
[INFO] [stdout]     = help: within `(_, str)`, the trait `Sized` is not implemented for `str`
[INFO] [stdout]     = note: required because it appears within the type `(_, str)`
[INFO] [stdout] note: required by an implicit `Sized` bound in `ControlFlow`
[INFO] [stdout]    --> /rustc/e3feeb59cd1bdd011a2bfcc0747b55125d9b8527/library/core/src/ops/control_flow.rs:89:0
[INFO] [stdout] 
[INFO] [stdout] 
[INFO] [stdout] error[E0277]: the size for values of type `str` cannot be known at compilation time
[INFO] [stdout]    --> tests/build_push_tests.rs:323:9
[INFO] [stdout]     |
[INFO] [stdout] 322 |         "{}/{}:{}",
[INFO] [stdout]     |          -- required by this formatting parameter
[INFO] [stdout] 323 |         local_registry_host, target_image_repo_namespaced, image_tag
[INFO] [stdout]     |         ^^^^^^^^^^^^^^^^^^^ doesn't have a size known at compile-time
[INFO] [stdout]     |
[INFO] [stdout]     = help: the trait `Sized` is not implemented for `str`
[INFO] [stdout] 
[INFO] [stdout] 
[INFO] [stdout] error[E0277]: the size for values of type `str` cannot be known at compilation time
[INFO] [stdout]    --> tests/build_push_tests.rs:465:29
[INFO] [stdout]     |
[INFO] [stdout] 465 |     let (_running_registry, local_registry_host) = test_utils::setup_local_registry().await?;
[INFO] [stdout]     |                             ^^^^^^^^^^^^^^^^^^^ doesn't have a size known at compile-time
[INFO] [stdout]     |
[INFO] [stdout]     = help: the trait `Sized` is not implemented for `str`
[INFO] [stdout]     = note: all local variables must have a statically known size
[INFO] [stdout] 
[INFO] [stdout] 
[INFO] [stdout] error[E0277]: the size for values of type `str` cannot be known at compilation time
[INFO] [stdout]    --> tests/build_push_tests.rs:465:92
[INFO] [stdout]     |
[INFO] [stdout] 465 |     let (_running_registry, local_registry_host) = test_utils::setup_local_registry().await?;
[INFO] [stdout]     |                                                                                            ^ doesn't have a size known at compile-time
[INFO] [stdout]     |
[INFO] [stdout]     = help: within `(_, str)`, the trait `Sized` is not implemented for `str`
[INFO] [stdout]     = note: required because it appears within the type `(_, str)`
[INFO] [stdout] note: required by an implicit `Sized` bound in `ControlFlow`
[INFO] [stdout]    --> /rustc/e3feeb59cd1bdd011a2bfcc0747b55125d9b8527/library/core/src/ops/control_flow.rs:89:0
[INFO] [stdout] 
[INFO] [stdout] 
[INFO] [stdout] error[E0277]: the size for values of type `str` cannot be known at compilation time
[INFO] [stdout]    --> tests/build_push_tests.rs:465:52
[INFO] [stdout]     |
[INFO] [stdout] 465 |     let (_running_registry, local_registry_host) = test_utils::setup_local_registry().await?;
[INFO] [stdout]     |                                                    ^^^^^^^^^^^^^^^^^^^^^^^^^^^^^^^^^^^^^^^^^ doesn't have a size known at compile-time
[INFO] [stdout]     |
[INFO] [stdout]     = help: within `(_, str)`, the trait `Sized` is not implemented for `str`
[INFO] [stdout]     = note: required because it appears within the type `(_, str)`
[INFO] [stdout] note: required by an implicit `Sized` bound in `ControlFlow`
[INFO] [stdout]    --> /rustc/e3feeb59cd1bdd011a2bfcc0747b55125d9b8527/library/core/src/ops/control_flow.rs:89:0
[INFO] [stdout] 
[INFO] [stdout] 
[INFO] [stdout] error[E0277]: the size for values of type `str` cannot be known at compilation time
[INFO] [stdout]    --> tests/build_push_tests.rs:507:9
[INFO] [stdout]     |
[INFO] [stdout] 506 |         "{}/{}:{}",
[INFO] [stdout]     |          -- required by this formatting parameter
[INFO] [stdout] 507 |         local_registry_host, image_a_repo_namespaced, image_tag
[INFO] [stdout]     |         ^^^^^^^^^^^^^^^^^^^ doesn't have a size known at compile-time
[INFO] [stdout]     |
[INFO] [stdout]     = help: the trait `Sized` is not implemented for `str`
[INFO] [stdout] 
[INFO] [stdout] 
[INFO] [stdout] error[E0277]: the size for values of type `str` cannot be known at compilation time
[INFO] [stdout]    --> tests/build_push_tests.rs:564:9
[INFO] [stdout]     |
[INFO] [stdout] 563 |         "{}/{}:{}",
[INFO] [stdout]     |          -- required by this formatting parameter
[INFO] [stdout] 564 |         local_registry_host, image_b_repo_namespaced, image_tag
[INFO] [stdout]     |         ^^^^^^^^^^^^^^^^^^^ doesn't have a size known at compile-time
[INFO] [stdout]     |
[INFO] [stdout]     = help: the trait `Sized` is not implemented for `str`
[INFO] [stdout] 
[INFO] [stdout] 
[INFO] [stdout] error[E0277]: the size for values of type `str` cannot be known at compilation time
[INFO] [stdout]    --> tests/build_push_tests.rs:651:29
[INFO] [stdout]     |
[INFO] [stdout] 651 |     let (_running_registry, local_registry_host) = test_utils::setup_local_registry().await?;
[INFO] [stdout]     |                             ^^^^^^^^^^^^^^^^^^^ doesn't have a size known at compile-time
[INFO] [stdout]     |
[INFO] [stdout]     = help: the trait `Sized` is not implemented for `str`
[INFO] [stdout]     = note: all local variables must have a statically known size
[INFO] [stdout] 
[INFO] [stdout] 
[INFO] [stdout] error[E0277]: the size for values of type `str` cannot be known at compilation time
[INFO] [stdout]    --> tests/build_push_tests.rs:651:92
[INFO] [stdout]     |
[INFO] [stdout] 651 |     let (_running_registry, local_registry_host) = test_utils::setup_local_registry().await?;
[INFO] [stdout]     |                                                                                            ^ doesn't have a size known at compile-time
[INFO] [stdout]     |
[INFO] [stdout]     = help: within `(_, str)`, the trait `Sized` is not implemented for `str`
[INFO] [stdout]     = note: required because it appears within the type `(_, str)`
[INFO] [stdout] note: required by an implicit `Sized` bound in `ControlFlow`
[INFO] [stdout]    --> /rustc/e3feeb59cd1bdd011a2bfcc0747b55125d9b8527/library/core/src/ops/control_flow.rs:89:0
[INFO] [stdout] 
[INFO] [stdout] 
[INFO] [stdout] error[E0277]: the size for values of type `str` cannot be known at compilation time
[INFO] [stdout]    --> tests/build_push_tests.rs:651:52
[INFO] [stdout]     |
[INFO] [stdout] 651 |     let (_running_registry, local_registry_host) = test_utils::setup_local_registry().await?;
[INFO] [stdout]     |                                                    ^^^^^^^^^^^^^^^^^^^^^^^^^^^^^^^^^^^^^^^^^ doesn't have a size known at compile-time
[INFO] [stdout]     |
[INFO] [stdout]     = help: within `(_, str)`, the trait `Sized` is not implemented for `str`
[INFO] [stdout]     = note: required because it appears within the type `(_, str)`
[INFO] [stdout] note: required by an implicit `Sized` bound in `ControlFlow`
[INFO] [stdout]    --> /rustc/e3feeb59cd1bdd011a2bfcc0747b55125d9b8527/library/core/src/ops/control_flow.rs:89:0
[INFO] [stdout] 
[INFO] [stdout] 
[INFO] [stdout] error[E0277]: the size for values of type `str` cannot be known at compilation time
[INFO] [stdout]    --> tests/build_push_tests.rs:681:9
[INFO] [stdout]     |
[INFO] [stdout] 680 |         "{}/{}:{}",
[INFO] [stdout]     |          -- required by this formatting parameter
[INFO] [stdout] 681 |         local_registry_host, image_c_repo_namespaced, image_tag
[INFO] [stdout]     |         ^^^^^^^^^^^^^^^^^^^ doesn't have a size known at compile-time
[INFO] [stdout]     |
[INFO] [stdout]     = help: the trait `Sized` is not implemented for `str`
[INFO] [stdout] 
[INFO] [stdout] 
[INFO] [stdout] error[E0277]: the size for values of type `str` cannot be known at compilation time
[INFO] [stdout]    --> tests/build_push_tests.rs:950:29
[INFO] [stdout]     |
[INFO] [stdout] 950 |     let (_running_registry, local_registry_host) = test_utils::setup_local_registry().await?;
[INFO] [stdout]     |                             ^^^^^^^^^^^^^^^^^^^ doesn't have a size known at compile-time
[INFO] [stdout]     |
[INFO] [stdout]     = help: the trait `Sized` is not implemented for `str`
[INFO] [stdout]     = note: all local variables must have a statically known size
[INFO] [stdout] 
[INFO] [stdout] 
[INFO] [stdout] error[E0277]: the size for values of type `str` cannot be known at compilation time
[INFO] [stdout]    --> tests/build_push_tests.rs:950:92
[INFO] [stdout]     |
[INFO] [stdout] 950 |     let (_running_registry, local_registry_host) = test_utils::setup_local_registry().await?;
[INFO] [stdout]     |                                                                                            ^ doesn't have a size known at compile-time
[INFO] [stdout]     |
[INFO] [stdout]     = help: within `(_, str)`, the trait `Sized` is not implemented for `str`
[INFO] [stdout]     = note: required because it appears within the type `(_, str)`
[INFO] [stdout] note: required by an implicit `Sized` bound in `ControlFlow`
[INFO] [stdout]    --> /rustc/e3feeb59cd1bdd011a2bfcc0747b55125d9b8527/library/core/src/ops/control_flow.rs:89:0
[INFO] [stdout] 
[INFO] [stdout] 
[INFO] [stdout] error[E0277]: the size for values of type `str` cannot be known at compilation time
[INFO] [stdout]    --> tests/build_push_tests.rs:950:52
[INFO] [stdout]     |
[INFO] [stdout] 950 |     let (_running_registry, local_registry_host) = test_utils::setup_local_registry().await?;
[INFO] [stdout]     |                                                    ^^^^^^^^^^^^^^^^^^^^^^^^^^^^^^^^^^^^^^^^^ doesn't have a size known at compile-time
[INFO] [stdout]     |
[INFO] [stdout]     = help: within `(_, str)`, the trait `Sized` is not implemented for `str`
[INFO] [stdout]     = note: required because it appears within the type `(_, str)`
[INFO] [stdout] note: required by an implicit `Sized` bound in `ControlFlow`
[INFO] [stdout]    --> /rustc/e3feeb59cd1bdd011a2bfcc0747b55125d9b8527/library/core/src/ops/control_flow.rs:89:0
[INFO] [stdout] 
[INFO] [stdout] 
[INFO] [stdout] error[E0277]: the size for values of type `str` cannot be known at compilation time
[INFO] [stdout]    --> tests/build_push_tests.rs:960:9
[INFO] [stdout]     |
[INFO] [stdout] 959 |         "{}/{}:{}",
[INFO] [stdout]     |          -- required by this formatting parameter
[INFO] [stdout] 960 |         local_registry_host, target_image_repo_namespaced, image_tag
[INFO] [stdout]     |         ^^^^^^^^^^^^^^^^^^^ doesn't have a size known at compile-time
[INFO] [stdout]     |
[INFO] [stdout]     = help: the trait `Sized` is not implemented for `str`
[INFO] [stdout] 
[INFO] [stdout] 
[INFO] [stdout] Some errors have detailed explanations: E0277, E0432.
[INFO] [stdout] 
[INFO] [stdout] For more information about an error, try `rustc --explain E0277`.
[INFO] [stdout] 
[INFO] [stderr] error: could not compile `dockdash` (test "build_push_tests") due to 18 previous errors
[INFO] [stderr] warning: build failed, waiting for other jobs to finish...
[INFO] running `Command { std: "docker" "inspect" "1c4aa08285d6bbbb62c5eaa6c28761e090d831fba30e7a2a0d3c86a7c0a13f71", kill_on_drop: false }`
[INFO] running `Command { std: "docker" "rm" "-f" "1c4aa08285d6bbbb62c5eaa6c28761e090d831fba30e7a2a0d3c86a7c0a13f71", kill_on_drop: false }`
[INFO] [stdout] 1c4aa08285d6bbbb62c5eaa6c28761e090d831fba30e7a2a0d3c86a7c0a13f71
