[INFO] fetching crate dioxus-nox-cmdk 0.13.2...
[INFO] testing dioxus-nox-cmdk-0.13.2 against 1.99.0-beta.8+cargoflags=--release for beta-release-1.100-2
[INFO] extracting crate dioxus-nox-cmdk 0.13.2 into /workspace/builds/worker-7-tc1/source
[INFO] started tweaking crates.io crate dioxus-nox-cmdk 0.13.2
[INFO] finished tweaking crates.io crate dioxus-nox-cmdk 0.13.2
[INFO] tweaked toml for crates.io crate dioxus-nox-cmdk 0.13.2 written to /workspace/builds/worker-7-tc1/source/Cargo.toml
[INFO] validating manifest of crates.io crate dioxus-nox-cmdk 0.13.2 on toolchain 1.99.0-beta.8
[INFO] running `Command { std: CARGO_HOME="/workspace/cargo-home" RUSTUP_HOME="/workspace/rustup-home" "/workspace/cargo-home/bin/cargo" "+1.99.0-beta.8" "metadata" "--manifest-path" "Cargo.toml" "--no-deps", kill_on_drop: false }`
[INFO] crate crates.io crate dioxus-nox-cmdk 0.13.2 already has a lockfile, it will not be regenerated
[INFO] running `Command { std: CARGO_HOME="/workspace/cargo-home" RUSTUP_HOME="/workspace/rustup-home" "/workspace/cargo-home/bin/cargo" "+1.99.0-beta.8" "fetch" "--manifest-path" "Cargo.toml", kill_on_drop: false }`
[INFO] [stderr]     Updating crates.io index
[INFO] [stderr]  Downloading crates ...
[INFO] [stderr]   Downloaded wasm-bindgen-macro-support v0.2.115
[INFO] [stderr]   Downloaded wasm-bindgen v0.2.115
[INFO] [stderr]   Downloaded wasm-bindgen-shared v0.2.115
[INFO] [stderr]   Downloaded wasm-bindgen-macro v0.2.115
[INFO] [stderr]   Downloaded serde_repr v0.1.20
[INFO] [stderr]   Downloaded dioxus-html-internal-macro v0.7.4
[INFO] [stderr]   Downloaded dioxus-history v0.7.4
[INFO] [stderr]   Downloaded objc2-exception-helper v0.1.1
[INFO] [stderr]   Downloaded gloo-timers v0.3.0
[INFO] [stderr]   Downloaded sledgehammer_utils v0.3.1
[INFO] [stderr]   Downloaded lazy-js-bundle v0.7.4
[INFO] [stderr]   Downloaded dioxus-devtools v0.7.4
[INFO] [stderr]   Downloaded dioxus-nox-collection v0.13.2
[INFO] [stderr]   Downloaded manganis v0.7.4
[INFO] [stderr]   Downloaded const-serialize-macro v0.7.2
[INFO] [stderr]   Downloaded subsecond-types v0.7.4
[INFO] [stderr]   Downloaded const-serialize-macro v0.8.0-alpha.0
[INFO] [stderr]   Downloaded const-serialize v0.7.2
[INFO] [stderr]   Downloaded dioxus-core-types v0.7.4
[INFO] [stderr]   Downloaded dioxus-cli-config v0.7.4
[INFO] [stderr]   Downloaded wasm-bindgen-futures v0.4.65
[INFO] [stderr]   Downloaded base16 v0.2.1
[INFO] [stderr]   Downloaded dioxus-logger v0.7.4
[INFO] [stderr]   Downloaded enumset_derive v0.14.0
[INFO] [stderr]   Downloaded dioxus-hooks v0.7.4
[INFO] [stderr]   Downloaded sledgehammer_bindgen v0.6.0
[INFO] [stderr]   Downloaded subsecond v0.7.4
[INFO] [stderr]   Downloaded enumset v1.1.10
[INFO] [stderr]   Downloaded dioxus-document v0.7.4
[INFO] [stderr]   Downloaded dioxus-router-macro v0.7.4
[INFO] [stderr]   Downloaded manganis-core v0.7.4
[INFO] [stderr]   Downloaded macro-string v0.1.4
[INFO] [stderr]   Downloaded sledgehammer_bindgen_macro v0.6.5
[INFO] [stderr]   Downloaded dioxus-devtools-types v0.7.4
[INFO] [stderr]   Downloaded dioxus-stores-macro v0.7.4
[INFO] [stderr]   Downloaded dioxus-signals v0.7.4
[INFO] [stderr]   Downloaded pin-project-internal v1.1.10
[INFO] [stderr]   Downloaded generational-box v0.7.4
[INFO] [stderr]   Downloaded dioxus-core-macro v0.7.4
[INFO] [stderr]   Downloaded dioxus-nox-virtualize v0.13.2
[INFO] [stderr]   Downloaded manganis-macro v0.7.4
[INFO] [stderr]   Downloaded const-serialize v0.8.0-alpha.0
[INFO] [stderr]   Downloaded dioxus-web v0.7.4
[INFO] [stderr]   Downloaded dioxus-interpreter-js v0.7.4
[INFO] [stderr]   Downloaded data-encoding v2.10.0
[INFO] [stderr]   Downloaded dioxus-stores v0.7.4
[INFO] [stderr]   Downloaded nucleo-matcher v0.3.1
[INFO] [stderr]   Downloaded dioxus-router v0.7.4
[INFO] [stderr]   Downloaded pin-project v1.1.10
[INFO] [stderr]   Downloaded dioxus-html v0.7.4
[INFO] [stderr]   Downloaded dioxus-rsx v0.7.4
[INFO] [stderr]   Downloaded dioxus v0.7.4
[INFO] [stderr]   Downloaded serde_qs v0.15.0
[INFO] [stderr]   Downloaded num-conv v0.2.0
[INFO] [stderr]   Downloaded js-sys v0.3.92
[INFO] [stderr]   Downloaded dioxus-core v0.7.4
[INFO] [stderr]   Downloaded const_format v0.2.35
[INFO] [stderr]   Downloaded euclid v0.22.13
[INFO] [stderr]   Downloaded tungstenite v0.28.0
[INFO] [stderr]   Downloaded zerocopy v0.8.40
[INFO] [stderr]   Downloaded zerocopy-derive v0.8.40
[INFO] [stderr]   Downloaded openssl-sys v0.9.111
[INFO] [stderr]   Downloaded openssl v0.10.75
[INFO] [stderr]   Downloaded dioxus-fullstack v0.7.4
[INFO] [stderr]   Downloaded tungstenite v0.27.0
[INFO] [stderr]   Downloaded quinn-proto v0.11.14
[INFO] [stderr]   Downloaded headers v0.4.1
[INFO] [stderr]   Downloaded headers-core v0.3.0
[INFO] [stderr]   Downloaded gloo-net v0.6.0
[INFO] [stderr]   Downloaded gloo-utils v0.2.0
[INFO] [stderr]   Downloaded dioxus-fullstack-macro v0.7.4
[INFO] [stderr]   Downloaded dioxus-fullstack-core v0.7.4
[INFO] [stderr]   Downloaded inventory v0.3.22
[INFO] [stderr]   Downloaded dioxus-asset-resolver v0.7.4
[INFO] [stderr]   Downloaded num_enum v0.7.5
[INFO] [stderr]   Downloaded num_enum_derive v0.7.5
[INFO] [stderr]   Downloaded toml_parser v1.0.9+spec-1.1.0
[INFO] [stderr]   Downloaded toml_datetime v0.7.5+spec-1.1.0
[INFO] [stderr]   Downloaded infer v0.19.0
[INFO] [stderr]   Downloaded charset v0.1.5
[INFO] [stderr]   Downloaded web-sys v0.3.92
[INFO] [stderr]   Downloaded toml_edit v0.23.10+spec-1.0.0
[INFO] [stderr]   Downloaded cfb v0.7.3
[INFO] [stderr]   Downloaded content_disposition v0.4.0
[INFO] [stderr]   Downloaded const-str v0.7.1
[INFO] [stderr]   Downloaded axum v0.8.8
[INFO] [stderr]   Downloaded multer v3.1.0
[INFO] [stderr]   Downloaded async-tungstenite v0.31.0
[INFO] [stderr]   Downloaded dioxus-desktop v0.7.4
[INFO] [stderr]   Downloaded wry v0.53.5
[INFO] [stderr]   Downloaded windows-version v0.1.7
[INFO] [stderr]   Downloaded webview2-com v0.38.2
[INFO] [stderr]   Downloaded webview2-com-macros v0.8.1
[INFO] [stderr]   Downloaded webkit2gtk-sys v2.0.1
[INFO] [stderr]   Downloaded system-deps v6.2.2
[INFO] [stderr]   Downloaded version-compare v0.2.1
[INFO] [stderr]   Downloaded cfg-expr v0.15.8
[INFO] [stderr]   Downloaded soup3-sys v0.5.0
[INFO] [stderr]   Downloaded gobject-sys v0.18.0
[INFO] [stderr]   Downloaded glib-sys v0.18.1
[INFO] [stderr]   Downloaded gio-sys v0.18.1
[INFO] [stderr]   Downloaded javascriptcore-rs-sys v1.1.1
[INFO] [stderr]   Downloaded gtk-sys v0.18.2
[INFO] [stderr]   Downloaded pango-sys v0.18.0
[INFO] [stderr]   Downloaded gdk-sys v0.18.2
[INFO] [stderr]   Downloaded gdk-pixbuf-sys v0.18.0
[INFO] [stderr]   Downloaded cairo-sys-rs v0.18.2
[INFO] [stderr]   Downloaded atk-sys v0.18.2
[INFO] [stderr]   Downloaded webkit2gtk v2.0.1
[INFO] [stderr]   Downloaded soup3 v0.5.0
[INFO] [stderr]   Downloaded glib v0.18.5
[INFO] [stderr]   Downloaded glib-macros v0.18.5
[INFO] [stderr]   Downloaded proc-macro-crate v2.0.2
[INFO] [stderr]   Downloaded javascriptcore-rs v1.1.2
[INFO] [stderr]   Downloaded gio v0.18.4
[INFO] [stderr]   Downloaded pango v0.18.3
[INFO] [stderr]   Downloaded gtk3-macros v0.18.2
[INFO] [stderr]   Downloaded gdk-pixbuf v0.18.5
[INFO] [stderr]   Downloaded kuchikiki v0.8.8-speedreader
[INFO] [stderr]   Downloaded servo_arc v0.2.0
[INFO] [stderr]   Downloaded phf_codegen v0.8.0
[INFO] [stderr]   Downloaded phf_shared v0.8.0
[INFO] [stderr]   Downloaded gdk v0.18.2
[INFO] [stderr]   Downloaded cairo-rs v0.18.5
[INFO] [stderr]   Downloaded field-offset v0.3.6
[INFO] [stderr]   Downloaded atk v0.18.2
[INFO] [stderr]   Downloaded tao-macros v0.1.3
[INFO] [stderr]   Downloaded objc2-web-kit v0.3.2
[INFO] [stderr]   Downloaded selectors v0.24.0
[INFO] [stderr]   Downloaded nodrop v0.1.14
[INFO] [stderr]   Downloaded siphasher v0.3.11
[INFO] [stderr]   Downloaded phf_generator v0.8.0
[INFO] [stderr]   Downloaded rand_pcg v0.2.1
[INFO] [stderr]   Downloaded gtk v0.18.2
[INFO] [stderr]   Downloaded objc2-app-kit v0.3.2
[INFO] [stderr]   Downloaded objc2-ui-kit v0.3.2
[INFO] [stderr]   Downloaded phf v0.8.0
[INFO] [stderr]   Downloaded cssparser v0.29.6
[INFO] [stderr]   Downloaded phf v0.10.1
[INFO] [stderr]   Downloaded matches v0.1.10
[INFO] [stderr]   Downloaded derive_more v0.99.20
[INFO] [stderr]   Downloaded proc-macro-hack v0.5.20+deprecated
[INFO] [stderr]   Downloaded phf_shared v0.10.0
[INFO] [stderr]   Downloaded phf_generator v0.10.0
[INFO] [stderr]   Downloaded match_token v0.1.0
[INFO] [stderr]   Downloaded markup5ever v0.14.1
[INFO] [stderr]   Downloaded phf_macros v0.10.0
[INFO] [stderr]   Downloaded html5ever v0.29.1
[INFO] [stderr]   Downloaded libxdo v0.6.0
[INFO] [stderr]   Downloaded string_cache_codegen v0.5.4
[INFO] [stderr]   Downloaded string_cache v0.8.9
[INFO] [stderr]   Downloaded fdeflate v0.3.7
[INFO] [stderr]   Downloaded libxdo-sys v0.11.0
[INFO] [stderr]   Downloaded libappindicator-sys v0.9.0
[INFO] [stderr]   Downloaded gdkx11-sys v0.18.2
[INFO] [stderr]   Downloaded webbrowser v1.1.0
[INFO] [stderr]   Downloaded tray-icon v0.21.3
[INFO] [stderr]   Downloaded png v0.17.16
[INFO] [stderr]   Downloaded muda v0.17.1
[INFO] [stderr]   Downloaded x11 v2.21.0
[INFO] [stderr]   Downloaded libappindicator v0.9.0
[INFO] [stderr]   Downloaded tao v0.34.5
[INFO] [stderr]   Downloaded core-graphics-types v0.2.0
[INFO] [stderr]   Downloaded pollster v0.4.0
[INFO] [stderr]   Downloaded objc_id v0.1.1
[INFO] [stderr]   Downloaded cocoa-foundation v0.2.1
[INFO] [stderr]   Downloaded dioxus-config-macros v0.7.4
[INFO] [stderr]   Downloaded webview2-com-sys v0.38.2
[INFO] [stderr]   Downloaded gdkwayland-sys v0.18.2
[INFO] [stderr]   Downloaded dlopen2 v0.8.2
[INFO] [stderr]   Downloaded dlopen2_derive v0.4.3
[INFO] [stderr]   Downloaded core-graphics v0.24.0
[INFO] [stderr]   Downloaded foreign-types-macros v0.2.3
[INFO] [stderr]   Downloaded dioxus-config-macro v0.7.4
[INFO] [stderr]   Downloaded rfd v0.17.2
[INFO] [stderr]   Downloaded cocoa v0.26.1
[INFO] [stderr]   Downloaded global-hotkey v0.7.0
[INFO] running `Command { std: "docker" "create" "-v" "/var/lib/crater-agent-workspace/builds/worker-7-tc1/source:/opt/rustwide/workdir:ro,Z" "-v" "/var/lib/crater-agent-workspace/builds/worker-7-tc1/target:/opt/rustwide/target:rw,Z" "-v" "/var/lib/crater-agent-workspace/cargo-home:/opt/rustwide/cargo-home:ro,Z" "-v" "/var/lib/crater-agent-workspace/rustup-home:/opt/rustwide/rustup-home:ro,Z" "-m" "1610612736" "--network" "none" "ghcr.io/rust-lang/crates-build-env/linux@sha256:77db811e55d90add9212f6832c23229e3de5f1c1f9905e8cb07319ea15df73ac" "sleep" "infinity", kill_on_drop: false }`
[INFO] [stdout] cdd0a6b307772326cfaa065ebf20a8a6262c06e0a71ab1a6c2dff574eb89b6cc
[INFO] running `Command { std: "docker" "start" "cdd0a6b307772326cfaa065ebf20a8a6262c06e0a71ab1a6c2dff574eb89b6cc", kill_on_drop: false }`
[INFO] running `Command { std: "docker" "inspect" "cdd0a6b307772326cfaa065ebf20a8a6262c06e0a71ab1a6c2dff574eb89b6cc", kill_on_drop: false }`
[INFO] running `Command { std: "docker" "exec" "-e" "SOURCE_DIR=/opt/rustwide/workdir" "-e" "CARGO_HOME=/opt/rustwide/cargo-home" "-e" "RUSTUP_HOME=/opt/rustwide/rustup-home" "-e" "CARGO_TARGET_DIR=/opt/rustwide/target" "-w" "/opt/rustwide/workdir" "--user" "0:0" "cdd0a6b307772326cfaa065ebf20a8a6262c06e0a71ab1a6c2dff574eb89b6cc" "/opt/rustwide/cargo-home/bin/cargo" "+1.99.0-beta.8" "metadata" "--no-deps" "--format-version=1", kill_on_drop: false }`
[INFO] running `Command { std: "docker" "inspect" "cdd0a6b307772326cfaa065ebf20a8a6262c06e0a71ab1a6c2dff574eb89b6cc", kill_on_drop: false }`
[INFO] running `Command { std: "docker" "exec" "-e" "SOURCE_DIR=/opt/rustwide/workdir" "-e" "CARGO_HOME=/opt/rustwide/cargo-home" "-e" "RUSTUP_HOME=/opt/rustwide/rustup-home" "-e" "CARGO_TARGET_DIR=/opt/rustwide/target" "-e" "CARGO_INCREMENTAL=0" "-e" "RUST_BACKTRACE=full" "-e" "RUSTFLAGS=--cap-lints=warn" "-e" "RUSTDOCFLAGS=--cap-lints=warn" "-w" "/opt/rustwide/workdir" "--user" "0:0" "cdd0a6b307772326cfaa065ebf20a8a6262c06e0a71ab1a6c2dff574eb89b6cc" "/opt/rustwide/cargo-home/bin/cargo" "+1.99.0-beta.8" "build" "--frozen" "--message-format=json" "--release", kill_on_drop: false }`
[INFO] [stderr]    Compiling proc-macro2 v1.0.106
[INFO] [stderr]    Compiling quote v1.0.44
[INFO] [stderr]    Compiling rustversion v1.0.22
[INFO] [stderr]    Compiling once_cell v1.21.3
[INFO] [stderr]    Compiling pin-project-lite v0.2.16
[INFO] [stderr]    Compiling wasm-bindgen-shared v0.2.115
[INFO] [stderr]    Compiling serde_core v1.0.228
[INFO] [stderr]    Compiling libc v0.2.182
[INFO] [stderr]    Compiling memchr v2.8.0
[INFO] [stderr]    Compiling serde v1.0.228
[INFO] [stderr]    Compiling futures-task v0.3.32
[INFO] [stderr]    Compiling futures-io v0.3.32
[INFO] [stderr]    Compiling futures-sink v0.3.32
[INFO] [stderr]    Compiling bumpalo v3.20.2
[INFO] [stderr]    Compiling unicode-ident v1.0.24
[INFO] [stderr]    Compiling smallvec v1.15.1
[INFO] [stderr]    Compiling slotmap v1.1.1
[INFO] [stderr]    Compiling dioxus-core-types v0.7.4
[INFO] [stderr]    Compiling tracing-core v0.1.36
[INFO] [stderr]    Compiling libloading v0.8.9
[INFO] [stderr]    Compiling rustc-hash v2.1.1
[INFO] [stderr]    Compiling longest-increasing-subsequence v0.1.0
[INFO] [stderr]    Compiling generic-array v0.14.7
[INFO] [stderr]    Compiling lazy-js-bundle v0.7.4
[INFO] [stderr]    Compiling ident_case v1.0.1
[INFO] [stderr]    Compiling getrandom v0.3.4
[INFO] [stderr]    Compiling unicode-segmentation v1.12.0
[INFO] [stderr]    Compiling fnv v1.0.7
[INFO] [stderr]    Compiling zerocopy v0.8.40
[INFO] [stderr]    Compiling proc-macro2-diagnostics v0.10.1
[INFO] [stderr]    Compiling num-traits v0.2.19
[INFO] [stderr]    Compiling regex-syntax v0.8.10
[INFO] [stderr]    Compiling http v1.4.0
[INFO] [stderr]    Compiling convert_case v0.8.0
[INFO] [stderr]    Compiling wasm-bindgen v0.2.115
[INFO] [stderr]    Compiling dioxus-interpreter-js v0.7.4
[INFO] [stderr]    Compiling dioxus-document v0.7.4
[INFO] [stderr]    Compiling winnow v0.7.14
[INFO] [stderr]    Compiling log v0.4.29
[INFO] [stderr]    Compiling utf-8 v0.7.6
[INFO] [stderr]    Compiling block-buffer v0.10.4
[INFO] [stderr]    Compiling crypto-common v0.1.7
[INFO] [stderr]    Compiling rustc-hash v1.1.0
[INFO] [stderr]    Compiling digest v0.10.7
[INFO] [stderr]    Compiling data-encoding v2.10.0
[INFO] [stderr]    Compiling sledgehammer_utils v0.3.1
[INFO] [stderr]    Compiling sha1 v0.10.6
[INFO] [stderr]    Compiling sharded-slab v0.1.7
[INFO] [stderr]    Compiling dioxus-web v0.7.4
[INFO] [stderr]    Compiling thread_local v1.1.9
[INFO] [stderr]    Compiling syn v2.0.117
[INFO] [stderr]    Compiling regex-automata v0.4.14
[INFO] [stderr]    Compiling const_format_proc_macros v0.2.34
[INFO] [stderr]    Compiling euclid v0.22.13
[INFO] [stderr]    Compiling send_wrapper v0.6.0
[INFO] [stderr]    Compiling parking_lot_core v0.9.12
[INFO] [stderr]    Compiling memmap2 v0.9.10
[INFO] [stderr]    Compiling parking_lot v0.12.5
[INFO] [stderr]    Compiling rand_core v0.9.5
[INFO] [stderr]    Compiling dioxus-config-macro v0.7.4
[INFO] [stderr]    Compiling nucleo-matcher v0.3.1
[INFO] [stderr]    Compiling dioxus-config-macros v0.7.4
[INFO] [stderr]    Compiling const_format v0.2.35
[INFO] [stderr]    Compiling dioxus-nox-collection v0.13.2
[INFO] [stderr]    Compiling bitflags v2.11.0
[INFO] [stderr]    Compiling serde_json v1.0.149
[INFO] [stderr]    Compiling matchers v0.2.0
[INFO] [stderr]    Compiling ppv-lite86 v0.2.21
[INFO] [stderr]    Compiling wasm-bindgen-macro-support v0.2.115
[INFO] [stderr]    Compiling darling_core v0.21.3
[INFO] [stderr]    Compiling macro-string v0.1.4
[INFO] [stderr]    Compiling dioxus-rsx v0.7.4
[INFO] [stderr]    Compiling rand_chacha v0.9.0
[INFO] [stderr]    Compiling serde_derive v1.0.228
[INFO] [stderr]    Compiling futures-macro v0.3.32
[INFO] [stderr]    Compiling thiserror-impl v2.0.18
[INFO] [stderr]    Compiling tracing-attributes v0.1.31
[INFO] [stderr]    Compiling pin-project-internal v1.1.10
[INFO] [stderr]    Compiling const-serialize-macro v0.7.2
[INFO] [stderr]    Compiling warnings-macro v0.2.0
[INFO] [stderr]    Compiling const-serialize-macro v0.8.0-alpha.0
[INFO] [stderr]    Compiling sledgehammer_bindgen_macro v0.6.5
[INFO] [stderr]    Compiling async-trait v0.1.89
[INFO] [stderr]    Compiling dioxus-html-internal-macro v0.7.4
[INFO] [stderr]    Compiling rand v0.9.2
[INFO] [stderr]    Compiling dioxus-stores-macro v0.7.4
[INFO] [stderr]    Compiling const-serialize v0.7.2
[INFO] [stderr]    Compiling futures-util v0.3.32
[INFO] [stderr]    Compiling pin-project v1.1.10
[INFO] [stderr]    Compiling dioxus-core-macro v0.7.4
[INFO] [stderr]    Compiling thiserror v2.0.18
[INFO] [stderr]    Compiling tungstenite v0.28.0
[INFO] [stderr]    Compiling tracing v0.1.44
[INFO] [stderr]    Compiling generational-box v0.7.4
[INFO] [stderr]    Compiling warnings v0.2.1
[INFO] [stderr]    Compiling tracing-subscriber v0.3.22
[INFO] [stderr]    Compiling darling_macro v0.21.3
[INFO] [stderr]    Compiling darling v0.21.3
[INFO] [stderr]    Compiling enumset_derive v0.14.0
[INFO] [stderr]    Compiling wasm-bindgen-macro v0.2.115
[INFO] [stderr]    Compiling subsecond-types v0.7.4
[INFO] [stderr]    Compiling keyboard-types v0.7.0
[INFO] [stderr]    Compiling enumset v1.1.10
[INFO] [stderr]    Compiling const-serialize v0.8.0-alpha.0
[INFO] [stderr]    Compiling subsecond v0.7.4
[INFO] [stderr]    Compiling manganis-core v0.7.4
[INFO] [stderr]    Compiling dioxus-core v0.7.4
[INFO] [stderr]    Compiling js-sys v0.3.92
[INFO] [stderr]    Compiling dioxus-cli-config v0.7.4
[INFO] [stderr]    Compiling sledgehammer_bindgen v0.6.0
[INFO] [stderr]    Compiling dioxus-logger v0.7.4
[INFO] [stderr]    Compiling manganis-macro v0.7.4
[INFO] [stderr]    Compiling manganis v0.7.4
[INFO] [stderr]    Compiling dioxus-signals v0.7.4
[INFO] [stderr]    Compiling dioxus-devtools-types v0.7.4
[INFO] [stderr]    Compiling dioxus-history v0.7.4
[INFO] [stderr]    Compiling dioxus-hooks v0.7.4
[INFO] [stderr]    Compiling dioxus-devtools v0.7.4
[INFO] [stderr]    Compiling dioxus-stores v0.7.4
[INFO] [stderr]    Compiling dioxus-html v0.7.4
[INFO] [stderr]    Compiling wasm-bindgen-futures v0.4.65
[INFO] [stderr]    Compiling web-sys v0.3.92
[INFO] [stderr]    Compiling serde-wasm-bindgen v0.6.5
[INFO] [stderr]    Compiling gloo-timers v0.3.0
[INFO] [stderr]    Compiling dioxus-asset-resolver v0.7.4
[INFO] [stderr]    Compiling wasm-streams v0.4.2
[INFO] [stderr]    Compiling dioxus v0.7.4
[INFO] [stderr]    Compiling dioxus-nox-cmdk v0.13.2 (/opt/rustwide/workdir)
[INFO] [stderr]     Finished `release` profile [optimized] target(s) in 1m 15s
[INFO] running `Command { std: "docker" "inspect" "cdd0a6b307772326cfaa065ebf20a8a6262c06e0a71ab1a6c2dff574eb89b6cc", kill_on_drop: false }`
[INFO] running `Command { std: "docker" "exec" "-e" "SOURCE_DIR=/opt/rustwide/workdir" "-e" "CARGO_HOME=/opt/rustwide/cargo-home" "-e" "RUSTUP_HOME=/opt/rustwide/rustup-home" "-e" "CARGO_TARGET_DIR=/opt/rustwide/target" "-e" "CARGO_INCREMENTAL=0" "-e" "RUST_BACKTRACE=full" "-e" "RUSTFLAGS=--cap-lints=warn" "-e" "RUSTDOCFLAGS=--cap-lints=warn" "-w" "/opt/rustwide/workdir" "--user" "0:0" "cdd0a6b307772326cfaa065ebf20a8a6262c06e0a71ab1a6c2dff574eb89b6cc" "/opt/rustwide/cargo-home/bin/cargo" "+1.99.0-beta.8" "test" "--frozen" "--no-run" "--message-format=json" "--release", kill_on_drop: false }`
[INFO] [stderr]    Compiling dioxus-nox-cmdk v0.13.2 (/opt/rustwide/workdir)
[INFO] [stderr]     Finished `release` profile [optimized] target(s) in 5.86s
[INFO] running `Command { std: "docker" "inspect" "cdd0a6b307772326cfaa065ebf20a8a6262c06e0a71ab1a6c2dff574eb89b6cc", kill_on_drop: false }`
[INFO] running `Command { std: "docker" "exec" "-e" "SOURCE_DIR=/opt/rustwide/workdir" "-e" "CARGO_HOME=/opt/rustwide/cargo-home" "-e" "RUSTUP_HOME=/opt/rustwide/rustup-home" "-e" "CARGO_TARGET_DIR=/opt/rustwide/target" "-e" "CARGO_INCREMENTAL=0" "-e" "RUST_BACKTRACE=full" "-e" "RUSTFLAGS=--cap-lints=warn" "-e" "RUSTDOCFLAGS=--cap-lints=warn" "-w" "/opt/rustwide/workdir" "--user" "0:0" "cdd0a6b307772326cfaa065ebf20a8a6262c06e0a71ab1a6c2dff574eb89b6cc" "/opt/rustwide/cargo-home/bin/cargo" "+1.99.0-beta.8" "test" "--frozen" "--release", kill_on_drop: false }`
[INFO] [stderr]     Finished `release` profile [optimized] target(s) in 0.17s
[INFO] [stderr]      Running unittests src/lib.rs (/opt/rustwide/target/release/deps/dioxus_nox_cmdk-f33eef4d0bd319eb)
[INFO] [stdout] 
[INFO] [stdout] running 329 tests
[INFO] [stdout] test tests::action_panel_tests::action_panel_state_clone ... ok
[INFO] [stdout] test tests::action_panel_tests::action_panel_state_debug ... ok
[INFO] [stdout] test tests::action_panel_tests::action_panel_state_partial_eq ... ok
[INFO] [stdout] test tests::action_panel_tests::action_panel_state_fields ... ok
[INFO] [stdout] test tests::action_panel_tests::action_registration_clone ... ok
[INFO] [stdout] test tests::action_panel_tests::action_registration_not_equal_on_disabled_mismatch ... ok
[INFO] [stdout] test tests::action_panel_tests::action_registration_debug ... ok
[INFO] [stdout] test tests::action_panel_tests::action_registration_not_equal_on_id_mismatch ... ok
[INFO] [stdout] test tests::action_panel_tests::action_registration_partial_eq ... ok
[INFO] [stdout] test tests::action_panel_tests::select_next_action_index_arithmetic ... ok
[INFO] [stdout] test tests::action_panel_tests::select_next_action_index_no_wrap ... ok
[INFO] [stdout] test tests::action_panel_tests::select_prev_action_index_arithmetic ... ok
[INFO] [stdout] test tests::action_panel_tests::select_prev_action_index_no_wrap ... ok
[INFO] [stdout] test tests::animate_out_tests::animation_duration_default_zero ... ok
[INFO] [stdout] test tests::animate_out_tests::animation_state_leaving_variant ... ok
[INFO] [stdout] test tests::animate_out_tests::data_state_open_string ... ok
[INFO] [stdout] test tests::animate_out_tests::reduced_motion_returns_bool ... ok
[INFO] [stdout] test tests::announcer_fires_on_empty_state ... ok
[INFO] [stdout] test tests::announcer_fires_on_filter_cleared ... ok
[INFO] [stdout] test tests::announcer_fires_on_mode_activation ... ok
[INFO] [stdout] test tests::announcer_fires_on_page_navigation ... ok
[INFO] [stdout] test tests::announcer_fires_on_page_navigation_no_title ... ok
[INFO] [stdout] test tests::announcer_method_sets_signal ... ok
[INFO] [stdout] test tests::announcer_signal_default_empty ... ok
[INFO] [stdout] test tests::async_commands_tests::async_command_handle_type_exists ... ok
[INFO] [stdout] test tests::async_commands_tests::async_item_clone ... ok
[INFO] [stdout] test tests::async_commands_tests::async_item_debug ... ok
[INFO] [stdout] test tests::async_commands_tests::async_item_default ... ok
[INFO] [stdout] test tests::async_commands_tests::async_item_partial_eq ... ok
[INFO] [stdout] test tests::boost_cannot_go_negative ... ok
[INFO] [stdout] test tests::boost_zero_is_default ... ok
[INFO] [stdout] test tests::boost_adjusts_score ... ok
[INFO] [stdout] test tests::breadcrumbs_resolve_titles ... ok
[INFO] [stdout] test tests::breadcrumbs_empty_stack ... ok
[INFO] [stdout] test tests::chord_state_machine_pending ... ok
[INFO] [stdout] test tests::chord_timeout_check ... ok
[INFO] [stdout] test tests::chord_within_timeout ... ok
[INFO] [stdout] test tests::close_threshold_ratio ... ok
[INFO] [stdout] test tests::command_empty_uses_status_role ... ok
[INFO] [stdout] test tests::boost_not_applied_to_unmatched ... ok
[INFO] [stdout] test tests::command_input_aria_controls_conditional ... ok
[INFO] [stdout] test tests::command_input_aria_haspopup_listbox ... ok
[INFO] [stdout] test tests::command_input_aria_autocomplete ... ok
[INFO] [stdout] test tests::command_root_dialog_is_modal ... ok
[INFO] [stdout] test tests::command_input_has_search_role ... ok
[INFO] [stdout] test tests::command_root_label_prop_design ... ok
[INFO] [stdout] test tests::compute_velocity_empty_returns_zero ... ok
[INFO] [stdout] test tests::compute_velocity_with_samples ... ok
[INFO] [stdout] test tests::confirm_selection_falls_back_to_root_on_select ... ok
[INFO] [stdout] test tests::compute_velocity_single_sample_returns_zero ... ok
[INFO] [stdout] test tests::confirm_selection_prefers_item_on_select ... ok
[INFO] [stdout] test tests::controlled_input_no_double_fire ... ok
[INFO] [stdout] test tests::controlled_quick_input_parity ... ok
[INFO] [stdout] test tests::controlled_value_matches_by_value_or_id ... ok
[INFO] [stdout] test tests::controlled_value_none_clears_active ... ok
[INFO] [stdout] test tests::controlled_input_syncs_to_ctx_search ... ok
[INFO] [stdout] test tests::custom_filter_clone_shares_rc ... ok
[INFO] [stdout] test tests::controlled_input_on_search_change_fires ... ok
[INFO] [stdout] test tests::custom_filter_closure_captures_state ... ok
[INFO] [stdout] test tests::custom_filter_debug_format ... ok
[INFO] [stdout] test tests::controlled_value_sets_active_item ... ok
[INFO] [stdout] test tests::custom_filter_partial_eq_always_false ... ok
[INFO] [stdout] test tests::custom_filter_new_with_closure ... ok
[INFO] [stdout] test tests::custom_filter_is_used ... ok
[INFO] [stdout] test tests::custom_filter_respects_force_mount ... ok
[INFO] [stdout] test tests::custom_filter_new_with_fn_pointer ... ok
[INFO] [stdout] test tests::data_focused_set_on_active_item_design ... ok
[INFO] [stdout] test tests::debounce_scored_items_reads_debounced_query ... ok
[INFO] [stdout] test tests::debounce_task_cancel_replaces_pending ... ok
[INFO] [stdout] test tests::default_value_empty_list_design ... ok
[INFO] [stdout] test tests::default_value_fallback_to_first_design ... ok
[INFO] [stdout] test tests::default_value_match_by_id_design ... ok
[INFO] [stdout] test tests::default_value_match_by_value_design ... ok
[INFO] [stdout] test tests::default_value_none_is_default_behavior ... ok
[INFO] [stdout] test tests::debounce_positive_ms_spawns_task_design ... ok
[INFO] [stdout] test tests::debounce_nonwasm_fires_immediately_design ... ok
[INFO] [stdout] test tests::default_value_with_pages_design ... ok
[INFO] [stdout] test tests::default_value_not_reactive_design ... ok
[INFO] [stdout] test tests::dom_id_format ... ok
[INFO] [stdout] test tests::debounce_zero_is_passthrough ... ok
[INFO] [stdout] test tests::empty_items_returns_empty ... ok
[INFO] [stdout] test tests::empty_value_prop_sends_empty_string ... ok
[INFO] [stdout] test tests::empty_items_empty_query_returns_empty ... ok
[INFO] [stdout] test tests::empty_query_returns_all_items ... ok
[INFO] [stdout] test tests::disable_pointer_selection_design ... ok
[INFO] [stdout] test tests::find_next_all_disabled_returns_none ... ok
[INFO] [stdout] test tests::data_active_separate_from_data_focused_design ... ok
[INFO] [stdout] test tests::dismissible_false_ignores_threshold ... ok
[INFO] [stdout] test tests::find_next_empty_list ... ok
[INFO] [stdout] test tests::find_next_no_loop_all_disabled_returns_none ... ok
[INFO] [stdout] test tests::find_next_no_loop_skips_disabled_stops_at_end ... ok
[INFO] [stdout] test tests::find_next_no_loop_stops_at_end ... ok
[INFO] [stdout] test tests::find_next_single_enabled ... ok
[INFO] [stdout] test tests::find_next_skips_disabled ... ok
[INFO] [stdout] test tests::find_next_wraps_around ... ok
[INFO] [stdout] test tests::find_next_no_loop_from_middle ... ok
[INFO] [stdout] test tests::find_prev_all_disabled_returns_none ... ok
[INFO] [stdout] test tests::find_prev_empty_list ... ok
[INFO] [stdout] test tests::find_prev_no_loop_all_disabled_returns_none ... ok
[INFO] [stdout] test tests::find_prev_no_loop_skips_disabled_stops_at_start ... ok
[INFO] [stdout] test tests::find_prev_no_loop_stops_at_start ... ok
[INFO] [stdout] test tests::find_prev_no_loop_from_middle ... ok
[INFO] [stdout] test tests::find_prev_skips_disabled ... ok
[INFO] [stdout] test tests::find_prev_single_enabled ... ok
[INFO] [stdout] test tests::find_prev_wraps_around ... ok
[INFO] [stdout] test tests::find_shortcut_no_match_returns_none ... ok
[INFO] [stdout] test tests::find_shortcut_resolves_value ... ok
[INFO] [stdout] test tests::find_shortcut_returns_match ... ok
[INFO] [stdout] test tests::find_shortcut_resolves_id_when_no_value ... ok
[INFO] [stdout] test tests::focus_restore_on_close_design ... ok
[INFO] [stdout] test tests::focus_save_design_wasm_only ... ok
[INFO] [stdout] test tests::find_shortcut_skips_disabled ... ok
[INFO] [stdout] test tests::focus_save_restore_noop_on_desktop_design ... ok
[INFO] [stdout] test tests::focus_trap_intercepts_tab_design ... ok
[INFO] [stdout] test tests::focus_trap_disabled_allows_escape_design ... ok
[INFO] [stdout] test tests::focus_trap_shift_tab_wraps_design ... ok
[INFO] [stdout] test tests::focus_trap_tab_wraps_forward_design ... ok
[INFO] [stdout] test tests::focused_before_id_cleared_after_restore ... ok
[INFO] [stdout] test tests::focus_trap_no_focusables_design ... ok
[INFO] [stdout] test tests::frecency_strategy_boosts_known_item ... ok
[INFO] [stdout] test tests::frecency_strategy_clamps_overflow ... ok
[INFO] [stdout] test tests::frecency_strategy_passthrough_unknown ... ok
[INFO] [stdout] test tests::frecency_strategy_zero_weight ... ok
[INFO] [stdout] test tests::frecency_strategy_with_score_items_pipeline ... ok
[INFO] [stdout] test tests::force_mount_always_included ... ok
[INFO] [stdout] test tests::group_visibility_all_groups_visible_empty_query ... ok
[INFO] [stdout] test tests::group_visibility_via_scoring ... ok
[INFO] [stdout] test tests::group_visibility_with_pages ... ok
[INFO] [stdout] test tests::hidden_false_is_default_behavior ... ok
[INFO] [stdout] test tests::hidden_overrides_force_mount ... ok
[INFO] [stdout] test tests::hidden_items_excluded_from_scoring ... ok
[INFO] [stdout] test tests::history_capacity_evicts_oldest ... ok
[INFO] [stdout] test tests::history_dedup_moves_to_end ... ok
[INFO] [stdout] test tests::history_draft_save_and_take ... ok
[INFO] [stdout] test tests::history_clear ... ok
[INFO] [stdout] test tests::history_prev_navigates_backward ... ok
[INFO] [stdout] test tests::history_next_navigates_forward ... ok
[INFO] [stdout] test tests::hotkey_matches_case_insensitive_char ... ok
[INFO] [stdout] test tests::history_push_and_entries ... ok
[INFO] [stdout] test tests::hotkey_matches_exact ... ok
[INFO] [stdout] test tests::hotkey_matches_extra_modifier_rejects ... ok
[INFO] [stdout] test tests::hotkey_matches_wrong_key ... ok
[INFO] [stdout] test tests::hotkey_matches_wrong_modifier ... ok
[INFO] [stdout] test tests::hotkey_matches_ignores_lock_keys ... ok
[INFO] [stdout] test tests::hotkey_parse_case_insensitive ... ok
[INFO] [stdout] test tests::hotkey_parse_cmd_alias ... ok
[INFO] [stdout] test tests::hotkey_parse_ctrl_n ... ok
[INFO] [stdout] test tests::hotkey_parse_empty_input_error ... ok
[INFO] [stdout] test tests::hotkey_parse_error_display ... ok
[INFO] [stdout] test tests::hotkey_parse_invalid_returns_err ... ok
[INFO] [stdout] test tests::hotkey_parse_meta_shift_k ... ok
[INFO] [stdout] test tests::hotkey_parse_missing_key_error ... ok
[INFO] [stdout] test tests::hotkey_parse_special_keys ... ok
[INFO] [stdout] test tests::hotkey_parse_unknown_key_error ... ok
[INFO] [stdout] test tests::hotkey_parse_unknown_modifier_error ... ok
[INFO] [stdout] test tests::hotkey_try_parse_returns_option ... ok
[INFO] [stdout] test tests::ime_composition_guard_design ... ok
[INFO] [stdout] test tests::inert_activates_on_open_design ... ok
[INFO] [stdout] test tests::inert_cleanup_on_close_design ... ok
[INFO] [stdout] test tests::inert_helper_does_not_panic_with_empty_id ... ok
[INFO] [stdout] test tests::inert_noop_on_desktop_design ... ok
[INFO] [stdout] test tests::inline_form_tests::form_field_number_bounds ... ok
[INFO] [stdout] test tests::inline_form_tests::form_field_type_partial_eq ... ok
[INFO] [stdout] test tests::inline_form_tests::form_field_type_default ... ok
[INFO] [stdout] test tests::inline_form_tests::form_value_clone ... ok
[INFO] [stdout] test tests::inline_form_tests::form_value_debug ... ok
[INFO] [stdout] test tests::inline_form_tests::required_validation_pure_logic ... ok
[INFO] [stdout] test tests::inline_form_tests::form_value_partial_eq ... ok
[INFO] [stdout] test tests::inline_form_tests::form_value_default ... ok
[INFO] [stdout] test tests::inline_form_tests::select_option_clone ... ok
[INFO] [stdout] test tests::input_id_format ... ok
[INFO] [stdout] test tests::inline_form_tests::form_values_hashmap ... ok
[INFO] [stdout] test tests::item_on_page_helper ... ok
[INFO] [stdout] test tests::item_on_page_in_group_helper ... ok
[INFO] [stdout] test tests::item_registration_group_association ... ok
[INFO] [stdout] test tests::item_select_callback_partial_eq_always_false ... ok
[INFO] [stdout] test tests::item_with_value_stores_value ... ok
[INFO] [stdout] test tests::item_without_value_has_none ... ok
[INFO] [stdout] test tests::keywords_cached_matches_join ... ok
[INFO] [stdout] test tests::item_registration_on_select_none_by_default ... ok
[INFO] [stdout] test tests::listbox_id_format ... ok
[INFO] [stdout] test tests::match_indices_none_for_custom_filter ... ok
[INFO] [stdout] test tests::match_indices_none_for_empty_query ... ok
[INFO] [stdout] test tests::match_indices_populated_for_label_match ... ok
[INFO] [stdout] test tests::mode_detection_from_prefix ... ok
[INFO] [stdout] test tests::match_indices_none_for_force_mount ... ok
[INFO] [stdout] test tests::mode_filtering_items ... ok
[INFO] [stdout] test tests::mode_id_none_is_default ... ok
[INFO] [stdout] test tests::mode_query_strips_prefix ... ok
[INFO] [stdout] test tests::mode_resolution_auto_desktop_uses_dialog ... ok
[INFO] [stdout] test tests::mode_resolution_auto_mobile_uses_sheet ... ok
[INFO] [stdout] test tests::mode_resolution_forced_dialog_ignores_mobile ... ok
[INFO] [stdout] test tests::mode_resolution_forced_sheet_ignores_desktop ... ok
[INFO] [stdout] test tests::nearest_snap_by_position ... ok
[INFO] [stdout] test tests::negative_boost_dampens_score ... ok
[INFO] [stdout] test tests::no_match_returns_empty ... ok
[INFO] [stdout] test tests::no_mode_hides_mode_specific_items ... ok
[INFO] [stdout] test tests::on_active_change_falls_back_to_id ... ok
[INFO] [stdout] test tests::on_active_change_resolves_value_prop ... ok
[INFO] [stdout] test tests::on_active_change_fires_none_when_cleared ... ok
[INFO] [stdout] test tests::on_active_change_noop_when_item_not_found ... ok
[INFO] [stdout] test tests::on_value_change_falls_back_to_id ... ok
[INFO] [stdout] test tests::on_value_change_coexists_with_on_active_change ... ok
[INFO] [stdout] test tests::on_value_change_fires_when_active_set ... ok
[INFO] [stdout] test tests::on_value_change_resolves_value_prop ... ok
[INFO] [stdout] test tests::on_value_change_skips_when_none ... ok
[INFO] [stdout] test tests::page_data_roundtrip ... ok
[INFO] [stdout] test tests::page_down_clamps_at_end_without_loop ... ok
[INFO] [stdout] test tests::page_data_wrong_type_returns_none ... ok
[INFO] [stdout] test tests::page_filtering_active_page ... ok
[INFO] [stdout] test tests::page_down_moves_by_page_size ... ok
[INFO] [stdout] test tests::page_filtering_backward_compat ... ok
[INFO] [stdout] test tests::page_filtering_empty_query_respects_page ... ok
[INFO] [stdout] test tests::page_filtering_excludes_other_pages ... ok
[INFO] [stdout] test tests::page_filtering_force_mount_respects_page ... ok
[INFO] [stdout] test tests::page_filtering_root_only ... ok
[INFO] [stdout] test tests::page_filtering_with_scoring ... ok
[INFO] [stdout] test tests::page_filtering_mixed_root_and_paged ... ok
[INFO] [stdout] test tests::page_registration_fields ... ok
[INFO] [stdout] test tests::page_id_context_type ... ok
[INFO] [stdout] test tests::page_registration_no_title ... ok
[INFO] [stdout] test tests::page_size_default_is_ten ... ok
[INFO] [stdout] test tests::page_stack_clear ... ok
[INFO] [stdout] test tests::page_stack_pop_empty ... ok
[INFO] [stdout] test tests::page_stack_push_pop_simulation ... ok
[INFO] [stdout] test tests::palette_mode_clone_copy ... ok
[INFO] [stdout] test tests::page_up_clamps_at_start_without_loop ... ok
[INFO] [stdout] test tests::page_up_moves_by_page_size ... ok
[INFO] [stdout] test tests::palette_mode_debug_format ... ok
[INFO] [stdout] test tests::palette_mode_default_is_auto ... ok
[INFO] [stdout] test tests::palette_mode_equality ... ok
[INFO] [stdout] test tests::palette_root_data_attribute_design ... ok
[INFO] [stdout] test tests::placement_tests::float_style_bottom ... ok
[INFO] [stdout] test tests::placement_tests::float_style_top ... ok
[INFO] [stdout] test tests::placement_tests::no_flip_on_non_wasm_sentinel ... ok
[INFO] [stdout] test tests::placement_tests::no_flip_when_equal_space ... ok
[INFO] [stdout] test tests::placement_tests::preferred_bottom_flips_to_top_when_more_space_above ... ok
[INFO] [stdout] test tests::placement_tests::preferred_top_flips_to_bottom_when_more_space_below ... ok
[INFO] [stdout] test tests::placement_tests::preferred_top_stays_when_more_space_above ... ok
[INFO] [stdout] test tests::prefers_reduced_motion_returns_false_on_non_wasm ... ok
[INFO] [stdout] test tests::query_filters_by_label ... ok
[INFO] [stdout] test tests::placement_tests::preferred_bottom_stays_when_more_space_below ... ok
[INFO] [stdout] test tests::quick_input_backspace_empty_no_page_pop ... ok
[INFO] [stdout] test tests::quick_input_enter_confirms_then_clears_search ... ok
[INFO] [stdout] test tests::quick_input_escape_clears_search_logic ... ok
[INFO] [stdout] test tests::score_items_with_grouped_and_ungrouped ... ok
[INFO] [stdout] test tests::scoring_strategy_adjusts_scores ... ok
[INFO] [stdout] test tests::results_sorted_by_score_descending ... ok
[INFO] [stdout] test tests::scoring_strategy_can_filter_items ... ok
[INFO] [stdout] test tests::scoring_strategy_skips_force_mount ... ok
[INFO] [stdout] test tests::query_searches_keywords ... ok
[INFO] [stdout] test tests::scoring_strategy_none_passthrough ... ok
[INFO] [stdout] test tests::separator_auto_hide_logic ... ok
[INFO] [stdout] test tests::quick_input_aria_expanded_is_constant_true ... ok
[INFO] [stdout] test tests::separator_visible_when_both_groups_visible ... ok
[INFO] [stdout] test tests::sheet_close_button_can_be_hidden ... ok
[INFO] [stdout] test tests::scroll_lock_timeout_default ... ok
[INFO] [stdout] test tests::sheet_close_button_default_visible ... ok
[INFO] [stdout] test tests::sheet_close_button_label_custom ... ok
[INFO] [stdout] test tests::should_filter_false_excludes_hidden ... ok
[INFO] [stdout] test tests::should_filter_false_mode_filter_still_applies ... ok
[INFO] [stdout] test tests::should_filter_false_no_match_indices ... ok
[INFO] [stdout] test tests::should_filter_false_query_ignored ... ok
[INFO] [stdout] test tests::should_filter_false_returns_all_items_in_order ... ok
[INFO] [stdout] test tests::should_filter_toggle_recomputes ... ok
[INFO] [stdout] test tests::should_filter_true_is_default ... ok
[INFO] [stdout] test tests::snap_offsets_calculates_correctly ... ok
[INFO] [stdout] test tests::snap_offsets_single_full ... ok
[INFO] [stdout] test tests::snap_offsets_three_points ... ok
[INFO] [stdout] test tests::snap_with_velocity_strong_flick_down ... ok
[INFO] [stdout] test tests::snap_with_velocity_strong_flick_up ... ok
[INFO] [stdout] test tests::snap_with_velocity_weak_falls_back_to_nearest ... ok
[INFO] [stdout] test tests::test_p015_animation_state_clone ... ok
[INFO] [stdout] test tests::test_p015_animation_state_debug ... ok
[INFO] [stdout] test tests::test_p015_animation_state_partial_eq ... ok
[INFO] [stdout] test tests::test_p015_animation_state_variants ... ok
[INFO] [stdout] test tests::test_p017_group_force_mount_default_false ... ok
[INFO] [stdout] test tests::test_p017_group_force_mount_independent_of_visible_items ... ok
[INFO] [stdout] test tests::test_p017_group_force_mount_true ... ok
[INFO] [stdout] test tests::test_p018_loading_progress_aria_busy_absent_when_progressbar ... ok
[INFO] [stdout] test tests::test_p018_loading_progress_clamped_high ... ok
[INFO] [stdout] test tests::test_p018_loading_progress_clamped_low ... ok
[INFO] [stdout] test tests::test_p018_loading_progress_some_means_progressbar_role ... ok
[INFO] [stdout] test tests::test_p018_loading_progress_none_means_status_role ... ok
[INFO] [stdout] test tests::test_p018_loading_progress_valuenow_formatted ... ok
[INFO] [stdout] test tests::test_p019_separator_always_render_overrides_visibility ... ok
[INFO] [stdout] test tests::test_p019_separator_always_render_prop ... ok
[INFO] [stdout] test tests::test_p019_separator_default_hides_when_groups_hidden ... ok
[INFO] [stdout] test tests::test_p019_separator_hides_when_before_group_hidden ... ok
[INFO] [stdout] test tests::test_p021_find_next_group_loop_wraps ... ok
[INFO] [stdout] test tests::test_p021_find_next_group_basic ... ok
[INFO] [stdout] test tests::test_p021_find_next_group_skips_invisible_groups ... ok
[INFO] [stdout] test tests::test_p021_find_next_group_single_group_no_loop ... ok
[INFO] [stdout] test tests::test_p021_find_prev_group_basic ... ok
[INFO] [stdout] test tests::test_p021_find_prev_group_no_group_item ... ok
[INFO] [stdout] test tests::test_p029_context_fallback_when_no_explicit_indices ... ok
[INFO] [stdout] test tests::test_p029_explicit_match_indices_take_precedence ... ok
[INFO] [stdout] test tests::test_p030_use_command_context_is_exported ... ok
[INFO] [stdout] test tests::test_p033_dom_id_helpers_stable ... ok
[INFO] [stdout] test tests::test_p033_instance_id_increments ... ok
[INFO] [stdout] test tests::test_p033_instance_id_nonzero_after_first ... ok
[INFO] [stdout] test tests::test_p034_use_instance_id_available_as_helper ... ok
[INFO] [stdout] test tests::test_p035_closure_holder_starts_none ... ok
[INFO] [stdout] test tests::test_p035_multiple_holders_are_independent ... ok
[INFO] [stdout] test tests::test_p035_rc_refcell_clone_shares_state ... ok
[INFO] [stdout] test tests::test_p036_scored_item_has_expected_fields ... ok
[INFO] [stdout] test tests::test_p036_scored_item_type_is_clone ... ok
[INFO] [stdout] test tests::test_p036_use_scored_item_function_exists ... ok
[INFO] [stdout] test tests::test_p037_router_sync_empty_query ... ok
[INFO] [stdout] test tests::test_p037_router_sync_handle_param_name_stored ... ok
[INFO] [stdout] test tests::test_p037_router_sync_handle_push_query_updates_state ... ok
[INFO] [stdout] test tests::test_p037_router_sync_query_with_special_chars ... ok
[INFO] [stdout] test tests::test_p050_hashmap_index_register ... ok
[INFO] [stdout] test tests::test_p050_hashmap_index_unregister ... ok
[INFO] [stdout] test tests::test_p051_rc_clone_is_shallow ... ok
[INFO] [stdout] test tests::test_p051_scoring_with_rc_items ... ok
[INFO] [stdout] test tests::try_execute_shortcut_uses_item_on_select ... ok
[INFO] [stdout] test tests::test_p052_merged_memo_same_values ... ok
[INFO] [stdout] test tests::uncontrolled_input_uses_ctx_search ... ok
[INFO] [stdout] test tests::unicode_cjk_labels_searchable ... ok
[INFO] [stdout] test tests::unicode_emoji_labels_searchable ... ok
[INFO] [stdout] test tests::value_resolution_confirm_pattern ... ok
[INFO] [stdout] test tests::value_resolution_without_value ... ok
[INFO] [stdout] test tests::value_resolution_with_value ... ok
[INFO] [stdout] test tests::vim_bindings_defaults_to_false ... ok
[INFO] [stdout] test tests::vim_ctrl_n_j_map_to_next ... ok
[INFO] [stdout] test tests::vim_ctrl_p_k_map_to_prev ... ok
[INFO] [stdout] test tests::virtual_scroll_tests::item_height_default ... ok
[INFO] [stdout] test tests::virtual_scroll_tests::virtual_scroll_default_off ... ok
[INFO] [stdout] 
[INFO] [stdout] test result: ok. 329 passed; 0 failed; 0 ignored; 0 measured; 0 filtered out; finished in 0.01s
[INFO] [stdout] 
[INFO] [stderr]    Doc-tests dioxus_nox_cmdk
[INFO] [stdout] 
[INFO] [stdout] running 21 tests
[INFO] [stdout] test src/components.rs - components::CommandActionPanel (line 2728) ... ignored
[INFO] [stdout] test src/components.rs - components::CommandCallout (line 3167) ... ignored
[INFO] [stdout] test src/components.rs - components::CommandForm (line 2888) ... ignored
[INFO] [stdout] test src/components.rs - components::CommandHighlight (line 1549) ... ignored
[INFO] [stdout] test src/components.rs - components::CommandModeIndicator (line 1667) ... ignored
[INFO] [stdout] test src/components.rs - components::CommandPage (line 1310) ... ignored
[INFO] [stdout] test src/components.rs - components::CommandPalette (line 2622) ... ignored
[INFO] [stdout] test src/components.rs - components::CommandPreview (line 1624) ... ignored
[INFO] [stdout] test src/components.rs - components::CommandSheet (line 1960) ... ignored
[INFO] [stdout] test src/context.rs - context::use_command_context (line 684) ... ignored
[INFO] [stdout] test src/hook.rs - hook::CommandPagesHandle (line 246) ... ignored
[INFO] [stdout] test src/hook.rs - hook::use_adaptive_palette (line 509) ... ignored
[INFO] [stdout] test src/hook.rs - hook::use_async_commands (line 1251) ... ignored
[INFO] [stdout] test src/hook.rs - hook::use_command_history (line 1046) ... ignored
[INFO] [stdout] test src/hook.rs - hook::use_command_pages (line 331) ... ignored
[INFO] [stdout] test src/hook.rs - hook::use_command_palette_handle (line 213) ... ignored
[INFO] [stdout] test src/hook.rs - hook::use_command_sheet (line 229) ... ignored
[INFO] [stdout] test src/hook.rs - hook::use_scored_item (line 1077) ... ignored
[INFO] [stdout] test src/lib.rs - (line 27) ... ignored
[INFO] [stdout] test src/types.rs - types::FrecencyStrategy (line 377) ... ignored
[INFO] [stdout] test src/shortcut.rs - shortcut::Hotkey (line 36) ... FAILED
[INFO] [stdout] 
[INFO] [stdout] failures:
[INFO] [stdout] 
[INFO] [stdout] ---- src/shortcut.rs - shortcut::Hotkey (line 36) stdout ----
[INFO] [stdout] error: linking with `cc` failed: exit status: 1
[INFO] [stdout]   |
[INFO] [stdout]   = note:  "cc" "-m64" "/tmp/rustdoctesthJtRoL/rustciyDaXn/symbols.o" "<2 object files omitted>" "-Wl,--as-needed" "-Wl,-Bstatic" "/opt/rustwide/target/release/deps/{libdioxus_nox_cmdk-e501ad1c94c55e20,libdioxus_nox_collection-a324613337f790b7,libnucleo_matcher-3fbd8c4912b644cd,libdioxus-22017b624f7588a9,libmanganis-703332110f12011c,libmanganis_core-f3961117e52b99e0,libwinnow-08b2186929dc5567,libconst_serialize-4858a833c10ce76d,libconst_serialize-27e21b464add9463,libdioxus_asset_resolver-3b1403a34572f5b1,libdioxus_config_macros-c40e8d47545c5827,libdioxus_web-05e1fa6df5e9b063,libserde_wasm_bindgen-ece851143a3feb1c,libsend_wrapper-3172b43a6741116d,libwasm_bindgen_futures-87e1b0114fef4221,libdioxus_interpreter_js-9456a1cd74d2b35b,libsledgehammer_utils-7c1d158ca8e336b6,librustc_hash-594aa461f15f3238,libsledgehammer_bindgen-272b197856a49b36,libweb_sys-a4f6853a5e716df8,libjs_sys-2609eb78fa1dd8e5,libdioxus_devtools-97d49df93c00a175,libtungstenite-3fec1678d2166451,libdata_encoding-69185af69f5b4745,librand-eab97fd1270b208f,librand_chacha-50c60ebb8439d273,libppv_lite86-ceb0651bb907bba5,libzerocopy-ec06a3ac55fc35f4,librand_core-bc985ea937437672,libgetrandom-b5f490b4f9d053c1,libutf8-b7249ef16bb576fc,libsha1-17d2db0f307b83ff,libcpufeatures-d130f14a0caf1da0,libdigest-bcb97386b70ff147,libblock_buffer-2c5b6a9000f2afde,libcrypto_common-aa7212b3867fed98,libgeneric_array-f2c8994a08527580,libtypenum-8462ab9534e178f5,libhttparse-5ae8896e125f1bfe,liblog-e86fe1484206d3e6,libhttp-f544f9bce4deed7c,libdioxus_devtools_types-46ed4f6558aafed1,libdioxus_logger-3ed4231b8e96f447,libdioxus_cli_config-af2a2557d6b19b59,libwasm_bindgen-24e4ac5da941fc57,libwasm_bindgen_shared-6b58d919c2f23277,libunicode_ident-4c4ce5bce0ca6124,libtracing_subscriber-1d00c50943f1ad4c,libsharded_slab-18946f9d15d4fb19,liblazy_static-fdd6af0286056ca3,libmatchers-c2e902fac85a73b5,libregex_automata-185d9ace6547c4c4,libregex_syntax-4aa37b1a9e9a3c9b,libthread_local-57dcbb25ec93501c,libdioxus_history-fe8a0362a3d6b633,libdioxus_document-0a9d7b4dfac25aae,libserde_json-c3a8d26ac19388e2,libitoa-e7338abb6ca85e31,libzmij-3fd0fbc0da54c581,libdioxus_html-6f26d7c14668e078,libenumset-d0119197fe3e5fd4,libeuclid-9471db3c7881fbbc,libnum_traits-99974086f2313f0d,libbytes-4eeb723b82a97eeb,libkeyboard_types-094fd493bc7be52a,libbitflags-1b9376bfe4cdb092,libunicode_segmentation-a906e22c0cd74357,libdioxus_stores-efda91132a7d763e,libdioxus_hooks-04d8f42626a91d2d,libdioxus_signals-25e34511391272c5,libwarnings-bd2d03234bb941d4,libpin_project-4324a7c12e25e872,libdioxus_core-ef93751c79af041f,libsubsecond-f8d2f53e42513a38,liblibloading-fd22cbb1bebecf86,libthiserror-c8ef7e8cdc4af813,libsubsecond_types-d351f8103d98b25a,liblongest_increasing_subsequence-34c5c7cae6b85bfb,libconst_format-7b714612e5868e93,libanyhow-20af1bf2f69cd60f,libslotmap-c3e7640b3e83fad0,libfutures_channel-09ab06a6f747f248,libserde-dec890b9d39d2e37,libserde_core-4f65e16965cb3eb0,libdioxus_core_types-47e0415a25cfa9da,libgenerational_box-09b3d328b296f837,libtracing-239c173d18679519,libtracing_core-67407de60535aac7,libonce_cell-35d4cc1b6bbf4e72,libparking_lot-0c95e5c1ba7cf706,libparking_lot_core-647a0fa8dbebf4c0,liblibc-9e965a40be780bf2,libcfg_if-6d8dca19095bb388,libsmallvec-841086f162eea166,liblock_api-0c6a3406bef68330,libscopeguard-5f9373ec660020b4,libfutures_util-e0d4d8fa0e1ff563,libmemchr-67bd3f6c39c2c1d0,libfutures_io-a2c128f3959708f8,libslab-fc33110460bc6c9a,libpin_project_lite-a042d89c9815bfb5,libfutures_sink-382db1032bbb8539,libfutures_task-4380614d65d5c09c,libfutures_core-7a56e2b755152ce5,librustc_hash-8fae2bd548f0b290}.rlib" "<sysroot>/lib/rustlib/x86_64-unknown-linux-gnu/lib/{libstd-*,libpanic_unwind-*,libobject-*,libmemchr-*,libaddr2line-*,libgimli-*,libcfg_if-*,librustc_demangle-*,libstd_detect-*,libhashbrown-*,librustc_std_workspace_alloc-*,libminiz_oxide-*,libadler2-*,libunwind-*,liblibc-*,librustc_std_workspace_core-*,liballoc-*,libcore-*,libcompiler_builtins-*}.rlib" "-Wl,-Bdynamic" "-ldl" "-lgcc_s" "-lutil" "-lrt" "-lpthread" "-lm" "-ldl" "-lc" "-L" "/tmp/rustdoctesthJtRoL/rustciyDaXn/raw-dylibs" "-B<sysroot>/lib/rustlib/x86_64-unknown-linux-gnu/bin/gcc-ld" "-fuse-ld=lld" "-Wl,--eh-frame-hdr" "-Wl,-z,noexecstack" "-L" "<sysroot>/lib/rustlib/x86_64-unknown-linux-gnu/lib" "-o" "/tmp/rustdoctesthJtRoL/rust_out" "-Wl,--gc-sections" "-pie" "-Wl,-z,relro,-z,now" "-nodefaultlibs"
[INFO] [stdout]   = note: some arguments are omitted. use `--verbose` to show all linker arguments
[INFO] [stdout]   = note: collect2: fatal error: ld terminated with signal 7 [Bus error], core dumped
[INFO] [stdout]           compilation terminated.
[INFO] [stdout]           
[INFO] [stdout] 
[INFO] [stdout] error: aborting due to 1 previous error
[INFO] [stdout] 
[INFO] [stdout] Couldn't compile the test.
[INFO] [stdout] 
[INFO] [stdout] failures:
[INFO] [stdout]     src/shortcut.rs - shortcut::Hotkey (line 36)
[INFO] [stdout] 
[INFO] [stdout] test result: FAILED. 0 passed; 1 failed; 20 ignored; 0 measured; 0 filtered out; finished in 0.24s
[INFO] [stdout] 
[INFO] [stdout] all doctests ran in 0.59s; merged doctests compilation took 0.35s
[INFO] [stderr] error: doctest failed, to rerun pass `--doc`
[INFO] running `Command { std: "docker" "inspect" "cdd0a6b307772326cfaa065ebf20a8a6262c06e0a71ab1a6c2dff574eb89b6cc", kill_on_drop: false }`
[INFO] running `Command { std: "docker" "rm" "-f" "cdd0a6b307772326cfaa065ebf20a8a6262c06e0a71ab1a6c2dff574eb89b6cc", kill_on_drop: false }`
[INFO] [stdout] cdd0a6b307772326cfaa065ebf20a8a6262c06e0a71ab1a6c2dff574eb89b6cc
