[INFO] fetching crate derust 0.6.0...
[INFO] testing derust-0.6.0 against 1.100.0-beta.1+cargoflags=--release for beta-release-1.100-2
[INFO] extracting crate derust 0.6.0 into /workspace/builds/worker-3-tc2/source
[INFO] started tweaking crates.io crate derust 0.6.0
[INFO] finished tweaking crates.io crate derust 0.6.0
[INFO] tweaked toml for crates.io crate derust 0.6.0 written to /workspace/builds/worker-3-tc2/source/Cargo.toml
[INFO] validating manifest of crates.io crate derust 0.6.0 on toolchain 1.100.0-beta.1
[INFO] running `Command { std: CARGO_HOME="/workspace/cargo-home" RUSTUP_HOME="/workspace/rustup-home" "/workspace/cargo-home/bin/cargo" "+1.100.0-beta.1" "metadata" "--manifest-path" "Cargo.toml" "--no-deps", kill_on_drop: false }`
[INFO] crate crates.io crate derust 0.6.0 already has a lockfile, it will not be regenerated
[INFO] running `Command { std: CARGO_HOME="/workspace/cargo-home" RUSTUP_HOME="/workspace/rustup-home" "/workspace/cargo-home/bin/cargo" "+1.100.0-beta.1" "fetch" "--manifest-path" "Cargo.toml", kill_on_drop: false }`
[INFO] [stderr] warning: `package.homepage` is redundant with `package.repository`
[INFO] [stderr]    --> Cargo.toml:259:12
[INFO] [stderr]     |
[INFO] [stderr] 259 | homepage = "https://github.com/deroldo/derust"
[INFO] [stderr]     |            ^^^^^^^^^^^^^^^^^^^^^^^^^^^^^^^^^^^
[INFO] [stderr] ...
[INFO] [stderr] 264 | repository = "https://github.com/deroldo/derust"
[INFO] [stderr]     |              -----------------------------------
[INFO] [stderr]     |
[INFO] [stderr]     = note: `cargo::redundant_homepage` is set to `warn` by default
[INFO] [stderr] help: consider removing `package.homepage`
[INFO] [stderr] warning: `derust` (manifest) generated 1 warning
[INFO] [stderr]     Blocking waiting for file lock on package cache
[INFO] [stderr]     Blocking waiting for file lock on package cache
[INFO] running `Command { std: "docker" "create" "-v" "/var/lib/crater-agent-workspace/builds/worker-3-tc2/source:/opt/rustwide/workdir:ro,Z" "-v" "/var/lib/crater-agent-workspace/builds/worker-3-tc2/target:/opt/rustwide/target:rw,Z" "-v" "/var/lib/crater-agent-workspace/cargo-home:/opt/rustwide/cargo-home:ro,Z" "-v" "/var/lib/crater-agent-workspace/rustup-home:/opt/rustwide/rustup-home:ro,Z" "-m" "1610612736" "--network" "none" "ghcr.io/rust-lang/crates-build-env/linux@sha256:77db811e55d90add9212f6832c23229e3de5f1c1f9905e8cb07319ea15df73ac" "sleep" "infinity", kill_on_drop: false }`
[INFO] [stderr] Error response from daemon: mount callback failed on /tmp/containerd-mount1696522779: open /tmp/containerd-mount1696522779/dev/console: no space left on device
[INFO] testing derust-0.6.0 against 1.100.0-beta.1+cargoflags=--release for beta-release-1.100-2
[INFO] extracting crate derust 0.6.0 into /workspace/builds/worker-3-tc2/source
[INFO] started tweaking crates.io crate derust 0.6.0
[INFO] finished tweaking crates.io crate derust 0.6.0
[INFO] tweaked toml for crates.io crate derust 0.6.0 written to /workspace/builds/worker-3-tc2/source/Cargo.toml
[INFO] validating manifest of crates.io crate derust 0.6.0 on toolchain 1.100.0-beta.1
[INFO] running `Command { std: CARGO_HOME="/workspace/cargo-home" RUSTUP_HOME="/workspace/rustup-home" "/workspace/cargo-home/bin/cargo" "+1.100.0-beta.1" "metadata" "--manifest-path" "Cargo.toml" "--no-deps", kill_on_drop: false }`
[INFO] crate crates.io crate derust 0.6.0 already has a lockfile, it will not be regenerated
[INFO] running `Command { std: CARGO_HOME="/workspace/cargo-home" RUSTUP_HOME="/workspace/rustup-home" "/workspace/cargo-home/bin/cargo" "+1.100.0-beta.1" "fetch" "--manifest-path" "Cargo.toml", kill_on_drop: false }`
[INFO] [stderr] warning: `package.homepage` is redundant with `package.repository`
[INFO] [stderr]    --> Cargo.toml:259:12
[INFO] [stderr]     |
[INFO] [stderr] 259 | homepage = "https://github.com/deroldo/derust"
[INFO] [stderr]     |            ^^^^^^^^^^^^^^^^^^^^^^^^^^^^^^^^^^^
[INFO] [stderr] ...
[INFO] [stderr] 264 | repository = "https://github.com/deroldo/derust"
[INFO] [stderr]     |              -----------------------------------
[INFO] [stderr]     |
[INFO] [stderr]     = note: `cargo::redundant_homepage` is set to `warn` by default
[INFO] [stderr] help: consider removing `package.homepage`
[INFO] [stderr] warning: `derust` (manifest) generated 1 warning
[INFO] [stderr]     Blocking waiting for file lock on package cache
[INFO] [stderr]     Blocking waiting for file lock on package cache
[INFO] running `Command { std: "docker" "create" "-v" "/var/lib/crater-agent-workspace/builds/worker-3-tc2/source:/opt/rustwide/workdir:ro,Z" "-v" "/var/lib/crater-agent-workspace/builds/worker-3-tc2/target:/opt/rustwide/target:rw,Z" "-v" "/var/lib/crater-agent-workspace/cargo-home:/opt/rustwide/cargo-home:ro,Z" "-v" "/var/lib/crater-agent-workspace/rustup-home:/opt/rustwide/rustup-home:ro,Z" "-m" "1610612736" "--network" "none" "ghcr.io/rust-lang/crates-build-env/linux@sha256:77db811e55d90add9212f6832c23229e3de5f1c1f9905e8cb07319ea15df73ac" "sleep" "infinity", kill_on_drop: false }`
[INFO] [stderr] Error response from daemon: mount callback failed on /tmp/containerd-mount1235650330: mkdir /tmp/containerd-mount1235650330/dev/pts: no space left on device
[INFO] testing derust-0.6.0 against 1.100.0-beta.1+cargoflags=--release for beta-release-1.100-2
[INFO] extracting crate derust 0.6.0 into /workspace/builds/worker-3-tc2/source
[INFO] started tweaking crates.io crate derust 0.6.0
[INFO] finished tweaking crates.io crate derust 0.6.0
[INFO] tweaked toml for crates.io crate derust 0.6.0 written to /workspace/builds/worker-3-tc2/source/Cargo.toml
[INFO] validating manifest of crates.io crate derust 0.6.0 on toolchain 1.100.0-beta.1
[INFO] running `Command { std: CARGO_HOME="/workspace/cargo-home" RUSTUP_HOME="/workspace/rustup-home" "/workspace/cargo-home/bin/cargo" "+1.100.0-beta.1" "metadata" "--manifest-path" "Cargo.toml" "--no-deps", kill_on_drop: false }`
[INFO] crate crates.io crate derust 0.6.0 already has a lockfile, it will not be regenerated
[INFO] running `Command { std: CARGO_HOME="/workspace/cargo-home" RUSTUP_HOME="/workspace/rustup-home" "/workspace/cargo-home/bin/cargo" "+1.100.0-beta.1" "fetch" "--manifest-path" "Cargo.toml", kill_on_drop: false }`
[INFO] [stderr] warning: `package.homepage` is redundant with `package.repository`
[INFO] [stderr]    --> Cargo.toml:259:12
[INFO] [stderr]     |
[INFO] [stderr] 259 | homepage = "https://github.com/deroldo/derust"
[INFO] [stderr]     |            ^^^^^^^^^^^^^^^^^^^^^^^^^^^^^^^^^^^
[INFO] [stderr] ...
[INFO] [stderr] 264 | repository = "https://github.com/deroldo/derust"
[INFO] [stderr]     |              -----------------------------------
[INFO] [stderr]     |
[INFO] [stderr]     = note: `cargo::redundant_homepage` is set to `warn` by default
[INFO] [stderr] help: consider removing `package.homepage`
[INFO] [stderr] warning: `derust` (manifest) generated 1 warning
[INFO] [stderr]     Blocking waiting for file lock on package cache
[INFO] [stderr]     Blocking waiting for file lock on package cache
[INFO] running `Command { std: "docker" "create" "-v" "/var/lib/crater-agent-workspace/builds/worker-3-tc2/source:/opt/rustwide/workdir:ro,Z" "-v" "/var/lib/crater-agent-workspace/builds/worker-3-tc2/target:/opt/rustwide/target:rw,Z" "-v" "/var/lib/crater-agent-workspace/cargo-home:/opt/rustwide/cargo-home:ro,Z" "-v" "/var/lib/crater-agent-workspace/rustup-home:/opt/rustwide/rustup-home:ro,Z" "-m" "1610612736" "--network" "none" "ghcr.io/rust-lang/crates-build-env/linux@sha256:77db811e55d90add9212f6832c23229e3de5f1c1f9905e8cb07319ea15df73ac" "sleep" "infinity", kill_on_drop: false }`
[INFO] [stdout] 84a8da76bdcf2613a07692d18a8433e6dd380c999d56d91d0a777a8c17d6333b
[INFO] running `Command { std: "docker" "start" "84a8da76bdcf2613a07692d18a8433e6dd380c999d56d91d0a777a8c17d6333b", kill_on_drop: false }`
[INFO] running `Command { std: "docker" "inspect" "84a8da76bdcf2613a07692d18a8433e6dd380c999d56d91d0a777a8c17d6333b", kill_on_drop: false }`
[INFO] running `Command { std: "docker" "exec" "-e" "SOURCE_DIR=/opt/rustwide/workdir" "-e" "CARGO_HOME=/opt/rustwide/cargo-home" "-e" "RUSTUP_HOME=/opt/rustwide/rustup-home" "-e" "CARGO_TARGET_DIR=/opt/rustwide/target" "-w" "/opt/rustwide/workdir" "--user" "0:0" "84a8da76bdcf2613a07692d18a8433e6dd380c999d56d91d0a777a8c17d6333b" "/opt/rustwide/cargo-home/bin/cargo" "+1.100.0-beta.1" "metadata" "--no-deps" "--format-version=1", kill_on_drop: false }`
[INFO] running `Command { std: "docker" "inspect" "84a8da76bdcf2613a07692d18a8433e6dd380c999d56d91d0a777a8c17d6333b", kill_on_drop: false }`
[INFO] running `Command { std: "docker" "exec" "-e" "SOURCE_DIR=/opt/rustwide/workdir" "-e" "CARGO_HOME=/opt/rustwide/cargo-home" "-e" "RUSTUP_HOME=/opt/rustwide/rustup-home" "-e" "CARGO_TARGET_DIR=/opt/rustwide/target" "-e" "CARGO_INCREMENTAL=0" "-e" "RUST_BACKTRACE=full" "-e" "RUSTFLAGS=--cap-lints=warn" "-e" "RUSTDOCFLAGS=--cap-lints=warn" "-w" "/opt/rustwide/workdir" "--user" "0:0" "84a8da76bdcf2613a07692d18a8433e6dd380c999d56d91d0a777a8c17d6333b" "/opt/rustwide/cargo-home/bin/cargo" "+1.100.0-beta.1" "build" "--frozen" "--message-format=json" "--release", kill_on_drop: false }`
[INFO] [stderr] warning: `package.homepage` is redundant with `package.repository`
[INFO] [stderr]    --> Cargo.toml:259:12
[INFO] [stderr]     |
[INFO] [stderr] 259 | homepage = "https://github.com/deroldo/derust"
[INFO] [stderr]     |            ^^^^^^^^^^^^^^^^^^^^^^^^^^^^^^^^^^^
[INFO] [stderr] ...
[INFO] [stderr] 264 | repository = "https://github.com/deroldo/derust"
[INFO] [stderr]     |              -----------------------------------
[INFO] [stderr]     |
[INFO] [stderr]     = note: `cargo::redundant_homepage` is set to `warn` by default
[INFO] [stderr] help: consider removing `package.homepage`
[INFO] [stderr] warning: `derust` (manifest) generated 1 warning
[INFO] [stderr]    Compiling proc-macro2 v1.0.95
[INFO] [stderr]    Compiling cfg-if v1.0.1
[INFO] [stderr]    Compiling libc v0.2.174
[INFO] [stderr]    Compiling memchr v2.7.5
[INFO] [stderr]    Compiling parking_lot_core v0.9.11
[INFO] [stderr]    Compiling lock_api v0.4.13
[INFO] [stderr]    Compiling log v0.4.27
[INFO] [stderr]    Compiling tracing-core v0.1.36
[INFO] [stderr]    Compiling futures-sink v0.3.32
[INFO] [stderr]    Compiling slab v0.4.10
[INFO] [stderr]    Compiling hashbrown v0.15.4
[INFO] [stderr]    Compiling cc v1.2.27
[INFO] [stderr]    Compiling futures-io v0.3.32
[INFO] [stderr]    Compiling getrandom v0.3.3
[INFO] [stderr]    Compiling zerocopy v0.8.26
[INFO] [stderr]    Compiling serde_json v1.0.150
[INFO] [stderr]    Compiling writeable v0.6.1
[INFO] [stderr]    Compiling litemap v0.8.0
[INFO] [stderr]    Compiling futures-channel v0.3.32
[INFO] [stderr]    Compiling http-body-util v0.1.3
[INFO] [stderr]    Compiling icu_normalizer_data v2.0.0
[INFO] [stderr]    Compiling rustls v0.23.28
[INFO] [stderr]    Compiling icu_properties_data v2.0.1
[INFO] [stderr]    Compiling crunchy v0.2.4
[INFO] [stderr]    Compiling form_urlencoded v1.2.2
[INFO] [stderr]    Compiling anyhow v1.0.98
[INFO] [stderr]    Compiling tiny-keccak v2.0.2
[INFO] [stderr]    Compiling adler2 v2.0.1
[INFO] [stderr]    Compiling aho-corasick v1.1.3
[INFO] [stderr]    Compiling miniz_oxide v0.8.9
[INFO] [stderr]    Compiling thiserror v2.0.18
[INFO] [stderr]    Compiling crc32fast v1.4.2
[INFO] [stderr]    Compiling indexmap v2.10.0
[INFO] [stderr]    Compiling num-traits v0.2.19
[INFO] [stderr]    Compiling lazy_static v1.5.0
[INFO] [stderr]    Compiling either v1.15.0
[INFO] [stderr]    Compiling quote v1.0.40
[INFO] [stderr]    Compiling itertools v0.14.0
[INFO] [stderr]    Compiling sharded-slab v0.1.7
[INFO] [stderr]    Compiling syn v2.0.104
[INFO] [stderr]    Compiling tracing-log v0.2.0
[INFO] [stderr]    Compiling thread_local v1.1.9
[INFO] [stderr]    Compiling ucd-trie v0.1.7
[INFO] [stderr]    Compiling flate2 v1.1.2
[INFO] [stderr]    Compiling once_cell v1.21.3
[INFO] [stderr]    Compiling ring v0.17.14
[INFO] [stderr]    Compiling openssl-probe v0.1.6
[INFO] [stderr]    Compiling nu-ansi-term v0.50.3
[INFO] [stderr]    Compiling signal-hook-registry v1.4.5
[INFO] [stderr]    Compiling socket2 v0.5.10
[INFO] [stderr]    Compiling mio v1.0.4
[INFO] [stderr]    Compiling parking_lot v0.12.4
[INFO] [stderr]    Compiling rand_core v0.9.3
[INFO] [stderr]    Compiling getrandom v0.2.16
[INFO] [stderr]    Compiling regex-automata v0.4.9
[INFO] [stderr]    Compiling const-random-macro v0.1.16
[INFO] [stderr]    Compiling openssl-src v300.5.0+3.5.0
[INFO] [stderr]    Compiling vcpkg v0.2.15
[INFO] [stderr]    Compiling iri-string v0.7.8
[INFO] [stderr]    Compiling pkg-config v0.3.32
[INFO] [stderr]    Compiling rustversion v1.0.21
[INFO] [stderr]    Compiling const-random v0.1.18
[INFO] [stderr]    Compiling ppv-lite86 v0.2.21
[INFO] [stderr]    Compiling time-core v0.1.9
[INFO] [stderr]    Compiling num-conv v0.2.2
[INFO] [stderr]    Compiling dlv-list v0.5.2
[INFO] [stderr]    Compiling num-integer v0.1.46
[INFO] [stderr]    Compiling time-macros v0.2.30
[INFO] [stderr]    Compiling deranged v0.5.8
[INFO] [stderr]    Compiling hashbrown v0.14.5
[INFO] [stderr]    Compiling rand_chacha v0.9.0
[INFO] [stderr]    Compiling openssl-sys v0.9.109
[INFO] [stderr]    Compiling winnow v0.7.11
[INFO] [stderr]    Compiling rand v0.9.1
[INFO] [stderr]    Compiling num-bigint v0.4.6
[INFO] [stderr]    Compiling hashlink v0.10.0
[INFO] [stderr]    Compiling encoding_rs v0.8.35
[INFO] [stderr]    Compiling arraydeque v0.5.1
[INFO] [stderr]    Compiling ordered-multimap v0.7.3
[INFO] [stderr]    Compiling unicode-segmentation v1.12.0
[INFO] [stderr]    Compiling trim-in-place v0.1.7
[INFO] [stderr]    Compiling base64 v0.21.7
[INFO] [stderr]    Compiling matchit v0.8.4
[INFO] [stderr]    Compiling openssl v0.10.73
[INFO] [stderr]    Compiling foreign-types-shared v0.1.1
[INFO] [stderr]    Compiling convert_case v0.6.0
[INFO] [stderr]    Compiling foreign-types v0.3.2
[INFO] [stderr]    Compiling rust-ini v0.21.1
[INFO] [stderr]    Compiling pem v3.0.6
[INFO] [stderr]    Compiling iana-time-zone v0.1.63
[INFO] [stderr]    Compiling pathdiff v0.2.3
[INFO] [stderr]    Compiling signature v2.2.0
[INFO] [stderr]    Compiling time v0.3.51
[INFO] [stderr]    Compiling opentelemetry-semantic-conventions v0.30.0
[INFO] [stderr]    Compiling protect-endpoints-core v0.2.0
[INFO] [stderr]    Compiling yaml-rust2 v0.10.3
[INFO] [stderr]    Compiling dotenv v0.15.0
[INFO] [stderr]    Compiling synstructure v0.13.2
[INFO] [stderr]    Compiling matchers v0.2.0
[INFO] [stderr]    Compiling regex v1.11.1
[INFO] [stderr]    Compiling serde_derive v1.0.228
[INFO] [stderr]    Compiling tokio-macros v2.5.0
[INFO] [stderr]    Compiling tracing-attributes v0.1.31
[INFO] [stderr] warning: ring@0.17.14: /opt/rustwide/cargo-home/registry/src/index.crates.io-1949cf8c6b5b557f/ring-0.17.14/crypto/curve25519/curve25519.c:1924:1: fatal error: error writing to /tmp/ccMAxZ8V.s: No space left on device
[INFO] [stderr] warning: ring@0.17.14:  1924 | }
[INFO] [stderr] warning: ring@0.17.14:       | ^
[INFO] [stderr] warning: ring@0.17.14: compilation terminated.
[INFO] [stderr] error: failed to run custom build command for `ring v0.17.14`
[INFO] [stderr] note: To improve backtraces for build dependencies, set the CARGO_PROFILE_RELEASE_BUILD_OVERRIDE_DEBUG=true environment variable to enable debug information generation.
[INFO] [stderr] 
[INFO] [stderr] Caused by:
[INFO] [stderr]   process didn't exit successfully: `/opt/rustwide/target/release/build/ring/8c54c25daea1c20c/out/build_script_build` (exit status: 1)
[INFO] [stderr]   --- stdout
[INFO] [stderr]   cargo:rerun-if-env-changed=CARGO_MANIFEST_DIR
[INFO] [stderr]   cargo:rerun-if-env-changed=CARGO_PKG_NAME
[INFO] [stderr]   cargo:rerun-if-env-changed=CARGO_PKG_VERSION_MAJOR
[INFO] [stderr]   cargo:rerun-if-env-changed=CARGO_PKG_VERSION_MINOR
[INFO] [stderr]   cargo:rerun-if-env-changed=CARGO_PKG_VERSION_PATCH
[INFO] [stderr]   cargo:rerun-if-env-changed=CARGO_PKG_VERSION_PRE
[INFO] [stderr]   cargo:rerun-if-env-changed=CARGO_MANIFEST_LINKS
[INFO] [stderr]   cargo:rerun-if-env-changed=RING_PREGENERATE_ASM
[INFO] [stderr]   cargo:rerun-if-env-changed=OUT_DIR
[INFO] [stderr]   cargo:rerun-if-env-changed=CARGO_CFG_TARGET_ARCH
[INFO] [stderr]   cargo:rerun-if-env-changed=CARGO_CFG_TARGET_OS
[INFO] [stderr]   cargo:rerun-if-env-changed=CARGO_CFG_TARGET_ENV
[INFO] [stderr]   cargo:rerun-if-env-changed=CARGO_CFG_TARGET_ENDIAN
[INFO] [stderr]   OPT_LEVEL = Some(3)
[INFO] [stderr]   OUT_DIR = Some(/opt/rustwide/target/release/build/ring/f62c150528672496/out)
[INFO] [stderr]   TARGET = Some(x86_64-unknown-linux-gnu)
[INFO] [stderr]   HOST = Some(x86_64-unknown-linux-gnu)
[INFO] [stderr]   cargo:rerun-if-env-changed=CC_x86_64-unknown-linux-gnu
[INFO] [stderr]   CC_x86_64-unknown-linux-gnu = None
[INFO] [stderr]   cargo:rerun-if-env-changed=CC_x86_64_unknown_linux_gnu
[INFO] [stderr]   CC_x86_64_unknown_linux_gnu = None
[INFO] [stderr]   cargo:rerun-if-env-changed=HOST_CC
[INFO] [stderr]   HOST_CC = None
[INFO] [stderr]   cargo:rerun-if-env-changed=CC
[INFO] [stderr]   CC = None
[INFO] [stderr]   cargo:rerun-if-env-changed=CC_ENABLE_DEBUG_OUTPUT
[INFO] [stderr]   RUSTC_WRAPPER = None
[INFO] [stderr]   cargo:rerun-if-env-changed=CRATE_CC_NO_DEFAULTS
[INFO] [stderr]   CRATE_CC_NO_DEFAULTS = None
[INFO] [stderr]   DEBUG = Some(false)
[INFO] [stderr]   CARGO_CFG_TARGET_FEATURE = Some(fxsr,sse,sse2)
[INFO] [stderr]   cargo:rerun-if-env-changed=CFLAGS
[INFO] [stderr]   CFLAGS = None
[INFO] [stderr]   cargo:rerun-if-env-changed=HOST_CFLAGS
[INFO] [stderr]   HOST_CFLAGS = None
[INFO] [stderr]   cargo:rerun-if-env-changed=CFLAGS_x86_64_unknown_linux_gnu
[INFO] [stderr]   CFLAGS_x86_64_unknown_linux_gnu = None
[INFO] [stderr]   cargo:rerun-if-env-changed=CFLAGS_x86_64-unknown-linux-gnu
[INFO] [stderr]   CFLAGS_x86_64-unknown-linux-gnu = None
[INFO] [stderr]   CARGO_ENCODED_RUSTFLAGS = Some(--cap-lints=warn)
[INFO] [stderr]   cargo:warning=/opt/rustwide/cargo-home/registry/src/index.crates.io-1949cf8c6b5b557f/ring-0.17.14/crypto/curve25519/curve25519.c:1924:1: fatal error: error writing to /tmp/ccMAxZ8V.s: No space left on device
[INFO] [stderr]   cargo:warning= 1924 | }
[INFO] [stderr]   cargo:warning=      | ^
[INFO] [stderr]   cargo:warning=compilation terminated.
[INFO] [stderr] 
[INFO] [stderr]   --- stderr
[INFO] [stderr] 
[INFO] [stderr] 
[INFO] [stderr]   error occurred in cc-rs: command did not execute successfully (status code exit status: 1): LC_ALL="C" "cc" "-O3" "-ffunction-sections" "-fdata-sections" "-fPIC" "-m64" "-I" "/opt/rustwide/cargo-home/registry/src/index.crates.io-1949cf8c6b5b557f/ring-0.17.14/include" "-I" "/opt/rustwide/cargo-home/registry/src/index.crates.io-1949cf8c6b5b557f/ring-0.17.14/pregenerated" "-Wall" "-Wextra" "-fvisibility=hidden" "-std=c1x" "-Wall" "-Wbad-function-cast" "-Wcast-align" "-Wcast-qual" "-Wconversion" "-Wmissing-field-initializers" "-Wmissing-include-dirs" "-Wnested-externs" "-Wredundant-decls" "-Wshadow" "-Wsign-compare" "-Wsign-conversion" "-Wstrict-prototypes" "-Wundef" "-Wuninitialized" "-g3" "-DNDEBUG" "-o" "/opt/rustwide/target/release/build/ring/f62c150528672496/out/25ac62e5b3c53843-curve25519.o" "-c" "/opt/rustwide/cargo-home/registry/src/index.crates.io-1949cf8c6b5b557f/ring-0.17.14/crypto/curve25519/curve25519.c"
[INFO] [stderr] 
[INFO] [stderr] 
[INFO] [stderr] warning: build failed, waiting for other jobs to finish...
[INFO] [stderr] warning: openssl-sys@0.9.109: building OpenSSL: 'make' reported failure with exit status: 2
[INFO] [stderr] warning: openssl-sys@0.9.109: openssl-src: failed to build OpenSSL from source
[INFO] [stderr] error: failed to run custom build command for `openssl-sys v0.9.109`
[INFO] [stderr] note: To improve backtraces for build dependencies, set the CARGO_PROFILE_RELEASE_BUILD_OVERRIDE_DEBUG=true environment variable to enable debug information generation.
[INFO] [stderr] 
[INFO] [stderr] Caused by:
[INFO] [stderr]   process didn't exit successfully: `/opt/rustwide/target/release/build/openssl-sys/38461045052fd13b/out/build_script_main` (exit status: 1)
[INFO] [stderr]   --- stdout
[INFO] [stderr]   cargo:rustc-check-cfg=cfg(osslconf, values("OPENSSL_NO_OCB", "OPENSSL_NO_SM4", "OPENSSL_NO_SEED", "OPENSSL_NO_CHACHA", "OPENSSL_NO_CAST", "OPENSSL_NO_IDEA", "OPENSSL_NO_CAMELLIA", "OPENSSL_NO_RC4", "OPENSSL_NO_BF", "OPENSSL_NO_PSK", "OPENSSL_NO_DEPRECATED_3_0", "OPENSSL_NO_SCRYPT", "OPENSSL_NO_SM3", "OPENSSL_NO_RMD160", "OPENSSL_NO_EC2M", "OPENSSL_NO_OCSP", "OPENSSL_NO_CMS", "OPENSSL_NO_COMP", "OPENSSL_NO_SOCK", "OPENSSL_NO_STDIO", "OPENSSL_NO_EC", "OPENSSL_NO_SSL3_METHOD", "OPENSSL_NO_KRB5", "OPENSSL_NO_TLSEXT", "OPENSSL_NO_SRP", "OPENSSL_NO_RFC3779", "OPENSSL_NO_SHA", "OPENSSL_NO_NEXTPROTONEG", "OPENSSL_NO_ENGINE", "OPENSSL_NO_BUF_FREELISTS", "OPENSSL_NO_RC2"))
[INFO] [stderr]   cargo:rustc-check-cfg=cfg(openssl)
[INFO] [stderr]   cargo:rustc-check-cfg=cfg(libressl)
[INFO] [stderr]   cargo:rustc-check-cfg=cfg(boringssl)
[INFO] [stderr]   cargo:rustc-check-cfg=cfg(awslc)
[INFO] [stderr]   cargo:rustc-check-cfg=cfg(libressl250)
[INFO] [stderr]   cargo:rustc-check-cfg=cfg(libressl251)
[INFO] [stderr]   cargo:rustc-check-cfg=cfg(libressl252)
[INFO] [stderr]   cargo:rustc-check-cfg=cfg(libressl261)
[INFO] [stderr]   cargo:rustc-check-cfg=cfg(libressl270)
[INFO] [stderr]   cargo:rustc-check-cfg=cfg(libressl271)
[INFO] [stderr]   cargo:rustc-check-cfg=cfg(libressl273)
[INFO] [stderr]   cargo:rustc-check-cfg=cfg(libressl280)
[INFO] [stderr]   cargo:rustc-check-cfg=cfg(libressl281)
[INFO] [stderr]   cargo:rustc-check-cfg=cfg(libressl291)
[INFO] [stderr]   cargo:rustc-check-cfg=cfg(libressl310)
[INFO] [stderr]   cargo:rustc-check-cfg=cfg(libressl321)
[INFO] [stderr]   cargo:rustc-check-cfg=cfg(libressl332)
[INFO] [stderr]   cargo:rustc-check-cfg=cfg(libressl340)
[INFO] [stderr]   cargo:rustc-check-cfg=cfg(libressl350)
[INFO] [stderr]   cargo:rustc-check-cfg=cfg(libressl360)
[INFO] [stderr]   cargo:rustc-check-cfg=cfg(libressl361)
[INFO] [stderr]   cargo:rustc-check-cfg=cfg(libressl370)
[INFO] [stderr]   cargo:rustc-check-cfg=cfg(libressl380)
[INFO] [stderr]   cargo:rustc-check-cfg=cfg(libressl381)
[INFO] [stderr]   cargo:rustc-check-cfg=cfg(libressl382)
[INFO] [stderr]   cargo:rustc-check-cfg=cfg(libressl390)
[INFO] [stderr]   cargo:rustc-check-cfg=cfg(libressl400)
[INFO] [stderr]   cargo:rustc-check-cfg=cfg(libressl410)
[INFO] [stderr]   cargo:rustc-check-cfg=cfg(ossl101)
[INFO] [stderr]   cargo:rustc-check-cfg=cfg(ossl102)
[INFO] [stderr]   cargo:rustc-check-cfg=cfg(ossl102f)
[INFO] [stderr]   cargo:rustc-check-cfg=cfg(ossl102h)
[INFO] [stderr]   cargo:rustc-check-cfg=cfg(ossl110)
[INFO] [stderr]   cargo:rustc-check-cfg=cfg(ossl110f)
[INFO] [stderr]   cargo:rustc-check-cfg=cfg(ossl110g)
[INFO] [stderr]   cargo:rustc-check-cfg=cfg(ossl110h)
[INFO] [stderr]   cargo:rustc-check-cfg=cfg(ossl111)
[INFO] [stderr]   cargo:rustc-check-cfg=cfg(ossl111b)
[INFO] [stderr]   cargo:rustc-check-cfg=cfg(ossl111c)
[INFO] [stderr]   cargo:rustc-check-cfg=cfg(ossl111d)
[INFO] [stderr]   cargo:rustc-check-cfg=cfg(ossl300)
[INFO] [stderr]   cargo:rustc-check-cfg=cfg(ossl310)
[INFO] [stderr]   cargo:rustc-check-cfg=cfg(ossl320)
[INFO] [stderr]   cargo:rustc-check-cfg=cfg(ossl330)
[INFO] [stderr]   cargo:rustc-check-cfg=cfg(ossl340)
[INFO] [stderr]   cargo:rerun-if-env-changed=X86_64_UNKNOWN_LINUX_GNU_OPENSSL_NO_VENDOR
[INFO] [stderr]   X86_64_UNKNOWN_LINUX_GNU_OPENSSL_NO_VENDOR unset
[INFO] [stderr]   cargo:rerun-if-env-changed=OPENSSL_NO_VENDOR
[INFO] [stderr]   OPENSSL_NO_VENDOR unset
[INFO] [stderr]   cargo:rerun-if-env-changed=X86_64_UNKNOWN_LINUX_GNU_OPENSSL_CONFIG_DIR
[INFO] [stderr]   X86_64_UNKNOWN_LINUX_GNU_OPENSSL_CONFIG_DIR unset
[INFO] [stderr]   cargo:rerun-if-env-changed=OPENSSL_CONFIG_DIR
[INFO] [stderr]   OPENSSL_CONFIG_DIR unset
[INFO] [stderr]   TARGET = Some(x86_64-unknown-linux-gnu)
[INFO] [stderr]   OUT_DIR = Some(/opt/rustwide/target/release/build/openssl-sys/f1767532ee1abec3/out)
[INFO] [stderr]   cargo:rerun-if-env-changed=CC_x86_64-unknown-linux-gnu
[INFO] [stderr]   CC_x86_64-unknown-linux-gnu = None
[INFO] [stderr]   cargo:rerun-if-env-changed=CC_x86_64_unknown_linux_gnu
[INFO] [stderr]   CC_x86_64_unknown_linux_gnu = None
[INFO] [stderr]   cargo:rerun-if-env-changed=HOST_CC
[INFO] [stderr]   HOST_CC = None
[INFO] [stderr]   cargo:rerun-if-env-changed=CC
[INFO] [stderr]   CC = None
[INFO] [stderr]   cargo:rerun-if-env-changed=CC_ENABLE_DEBUG_OUTPUT
[INFO] [stderr]   RUSTC_WRAPPER = None
[INFO] [stderr]   cargo:rerun-if-env-changed=CRATE_CC_NO_DEFAULTS
[INFO] [stderr]   CRATE_CC_NO_DEFAULTS = None
[INFO] [stderr]   DEBUG = Some(false)
[INFO] [stderr]   CARGO_CFG_TARGET_FEATURE = Some(fxsr,sse,sse2)
[INFO] [stderr]   cargo:rerun-if-env-changed=CFLAGS
[INFO] [stderr]   CFLAGS = None
[INFO] [stderr]   cargo:rerun-if-env-changed=HOST_CFLAGS
[INFO] [stderr]   HOST_CFLAGS = None
[INFO] [stderr]   cargo:rerun-if-env-changed=CFLAGS_x86_64_unknown_linux_gnu
[INFO] [stderr]   CFLAGS_x86_64_unknown_linux_gnu = None
[INFO] [stderr]   cargo:rerun-if-env-changed=CFLAGS_x86_64-unknown-linux-gnu
[INFO] [stderr]   CFLAGS_x86_64-unknown-linux-gnu = None
[INFO] [stderr]   CARGO_ENCODED_RUSTFLAGS = Some(--cap-lints=warn)
[INFO] [stderr]   cargo:rerun-if-env-changed=AR_x86_64-unknown-linux-gnu
[INFO] [stderr]   AR_x86_64-unknown-linux-gnu = None
[INFO] [stderr]   cargo:rerun-if-env-changed=AR_x86_64_unknown_linux_gnu
[INFO] [stderr]   AR_x86_64_unknown_linux_gnu = None
[INFO] [stderr]   cargo:rerun-if-env-changed=HOST_AR
[INFO] [stderr]   HOST_AR = None
[INFO] [stderr]   cargo:rerun-if-env-changed=AR
[INFO] [stderr]   AR = None
[INFO] [stderr]   cargo:rerun-if-env-changed=ARFLAGS
[INFO] [stderr]   ARFLAGS = None
[INFO] [stderr]   cargo:rerun-if-env-changed=HOST_ARFLAGS
[INFO] [stderr]   HOST_ARFLAGS = None
[INFO] [stderr]   cargo:rerun-if-env-changed=ARFLAGS_x86_64_unknown_linux_gnu
[INFO] [stderr]   ARFLAGS_x86_64_unknown_linux_gnu = None
[INFO] [stderr]   cargo:rerun-if-env-changed=ARFLAGS_x86_64-unknown-linux-gnu
[INFO] [stderr]   ARFLAGS_x86_64-unknown-linux-gnu = None
[INFO] [stderr]   cargo:rerun-if-env-changed=RANLIB_x86_64-unknown-linux-gnu
[INFO] [stderr]   RANLIB_x86_64-unknown-linux-gnu = None
[INFO] [stderr]   cargo:rerun-if-env-changed=RANLIB_x86_64_unknown_linux_gnu
[INFO] [stderr]   RANLIB_x86_64_unknown_linux_gnu = None
[INFO] [stderr]   cargo:rerun-if-env-changed=HOST_RANLIB
[INFO] [stderr]   HOST_RANLIB = None
[INFO] [stderr]   cargo:rerun-if-env-changed=RANLIB
[INFO] [stderr]   RANLIB = None
[INFO] [stderr]   cargo:rerun-if-env-changed=RANLIBFLAGS
[INFO] [stderr]   RANLIBFLAGS = None
[INFO] [stderr]   cargo:rerun-if-env-changed=HOST_RANLIBFLAGS
[INFO] [stderr]   HOST_RANLIBFLAGS = None
[INFO] [stderr]   cargo:rerun-if-env-changed=RANLIBFLAGS_x86_64_unknown_linux_gnu
[INFO] [stderr]   RANLIBFLAGS_x86_64_unknown_linux_gnu = None
[INFO] [stderr]   cargo:rerun-if-env-changed=RANLIBFLAGS_x86_64-unknown-linux-gnu
[INFO] [stderr]   RANLIBFLAGS_x86_64-unknown-linux-gnu = None
[INFO] [stderr]   running cd "/opt/rustwide/target/release/build/openssl-sys/f1767532ee1abec3/out/openssl-build/build/src" && env -u CROSS_COMPILE AR="ar" CC="cc" RANLIB="ranlib" "perl" "./Configure" "--prefix=/opt/rustwide/target/release/build/openssl-sys/f1767532ee1abec3/out/openssl-build/install" "--openssldir=/usr/local/ssl" "no-shared" "no-module" "no-ssl3" "no-tests" "no-comp" "no-zlib" "no-zlib-dynamic" "--libdir=lib" "no-md2" "no-rc5" "no-weak-ssl-ciphers" "no-camellia" "no-idea" "no-seed" "linux-x86_64" "-O2" "-ffunction-sections" "-fdata-sections" "-fPIC" "-m64"
[INFO] [stderr]   Configuring OpenSSL version 3.5.0 for target linux-x86_64
[INFO] [stderr]   Using os-specific seed configuration
[INFO] [stderr]   Created configdata.pm
[INFO] [stderr]   Running configdata.pm
[INFO] [stderr]   Created Makefile.in
[INFO] [stderr]   Created Makefile
[INFO] [stderr]   Created include/openssl/configuration.h
[INFO] [stderr] 
[INFO] [stderr]   **********************************************************************
[INFO] [stderr]   ***                                                                ***
[INFO] [stderr]   ***   OpenSSL has been successfully configured                     ***
[INFO] [stderr]   ***                                                                ***
[INFO] [stderr]   ***   If you encounter a problem while building, please open an    ***
[INFO] [stderr]   ***   issue on GitHub <https://github.com/openssl/openssl/issues>  ***
[INFO] [stderr]   ***   and include the output from the following command:           ***
[INFO] [stderr]   ***                                                                ***
[INFO] [stderr]   ***       perl configdata.pm --dump                                ***
[INFO] [stderr]   ***                                                                ***
[INFO] [stderr]   ***   (If you are new to OpenSSL, you might want to consult the    ***
[INFO] [stderr]   ***   'Troubleshooting' section in the INSTALL.md file first)      ***
[INFO] [stderr]   ***                                                                ***
[INFO] [stderr]   **********************************************************************
[INFO] [stderr]   running cd "/opt/rustwide/target/release/build/openssl-sys/f1767532ee1abec3/out/openssl-build/build/src" && "make" "depend"
[INFO] [stderr]   running cd "/opt/rustwide/target/release/build/openssl-sys/f1767532ee1abec3/out/openssl-build/build/src" && MAKEFLAGS="-j --jobserver-fds=4,5 --jobserver-auth=4,5" "make" "build_libs"
[INFO] [stderr]   /usr/bin/perl util/mkinstallvars.pl PREFIX=. BINDIR=apps APPLINKDIR=ms LIBDIR= INCLUDEDIR=include "INCLUDEDIR=./include" ENGINESDIR=engines MODULESDIR=providers "VERSION=3.5.0" "LDLIBS=-ldl -pthread " > builddata.pm
[INFO] [stderr]   /usr/bin/perl "-I." "-Iutil/perl" "-Mconfigdata" "-MOpenSSL::paramnames" "util/dofile.pl" "-oMakefile" crypto/params_idx.c.in > crypto/params_idx.c
[INFO] [stderr]   /usr/bin/perl util/mkinstallvars.pl "PREFIX=/opt/rustwide/target/release/build/openssl-sys/f1767532ee1abec3/out/openssl-build/install" BINDIR=bin "LIBDIR=lib" "libdir=/opt/rustwide/target/release/build/openssl-sys/f1767532ee1abec3/out/openssl-build/install/lib" INCLUDEDIR=include APPLINKDIR=include/openssl "ENGINESDIR=/opt/rustwide/target/release/build/openssl-sys/f1767532ee1abec3/out/openssl-build/install/lib/engines-3" "MODULESDIR=/opt/rustwide/target/release/build/openssl-sys/f1767532ee1abec3/out/openssl-build/install/lib/ossl-modules" "PKGCONFIGDIR=/opt/rustwide/target/release/build/openssl-sys/f1767532ee1abec3/out/openssl-build/install/lib/pkgconfig" "CMAKECONFIGDIR=/opt/rustwide/target/release/build/openssl-sys/f1767532ee1abec3/out/openssl-build/install/lib/cmake/OpenSSL" "LDLIBS=-ldl -pthread " "VERSION=3.5.0" > installdata.pm
[INFO] [stderr]   /usr/bin/perl "-I." "-Mconfigdata" "util/dofile.pl" "-oMakefile" include/crypto/bn_conf.h.in > include/crypto/bn_conf.h
[INFO] [stderr]   /usr/bin/perl "-I." "-Mconfigdata" "util/dofile.pl" "-oMakefile" include/crypto/dso_conf.h.in > include/crypto/dso_conf.h
[INFO] [stderr]   /usr/bin/perl "-I." "-Iutil/perl" "-Mconfigdata" "-MOpenSSL::paramnames" "util/dofile.pl" "-oMakefile" include/internal/param_names.h.in > include/internal/param_names.h
[INFO] [stderr]   /usr/bin/perl "-I." "-Mconfigdata" "util/dofile.pl" "-oMakefile" include/openssl/asn1.h.in > include/openssl/asn1.h
[INFO] [stderr]   /usr/bin/perl "-I." "-Mconfigdata" "util/dofile.pl" "-oMakefile" include/openssl/asn1t.h.in > include/openssl/asn1t.h
[INFO] [stderr]   /usr/bin/perl "-I." "-Mconfigdata" "util/dofile.pl" "-oMakefile" include/openssl/bio.h.in > include/openssl/bio.h
[INFO] [stderr]   /usr/bin/perl "-I." "-Mconfigdata" "util/dofile.pl" "-oMakefile" include/openssl/cmp.h.in > include/openssl/cmp.h
[INFO] [stderr]   /usr/bin/perl "-I." "-Mconfigdata" "util/dofile.pl" "-oMakefile" include/openssl/cms.h.in > include/openssl/cms.h
[INFO] [stderr]   /usr/bin/perl "-I." "-Mconfigdata" "util/dofile.pl" "-oMakefile" include/openssl/comp.h.in > include/openssl/comp.h
[INFO] [stderr]   /usr/bin/perl "-I." "-Mconfigdata" "util/dofile.pl" "-oMakefile" include/openssl/conf.h.in > include/openssl/conf.h
[INFO] [stderr]   /usr/bin/perl "-I." "-Iutil/perl" "-Mconfigdata" "-MOpenSSL::paramnames" "util/dofile.pl" "-oMakefile" include/openssl/core_names.h.in > include/openssl/core_names.h
[INFO] [stderr]   /usr/bin/perl "-I." "-Mconfigdata" "util/dofile.pl" "-oMakefile" include/openssl/crmf.h.in > include/openssl/crmf.h
[INFO] [stderr]   /usr/bin/perl "-I." "-Mconfigdata" "util/dofile.pl" "-oMakefile" include/openssl/crypto.h.in > include/openssl/crypto.h
[INFO] [stderr]   /usr/bin/perl "-I." "-Mconfigdata" "util/dofile.pl" "-oMakefile" include/openssl/ct.h.in > include/openssl/ct.h
[INFO] [stderr]   /usr/bin/perl "-I." "-Mconfigdata" "util/dofile.pl" "-oMakefile" include/openssl/err.h.in > include/openssl/err.h
[INFO] [stderr]   /usr/bin/perl "-I." "-Mconfigdata" "util/dofile.pl" "-oMakefile" include/openssl/ess.h.in > include/openssl/ess.h
[INFO] [stderr]   /usr/bin/perl "-I." "-Mconfigdata" "util/dofile.pl" "-oMakefile" include/openssl/fipskey.h.in > include/openssl/fipskey.h
[INFO] [stderr]   /usr/bin/perl "-I." "-Mconfigdata" "util/dofile.pl" "-oMakefile" include/openssl/lhash.h.in > include/openssl/lhash.h
[INFO] [stderr]   /usr/bin/perl "-I." "-Mconfigdata" "util/dofile.pl" "-oMakefile" include/openssl/ocsp.h.in > include/openssl/ocsp.h
[INFO] [stderr]   /usr/bin/perl "-I." "-Mconfigdata" "util/dofile.pl" "-oMakefile" include/openssl/opensslv.h.in > include/openssl/opensslv.h
[INFO] [stderr]   /usr/bin/perl "-I." "-Mconfigdata" "util/dofile.pl" "-oMakefile" include/openssl/pkcs12.h.in > include/openssl/pkcs12.h
[INFO] [stderr]   /usr/bin/perl "-I." "-Mconfigdata" "util/dofile.pl" "-oMakefile" include/openssl/pkcs7.h.in > include/openssl/pkcs7.h
[INFO] [stderr]   /usr/bin/perl "-I." "-Mconfigdata" "util/dofile.pl" "-oMakefile" include/openssl/safestack.h.in > include/openssl/safestack.h
[INFO] [stderr]   /usr/bin/perl "-I." "-Mconfigdata" "util/dofile.pl" "-oMakefile" include/openssl/srp.h.in > include/openssl/srp.h
[INFO] [stderr]   /usr/bin/perl "-I." "-Mconfigdata" "util/dofile.pl" "-oMakefile" include/openssl/ssl.h.in > include/openssl/ssl.h
[INFO] [stderr]   /usr/bin/perl "-I." "-Mconfigdata" "util/dofile.pl" "-oMakefile" include/openssl/ui.h.in > include/openssl/ui.h
[INFO] [stderr]   /usr/bin/perl "-I." "-Mconfigdata" "util/dofile.pl" "-oMakefile" include/openssl/x509.h.in > include/openssl/x509.h
[INFO] [stderr]   /usr/bin/perl "-I." "-Mconfigdata" "util/dofile.pl" "-oMakefile" include/openssl/x509_acert.h.in > include/openssl/x509_acert.h
[INFO] [stderr]   /usr/bin/perl "-I." "-Mconfigdata" "util/dofile.pl" "-oMakefile" include/openssl/x509_vfy.h.in > include/openssl/x509_vfy.h
[INFO] [stderr]   /usr/bin/perl "-I." "-Mconfigdata" "util/dofile.pl" "-oMakefile" include/openssl/x509v3.h.in > include/openssl/x509v3.h
[INFO] [stderr]   /usr/bin/perl "-I." "-Mconfigdata" "-Mbuilddata" "util/dofile.pl" "-oMakefile" exporters/pkg-config/libcrypto.pc.in > libcrypto.pc
[INFO] [stderr]   /usr/bin/perl "-I." "-Mconfigdata" "-Mbuilddata" "util/dofile.pl" "-oMakefile" exporters/pkg-config/libssl.pc.in > libssl.pc
[INFO] [stderr]   /usr/bin/perl "-I." "-Mconfigdata" "-Mbuilddata" "util/dofile.pl" "-oMakefile" exporters/cmake/OpenSSLConfig.cmake.in > OpenSSLConfig.cmake
[INFO] [stderr]   /usr/bin/perl "-I." "-Mconfigdata" "-Minstalldata" "util/dofile.pl" "-oMakefile" exporters/cmake/OpenSSLConfig.cmake.in > exporters/OpenSSLConfig.cmake
[INFO] [stderr]   /usr/bin/perl "-I." "-Mconfigdata" "-Minstalldata" "util/dofile.pl" "-oMakefile" exporters/pkg-config/libcrypto.pc.in > exporters/libcrypto.pc
[INFO] [stderr]   /usr/bin/perl "-I." "-Mconfigdata" "-Minstalldata" "util/dofile.pl" "-oMakefile" exporters/pkg-config/libssl.pc.in > exporters/libssl.pc
[INFO] [stderr]   /usr/bin/perl "-I." "-Mconfigdata" "-Mconfigdata" "-Minstalldata" "util/dofile.pl" "-oMakefile" exporters/cmake/OpenSSLConfigVersion.cmake.in > exporters/OpenSSLConfigVersion.cmake
[INFO] [stderr]   /usr/bin/perl "-I." "-Mconfigdata" "-Mconfigdata" "-Mconfigdata" "-Minstalldata" "util/dofile.pl" "-oMakefile" exporters/pkg-config/openssl.pc.in > exporters/openssl.pc
[INFO] [stderr]   /usr/bin/perl "-I." "-Mconfigdata" "-Mconfigdata" "-Mbuilddata" "util/dofile.pl" "-oMakefile" exporters/cmake/OpenSSLConfigVersion.cmake.in > OpenSSLConfigVersion.cmake
[INFO] [stderr]   /usr/bin/perl "-I." "-Mconfigdata" "-Mbuilddata" "-Mbuilddata" "-Mbuilddata" "util/dofile.pl" "-oMakefile" exporters/pkg-config/openssl.pc.in > openssl.pc
[INFO] [stderr]   "make" depend && "make" _build_libs
[INFO] [stderr]   make[1]: Entering directory '/opt/rustwide/target/release/build/openssl-sys/f1767532ee1abec3/out/openssl-build/build/src'
[INFO] [stderr]   make[1]: Leaving directory '/opt/rustwide/target/release/build/openssl-sys/f1767532ee1abec3/out/openssl-build/build/src'
[INFO] [stderr]   make[1]: Entering directory '/opt/rustwide/target/release/build/openssl-sys/f1767532ee1abec3/out/openssl-build/build/src'
[INFO] [stderr]   cc  -I. -Iinclude -Iapps/include  -fPIC -pthread -m64 -Wa,--noexecstack -Wall -O3 -O2 -ffunction-sections -fdata-sections -fPIC -m64 -DOPENSSL_USE_NODELETE -DL_ENDIAN -DOPENSSL_PIC -DOPENSSLDIR="\"/usr/local/ssl\"" -DENGINESDIR="\"/opt/rustwide/target/release/build/openssl-sys/f1767532ee1abec3/out/openssl-build/install/lib/engines-3\"" -DMODULESDIR="\"/opt/rustwide/target/release/build/openssl-sys/f1767532ee1abec3/out/openssl-build/install/lib/ossl-modules\"" -DOPENSSL_BUILDING_OPENSSL -DNDEBUG  -MMD -MF apps/lib/libapps-lib-app_libctx.d.tmp -c -o apps/lib/libapps-lib-app_libctx.o apps/lib/app_libctx.c
[INFO] [stderr]   cc  -I. -Iinclude -Iapps/include  -fPIC -pthread -m64 -Wa,--noexecstack -Wall -O3 -O2 -ffunction-sections -fdata-sections -fPIC -m64 -DOPENSSL_USE_NODELETE -DL_ENDIAN -DOPENSSL_PIC -DOPENSSLDIR="\"/usr/local/ssl\"" -DENGINESDIR="\"/opt/rustwide/target/release/build/openssl-sys/f1767532ee1abec3/out/openssl-build/install/lib/engines-3\"" -DMODULESDIR="\"/opt/rustwide/target/release/build/openssl-sys/f1767532ee1abec3/out/openssl-build/install/lib/ossl-modules\"" -DOPENSSL_BUILDING_OPENSSL -DNDEBUG  -MMD -MF apps/lib/libapps-lib-app_params.d.tmp -c -o apps/lib/libapps-lib-app_params.o apps/lib/app_params.c
[INFO] [stderr]   cc  -I. -Iinclude -Iapps/include  -fPIC -pthread -m64 -Wa,--noexecstack -Wall -O3 -O2 -ffunction-sections -fdata-sections -fPIC -m64 -DOPENSSL_USE_NODELETE -DL_ENDIAN -DOPENSSL_PIC -DOPENSSLDIR="\"/usr/local/ssl\"" -DENGINESDIR="\"/opt/rustwide/target/release/build/openssl-sys/f1767532ee1abec3/out/openssl-build/install/lib/engines-3\"" -DMODULESDIR="\"/opt/rustwide/target/release/build/openssl-sys/f1767532ee1abec3/out/openssl-build/install/lib/ossl-modules\"" -DOPENSSL_BUILDING_OPENSSL -DNDEBUG  -MMD -MF apps/lib/libapps-lib-app_provider.d.tmp -c -o apps/lib/libapps-lib-app_provider.o apps/lib/app_provider.c
[INFO] [stderr]   cc  -I. -Iinclude -Iapps/include  -fPIC -pthread -m64 -Wa,--noexecstack -Wall -O3 -O2 -ffunction-sections -fdata-sections -fPIC -m64 -DOPENSSL_USE_NODELETE -DL_ENDIAN -DOPENSSL_PIC -DOPENSSLDIR="\"/usr/local/ssl\"" -DENGINESDIR="\"/opt/rustwide/target/release/build/openssl-sys/f1767532ee1abec3/out/openssl-build/install/lib/engines-3\"" -DMODULESDIR="\"/opt/rustwide/target/release/build/openssl-sys/f1767532ee1abec3/out/openssl-build/install/lib/ossl-modules\"" -DOPENSSL_BUILDING_OPENSSL -DNDEBUG  -MMD -MF apps/lib/libapps-lib-app_rand.d.tmp -c -o apps/lib/libapps-lib-app_rand.o apps/lib/app_rand.c
[INFO] [stderr]   cc  -I. -Iinclude -Iapps/include  -fPIC -pthread -m64 -Wa,--noexecstack -Wall -O3 -O2 -ffunction-sections -fdata-sections -fPIC -m64 -DOPENSSL_USE_NODELETE -DL_ENDIAN -DOPENSSL_PIC -DOPENSSLDIR="\"/usr/local/ssl\"" -DENGINESDIR="\"/opt/rustwide/target/release/build/openssl-sys/f1767532ee1abec3/out/openssl-build/install/lib/engines-3\"" -DMODULESDIR="\"/opt/rustwide/target/release/build/openssl-sys/f1767532ee1abec3/out/openssl-build/install/lib/ossl-modules\"" -DOPENSSL_BUILDING_OPENSSL -DNDEBUG  -MMD -MF apps/lib/libapps-lib-app_x509.d.tmp -c -o apps/lib/libapps-lib-app_x509.o apps/lib/app_x509.c
[INFO] [stderr]   cc  -I. -Iinclude -Iapps/include  -fPIC -pthread -m64 -Wa,--noexecstack -Wall -O3 -O2 -ffunction-sections -fdata-sections -fPIC -m64 -DOPENSSL_USE_NODELETE -DL_ENDIAN -DOPENSSL_PIC -DOPENSSLDIR="\"/usr/local/ssl\"" -DENGINESDIR="\"/opt/rustwide/target/release/build/openssl-sys/f1767532ee1abec3/out/openssl-build/install/lib/engines-3\"" -DMODULESDIR="\"/opt/rustwide/target/release/build/openssl-sys/f1767532ee1abec3/out/openssl-build/install/lib/ossl-modules\"" -DOPENSSL_BUILDING_OPENSSL -DNDEBUG  -MMD -MF apps/lib/libapps-lib-apps.d.tmp -c -o apps/lib/libapps-lib-apps.o apps/lib/apps.c
[INFO] [stderr]   cc  -I. -Iinclude -Iapps/include  -fPIC -pthread -m64 -Wa,--noexecstack -Wall -O3 -O2 -ffunction-sections -fdata-sections -fPIC -m64 -DOPENSSL_USE_NODELETE -DL_ENDIAN -DOPENSSL_PIC -DOPENSSLDIR="\"/usr/local/ssl\"" -DENGINESDIR="\"/opt/rustwide/target/release/build/openssl-sys/f1767532ee1abec3/out/openssl-build/install/lib/engines-3\"" -DMODULESDIR="\"/opt/rustwide/target/release/build/openssl-sys/f1767532ee1abec3/out/openssl-build/install/lib/ossl-modules\"" -DOPENSSL_BUILDING_OPENSSL -DNDEBUG  -MMD -MF apps/lib/libapps-lib-apps_opt_printf.d.tmp -c -o apps/lib/libapps-lib-apps_opt_printf.o apps/lib/apps_opt_printf.c
[INFO] [stderr]   cc  -I. -Iinclude -Iapps/include  -fPIC -pthread -m64 -Wa,--noexecstack -Wall -O3 -O2 -ffunction-sections -fdata-sections -fPIC -m64 -DOPENSSL_USE_NODELETE -DL_ENDIAN -DOPENSSL_PIC -DOPENSSLDIR="\"/usr/local/ssl\"" -DENGINESDIR="\"/opt/rustwide/target/release/build/openssl-sys/f1767532ee1abec3/out/openssl-build/install/lib/engines-3\"" -DMODULESDIR="\"/opt/rustwide/target/release/build/openssl-sys/f1767532ee1abec3/out/openssl-build/install/lib/ossl-modules\"" -DOPENSSL_BUILDING_OPENSSL -DNDEBUG  -MMD -MF apps/lib/libapps-lib-apps_ui.d.tmp -c -o apps/lib/libapps-lib-apps_ui.o apps/lib/apps_ui.c
[INFO] [stderr]   cc  -I. -Iinclude -Iapps/include  -fPIC -pthread -m64 -Wa,--noexecstack -Wall -O3 -O2 -ffunction-sections -fdata-sections -fPIC -m64 -DOPENSSL_USE_NODELETE -DL_ENDIAN -DOPENSSL_PIC -DOPENSSLDIR="\"/usr/local/ssl\"" -DENGINESDIR="\"/opt/rustwide/target/release/build/openssl-sys/f1767532ee1abec3/out/openssl-build/install/lib/engines-3\"" -DMODULESDIR="\"/opt/rustwide/target/release/build/openssl-sys/f1767532ee1abec3/out/openssl-build/install/lib/ossl-modules\"" -DOPENSSL_BUILDING_OPENSSL -DNDEBUG  -MMD -MF apps/lib/libapps-lib-columns.d.tmp -c -o apps/lib/libapps-lib-columns.o apps/lib/columns.c
[INFO] [stderr]   cc  -I. -Iinclude -Iapps/include  -fPIC -pthread -m64 -Wa,--noexecstack -Wall -O3 -O2 -ffunction-sections -fdata-sections -fPIC -m64 -DOPENSSL_USE_NODELETE -DL_ENDIAN -DOPENSSL_PIC -DOPENSSLDIR="\"/usr/local/ssl\"" -DENGINESDIR="\"/opt/rustwide/target/release/build/openssl-sys/f1767532ee1abec3/out/openssl-build/install/lib/engines-3\"" -DMODULESDIR="\"/opt/rustwide/target/release/build/openssl-sys/f1767532ee1abec3/out/openssl-build/install/lib/ossl-modules\"" -DOPENSSL_BUILDING_OPENSSL -DNDEBUG  -MMD -MF apps/lib/libapps-lib-engine.d.tmp -c -o apps/lib/libapps-lib-engine.o apps/lib/engine.c
[INFO] [stderr]   cc  -I. -Iinclude -Iapps/include  -fPIC -pthread -m64 -Wa,--noexecstack -Wall -O3 -O2 -ffunction-sections -fdata-sections -fPIC -m64 -DOPENSSL_USE_NODELETE -DL_ENDIAN -DOPENSSL_PIC -DOPENSSLDIR="\"/usr/local/ssl\"" -DENGINESDIR="\"/opt/rustwide/target/release/build/openssl-sys/f1767532ee1abec3/out/openssl-build/install/lib/engines-3\"" -DMODULESDIR="\"/opt/rustwide/target/release/build/openssl-sys/f1767532ee1abec3/out/openssl-build/install/lib/ossl-modules\"" -DOPENSSL_BUILDING_OPENSSL -DNDEBUG  -MMD -MF apps/lib/libapps-lib-engine_loader.d.tmp -c -o apps/lib/libapps-lib-engine_loader.o apps/lib/engine_loader.c
[INFO] [stderr]   cc  -I. -Iinclude -Iapps/include  -fPIC -pthread -m64 -Wa,--noexecstack -Wall -O3 -O2 -ffunction-sections -fdata-sections -fPIC -m64 -DOPENSSL_USE_NODELETE -DL_ENDIAN -DOPENSSL_PIC -DOPENSSLDIR="\"/usr/local/ssl\"" -DENGINESDIR="\"/opt/rustwide/target/release/build/openssl-sys/f1767532ee1abec3/out/openssl-build/install/lib/engines-3\"" -DMODULESDIR="\"/opt/rustwide/target/release/build/openssl-sys/f1767532ee1abec3/out/openssl-build/install/lib/ossl-modules\"" -DOPENSSL_BUILDING_OPENSSL -DNDEBUG  -MMD -MF apps/lib/libapps-lib-fmt.d.tmp -c -o apps/lib/libapps-lib-fmt.o apps/lib/fmt.c
[INFO] [stderr]   cc  -I. -Iinclude -Iapps/include  -fPIC -pthread -m64 -Wa,--noexecstack -Wall -O3 -O2 -ffunction-sections -fdata-sections -fPIC -m64 -DOPENSSL_USE_NODELETE -DL_ENDIAN -DOPENSSL_PIC -DOPENSSLDIR="\"/usr/local/ssl\"" -DENGINESDIR="\"/opt/rustwide/target/release/build/openssl-sys/f1767532ee1abec3/out/openssl-build/install/lib/engines-3\"" -DMODULESDIR="\"/opt/rustwide/target/release/build/openssl-sys/f1767532ee1abec3/out/openssl-build/install/lib/ossl-modules\"" -DOPENSSL_BUILDING_OPENSSL -DNDEBUG  -MMD -MF apps/lib/libapps-lib-http_server.d.tmp -c -o apps/lib/libapps-lib-http_server.o apps/lib/http_server.c
[INFO] [stderr]   cc  -I. -Iinclude -Iapps/include  -fPIC -pthread -m64 -Wa,--noexecstack -Wall -O3 -O2 -ffunction-sections -fdata-sections -fPIC -m64 -DOPENSSL_USE_NODELETE -DL_ENDIAN -DOPENSSL_PIC -DOPENSSLDIR="\"/usr/local/ssl\"" -DENGINESDIR="\"/opt/rustwide/target/release/build/openssl-sys/f1767532ee1abec3/out/openssl-build/install/lib/engines-3\"" -DMODULESDIR="\"/opt/rustwide/target/release/build/openssl-sys/f1767532ee1abec3/out/openssl-build/install/lib/ossl-modules\"" -DOPENSSL_BUILDING_OPENSSL -DNDEBUG  -MMD -MF apps/lib/libapps-lib-log.d.tmp -c -o apps/lib/libapps-lib-log.o apps/lib/log.c
[INFO] [stderr]   cc  -I. -Iinclude -Iapps/include  -fPIC -pthread -m64 -Wa,--noexecstack -Wall -O3 -O2 -ffunction-sections -fdata-sections -fPIC -m64 -DOPENSSL_USE_NODELETE -DL_ENDIAN -DOPENSSL_PIC -DOPENSSLDIR="\"/usr/local/ssl\"" -DENGINESDIR="\"/opt/rustwide/target/release/build/openssl-sys/f1767532ee1abec3/out/openssl-build/install/lib/engines-3\"" -DMODULESDIR="\"/opt/rustwide/target/release/build/openssl-sys/f1767532ee1abec3/out/openssl-build/install/lib/ossl-modules\"" -DOPENSSL_BUILDING_OPENSSL -DNDEBUG  -MMD -MF apps/lib/libapps-lib-names.d.tmp -c -o apps/lib/libapps-lib-names.o apps/lib/names.c
[INFO] [stderr]   cc  -I. -Iinclude -Iapps/include  -fPIC -pthread -m64 -Wa,--noexecstack -Wall -O3 -O2 -ffunction-sections -fdata-sections -fPIC -m64 -DOPENSSL_USE_NODELETE -DL_ENDIAN -DOPENSSL_PIC -DOPENSSLDIR="\"/usr/local/ssl\"" -DENGINESDIR="\"/opt/rustwide/target/release/build/openssl-sys/f1767532ee1abec3/out/openssl-build/install/lib/engines-3\"" -DMODULESDIR="\"/opt/rustwide/target/release/build/openssl-sys/f1767532ee1abec3/out/openssl-build/install/lib/ossl-modules\"" -DOPENSSL_BUILDING_OPENSSL -DNDEBUG  -MMD -MF apps/lib/libapps-lib-opt.d.tmp -c -o apps/lib/libapps-lib-opt.o apps/lib/opt.c
[INFO] [stderr]   make[1]: Leaving directory '/opt/rustwide/target/release/build/openssl-sys/f1767532ee1abec3/out/openssl-build/build/src'
[INFO] [stderr]   cargo:warning=building OpenSSL: 'make' reported failure with exit status: 2
[INFO] [stderr]   cargo:warning=openssl-src: failed to build OpenSSL from source
[INFO] [stderr] 
[INFO] [stderr]   --- stderr
[INFO] [stderr]   DEBUG: all keys: APPLINKDIR, BINDIR, CMAKECONFIGDIR, ENGINESDIR, INCLUDEDIR, LDLIBS, LIBDIR, MODULESDIR, PKGCONFIGDIR, PREFIX, VERSION, libdir
[INFO] [stderr]   No value given for CMAKECONFIGDIR
[INFO] [stderr]   No value given for PKGCONFIGDIR
[INFO] [stderr]   No value given for libdir
[INFO] [stderr]   DEBUG: PREFIX = . => PREFIX = /opt/rustwide/target/release/build/openssl-sys/f1767532ee1abec3/out/openssl-build/build/src
[INFO] [stderr]   DEBUG: libdir = . => libdir = /opt/rustwide/target/release/build/openssl-sys/f1767532ee1abec3/out/openssl-build/build/src
[INFO] [stderr]   DEBUG: BINDIR = apps => BINDIR = /opt/rustwide/target/release/build/openssl-sys/f1767532ee1abec3/out/openssl-build/build/src/apps, BINDIR_REL_PREFIX = apps
[INFO] [stderr]   DEBUG: LIBDIR =  => LIBDIR = /opt/rustwide/target/release/build/openssl-sys/f1767532ee1abec3/out/openssl-build/build/src, LIBDIR_REL_PREFIX = 
[INFO] [stderr]   DEBUG: INCLUDEDIR = [ include, ./include ] => INCLUDEDIR = [ /opt/rustwide/target/release/build/openssl-sys/f1767532ee1abec3/out/openssl-build/build/src/include, /opt/rustwide/target/release/build/openssl-sys/f1767532ee1abec3/out/openssl-build/build/src/include ], INCLUDEDIR_REL_PREFIX = [ include, ./include ]
[INFO] [stderr]   DEBUG: APPLINKDIR = ms => APPLINKDIR = /opt/rustwide/target/release/build/openssl-sys/f1767532ee1abec3/out/openssl-build/build/src/ms, APPLINKDIR_REL_PREFIX = ms
[INFO] [stderr]   DEBUG: ENGINESDIR = engines => ENGINESDIR = /opt/rustwide/target/release/build/openssl-sys/f1767532ee1abec3/out/openssl-build/build/src/engines, ENGINESDIR_REL_LIBDIR = engines
[INFO] [stderr]   DEBUG: MODULESDIR = providers => MODULESDIR = /opt/rustwide/target/release/build/openssl-sys/f1767532ee1abec3/out/openssl-build/build/src/providers, MODULESDIR_REL_LIBDIR = providers
[INFO] [stderr]   DEBUG: PKGCONFIGDIR = . => PKGCONFIGDIR = /opt/rustwide/target/release/build/openssl-sys/f1767532ee1abec3/out/openssl-build/build/src, PKGCONFIGDIR_REL_LIBDIR = .
[INFO] [stderr]   DEBUG: CMAKECONFIGDIR = . => CMAKECONFIGDIR = /opt/rustwide/target/release/build/openssl-sys/f1767532ee1abec3/out/openssl-build/build/src, CMAKECONFIGDIR_REL_LIBDIR = .
[INFO] [stderr]   DEBUG: all keys: APPLINKDIR, BINDIR, CMAKECONFIGDIR, ENGINESDIR, INCLUDEDIR, LDLIBS, LIBDIR, MODULESDIR, PKGCONFIGDIR, PREFIX, VERSION, libdir
[INFO] [stderr]   DEBUG: PREFIX = /opt/rustwide/target/release/build/openssl-sys/f1767532ee1abec3/out/openssl-build/install => PREFIX = /opt/rustwide/target/release/build/openssl-sys/f1767532ee1abec3/out/openssl-build/install
[INFO] [stderr]   DEBUG: libdir = /opt/rustwide/target/release/build/openssl-sys/f1767532ee1abec3/out/openssl-build/install/lib => libdir = /opt/rustwide/target/release/build/openssl-sys/f1767532ee1abec3/out/openssl-build/install/lib
[INFO] [stderr]   DEBUG: BINDIR = bin => BINDIR = /opt/rustwide/target/release/build/openssl-sys/f1767532ee1abec3/out/openssl-build/install/bin, BINDIR_REL_PREFIX = bin
[INFO] [stderr]   DEBUG: LIBDIR = lib => LIBDIR = /opt/rustwide/target/release/build/openssl-sys/f1767532ee1abec3/out/openssl-build/install/lib, LIBDIR_REL_PREFIX = lib
[INFO] [stderr]   DEBUG: INCLUDEDIR = include => INCLUDEDIR = /opt/rustwide/target/release/build/openssl-sys/f1767532ee1abec3/out/openssl-build/install/include, INCLUDEDIR_REL_PREFIX = include
[INFO] [stderr]   DEBUG: APPLINKDIR = include/openssl => APPLINKDIR = /opt/rustwide/target/release/build/openssl-sys/f1767532ee1abec3/out/openssl-build/install/include/openssl, APPLINKDIR_REL_PREFIX = include/openssl
[INFO] [stderr]   DEBUG: ENGINESDIR = /opt/rustwide/target/release/build/openssl-sys/f1767532ee1abec3/out/openssl-build/install/lib/engines-3 => ENGINESDIR = /opt/rustwide/target/release/build/openssl-sys/f1767532ee1abec3/out/openssl-build/install/lib/engines-3, ENGINESDIR_REL_LIBDIR = engines-3
[INFO] [stderr]   DEBUG: MODULESDIR = /opt/rustwide/target/release/build/openssl-sys/f1767532ee1abec3/out/openssl-build/install/lib/ossl-modules => MODULESDIR = /opt/rustwide/target/release/build/openssl-sys/f1767532ee1abec3/out/openssl-build/install/lib/ossl-modules, MODULESDIR_REL_LIBDIR = ossl-modules
[INFO] [stderr]   DEBUG: PKGCONFIGDIR = /opt/rustwide/target/release/build/openssl-sys/f1767532ee1abec3/out/openssl-build/install/lib/pkgconfig => PKGCONFIGDIR = /opt/rustwide/target/release/build/openssl-sys/f1767532ee1abec3/out/openssl-build/install/lib/pkgconfig, PKGCONFIGDIR_REL_LIBDIR = pkgconfig
[INFO] [stderr]   DEBUG: CMAKECONFIGDIR = /opt/rustwide/target/release/build/openssl-sys/f1767532ee1abec3/out/openssl-build/install/lib/cmake/OpenSSL => CMAKECONFIGDIR = /opt/rustwide/target/release/build/openssl-sys/f1767532ee1abec3/out/openssl-build/install/lib/cmake/OpenSSL, CMAKECONFIGDIR_REL_LIBDIR = cmake/OpenSSL
[INFO] [stderr]   apps/lib/fmt.c:15:1: fatal error: error closing /tmp/cc8fJV2O.s: No space left on device
[INFO] [stderr]      15 | }
[INFO] [stderr]         | ^
[INFO] [stderr]   compilation terminated.
[INFO] [stderr]   make[1]: *** [Makefile:4107: apps/lib/libapps-lib-fmt.o] Error 1
[INFO] [stderr]   make[1]: *** Waiting for unfinished jobs....
[INFO] [stderr]   apps/lib/names.c:46:1: fatal error: error closing /tmp/ccrgShx8.s: No space left on device
[INFO] [stderr]      46 | }
[INFO] [stderr]         | ^
[INFO] [stderr]   compilation terminated.
[INFO] [stderr]   make[1]: *** [Makefile:4131: apps/lib/libapps-lib-names.o] Error 1
[INFO] [stderr]   apps/lib/apps_opt_printf.c:24:1: fatal error: error closing /tmp/ccrrQGm2.s: No space left on device
[INFO] [stderr]      24 | }
[INFO] [stderr]         | ^
[INFO] [stderr]   compilation terminated.
[INFO] [stderr]   make[1]: *** [Makefile:4067: apps/lib/libapps-lib-apps_opt_printf.o] Error 1
[INFO] [stderr]   apps/lib/app_libctx.c:47:1: fatal error: error closing /tmp/ccdCQ3De.s: No space left on device
[INFO] [stderr]      47 | }
[INFO] [stderr]         | ^
[INFO] [stderr]   compilation terminated.
[INFO] [stderr]   make[1]: *** [Makefile:4019: apps/lib/libapps-lib-app_libctx.o] Error 1
[INFO] [stderr]   apps/lib/app_provider.c:167:1: fatal error: error writing to /tmp/ccRE5ml5.s: No space left on device
[INFO] [stderr]     167 | }
[INFO] [stderr]         | ^
[INFO] [stderr]   compilation terminated.
[INFO] [stderr]   make[1]: *** [Makefile:4035: apps/lib/libapps-lib-app_provider.o] Error 1
[INFO] [stderr]   apps/lib/apps_ui.c:223:1: fatal error: error writing to /tmp/ccXURbDM.s: No space left on device
[INFO] [stderr]     223 | }
[INFO] [stderr]         | ^
[INFO] [stderr]   compilation terminated.
[INFO] [stderr]   apps/lib/columns.c:26:1: fatal error: error closing /tmp/ccvpjBdJ.s: No space left on device
[INFO] [stderr]      26 | }
[INFO] [stderr]         | ^
[INFO] [stderr]   compilation terminated.
[INFO] [stderr]   apps/lib/app_x509.c:137:1: fatal error: error writing to /tmp/ccj5rbDD.s: No space left on device
[INFO] [stderr]     137 | }
[INFO] [stderr]         | ^
[INFO] [stderr]   compilation terminated.
[INFO] [stderr]   apps/lib/app_params.c:131:1: fatal error: error writing to /tmp/ccCE4FUR.s: No space left on device
[INFO] [stderr]     131 | }
[INFO] [stderr]         | ^
[INFO] [stderr]   compilation terminated.
[INFO] [stderr]   apps/lib/log.c:108:1: fatal error: error writing to /tmp/ccfRFhsX.s: No space left on device
[INFO] [stderr]     108 | }
[INFO] [stderr]         | ^
[INFO] [stderr]   compilation terminated.
[INFO] [stderr]   make[1]: *** [Makefile:4075: apps/lib/libapps-lib-apps_ui.o] Error 1
[INFO] [stderr]   make[1]: *** [Makefile:4051: apps/lib/libapps-lib-app_x509.o] Error 1
[INFO] [stderr]   make[1]: *** [Makefile:4083: apps/lib/libapps-lib-columns.o] Error 1
[INFO] [stderr]   make[1]: *** [Makefile:4027: apps/lib/libapps-lib-app_params.o] Error 1
[INFO] [stderr]   make[1]: *** [Makefile:4123: apps/lib/libapps-lib-log.o] Error 1
[INFO] [stderr]   apps/lib/app_rand.c:123:1: fatal error: error writing to /tmp/ccu2FEdR.s: No space left on device
[INFO] [stderr]     123 | }
[INFO] [stderr]         | ^
[INFO] [stderr]   compilation terminated.
[INFO] [stderr]   apps/lib/engine.c:193:1: fatal error: error writing to /tmp/ccqjQMvU.s: No space left on device
[INFO] [stderr]     193 | }
[INFO] [stderr]         | ^
[INFO] [stderr]   compilation terminated.
[INFO] [stderr]   apps/lib/apps.c: In function 'app_get_pass':
[INFO] [stderr]   apps/lib/apps.c:319:17: warning: assignment discards 'const' qualifier from pointer target type [-Wdiscarded-qualifiers]
[INFO] [stderr]     319 |             tmp = strchr(arg, ':');
[INFO] [stderr]         |                 ^
[INFO] [stderr]   make[1]: *** [Makefile:4043: apps/lib/libapps-lib-app_rand.o] Error 1
[INFO] [stderr]   make[1]: *** [Makefile:4091: apps/lib/libapps-lib-engine.o] Error 1
[INFO] [stderr]   apps/lib/engine_loader.c:189:1: fatal error: error writing to /tmp/ccmlMzzU.s: No space left on device
[INFO] [stderr]     189 | }
[INFO] [stderr]         | ^
[INFO] [stderr]   compilation terminated.
[INFO] [stderr]   make[1]: *** [Makefile:4099: apps/lib/libapps-lib-engine_loader.o] Error 1
[INFO] [stderr]   apps/lib/http_server.c:546:1: fatal error: error writing to /tmp/cclG5scN.s: No space left on device
[INFO] [stderr]     546 | }
[INFO] [stderr]         | ^
[INFO] [stderr]   compilation terminated.
[INFO] [stderr]   make[1]: *** [Makefile:4115: apps/lib/libapps-lib-http_server.o] Error 1
[INFO] [stderr]   apps/lib/opt.c:1279:1: fatal error: error writing to /tmp/ccMBDRBo.s: No space left on device
[INFO] [stderr]    1279 | }
[INFO] [stderr]         | ^
[INFO] [stderr]   compilation terminated.
[INFO] [stderr]   make[1]: *** [Makefile:4139: apps/lib/libapps-lib-opt.o] Error 1
[INFO] [stderr]   apps/lib/apps.c: At top level:
[INFO] [stderr]   apps/lib/apps.c:3550:1: fatal error: error writing to /tmp/cc1kLFY7.s: No space left on device
[INFO] [stderr]    3550 | }
[INFO] [stderr]         | ^
[INFO] [stderr]   compilation terminated.
[INFO] [stderr]   make[1]: *** [Makefile:4059: apps/lib/libapps-lib-apps.o] Error 1
[INFO] [stderr]   make: *** [Makefile:2477: build_libs] Error 2
[INFO] [stderr] 
[INFO] [stderr] 
[INFO] [stderr] 
[INFO] [stderr]   Error building OpenSSL:
[INFO] [stderr]       'make' reported failure with exit status: 2
[INFO] [stderr]       Command failed: cd "/opt/rustwide/target/release/build/openssl-sys/f1767532ee1abec3/out/openssl-build/build/src" && MAKEFLAGS="-j --jobserver-fds=4,5 --jobserver-auth=4,5" "make" "build_libs"
[INFO] [stderr] 
[INFO] [stderr] 
[INFO] [stderr] 
[INFO] running `Command { std: "docker" "inspect" "84a8da76bdcf2613a07692d18a8433e6dd380c999d56d91d0a777a8c17d6333b", kill_on_drop: false }`
[INFO] running `Command { std: "docker" "rm" "-f" "84a8da76bdcf2613a07692d18a8433e6dd380c999d56d91d0a777a8c17d6333b", kill_on_drop: false }`
[INFO] [stdout] 84a8da76bdcf2613a07692d18a8433e6dd380c999d56d91d0a777a8c17d6333b
