[INFO] fetching crate deltalake 1.1.1...
[INFO] testing deltalake-1.1.1 against 1.100.0-beta.1+cargoflags=--release for beta-release-1.100-2
[INFO] extracting crate deltalake 1.1.1 into /workspace/builds/worker-4-tc2/source
[INFO] started tweaking crates.io crate deltalake 1.1.1
[INFO] removed 0 missing examples
[INFO] removed 0 missing tests
[INFO] finished tweaking crates.io crate deltalake 1.1.1
[INFO] tweaked toml for crates.io crate deltalake 1.1.1 written to /workspace/builds/worker-4-tc2/source/Cargo.toml
[INFO] validating manifest of crates.io crate deltalake 1.1.1 on toolchain 1.100.0-beta.1
[INFO] running `Command { std: CARGO_HOME="/workspace/cargo-home" RUSTUP_HOME="/workspace/rustup-home" "/workspace/cargo-home/bin/cargo" "+1.100.0-beta.1" "metadata" "--manifest-path" "Cargo.toml" "--no-deps", kill_on_drop: false }`
[INFO] crate crates.io crate deltalake 1.1.1 already has a lockfile, it will not be regenerated
[INFO] running `Command { std: CARGO_HOME="/workspace/cargo-home" RUSTUP_HOME="/workspace/rustup-home" "/workspace/cargo-home/bin/cargo" "+1.100.0-beta.1" "fetch" "--manifest-path" "Cargo.toml", kill_on_drop: false }`
[INFO] [stderr] warning: `package.homepage` is redundant with `package.repository`
[INFO] [stderr]    --> Cargo.toml:131:12
[INFO] [stderr]     |
[INFO] [stderr] 131 | homepage = "https://github.com/delta-io/delta.rs"
[INFO] [stderr]     |            ^^^^^^^^^^^^^^^^^^^^^^^^^^^^^^^^^^^^^^
[INFO] [stderr] ...
[INFO] [stderr] 136 | repository = "https://github.com/delta-io/delta.rs"
[INFO] [stderr]     |              --------------------------------------
[INFO] [stderr]     |
[INFO] [stderr]     = note: `cargo::redundant_homepage` is set to `warn` by default
[INFO] [stderr] help: consider removing `package.homepage`
[INFO] [stderr] warning: `deltalake` (manifest) generated 1 warning
[INFO] [stderr]     Blocking waiting for file lock on package cache
[ERROR] error running command: no output for 300 seconds
[INFO] testing deltalake-1.1.1 against 1.100.0-beta.1+cargoflags=--release for beta-release-1.100-2
[INFO] extracting crate deltalake 1.1.1 into /workspace/builds/worker-4-tc2/source
[INFO] started tweaking crates.io crate deltalake 1.1.1
[INFO] removed 0 missing examples
[INFO] removed 0 missing tests
[INFO] finished tweaking crates.io crate deltalake 1.1.1
[INFO] tweaked toml for crates.io crate deltalake 1.1.1 written to /workspace/builds/worker-4-tc2/source/Cargo.toml
[INFO] validating manifest of crates.io crate deltalake 1.1.1 on toolchain 1.100.0-beta.1
[INFO] running `Command { std: CARGO_HOME="/workspace/cargo-home" RUSTUP_HOME="/workspace/rustup-home" "/workspace/cargo-home/bin/cargo" "+1.100.0-beta.1" "metadata" "--manifest-path" "Cargo.toml" "--no-deps", kill_on_drop: false }`
[INFO] crate crates.io crate deltalake 1.1.1 already has a lockfile, it will not be regenerated
[INFO] running `Command { std: CARGO_HOME="/workspace/cargo-home" RUSTUP_HOME="/workspace/rustup-home" "/workspace/cargo-home/bin/cargo" "+1.100.0-beta.1" "fetch" "--manifest-path" "Cargo.toml", kill_on_drop: false }`
[INFO] [stderr] warning: `package.homepage` is redundant with `package.repository`
[INFO] [stderr]    --> Cargo.toml:131:12
[INFO] [stderr]     |
[INFO] [stderr] 131 | homepage = "https://github.com/delta-io/delta.rs"
[INFO] [stderr]     |            ^^^^^^^^^^^^^^^^^^^^^^^^^^^^^^^^^^^^^^
[INFO] [stderr] ...
[INFO] [stderr] 136 | repository = "https://github.com/delta-io/delta.rs"
[INFO] [stderr]     |              --------------------------------------
[INFO] [stderr]     |
[INFO] [stderr]     = note: `cargo::redundant_homepage` is set to `warn` by default
[INFO] [stderr] help: consider removing `package.homepage`
[INFO] [stderr] warning: `deltalake` (manifest) generated 1 warning
[INFO] [stderr]     Blocking waiting for file lock on package cache
[INFO] [stderr]     Updating crates.io index
[INFO] [stderr]     Blocking waiting for file lock on package cache
[ERROR] error running command: no output for 300 seconds
[INFO] testing deltalake-1.1.1 against 1.100.0-beta.1+cargoflags=--release for beta-release-1.100-2
[INFO] extracting crate deltalake 1.1.1 into /workspace/builds/worker-4-tc2/source
[INFO] started tweaking crates.io crate deltalake 1.1.1
[INFO] removed 0 missing examples
[INFO] removed 0 missing tests
[INFO] finished tweaking crates.io crate deltalake 1.1.1
[INFO] tweaked toml for crates.io crate deltalake 1.1.1 written to /workspace/builds/worker-4-tc2/source/Cargo.toml
[INFO] validating manifest of crates.io crate deltalake 1.1.1 on toolchain 1.100.0-beta.1
[INFO] running `Command { std: CARGO_HOME="/workspace/cargo-home" RUSTUP_HOME="/workspace/rustup-home" "/workspace/cargo-home/bin/cargo" "+1.100.0-beta.1" "metadata" "--manifest-path" "Cargo.toml" "--no-deps", kill_on_drop: false }`
[INFO] crate crates.io crate deltalake 1.1.1 already has a lockfile, it will not be regenerated
[INFO] running `Command { std: CARGO_HOME="/workspace/cargo-home" RUSTUP_HOME="/workspace/rustup-home" "/workspace/cargo-home/bin/cargo" "+1.100.0-beta.1" "fetch" "--manifest-path" "Cargo.toml", kill_on_drop: false }`
[INFO] [stderr] warning: `package.homepage` is redundant with `package.repository`
[INFO] [stderr]    --> Cargo.toml:131:12
[INFO] [stderr]     |
[INFO] [stderr] 131 | homepage = "https://github.com/delta-io/delta.rs"
[INFO] [stderr]     |            ^^^^^^^^^^^^^^^^^^^^^^^^^^^^^^^^^^^^^^
[INFO] [stderr] ...
[INFO] [stderr] 136 | repository = "https://github.com/delta-io/delta.rs"
[INFO] [stderr]     |              --------------------------------------
[INFO] [stderr]     |
[INFO] [stderr]     = note: `cargo::redundant_homepage` is set to `warn` by default
[INFO] [stderr] help: consider removing `package.homepage`
[INFO] [stderr] warning: `deltalake` (manifest) generated 1 warning
[INFO] [stderr]     Blocking waiting for file lock on package cache
[ERROR] error running command: no output for 300 seconds
[INFO] testing deltalake-1.1.1 against 1.100.0-beta.1+cargoflags=--release for beta-release-1.100-2
[INFO] extracting crate deltalake 1.1.1 into /workspace/builds/worker-4-tc2/source
[INFO] started tweaking crates.io crate deltalake 1.1.1
[INFO] removed 0 missing examples
[INFO] removed 0 missing tests
[INFO] finished tweaking crates.io crate deltalake 1.1.1
[INFO] tweaked toml for crates.io crate deltalake 1.1.1 written to /workspace/builds/worker-4-tc2/source/Cargo.toml
[INFO] validating manifest of crates.io crate deltalake 1.1.1 on toolchain 1.100.0-beta.1
[INFO] running `Command { std: CARGO_HOME="/workspace/cargo-home" RUSTUP_HOME="/workspace/rustup-home" "/workspace/cargo-home/bin/cargo" "+1.100.0-beta.1" "metadata" "--manifest-path" "Cargo.toml" "--no-deps", kill_on_drop: false }`
[INFO] crate crates.io crate deltalake 1.1.1 already has a lockfile, it will not be regenerated
[INFO] running `Command { std: CARGO_HOME="/workspace/cargo-home" RUSTUP_HOME="/workspace/rustup-home" "/workspace/cargo-home/bin/cargo" "+1.100.0-beta.1" "fetch" "--manifest-path" "Cargo.toml", kill_on_drop: false }`
[INFO] [stderr] warning: `package.homepage` is redundant with `package.repository`
[INFO] [stderr]    --> Cargo.toml:131:12
[INFO] [stderr]     |
[INFO] [stderr] 131 | homepage = "https://github.com/delta-io/delta.rs"
[INFO] [stderr]     |            ^^^^^^^^^^^^^^^^^^^^^^^^^^^^^^^^^^^^^^
[INFO] [stderr] ...
[INFO] [stderr] 136 | repository = "https://github.com/delta-io/delta.rs"
[INFO] [stderr]     |              --------------------------------------
[INFO] [stderr]     |
[INFO] [stderr]     = note: `cargo::redundant_homepage` is set to `warn` by default
[INFO] [stderr] help: consider removing `package.homepage`
[INFO] [stderr] warning: `deltalake` (manifest) generated 1 warning
[INFO] [stderr]     Blocking waiting for file lock on package cache
[INFO] [stderr]     Blocking waiting for file lock on package cache
[INFO] [stderr]  Downloading crates ...
[INFO] [stderr]   Downloaded deltalake-opendal v1.0.0
[INFO] [stderr]   Downloaded opendal-service-webhdfs v0.56.0
[INFO] [stderr]   Downloaded reqsign-core v3.3.2
[INFO] [stderr]   Downloaded opendal v0.56.0
[INFO] [stderr]   Downloaded ssh_format_error v0.1.0
[INFO] [stderr]   Downloaded openssh-sftp-error v0.5.1
[INFO] [stderr]   Downloaded opendal-service-tos v0.56.0
[INFO] [stderr]   Downloaded tokio-io-utility v0.7.6
[INFO] [stderr]   Downloaded opendal-service-swift v0.56.0
[INFO] [stderr]   Downloaded openssh-sftp-protocol-error v0.1.1
[INFO] [stderr]   Downloaded opendal-service-webdav v0.56.0
[INFO] [stderr]   Downloaded asyncband v0.7.2
[INFO] [stderr]   Downloaded opendal-service-sftp v0.56.0
[INFO] [stderr]   Downloaded concurrent_arena v0.1.11
[INFO] [stderr]   Downloaded openssh-sftp-client v0.15.9
[INFO] [stderr]   Downloaded vec-strings v0.4.8
[INFO] [stderr]   Downloaded derive_destructure2 v0.1.3
[INFO] [stderr]   Downloaded awaitable v0.4.0
[INFO] [stderr]   Downloaded fastpool v1.1.2
[INFO] [stderr]   Downloaded reqsign-file-read-tokio v3.0.7
[INFO] [stderr]   Downloaded ssh_format v0.14.2
[INFO] [stderr]   Downloaded awaitable-error v0.1.0
[INFO] [stderr]   Downloaded openssh-sftp-protocol v0.24.2
[INFO] [stderr]   Downloaded num-derive v0.5.1
[INFO] [stderr]   Downloaded openssh-sftp-client-lowlevel v0.7.2
[INFO] [stderr]   Downloaded opendal-service-oss v0.56.0
[INFO] [stderr]   Downloaded opendal-service-obs v0.56.0
[INFO] [stderr]   Downloaded reqsign-huaweicloud-obs v3.0.7
[INFO] [stderr]   Downloaded thin-vec v0.2.20
[INFO] [stderr]   Downloaded opendal-service-s3 v0.56.0
[INFO] [stderr]   Downloaded openssh v0.11.6
[INFO] [stderr]   Downloaded reqsign-aws-core v3.2.0
[INFO] [stderr]   Downloaded opendal-service-hf v0.56.0
[INFO] [stderr]   Downloaded reqsign-aws-v4 v3.3.1
[INFO] [stderr]   Downloaded reqsign-aliyun-oss v3.2.0
[INFO] [stderr]   Downloaded opendal-core v0.56.0
[INFO] [stderr]   Downloaded asyncband v0.6.7
[INFO] [stderr]   Downloaded gearhash v0.1.4
[INFO] [stderr]   Downloaded opendal-service-gcs v0.56.0
[INFO] [stderr]   Downloaded lazy-regex-proc_macros v3.6.1
[INFO] [stderr]   Downloaded opendal-service-ftp v0.56.0
[INFO] [stderr]   Downloaded reqsign-google v3.2.0
[INFO] [stderr]   Downloaded lazy-regex v3.6.1
[INFO] [stderr]   Downloaded opendal-service-fs v0.56.0
[INFO] [stderr]   Downloaded opendal-service-b2 v0.56.0
[INFO] [stderr]   Downloaded opendal-service-cos v0.56.0
[INFO] [stderr]   Downloaded opendal-service-azblob v0.56.0
[INFO] [stderr]   Downloaded reqsign-tencent-cos v3.0.7
[INFO] [stderr]   Downloaded opendal-service-azdls v0.56.0
[INFO] [stderr]   Downloaded opendal-service-azure-common v0.56.0
[INFO] [stderr]   Downloaded object_store_opendal v0.56.0
[INFO] [stderr]   Downloaded reqsign-azure-storage v3.3.0
[INFO] [stderr]   Downloaded roaring v0.11.5
[INFO] [stderr]   Downloaded percent-encoding-rfc3986 v0.1.3
[INFO] [stderr]   Downloaded deltalake-derive v1.0.0
[INFO] [stderr]   Downloaded arrow-pyarrow v59.3.0
[INFO] [stderr]   Downloaded convert_case v0.9.0
[INFO] [stderr]   Downloaded arrow-row v59.3.0
[INFO] [stderr]   Downloaded arrow-string v59.3.0
[INFO] [stderr]   Downloaded datafusion-proto-common v55.1.0
[INFO] [stderr]   Downloaded datafusion-proto v55.1.0
[INFO] [stderr]   Downloaded datafusion-proto-models v55.1.0
[INFO] [stderr]   Downloaded arrow v59.3.0
[INFO] [stderr]   Downloaded datafusion-common v55.1.0
[INFO] [stderr]   Downloaded deltalake-core v1.1.1
[INFO] [stderr]   Downloaded datafusion-physical-expr-common v55.1.0
[INFO] [stderr]   Downloaded datafusion-macros v55.1.0
[INFO] [stderr]   Downloaded datafusion-common-runtime v55.1.0
[INFO] [stderr]   Downloaded datafusion-doc v55.1.0
[INFO] [stderr]   Downloaded datafusion-functions-window-common v55.1.0
[INFO] [stderr]   Downloaded datafusion-functions-table v55.1.0
[INFO] [stderr]   Downloaded datafusion-physical-expr-adapter v55.1.0
[INFO] [stderr]   Downloaded liblzma v0.4.8
[INFO] [stderr]   Downloaded datafusion-session v55.1.0
[INFO] [stderr]   Downloaded datafusion-datasource-csv v55.1.0
[INFO] [stderr]   Downloaded datafusion-functions-aggregate-common v55.1.0
[INFO] [stderr]   Downloaded datafusion-catalog v55.1.0
[INFO] [stderr]   Downloaded datafusion-datasource-json v55.1.0
[INFO] [stderr]   Downloaded arrow-csv v59.3.0
[INFO] [stderr]   Downloaded datafusion-pruning v55.1.0
[INFO] [stderr]   Downloaded datafusion-datasource-arrow v55.1.0
[INFO] [stderr]   Downloaded arrow-json v59.3.0
[INFO] [stderr]   Downloaded datafusion-execution v55.1.0
[INFO] [stderr]   Downloaded datafusion-expr-common v55.1.0
[INFO] [stderr]   Downloaded datafusion-datasource v55.1.0
[INFO] [stderr]   Downloaded datafusion-datasource-parquet v55.1.0
[INFO] [stderr]   Downloaded datafusion-expr v55.1.0
[INFO] [stderr]   Downloaded datafusion-physical-expr v55.1.0
[INFO] [stderr]   Downloaded datafusion-functions v55.1.0
[INFO] [stderr]   Downloaded datafusion-physical-plan v55.1.0
[INFO] [stderr]   Downloaded g2poly v1.2.2
[INFO] [stderr]   Downloaded dns-lookup v3.0.1
[INFO] [stderr]   Downloaded g2gen v1.2.2
[INFO] [stderr]   Downloaded g2p v1.2.2
[INFO] [stderr]   Downloaded hdfs-native-object-store v0.16.0
[INFO] [stderr]   Downloaded reqwest-retry v0.9.1
[INFO] [stderr]   Downloaded deltalake-lakefs v1.0.0
[INFO] [stderr]   Downloaded deltalake-hdfs v1.0.0
[INFO] [stderr]   Downloaded buoyant_kernel_derive v1.2.0
[INFO] [stderr]   Downloaded datafusion-functions-window v55.1.0
[INFO] [stderr]   Downloaded deltalake-gcp v1.0.0
[INFO] [stderr]   Downloaded deltalake-catalog-unity v1.0.0
[INFO] [stderr]   Downloaded deltalake-aws v1.0.0
[INFO] [stderr]   Downloaded datafusion-catalog-listing v55.1.0
[INFO] [stderr]   Downloaded aws-smithy-runtime-api v1.18.0
[INFO] [stderr]   Downloaded datafusion-physical-optimizer v55.1.0
[INFO] [stderr]   Downloaded link-section v0.2.1
[INFO] [stderr]   Downloaded dtor-proc-macro v0.0.13
[INFO] [stderr]   Downloaded ctor-proc-macro v0.0.13
[INFO] [stderr]   Downloaded datafusion-functions-nested v55.1.0
[INFO] [stderr]   Downloaded buoyant_kernel_engine v0.28.0
[INFO] [stderr]   Downloaded deltalake-catalog-glue v1.0.0
[INFO] [stderr]   Downloaded deltalake-azure v1.0.0
[INFO] [stderr]   Downloaded hdfs-native v0.13.5
[INFO] [stderr]   Downloaded datafusion-functions-aggregate v55.1.0
[INFO] [stderr]   Downloaded aws-smithy-runtime v1.15.0
[INFO] [stderr]   Downloaded aws-smithy-http-client v1.4.2
[INFO] [stderr]   Downloaded aws-sdk-sso v1.113.0
[INFO] [stderr]   Downloaded aws-sdk-ssooidc v1.115.0
[INFO] [stderr]   Downloaded aws-sdk-sts v1.118.0
[INFO] [stderr]   Downloaded datafusion-sql v55.1.0
[INFO] [stderr]   Downloaded datafusion-optimizer v55.1.0
[INFO] [stderr]   Downloaded datafusion v55.1.0
[INFO] [stderr]   Downloaded liblzma-sys v0.4.9
[INFO] [stderr]   Downloaded buoyant_kernel v0.28.1
[INFO] [stderr]   Downloaded aws-sdk-glue v1.169.0
[INFO] running `Command { std: "docker" "create" "-v" "/var/lib/crater-agent-workspace/builds/worker-4-tc2/source:/opt/rustwide/workdir:ro,Z" "-v" "/var/lib/crater-agent-workspace/builds/worker-4-tc2/target:/opt/rustwide/target:rw,Z" "-v" "/var/lib/crater-agent-workspace/cargo-home:/opt/rustwide/cargo-home:ro,Z" "-v" "/var/lib/crater-agent-workspace/rustup-home:/opt/rustwide/rustup-home:ro,Z" "-m" "1610612736" "--network" "none" "ghcr.io/rust-lang/crates-build-env/linux@sha256:77db811e55d90add9212f6832c23229e3de5f1c1f9905e8cb07319ea15df73ac" "sleep" "infinity", kill_on_drop: false }`
[INFO] [stdout] 824bfea8f4376449cb92c6bd0425fd5fc20fd6d3cdc3c21c08fb79b4631621bd
[INFO] running `Command { std: "docker" "start" "824bfea8f4376449cb92c6bd0425fd5fc20fd6d3cdc3c21c08fb79b4631621bd", kill_on_drop: false }`
[INFO] running `Command { std: "docker" "inspect" "824bfea8f4376449cb92c6bd0425fd5fc20fd6d3cdc3c21c08fb79b4631621bd", kill_on_drop: false }`
[INFO] running `Command { std: "docker" "exec" "-e" "SOURCE_DIR=/opt/rustwide/workdir" "-e" "CARGO_HOME=/opt/rustwide/cargo-home" "-e" "RUSTUP_HOME=/opt/rustwide/rustup-home" "-e" "CARGO_TARGET_DIR=/opt/rustwide/target" "-w" "/opt/rustwide/workdir" "--user" "0:0" "824bfea8f4376449cb92c6bd0425fd5fc20fd6d3cdc3c21c08fb79b4631621bd" "/opt/rustwide/cargo-home/bin/cargo" "+1.100.0-beta.1" "metadata" "--no-deps" "--format-version=1", kill_on_drop: false }`
[INFO] running `Command { std: "docker" "inspect" "824bfea8f4376449cb92c6bd0425fd5fc20fd6d3cdc3c21c08fb79b4631621bd", kill_on_drop: false }`
[INFO] running `Command { std: "docker" "exec" "-e" "SOURCE_DIR=/opt/rustwide/workdir" "-e" "CARGO_HOME=/opt/rustwide/cargo-home" "-e" "RUSTUP_HOME=/opt/rustwide/rustup-home" "-e" "CARGO_TARGET_DIR=/opt/rustwide/target" "-e" "CARGO_INCREMENTAL=0" "-e" "RUST_BACKTRACE=full" "-e" "RUSTFLAGS=--cap-lints=warn" "-e" "RUSTDOCFLAGS=--cap-lints=warn" "-w" "/opt/rustwide/workdir" "--user" "0:0" "824bfea8f4376449cb92c6bd0425fd5fc20fd6d3cdc3c21c08fb79b4631621bd" "/opt/rustwide/cargo-home/bin/cargo" "+1.100.0-beta.1" "build" "--frozen" "--message-format=json" "--release", kill_on_drop: false }`
[INFO] [stderr] warning: `package.homepage` is redundant with `package.repository`
[INFO] [stderr]    --> Cargo.toml:131:12
[INFO] [stderr]     |
[INFO] [stderr] 131 | homepage = "https://github.com/delta-io/delta.rs"
[INFO] [stderr]     |            ^^^^^^^^^^^^^^^^^^^^^^^^^^^^^^^^^^^^^^
[INFO] [stderr] ...
[INFO] [stderr] 136 | repository = "https://github.com/delta-io/delta.rs"
[INFO] [stderr]     |              --------------------------------------
[INFO] [stderr]     |
[INFO] [stderr]     = note: `cargo::redundant_homepage` is set to `warn` by default
[INFO] [stderr] help: consider removing `package.homepage`
[INFO] [stderr] warning: `deltalake` (manifest) generated 1 warning
[INFO] [stderr]    Compiling syn v3.0.6
[INFO] [stderr]    Compiling syn v2.0.119
[INFO] [stderr]    Compiling libc v0.2.189
[INFO] [stderr]    Compiling serde_core v1.0.229
[INFO] [stderr]    Compiling serde v1.0.229
[INFO] [stderr]    Compiling smallvec v1.16.2
[INFO] [stderr]    Compiling num-traits v0.2.19
[INFO] [stderr]    Compiling zerocopy v0.8.59
[INFO] [stderr]    Compiling fs_extra v1.3.0
[INFO] [stderr]    Compiling dunce v1.0.5
[INFO] [stderr]    Compiling ahash v0.8.12
[INFO] [stderr]    Compiling getrandom v0.3.4
[INFO] [stderr]    Compiling phf_shared v0.12.1
[INFO] [stderr]    Compiling chrono-tz v0.10.4
[INFO] [stderr]    Compiling mio v1.2.3
[INFO] [stderr]    Compiling aws-lc-rs v1.18.1
[INFO] [stderr]    Compiling indexmap v2.14.2
[INFO] [stderr]    Compiling phf v0.12.1
[INFO] [stderr]    Compiling getrandom v0.2.17
[INFO] [stderr]    Compiling base64 v0.23.1
[INFO] [stderr]    Compiling lexical-util v1.0.7
[INFO] [stderr]    Compiling rustls v0.23.45
[INFO] [stderr]    Compiling parking_lot_core v0.9.12
[INFO] [stderr]    Compiling object v0.39.1
[INFO] [stderr]    Compiling ipnet v2.12.2
[INFO] [stderr]    Compiling memchr v2.8.3
[INFO] [stderr]    Compiling regex-automata v0.4.18
[INFO] [stderr]    Compiling flatbuffers v25.12.19
[INFO] [stderr]    Compiling chacha20 v0.10.2
[INFO] [stderr]    Compiling getrandom v0.4.3
[INFO] [stderr]    Compiling crypto-common v0.1.7
[INFO] [stderr]    Compiling parking_lot v0.12.5
[INFO] [stderr]    Compiling digest v0.10.7
[INFO] [stderr]    Compiling lexical-parse-integer v1.0.6
[INFO] [stderr]    Compiling lexical-write-integer v1.0.6
[INFO] [stderr]    Compiling rand v0.10.3
[INFO] [stderr]    Compiling lexical-parse-float v1.0.6
[INFO] [stderr]    Compiling csv-core v0.1.13
[INFO] [stderr]    Compiling lexical-write-float v1.0.6
[INFO] [stderr]    Compiling snap v1.1.2
[INFO] [stderr]    Compiling jobserver v0.1.35
[INFO] [stderr]    Compiling itertools v0.14.0
[INFO] [stderr]    Compiling md-5 v0.10.6
[INFO] [stderr]    Compiling brotli-decompressor v5.0.3
[INFO] [stderr]    Compiling num-integer v0.1.47
[INFO] [stderr]    Compiling num-complex v0.4.6
[INFO] [stderr]    Compiling atoi v2.0.0
[INFO] [stderr]    Compiling cc v1.5.1
[INFO] [stderr]    Compiling lexical-core v1.0.6
[INFO] [stderr]    Compiling rand_core v0.9.5
[INFO] [stderr]    Compiling zlib-rs v0.6.8
[INFO] [stderr]    Compiling twox-hash v2.1.4
[INFO] [stderr]    Compiling humantime v2.4.0
[INFO] [stderr]    Compiling encoding_rs v0.8.42
[INFO] [stderr]    Compiling num-bigint v0.5.1
[INFO] [stderr]    Compiling lz4_flex v0.14.0
[INFO] [stderr]    Compiling buoyant_kernel v0.28.1
[INFO] [stderr]    Compiling tracing-log v0.2.0
[INFO] [stderr]    Compiling thread_local v1.1.10
[INFO] [stderr]    Compiling brotli v8.0.4
[INFO] [stderr]    Compiling proc-macro-error-attr2 v2.0.0
[INFO] [stderr]    Compiling bytemuck v1.25.2
[INFO] [stderr]    Compiling cmake v0.1.58
[INFO] [stderr]    Compiling seq-macro v0.3.6
[INFO] [stderr]    Compiling crossbeam-utils v0.8.23
[INFO] [stderr]    Compiling serde_json v1.0.151
[INFO] [stderr]    Compiling csv v1.4.0
[INFO] [stderr]    Compiling tracing-subscriber v0.3.23
[INFO] [stderr]    Compiling uuid v1.26.1
[INFO] [stderr] error: could not compile `syn` (lib)
[INFO] [stderr] 
[INFO] [stderr] Caused by:
[INFO] [stderr]   process didn't exit successfully: `/opt/rustwide/rustup-home/toolchains/1.100.0-beta.1-x86_64-unknown-linux-gnu/bin/rustc --crate-name syn --edition=2021 /opt/rustwide/cargo-home/registry/src/index.crates.io-1949cf8c6b5b557f/syn-2.0.119/src/lib.rs --error-format=json --json=diagnostic-rendered-ansi,artifacts,future-incompat,unused-externs-silent --crate-type lib --emit=dep-info,metadata,link -C embed-bitcode=no -C debug-assertions=off --cfg 'feature="clone-impls"' --cfg 'feature="default"' --cfg 'feature="derive"' --cfg 'feature="extra-traits"' --cfg 'feature="full"' --cfg 'feature="parsing"' --cfg 'feature="printing"' --cfg 'feature="proc-macro"' --cfg 'feature="visit-mut"' --check-cfg 'cfg(docsrs,test)' --check-cfg 'cfg(feature, values("clone-impls", "default", "derive", "extra-traits", "fold", "full", "parsing", "printing", "proc-macro", "test", "visit", "visit-mut"))' -C metadata=bb6c102289b11962 -C extra-filename=-03f401d2ab48b04d --out-dir /opt/rustwide/target/release/build/syn/03f401d2ab48b04d/out -C strip=debuginfo -L dependency=/opt/rustwide/target/release/build/proc-macro2/568395be76da8392/out -L dependency=/opt/rustwide/target/release/build/unicode-ident/252fc9bf0a40533c/out --extern proc_macro2=/opt/rustwide/target/release/build/proc-macro2/568395be76da8392/out/libproc_macro2-568395be76da8392.rmeta --extern quote=/opt/rustwide/target/release/build/quote/8c6c51122be409c2/out/libquote-8c6c51122be409c2.rmeta --extern unicode_ident=/opt/rustwide/target/release/build/unicode-ident/252fc9bf0a40533c/out/libunicode_ident-252fc9bf0a40533c.rmeta --cap-lints allow --cap-lints=warn --force-warn=unused_crate_dependencies` (signal: 9, SIGKILL: kill)
[INFO] [stderr] warning: build failed, waiting for other jobs to finish...
[INFO] [stderr] error: could not compile `syn` (lib)
[INFO] [stderr] 
[INFO] [stderr] Caused by:
[INFO] [stderr]   process didn't exit successfully: `/opt/rustwide/rustup-home/toolchains/1.100.0-beta.1-x86_64-unknown-linux-gnu/bin/rustc --crate-name syn --edition=2021 /opt/rustwide/cargo-home/registry/src/index.crates.io-1949cf8c6b5b557f/syn-3.0.6/src/lib.rs --error-format=json --json=diagnostic-rendered-ansi,artifacts,future-incompat,unused-externs-silent --crate-type lib --emit=dep-info,metadata,link -C embed-bitcode=no -C debug-assertions=off --cfg 'feature="clone-impls"' --cfg 'feature="default"' --cfg 'feature="derive"' --cfg 'feature="extra-traits"' --cfg 'feature="fold"' --cfg 'feature="full"' --cfg 'feature="parsing"' --cfg 'feature="printing"' --cfg 'feature="proc-macro"' --cfg 'feature="visit"' --cfg 'feature="visit-mut"' --check-cfg 'cfg(docsrs,test)' --check-cfg 'cfg(feature, values("clone-impls", "default", "derive", "extra-traits", "fold", "full", "parsing", "printing", "proc-macro", "test", "visit", "visit-mut"))' -C metadata=384ed2b61f49a7a6 -C extra-filename=-8ec0089c1ed6755c --out-dir /opt/rustwide/target/release/build/syn/8ec0089c1ed6755c/out -C strip=debuginfo -L dependency=/opt/rustwide/target/release/build/proc-macro2/568395be76da8392/out -L dependency=/opt/rustwide/target/release/build/unicode-ident/252fc9bf0a40533c/out --extern proc_macro2=/opt/rustwide/target/release/build/proc-macro2/568395be76da8392/out/libproc_macro2-568395be76da8392.rmeta --extern quote=/opt/rustwide/target/release/build/quote/8c6c51122be409c2/out/libquote-8c6c51122be409c2.rmeta --extern unicode_ident=/opt/rustwide/target/release/build/unicode-ident/252fc9bf0a40533c/out/libunicode_ident-252fc9bf0a40533c.rmeta --cap-lints allow --cap-lints=warn --force-warn=unused_crate_dependencies` (signal: 9, SIGKILL: kill)
[INFO] running `Command { std: "docker" "inspect" "824bfea8f4376449cb92c6bd0425fd5fc20fd6d3cdc3c21c08fb79b4631621bd", kill_on_drop: false }`
[INFO] running `Command { std: "docker" "rm" "-f" "824bfea8f4376449cb92c6bd0425fd5fc20fd6d3cdc3c21c08fb79b4631621bd", kill_on_drop: false }`
[INFO] [stdout] 824bfea8f4376449cb92c6bd0425fd5fc20fd6d3cdc3c21c08fb79b4631621bd
