[INFO] fetching crate degenbot-rpc 0.6.0-alpha.14...
[INFO] testing degenbot-rpc-0.6.0-alpha.14 against 1.100.0-beta.1+cargoflags=--release for beta-release-1.100-2
[INFO] extracting crate degenbot-rpc 0.6.0-alpha.14 into /workspace/builds/worker-2-tc2/source
[INFO] started tweaking crates.io crate degenbot-rpc 0.6.0-alpha.14
[INFO] removed 0 missing tests
[INFO] finished tweaking crates.io crate degenbot-rpc 0.6.0-alpha.14
[INFO] tweaked toml for crates.io crate degenbot-rpc 0.6.0-alpha.14 written to /workspace/builds/worker-2-tc2/source/Cargo.toml
[INFO] validating manifest of crates.io crate degenbot-rpc 0.6.0-alpha.14 on toolchain 1.100.0-beta.1
[INFO] running `Command { std: CARGO_HOME="/workspace/cargo-home" RUSTUP_HOME="/workspace/rustup-home" "/workspace/cargo-home/bin/cargo" "+1.100.0-beta.1" "metadata" "--manifest-path" "Cargo.toml" "--no-deps", kill_on_drop: false }`
[INFO] crate crates.io crate degenbot-rpc 0.6.0-alpha.14 already has a lockfile, it will not be regenerated
[INFO] running `Command { std: CARGO_HOME="/workspace/cargo-home" RUSTUP_HOME="/workspace/rustup-home" "/workspace/cargo-home/bin/cargo" "+1.100.0-beta.1" "fetch" "--manifest-path" "Cargo.toml", kill_on_drop: false }`
[INFO] running `Command { std: "docker" "create" "-v" "/var/lib/crater-agent-workspace/builds/worker-2-tc2/source:/opt/rustwide/workdir:ro,Z" "-v" "/var/lib/crater-agent-workspace/builds/worker-2-tc2/target:/opt/rustwide/target:rw,Z" "-v" "/var/lib/crater-agent-workspace/cargo-home:/opt/rustwide/cargo-home:ro,Z" "-v" "/var/lib/crater-agent-workspace/rustup-home:/opt/rustwide/rustup-home:ro,Z" "-m" "1610612736" "--network" "none" "ghcr.io/rust-lang/crates-build-env/linux@sha256:77db811e55d90add9212f6832c23229e3de5f1c1f9905e8cb07319ea15df73ac" "sleep" "infinity", kill_on_drop: false }`
[INFO] [stdout] 2a3495037a0280388b7dc21b7020af9b0535479bbac7027425cc470caac7cbff
[INFO] running `Command { std: "docker" "start" "2a3495037a0280388b7dc21b7020af9b0535479bbac7027425cc470caac7cbff", kill_on_drop: false }`
[INFO] running `Command { std: "docker" "inspect" "2a3495037a0280388b7dc21b7020af9b0535479bbac7027425cc470caac7cbff", kill_on_drop: false }`
[INFO] running `Command { std: "docker" "exec" "-e" "SOURCE_DIR=/opt/rustwide/workdir" "-e" "CARGO_HOME=/opt/rustwide/cargo-home" "-e" "RUSTUP_HOME=/opt/rustwide/rustup-home" "-e" "CARGO_TARGET_DIR=/opt/rustwide/target" "-w" "/opt/rustwide/workdir" "--user" "0:0" "2a3495037a0280388b7dc21b7020af9b0535479bbac7027425cc470caac7cbff" "/opt/rustwide/cargo-home/bin/cargo" "+1.100.0-beta.1" "metadata" "--no-deps" "--format-version=1", kill_on_drop: false }`
[INFO] running `Command { std: "docker" "inspect" "2a3495037a0280388b7dc21b7020af9b0535479bbac7027425cc470caac7cbff", kill_on_drop: false }`
[INFO] running `Command { std: "docker" "exec" "-e" "SOURCE_DIR=/opt/rustwide/workdir" "-e" "CARGO_HOME=/opt/rustwide/cargo-home" "-e" "RUSTUP_HOME=/opt/rustwide/rustup-home" "-e" "CARGO_TARGET_DIR=/opt/rustwide/target" "-e" "CARGO_INCREMENTAL=0" "-e" "RUST_BACKTRACE=full" "-e" "RUSTFLAGS=--cap-lints=warn" "-e" "RUSTDOCFLAGS=--cap-lints=warn" "-w" "/opt/rustwide/workdir" "--user" "0:0" "2a3495037a0280388b7dc21b7020af9b0535479bbac7027425cc470caac7cbff" "/opt/rustwide/cargo-home/bin/cargo" "+1.100.0-beta.1" "build" "--frozen" "--message-format=json" "--release", kill_on_drop: false }`
[INFO] [stderr]    Compiling unicode-ident v1.0.26
[INFO] [stderr]    Compiling serde_core v1.0.229
[INFO] [stderr]    Compiling libc v0.2.190
[INFO] [stderr]    Compiling serde v1.0.229
[INFO] [stderr]    Compiling subtle v2.6.1
[INFO] [stderr]    Compiling const-oid v0.9.6
[INFO] [stderr]    Compiling generic-array v0.14.9
[INFO] [stderr]    Compiling proc-macro2 v1.0.107
[INFO] [stderr]    Compiling unicode-segmentation v1.13.3
[INFO] [stderr]    Compiling foldhash v0.2.0
[INFO] [stderr]    Compiling ruint-macro v1.2.1
[INFO] [stderr]    Compiling hybrid-array v0.4.15
[INFO] [stderr]    Compiling base16ct v0.2.0
[INFO] [stderr]    Compiling arrayvec v0.7.8
[INFO] [stderr]    Compiling quote v1.0.47
[INFO] [stderr]    Compiling convert_case v0.10.0
[INFO] [stderr]    Compiling syn v3.0.6
[INFO] [stderr]    Compiling syn v2.0.119
[INFO] [stderr]    Compiling crypto-common v0.2.2
[INFO] [stderr]    Compiling block-buffer v0.12.1
[INFO] [stderr]    Compiling keccak v0.2.2
[INFO] [stderr]    Compiling typenum v1.20.1
[INFO] [stderr]    Compiling jobserver v0.1.35
[INFO] [stderr]    Compiling cc v1.6.0
[INFO] [stderr]    Compiling digest v0.11.3
[INFO] [stderr]    Compiling getrandom v0.2.17
[INFO] [stderr]    Compiling sha3 v0.11.0
[INFO] [stderr]    Compiling rand_core v0.6.4
[INFO] [stderr]    Compiling ff v0.13.1
[INFO] [stderr]    Compiling group v0.13.0
[INFO] [stderr]    Compiling zmij v1.0.23
[INFO] [stderr]    Compiling winnow v1.0.4
[INFO] [stderr]    Compiling serde_json v1.0.151
[INFO] [stderr]    Compiling hashbrown v0.17.1
[INFO] [stderr]    Compiling const-hex v1.19.3
[INFO] [stderr]    Compiling ruint v1.20.1
[INFO] [stderr]    Compiling memchr v2.8.3
[INFO] [stderr]    Compiling proc-macro-error-attr3 v3.0.1
[INFO] [stderr]    Compiling indexmap v2.14.2
[INFO] [stderr]    Compiling cmake v0.1.58
[INFO] [stderr]    Compiling mio v1.2.4
[INFO] [stderr]    Compiling socket2 v0.6.5
[INFO] [stderr]    Compiling aws-lc-sys v0.45.0
[INFO] [stderr]    Compiling syn-solidity v1.7.3
[INFO] [stderr]    Compiling synstructure v0.14.0
[INFO] [stderr]    Compiling macro-string v0.2.0
[INFO] [stderr]    Compiling proc-macro-error3 v3.0.1
[INFO] [stderr]    Compiling darling_core v0.24.1
[INFO] [stderr]    Compiling blst v0.3.17
[INFO] [stderr]    Compiling aws-lc-rs v1.18.1
[INFO] [stderr]    Compiling num_cpus v1.17.0
[INFO] [stderr]    Compiling zeroize_derive v1.5.0
[INFO] [stderr]    Compiling serde_derive v1.0.229
[INFO] [stderr]    Compiling zeroize v1.9.1
[INFO] [stderr]    Compiling derive_more-impl v2.1.1
[INFO] [stderr]    Compiling der v0.7.10
[INFO] [stderr]    Compiling block-buffer v0.10.4
[INFO] [stderr]    Compiling crypto-common v0.1.6
[INFO] [stderr]    Compiling digest v0.10.7
[INFO] [stderr]    Compiling hmac v0.12.1
[INFO] [stderr]    Compiling crypto-bigint v0.5.5
[INFO] [stderr]    Compiling alloy-rlp-derive v0.3.16
[INFO] [stderr]    Compiling spki v0.7.3
[INFO] [stderr]    Compiling rfc6979 v0.4.0
[INFO] [stderr]    Compiling signature v2.2.0
[INFO] [stderr]    Compiling pkcs8 v0.10.2
[INFO] [stderr]    Compiling sha2 v0.10.9
[INFO] [stderr]    Compiling thiserror-impl v2.0.21
[INFO] [stderr]    Compiling tracing-attributes v0.1.31
[INFO] [stderr]    Compiling bytes v1.12.1
[INFO] [stderr]    Compiling serdect v0.2.0
[INFO] [stderr]    Compiling smallvec v1.16.2
[INFO] [stderr]    Compiling sec1 v0.7.3
[INFO] [stderr]    Compiling elliptic-curve v0.13.8
[INFO] [stderr]    Compiling thiserror v2.0.21
[INFO] [stderr]    Compiling alloy-sol-type-parser v1.7.3
[INFO] [stderr]    Compiling derive_more v2.1.1
[INFO] [stderr]    Compiling zerofrom-derive v0.1.8
[INFO] [stderr]    Compiling alloy-rlp v0.3.16
[INFO] [stderr]    Compiling ecdsa v0.16.9
[INFO] [stderr]    Compiling tracing v0.1.44
[INFO] [stderr]    Compiling alloy-primitives v1.7.3
[INFO] [stderr]    Compiling yoke-derive v0.8.4
[INFO] [stderr]    Compiling http v1.5.0
[INFO] [stderr]    Compiling k256 v0.13.4
[INFO] [stderr]    Compiling zerofrom v0.1.8
[INFO] [stderr]    Compiling zerovec-derive v0.11.6
[INFO] [stderr]    Compiling alloy-json-abi v1.7.3
[INFO] [stderr]    Compiling yoke v0.8.3
[INFO] [stderr]    Compiling auto_impl v1.4.0
[INFO] [stderr]    Compiling tokio-macros v2.7.2
[INFO] [stderr]    Compiling tokio v1.53.2
[INFO] [stderr]    Compiling zerovec v0.11.8
[INFO] [stderr]    Compiling alloy-sol-macro-input v1.7.3
[INFO] [stderr]    Compiling alloy-sol-macro-expander v1.7.3
[INFO] [stderr]    Compiling displaydoc v0.2.7
[INFO] [stderr]    Compiling futures-macro v0.3.34
[INFO] [stderr]    Compiling either v1.19.0
[INFO] [stderr]    Compiling darling_macro v0.24.1
[INFO] [stderr]    Compiling futures-util v0.3.34
[INFO] [stderr]    Compiling rustls-pki-types v1.15.1
[INFO] [stderr]    Compiling darling v0.24.1
[INFO] [stderr]    Compiling tinystr v0.8.4
[INFO] [stderr]    Compiling icu_locale_core v2.3.0
[INFO] [stderr]    Compiling serde_with_macros v3.24.0
[INFO] [stderr]    Compiling zerotrie v0.2.5
[INFO] [stderr]    Compiling potential_utf v0.1.6
[INFO] [stderr]    Compiling darling_core v0.23.0
[INFO] [stderr]    Compiling threadpool v1.8.1
[INFO] [stderr]    Compiling alloy-sol-macro v1.7.3
[INFO] [stderr]    Compiling c-kzg v2.1.8
[INFO] [stderr]    Compiling icu_collections v2.3.0
[INFO] [stderr]    Compiling alloy-sol-types v1.7.3
[INFO] [stderr]    Compiling serde_with v3.24.0
[INFO] [stderr]    Compiling icu_provider v2.3.1
[INFO] [stderr]    Compiling hex v0.4.3
[INFO] [stderr]    Compiling darling_macro v0.23.0
[INFO] [stderr]    Compiling rustls v0.23.45
[INFO] [stderr]    Compiling darling v0.23.0
[INFO] [stderr]    Compiling alloy-eip2124 v0.2.0
[INFO] [stderr]    Compiling alloy-eip7702 v0.6.3
[INFO] [stderr]    Compiling alloy-serde v2.5.0
[INFO] [stderr]    Compiling alloy-eip7928 v0.4.11
[INFO] [stderr]    Compiling alloy-eip8141 v0.1.1
[INFO] [stderr]    Compiling alloy-eip2930 v0.2.4
[INFO] [stderr]    Compiling nybbles v0.4.8
[INFO] [stderr]    Compiling zerocopy v0.8.61
[INFO] [stderr]    Compiling alloy-trie v0.9.8
[INFO] [stderr]    Compiling alloy-eips v2.5.0
[INFO] [stderr]    Compiling alloy-tx-macros v2.5.0
[INFO] [stderr]    Compiling icu_normalizer v2.3.0
[INFO] [stderr]    Compiling icu_properties v2.3.0
[INFO] [stderr]    Compiling crossbeam-utils v0.8.23
[INFO] [stderr]    Compiling itertools v0.14.0
[INFO] [stderr]    Compiling parking_lot_core v0.9.12
[INFO] [stderr]    Compiling idna_adapter v1.2.2
[INFO] [stderr]    Compiling alloy-consensus v2.5.0
[INFO] [stderr]    Compiling idna v1.1.0
[INFO] [stderr]    Compiling portable-atomic v1.15.0
[INFO] [stderr]    Compiling tower v0.5.3
[INFO] [stderr]    Compiling url v2.5.8
[INFO] [stderr]    Compiling raw-cpuid v11.6.0
[INFO] [stderr]    Compiling alloy-json-rpc v2.5.0
[INFO] [stderr]    Compiling http-body v1.1.0
[INFO] [stderr]    Compiling futures-utils-wasm v0.1.0
[INFO] [stderr]    Compiling getrandom v0.3.4
[INFO] [stderr]    Compiling parking_lot v0.12.5
[INFO] [stderr]    Compiling spinning_top v0.3.0
[INFO] [stderr]    Compiling futures-executor v0.3.34
[INFO] [stderr]    Compiling hashbrown v0.16.1
[INFO] [stderr]    Compiling alloy-network-primitives v2.5.0
[INFO] [stderr]    Compiling alloy-consensus-any v2.5.0
[INFO] [stderr]    Compiling futures-timer v3.0.4
[INFO] [stderr]    Compiling alloy-rpc-types-eth v2.5.0
[INFO] [stderr]    Compiling quanta v0.12.6
[INFO] [stderr]    Compiling web-time v1.1.0
[INFO] [stderr]    Compiling nonzero_ext v0.3.0
[INFO] [stderr]    Compiling ppv-lite86 v0.2.21
[INFO] [stderr]    Compiling governor v0.10.4
[INFO] [stderr]    Compiling futures v0.3.34
[INFO] [stderr]    Compiling rand_core v0.9.5
[INFO] [stderr]    Compiling data-encoding v2.11.1
[INFO] [stderr]    Compiling hyper v1.12.0
[INFO] [stderr]    Compiling rand_chacha v0.9.0
[INFO] [stderr]    Compiling alloy-transport v2.5.0
[INFO] [stderr]    Compiling tokio-util v0.7.19
[INFO] [stderr]    Compiling webpki-roots v1.0.9
[INFO] [stderr]    Compiling rustls-native-certs v0.8.4
[INFO] [stderr]    Compiling hyper-util v0.1.21
[INFO] [stderr]    Compiling tokio-stream v0.1.19
[INFO] [stderr]    Compiling webpki-roots v0.26.11
[INFO] [stderr]    Compiling rand v0.9.5
[INFO] [stderr]    Compiling sha1 v0.10.7
[INFO] [stderr]    Compiling bimap v0.6.3
[INFO] [stderr]    Compiling tower-http v0.6.11
[INFO] [stderr]    Compiling alloy-pubsub v2.5.0
[INFO] [stderr]    Compiling http-body-util v0.1.5
[INFO] [stderr]    Compiling async-trait v0.1.92
[INFO] [stderr]    Compiling pin-project-internal v1.1.13
[INFO] [stderr]    Compiling doctest-file v1.1.1
[INFO] [stderr]    Compiling phf_shared v0.14.0
[INFO] [stderr]    Compiling interprocess v2.4.4
[INFO] [stderr]    Compiling alloy-rpc-types-any v2.5.0
[INFO] [stderr]    Compiling num_enum_derive v0.7.6
[INFO] [stderr]    Compiling alloy-signer v2.5.0
[INFO] [stderr]    Compiling phf v0.14.0
[INFO] [stderr]    Compiling alloy-network v2.5.0
[INFO] [stderr]    Compiling alloy-rpc-types-txpool v2.5.0
[INFO] [stderr]    Compiling pin-project v1.1.13
[INFO] [stderr]    Compiling alloy-transport-ipc v2.5.0
[INFO] [stderr]    Compiling alloy-rpc-types-trace v2.5.0
[INFO] [stderr]    Compiling num_enum v0.7.6
[INFO] [stderr]    Compiling alloy-rpc-types-anvil v2.5.0
[INFO] [stderr]    Compiling alloy-rpc-types-debug v2.5.0
[INFO] [stderr]    Compiling async-stream-impl v0.3.6
[INFO] [stderr]    Compiling hashbrown v0.14.5
[INFO] [stderr]    Compiling async-stream v0.3.6
[INFO] [stderr]    Compiling alloy-chains v0.2.39
[INFO] [stderr]    Compiling dashmap v6.2.1
[INFO] [stderr]    Compiling rand_chacha v0.3.1
[INFO] [stderr]    Compiling alloy-dyn-abi v1.7.3
[INFO] [stderr]    Compiling lru v0.18.5
[INFO] [stderr]    Compiling rand v0.8.8
[INFO] [stderr]    Compiling toml_parser v1.1.3+spec-1.1.0
[INFO] [stderr]    Compiling alloy-core v1.7.3
[INFO] [stderr]    Compiling toml_datetime v1.1.1+spec-1.1.0
[INFO] [stderr]    Compiling toml_writer v1.1.2+spec-1.1.0
[INFO] [stderr]    Compiling alloy-signer-local v2.5.0
[INFO] [stderr]    Compiling alloy-rpc-types v2.5.0
[INFO] [stderr]    Compiling serde_spanned v1.1.1
[INFO] [stderr]    Compiling toml v1.1.6+spec-1.1.0
[INFO] [stderr]    Compiling libsqlite3-sys v0.38.2
[INFO] [stderr]    Compiling hashlink v0.12.2
[INFO] [stderr]    Compiling fallible-iterator v0.3.0
[INFO] [stderr]    Compiling fallible-streaming-iterator v0.1.9
[INFO] [stderr]    Compiling toml_edit v0.25.15+spec-1.1.0
[INFO] [stderr]    Compiling getrandom v0.4.3
[INFO] [stderr]    Compiling chacha20 v0.10.2
[INFO] [stderr]    Compiling degenbot-pathfinding v0.6.0-alpha.14
[INFO] [stderr]    Compiling rand v0.10.3
[INFO] [stderr]    Compiling degenbot-config v0.6.0-alpha.14
[INFO] [stderr]    Compiling sha1 v0.11.0
[INFO] [stderr]    Compiling rustls-webpki v0.103.15
[INFO] [stderr]    Compiling tokio-rustls v0.26.6
[INFO] [stderr]    Compiling rustls-platform-verifier v0.7.1
[INFO] [stderr]    Compiling tungstenite v0.29.0
[INFO] [stderr]    Compiling tungstenite v0.30.0
[INFO] [stderr]    Compiling hyper-rustls v0.27.10
[INFO] [stderr]    Compiling reqwest v0.13.5
[INFO] [stderr]    Compiling tokio-tungstenite v0.29.0
[INFO] [stderr]    Compiling alloy-transport-ws v2.5.0
[INFO] [stderr]    Compiling tokio-tungstenite v0.30.0
[INFO] [stderr]    Compiling alloy-transport-http v2.5.0
[INFO] [stderr]    Compiling alloy-rpc-client v2.5.0
[INFO] [stderr]    Compiling alloy-provider v2.5.0
[INFO] [stderr]    Compiling alloy-contract v2.5.0
[INFO] [stderr]    Compiling alloy v2.5.0
[INFO] [stderr]    Compiling degenbot-core v0.6.0-alpha.14
[INFO] [stderr]    Compiling degenbot-decoders v0.6.0-alpha.14
[INFO] [stderr]    Compiling degenbot-eventhub v0.6.0-alpha.14
[INFO] [stderr]    Compiling degenbot-math v0.6.0-alpha.14
[INFO] [stderr]    Compiling degenbot-abi v0.6.0-alpha.14
[INFO] [stderr]    Compiling rusqlite v0.40.2
[INFO] [stderr]    Compiling degenbot-db v0.6.0-alpha.14
[INFO] [stderr]    Compiling degenbot-uniswap v0.6.0-alpha.14
[INFO] [stderr]    Compiling degenbot-pools v0.6.0-alpha.14
[INFO] [stderr]    Compiling degenbot-rpc v0.6.0-alpha.14 (/opt/rustwide/workdir)
[INFO] [stderr]     Finished `release` profile [optimized] target(s) in 10m 46s
[INFO] running `Command { std: "docker" "inspect" "2a3495037a0280388b7dc21b7020af9b0535479bbac7027425cc470caac7cbff", kill_on_drop: false }`
[INFO] running `Command { std: "docker" "exec" "-e" "SOURCE_DIR=/opt/rustwide/workdir" "-e" "CARGO_HOME=/opt/rustwide/cargo-home" "-e" "RUSTUP_HOME=/opt/rustwide/rustup-home" "-e" "CARGO_TARGET_DIR=/opt/rustwide/target" "-e" "CARGO_INCREMENTAL=0" "-e" "RUST_BACKTRACE=full" "-e" "RUSTFLAGS=--cap-lints=warn" "-e" "RUSTDOCFLAGS=--cap-lints=warn" "-w" "/opt/rustwide/workdir" "--user" "0:0" "2a3495037a0280388b7dc21b7020af9b0535479bbac7027425cc470caac7cbff" "/opt/rustwide/cargo-home/bin/cargo" "+1.100.0-beta.1" "test" "--frozen" "--no-run" "--message-format=json" "--release", kill_on_drop: false }`
[INFO] [stderr]    Compiling bitflags v2.13.2
[INFO] [stderr]    Compiling raw-cpuid v11.6.0
[INFO] [stderr]    Compiling tower-http v0.6.11
[INFO] [stderr]    Compiling rusqlite v0.40.2
[INFO] [stderr]    Compiling lazy_static v1.5.1
[INFO] [stderr]    Compiling rustix v1.1.5
[INFO] [stderr]    Compiling thread_local v1.1.10
[INFO] [stderr]    Compiling sharded-slab v0.1.7
[INFO] [stderr]    Compiling reqwest v0.13.5
[INFO] [stderr]    Compiling tracing-subscriber v0.3.23
[INFO] [stderr]    Compiling quanta v0.12.6
[INFO] [stderr]    Compiling governor v0.10.4
[INFO] [stderr]    Compiling tempfile v3.27.0
[INFO] [stderr]    Compiling alloy-transport v2.5.0
[INFO] [stderr]    Compiling alloy-pubsub v2.5.0
[INFO] [stderr]    Compiling alloy-transport-http v2.5.0
[INFO] [stderr]    Compiling alloy-transport-ipc v2.5.0
[INFO] [stderr]    Compiling alloy-transport-ws v2.5.0
[INFO] [stderr]    Compiling alloy-rpc-client v2.5.0
[INFO] [stderr]    Compiling alloy-provider v2.5.0
[INFO] [stderr]    Compiling alloy-contract v2.5.0
[INFO] [stderr]    Compiling alloy v2.5.0
[INFO] [stderr]    Compiling degenbot-core v0.6.0-alpha.14
[INFO] [stderr]    Compiling degenbot-decoders v0.6.0-alpha.14
[INFO] [stderr]    Compiling degenbot-eventhub v0.6.0-alpha.14
[INFO] [stderr]    Compiling degenbot-math v0.6.0-alpha.14
[INFO] [stderr]    Compiling degenbot-abi v0.6.0-alpha.14
[INFO] [stderr]    Compiling degenbot-db v0.6.0-alpha.14
[INFO] [stderr]    Compiling degenbot-uniswap v0.6.0-alpha.14
[INFO] [stderr]    Compiling degenbot-pools v0.6.0-alpha.14
[INFO] [stderr]    Compiling degenbot-rpc v0.6.0-alpha.14 (/opt/rustwide/workdir)
[INFO] [stderr]     Finished `release` profile [optimized] target(s) in 5m 30s
[INFO] running `Command { std: "docker" "inspect" "2a3495037a0280388b7dc21b7020af9b0535479bbac7027425cc470caac7cbff", kill_on_drop: false }`
[INFO] running `Command { std: "docker" "exec" "-e" "SOURCE_DIR=/opt/rustwide/workdir" "-e" "CARGO_HOME=/opt/rustwide/cargo-home" "-e" "RUSTUP_HOME=/opt/rustwide/rustup-home" "-e" "CARGO_TARGET_DIR=/opt/rustwide/target" "-e" "CARGO_INCREMENTAL=0" "-e" "RUST_BACKTRACE=full" "-e" "RUSTFLAGS=--cap-lints=warn" "-e" "RUSTDOCFLAGS=--cap-lints=warn" "-w" "/opt/rustwide/workdir" "--user" "0:0" "2a3495037a0280388b7dc21b7020af9b0535479bbac7027425cc470caac7cbff" "/opt/rustwide/cargo-home/bin/cargo" "+1.100.0-beta.1" "test" "--frozen" "--release", kill_on_drop: false }`
[INFO] [stderr]     Finished `release` profile [optimized] target(s) in 1.11s
[INFO] [stderr]      Running unittests src/lib.rs (/opt/rustwide/target/release/build/degenbot-rpc/8b2afd0fd20bb8e3/out/degenbot_rpc-8b2afd0fd20bb8e3)
[INFO] [stdout] 
[INFO] [stdout] running 206 tests
[INFO] [stdout] test abi::tests::decode_get_reserves_roundtrip ... ok
[INFO] [stdout] test abi::tests::balance_of_selector_is_70a08231 ... ok
[INFO] [stdout] test abi::tests::decode_rejects_short_bytes ... ok
[INFO] [stdout] test abi::tests::decode_get_slot0_roundtrip ... ok
[INFO] [stdout] test abi::tests::allowance_selector_is_dd62ed3e ... ok
[INFO] [stdout] test abi::tests::decode_liquidity_roundtrip ... ok
[INFO] [stdout] test abi::tests::decode_balance_of_roundtrip ... ok
[INFO] [stdout] test abi::tests::decode_allowance_and_total_supply_roundtrip ... ok
[INFO] [stdout] test abi::tests::decode_tick_data_drained_tick_is_zeros ... ok
[INFO] [stdout] test abi::tests::decode_tick_data_too_short_is_err ... ok
[INFO] [stdout] test abi::tests::decode_uint256_decodes_32_byte_be_word ... ok
[INFO] [stdout] test abi::tests::decode_uint256_max_word_round_trips ... ok
[INFO] [stdout] test abi::tests::decode_tick_bitmap_matches_ref_encoder ... ok
[INFO] [stdout] test abi::tests::decode_tick_bitmap_too_short_is_err ... ok
[INFO] [stdout] test abi::tests::decode_slot0_roundtrip ... ok
[INFO] [stdout] test abi::tests::decode_tick_data_matches_ref_encoder ... ok
[INFO] [stdout] test abi::tests::encode_tick_data_negative_tick_is_sign_extended ... ok
[INFO] [stdout] test abi::tests::encode_v4_tick_data_includes_pool_id_and_selector ... ok
[INFO] [stdout] test abi::tests::decode_uint256_short_input_is_err ... ok
[INFO] [stdout] test abi::tests::decode_v4_tick_data_matches_ref_encoder ... ok
[INFO] [stdout] test abi::tests::encode_tick_data_positive_tick ... ok
[INFO] [stdout] test abi::tests::decode_v4_tick_bitmap_matches_ref_encoder ... ok
[INFO] [stdout] test abi::tests::encode_tick_bitmap_sign_extends_negative_word ... ok
[INFO] [stdout] test abi::tests::encode_v4_tick_bitmap_includes_pool_id_and_selector ... ok
[INFO] [stdout] test abi::tests::get_reserves_selector_is_0902f1ac ... ok
[INFO] [stdout] test abi::tests::get_liquidity_calldata_is_selector_plus_pool_id ... ok
[INFO] [stdout] test abi::tests::get_slot0_calldata_is_selector_plus_pool_id ... ok
[INFO] [stdout] test abi::tests::slot0_selector_matches_reference ... ok
[INFO] [stdout] test abi::tests::total_supply_selector_is_18160ddd ... ok
[INFO] [stdout] test cassette::tests::canonical_key_pairs_method_and_params ... ok
[INFO] [stdout] test abi::tests::liquidity_selector_matches_reference ... ok
[INFO] [stdout] test cassette::tests::canonical_params_sort_keys_and_decimalize_block_tags ... ok
[INFO] [stdout] test cassette::tests::canonical_hex_quantity_leaves_addresses_and_data_alone ... ok
[INFO] [stdout] test cassette::tests::cassette_round_trips_byte_identical_through_canonical_writer ... ok
[INFO] [stdout] test cassette::tests::mutated_response_byte_fails_the_drift_gate ... ok
[INFO] [stdout] test cassette::tests::entry_key_is_order_insensitive_for_getlogs_or_sets ... ok
[INFO] [stdout] test cassette::tests::recording_transport_records_forwarded_answers ... ok
[INFO] [stdout] test cassette::tests::committed_cassette_corpus_is_byte_identical ... FAILED
[INFO] [stdout] test cassette::tests::committed_corpus_hex_tokens_round_trip_byte_exactly ... FAILED
[INFO] [stdout] test cassette::tests::corpus_guard_flags_nonminimal_short_hex_on_in_memory_copy ... FAILED
[INFO] [stdout] test cassette::tests::regenerated_seed_cassettes_ledger_keys_are_deterministically_normalized ... FAILED
[INFO] [stdout] test cassette::tests::rfc3339_utc_known_instants ... ok
[INFO] [stdout] test cassette_replay::tests::recorded_failure_entries_replay_as_json_rpc_errors ... ok
[INFO] [stdout] test cassette_replay::tests::aave_corpus_replays_recorded_log_set_in_fetcher_order ... FAILED
[INFO] [stdout] test cassette_replay::tests::pool_corpus_replays_recorded_pool_created_log ... FAILED
[INFO] [stdout] test cassette_replay::tests::replay_serves_chain_id_and_head_from_the_ledger ... FAILED
[INFO] [stdout] test cassette_replay::tests::replayed_getlogs_are_sorted_by_block_then_log_index ... ok
[INFO] [stdout] test cassette_replay::tests::unrecorded_getlogs_is_a_fixture_gap_not_a_revert ... FAILED
[INFO] [stdout] test cassette_replay::tests::unrecorded_method_keeps_the_method_not_found_contract ... FAILED
[INFO] [stdout] test contract::tests::test_abi_type_is_dynamic ... ok
[INFO] [stdout] test cassette_replay::tests::wire_value_rehexes_decimal_quantities_and_leaves_hex_verbatim ... ok
[INFO] [stdout] test cassette_replay::tests::wire_value_round_trips_through_the_recorder_canonicalization ... ok
[INFO] [stdout] test contract::tests::test_abi_type_aliases ... ok
[INFO] [stdout] test contract::tests::test_array_roundtrip ... ok
[INFO] [stdout] test contract::tests::test_decode_dynamic_array_with_length_exceeding_data ... ok
[INFO] [stdout] test cassette_replay::tests::replay_serves_recorded_get_block_by_number_with_wire_quantities ... ok
[INFO] [stdout] test contract::tests::test_decode_address_array ... ok
[INFO] [stdout] test contract::tests::test_abi_type_parse ... ok
[INFO] [stdout] test contract::tests::test_decode_dynamic_uint_array ... ok
[INFO] [stdout] test contract::tests::test_abi_type_parse_invalid ... ok
[INFO] [stdout] test contract::tests::test_decode_empty_dynamic_array ... ok
[INFO] [stdout] test contract::tests::test_decode_fixed_uint_array ... ok
[INFO] [stdout] test contract::tests::test_encode_address ... ok
[INFO] [stdout] test contract::tests::test_encode_arguments_cached_matches_uncached ... ok
[INFO] [stdout] test contract::tests::test_encode_arguments_dynamic_array_with_static_elements ... ok
[INFO] [stdout] test contract::tests::test_encode_arguments_static_dynamic_static_dynamic ... ok
[INFO] [stdout] test contract::tests::test_encode_arguments_static_fixed_array_and_dynamic ... ok
[INFO] [stdout] test contract::tests::test_decode_return_data_cached_matches_uncached ... ok
[INFO] [stdout] test contract::tests::test_decode_return_data_empty_types_returns_empty ... ok
[INFO] [stdout] test contract::tests::test_decode_return_data_empty_with_types_errors ... ok
[INFO] [stdout] test contract::tests::test_decode_return_data_typed ... ok
[INFO] [stdout] test contract::tests::test_encode_arguments_static_then_dynamic ... ok
[INFO] [stdout] test contract::tests::test_encode_bool ... ok
[INFO] [stdout] test contract::tests::test_encode_dynamic_bool_array ... ok
[INFO] [stdout] test contract::tests::test_encode_dynamic_uint_array ... ok
[INFO] [stdout] test contract::tests::test_encode_arguments_two_dynamic_params ... ok
[INFO] [stdout] test contract::tests::test_encode_dynamic_address_array ... ok
[INFO] [stdout] test contract::tests::test_encode_fixed_array_wrong_size ... ok
[INFO] [stdout] test contract::tests::test_encode_empty_dynamic_array ... ok
[INFO] [stdout] test contract::tests::test_encode_fixed_uint_array ... ok
[INFO] [stdout] test contract::tests::test_encode_uint_hex ... ok
[INFO] [stdout] test contract::tests::test_function_selector ... ok
[INFO] [stdout] test contract::tests::test_encode_uint_invalid_hex ... ok
[INFO] [stdout] test contract::tests::test_function_selector_tuple_signature ... ok
[INFO] [stdout] test contract::tests::test_signature_no_parens ... ok
[INFO] [stdout] test contract::tests::test_function_signature_caches_are_built ... ok
[INFO] [stdout] test contract::tests::test_signature_only_open_paren ... ok
[INFO] [stdout] test contract::tests::test_encode_uint ... ok
[INFO] [stdout] test contract::tests::test_encode_int_hex ... ok
[INFO] [stdout] test contract::tests::test_function_signature_parse ... ok
[INFO] [stdout] test contract::tests::test_signature_returns_missing_closing_paren ... ok
[INFO] [stdout] test contract::tests::test_signature_returns_open_paren_only_no_content ... ok
[INFO] [stdout] test contract::tests::test_signature_returns_empty_outputs ... ok
[INFO] [stdout] test contract::tests::test_signature_returns_multiple_outputs ... ok
[INFO] [stdout] test liquidity_verifier::tests::comparison_orders_presence_gross_net_then_bitmap ... ok
[INFO] [stdout] test fees::tests::fee_percentiles_are_the_shared_foundation_pair ... ok
[INFO] [stdout] test liquidity_verifier::tests::invalid_v3_v4_and_v4_bitmap_domains_are_rejected_before_reads ... ok
[INFO] [stdout] test contract::tests::test_signature_returns_without_parens ... ok
[INFO] [stdout] test fees::tests::fetch_priority_fee_percentiles_round_trips ... ok
[INFO] [stdout] test liquidity_verifier::tests::v3_reads_tick_rows_and_bitmap_through_existing_batch_behavior ... ok
[INFO] [stdout] test liquidity_verifier::tests::v3_discovers_onchain_only_tick_from_supplied_bitmap_word ... ok
[INFO] [stdout] test liquidity_verifier::tests::v3_reverted_subcall_is_read_not_divergence ... ok
[INFO] [stdout] test liquidity_verifier::tests::v4_discovers_onchain_only_tick_from_supplied_bitmap_word ... ok
[INFO] [stdout] test contract::tests::test_signature_returns_with_space_in_parens ... ok
[INFO] [stdout] test liquidity_verifier::tests::v4_slots_match_independent_oracle_vectors ... ok
[INFO] [stdout] test liquidity_verifier::tests::v4_malformed_extsload_is_decode_not_divergence ... ok
[INFO] [stdout] test liquidity_verifier::tests::v4_targets_pool_manager_and_uses_one_batched_extsload ... ok
[INFO] [stdout] test liquidity_verifier::tests::v4_packed_gross_net_and_bitmap_decode ... ok
[INFO] [stdout] test liquidity_verifier::tests::valid_negative_tick_boundaries_remain_accepted ... ok
[INFO] [stdout] test multicall3::tests::aggregate3_selector_is_134dd343 ... ok
[INFO] [stdout] test multicall3::tests::decode_aggregate3_results_matches_reference_vector ... ok
[INFO] [stdout] test multicall3::tests::decode_short_payload_is_a_hard_error ... ok
[INFO] [stdout] test multicall3::tests::encode_aggregate3_empty_is_zero_length_array ... ok
[INFO] [stdout] test multicall3::tests::encode_aggregate3_matches_reference_vector ... ok
[INFO] [stdout] test offline::tests::eth_block_number_returns_latest ... ok
[INFO] [stdout] test offline::tests::eth_call_reverted_surfaces_as_execution_reverted ... ok
[INFO] [stdout] test offline::tests::eth_call_unrecorded_surfaces_as_rpc_error_not_revert ... ok
[INFO] [stdout] test offline::tests::eth_call_returns_recorded_result ... ok
[INFO] [stdout] test offline::tests::eth_get_block_by_number_unrecorded_is_none ... ok
[INFO] [stdout] test offline::tests::eth_get_block_by_number_returns_timestamp ... ok
[INFO] [stdout] test offline::tests::eth_get_code_returns_recorded_bytecode ... ok
[INFO] [stdout] test offline::tests::parses_single_block_format ... ok
[INFO] [stdout] test offline::tests::parses_multi_block_format ... ok
[INFO] [stdout] test pending_tx_stream::tests::both_kinds_mint_on_one_hub_and_drain_their_own_corpus ... ok
[INFO] [stdout] test offline::tests::unsupported_method_is_rpc_error ... ok
[INFO] [stdout] test pending_tx_stream::tests::a_mismatched_config_fails_closed ... ok
[INFO] [stdout] test provider::round_trip_layer_tests::counting_layer_counts_then_delegates ... ok
[INFO] [stdout] test provider::tests::compute_tx_hash_from_signed_payload_rejects_invalid_rlp ... ok
[INFO] [stdout] test provider::tests::create_access_list_error_response_decodes ... ok
[INFO] [stdout] test provider::tests::create_access_list_response_decodes_to_web3_shape ... ok
[INFO] [stdout] test provider::tests::execution_revert_classified_as_execution_reverted ... ok
[INFO] [stdout] test provider::tests::fee_history_response_round_trips_byte_identical_to_web3 ... ok
[INFO] [stdout] test provider::tests::fee_history_with_reward_percentiles_decodes ... ok
[INFO] [stdout] test provider::tests::json_rpc_method_not_found_stays_rpc_error ... ok
[INFO] [stdout] test provider::tests::json_rpc_rate_limit_code_32004_classified_as_rate_limited ... ok
[INFO] [stdout] test provider::tests::json_rpc_rate_limit_code_32005_classified_as_rate_limited ... ok
[INFO] [stdout] test provider::tests::json_rpc_rate_limit_message_classified_as_rate_limited ... ok
[INFO] [stdout] test provider::tests::compute_tx_hash_from_signed_payload_matches_node_assigned_hash ... ok
[INFO] [stdout] test provider::tests::non_revert_error_stays_rpc_error ... ok
[INFO] [stdout] test provider::tests::anvil_revert_classified_as_execution_reverted ... ok
[INFO] [stdout] test provider::tests::retry_with_backoff_loop_emits_no_log_for_non_retryable_error ... ok
[INFO] [stdout] test provider::tests::retry_with_backoff_loop_emits_no_log_on_first_success ... ok
[INFO] [stdout] test liquidity_verifier::tests::sparse_map_is_rejected ... ok
[INFO] [stdout] test contract::tests::test_contract_debug_impl ... ok
[INFO] [stdout] test provider::tests::send_raw_transaction_reconciliation_rpc_error_surfaces_immediately_no_retry ... ok
[INFO] [stdout] test provider::tests::send_raw_transaction_reconciliation_success_on_first_try_no_rebroadcast ... ok
[INFO] [stdout] test liquidity_verifier::tests::tracked_empty_map_is_valid_without_rpc ... ok
[INFO] [stdout] test provider::tests::send_raw_transaction_reconciliation_timeout_receipt_present_returns_without_rebroadcast ... ok
[INFO] [stdout] test provider::tests::send_raw_transaction_request_hex_encoding_matches_web3 ... ok
[INFO] [stdout] test provider::tests::simulate_v1_call_result_decodes_gas_used_return_data ... ok
[INFO] [stdout] test provider::tests::simulate_v1_request_round_trips_byte_identical_to_web3 ... ok
[INFO] [stdout] test provider::tests::simulate_v1_revert_error_decodes_with_data ... ok
[INFO] [stdout] test provider::tests::test_backoff_is_capped ... ok
[INFO] [stdout] test provider::tests::test_backoff_progression ... ok
[INFO] [stdout] test provider::tests::test_chunk_ranges_exact_division ... ok
[INFO] [stdout] test provider::tests::test_chunk_ranges_non_zero_start ... ok
[INFO] [stdout] test provider::tests::test_chunk_ranges_partial ... ok
[INFO] [stdout] test provider::tests::test_chunk_ranges_single_block ... ok
[INFO] [stdout] test provider::tests::test_concurrency_cap ... ok
[INFO] [stdout] test provider::tests::test_concurrency_within_cap ... ok
[INFO] [stdout] test provider::tests::test_eth_block_type_alias_compiles ... ok
[INFO] [stdout] test provider::tests::test_fetch_logs_chunked_invalid_range_rejected ... ok
[INFO] [stdout] test provider::tests::test_fetch_logs_chunked_zero_chunk_size_rejected ... ok
[INFO] [stdout] test contract::tests::test_contract_clone_shares_cache ... ok
[INFO] [stdout] test provider::tests::test_is_idempotent_rpc_method_allowlist ... ok
[INFO] [stdout] test provider::tests::test_is_idempotent_rpc_method_rejects_non_idempotent ... ok
[INFO] [stdout] test provider::tests::test_is_ipc_path_detects_unix_and_windows_and_scheme ... ok
[INFO] [stdout] test provider::tests::test_log_filter_creation ... ok
[INFO] [stdout] test provider::tests::test_is_ipc_path_rejects_bare_hostport_typo ... ok
[INFO] [stdout] test provider::tests::test_log_filter_defaults ... ok
[INFO] [stdout] test provider::tests::test_log_filter_equal_range ... ok
[INFO] [stdout] test provider::tests::test_log_filter_invalid_range ... ok
[INFO] [stdout] test provider::tests::test_log_filter_invalid_address_eager ... ok
[INFO] [stdout] test provider::tests::test_log_filter_invalid_topic_eager ... ok
[INFO] [stdout] test provider::tests::test_log_sort_order ... ok
[INFO] [stdout] test provider::tests::test_retry_returns_ok_immediately ... ok
[INFO] [stdout] test provider::tests::test_retryable_error_classification ... ok
[INFO] [stdout] test provider::tests::test_to_alloy_filter_maps_topic_positions ... ok
[INFO] [stdout] test provider::tests::test_to_alloy_filter_rejects_topic_position_out_of_range ... ok
[INFO] [stdout] test provider::tests::test_to_alloy_filter_skips_empty_topic_slots ... ok
[INFO] [stdout] test provider::tests::test_unsupported_scheme_extraction ... ok
[INFO] [stdout] test cassette::tests::recording_transport_records_error_payloads ... ok
[INFO] [stdout] test subscription::tests::test_drain_raw_clears_signaled_flag ... ok
[INFO] [stdout] test provider::tests::test_url_scheme_detection ... ok
[INFO] [stdout] test subscription::tests::test_drain_raw_buffer_is_empty_after_drain ... ok
[INFO] [stdout] test subscription::tests::test_drain_raw_disconnected_ignores_trailing_items ... ok
[INFO] [stdout] test subscription::tests::test_drain_raw_double_buffer_swap_isolates_reads_from_writes ... ok
[INFO] [stdout] test subscription::tests::test_drain_raw_disconnected_returns_disconnected ... ok
[INFO] [stdout] test subscription::tests::test_drain_raw_header_returns_items ... ok
[INFO] [stdout] test subscription::tests::test_drain_raw_empty_buffer_returns_items_empty ... ok
[INFO] [stdout] test subscription::tests::test_drain_raw_end_marker_returns_ended ... ok
[INFO] [stdout] test subscription::tests::test_drain_raw_log_returns_items ... ok
[INFO] [stdout] test subscription::tests::test_drain_raw_multiple_items_before_end ... ok
[INFO] [stdout] test subscription::tests::test_header_watchdog_does_not_fire_on_healthy_stream ... ok
[INFO] [stdout] test tick_bootstrap::tests::v3_bad_address_returns_invalid_return_err ... ok
[INFO] [stdout] test tick_bootstrap::tests::v3_all_zero_bitmap_returns_none ... ok
[INFO] [stdout] test tick_bootstrap::tests::v3_known_word_with_two_active_ticks_returns_some_with_both ... ok
[INFO] [stdout] test tick_bootstrap::tests::v3_negative_tick_computes_correct_word ... ok
[INFO] [stdout] test tick_bootstrap::tests::v3_unrecorded_tick_bitmap_returns_rpc_err ... ok
[INFO] [stdout] test tick_bootstrap::tests::v4_known_word_returns_some_with_ticks ... ok
[INFO] [stdout] test subscription::tests::test_header_watchdog_fires_on_never_yielding_stream ... ok
[INFO] [stdout] test provider::tests::send_raw_transaction_reconciliation_rate_limited_retries_then_succeeds ... ok
[INFO] [stdout] test provider::tests::retry_with_backoff_loop_recovers_after_timeout_then_success ... ok
[INFO] [stdout] test provider::tests::retry_with_backoff_loop_times_out_hung_call_within_bounded_wall_clock ... ok
[INFO] [stdout] test provider::tests::send_raw_transaction_reconciliation_timeout_receipt_absent_rebroadcasts ... ok
[INFO] [stdout] test provider::tests::retry_with_backoff_loop_emits_log_on_each_retry_and_terminal_failure ... ok
[INFO] [stdout] 
[INFO] [stdout] failures:
[INFO] [stdout] 
[INFO] [stdout] ---- cassette::tests::committed_cassette_corpus_is_byte_identical stdout ----
[INFO] [stdout] 
[INFO] [stdout] thread 'cassette::tests::committed_cassette_corpus_is_byte_identical' (6575) panicked at src/cassette.rs:834:37:
[INFO] [stdout] cassette corpus missing at /opt/rustwide/workdir/../../../../tests/fixtures/cassettes: No such file or directory (os error 2)
[INFO] [stdout] stack backtrace:
[INFO] [stdout]    0:     0x5b594f9884b1 - <<std[617be2ca0a6fd877]::sys::backtrace::BacktraceLock>::print::DisplayBacktrace as core[a373ad73a504971]::fmt::Display>::fmt
[INFO] [stdout]    1:     0x5b594f9a049a - core[a373ad73a504971]::fmt::write
[INFO] [stdout]    2:     0x5b594f98d49c - <alloc[2e1b2a31b91974c5]::vec::Vec<u8> as core[a373ad73a504971]::io::write::Write>::write_fmt
[INFO] [stdout]    3:     0x5b594f9615d6 - std[617be2ca0a6fd877]::panicking::default_hook::{closure#0}
[INFO] [stdout]    4:     0x5b594f97f439 - std[617be2ca0a6fd877]::panicking::default_hook
[INFO] [stdout]    5:     0x5b594f4817b0 - test[aada8e7e76ba119b]::test_main_inner::{closure#0}
[INFO] [stdout]    6:     0x5b594f97f762 - std[617be2ca0a6fd877]::panicking::panic_with_hook
[INFO] [stdout]    7:     0x5b594f961682 - std[617be2ca0a6fd877]::panicking::panic_handler::{closure#0}
[INFO] [stdout]    8:     0x5b594f959f69 - std[617be2ca0a6fd877]::sys::backtrace::__rust_end_short_backtrace::<std[617be2ca0a6fd877]::panicking::panic_handler::{closure#0}, !>
[INFO] [stdout]    9:     0x5b594f96247d - __rustc[ea4f61d10b84890b]::rust_begin_unwind
[INFO] [stdout]   10:     0x5b594f9a0bfc - core[a373ad73a504971]::panicking::panic_fmt
[INFO] [stdout]   11:     0x5b594f1e9729 - degenbot_rpc[6b712c8c182d1746]::cassette::tests::committed_cassette_corpus_is_byte_identical::collect::{closure#0}
[INFO] [stdout]   12:     0x5b594f1f11d3 - degenbot_rpc[6b712c8c182d1746]::cassette::tests::committed_cassette_corpus_is_byte_identical::collect
[INFO] [stdout]   13:     0x5b594f1f9207 - <degenbot_rpc[6b712c8c182d1746]::cassette::tests::committed_cassette_corpus_is_byte_identical::{closure#0} as core[a373ad73a504971]::ops::function::FnOnce<()>>::call_once
[INFO] [stdout]   14:     0x5b594f474bfb - test[aada8e7e76ba119b]::__rust_begin_short_backtrace::<core[a373ad73a504971]::result::Result<(), alloc[2e1b2a31b91974c5]::string::String>, fn() -> core[a373ad73a504971]::result::Result<(), alloc[2e1b2a31b91974c5]::string::String>>
[INFO] [stdout]   15:     0x5b594f481dd5 - test[aada8e7e76ba119b]::run_test::{closure#0}
[INFO] [stdout]   16:     0x5b594f47b6c4 - std[617be2ca0a6fd877]::sys::backtrace::__rust_begin_short_backtrace::<test[aada8e7e76ba119b]::run_test::{closure#1}, ()>
[INFO] [stdout]   17:     0x5b594f484e62 - <std[617be2ca0a6fd877]::thread::lifecycle::spawn_unchecked<test[aada8e7e76ba119b]::run_test::{closure#1}, ()>::{closure#1} as core[a373ad73a504971]::ops::function::FnOnce<()>>::call_once::{shim:vtable#0}
[INFO] [stdout]   18:     0x5b594f9872ef - <std[617be2ca0a6fd877]::sys::thread::unix::Thread>::new::thread_start
[INFO] [stdout]   19:     0x70e126aeedfa - <unknown>
[INFO] [stdout]   20:     0x70e126b823d4 - clone
[INFO] [stdout]   21:                0x0 - <unknown>
[INFO] [stdout] 
[INFO] [stdout] ---- cassette::tests::committed_corpus_hex_tokens_round_trip_byte_exactly stdout ----
[INFO] [stdout] 
[INFO] [stdout] thread 'cassette::tests::committed_corpus_hex_tokens_round_trip_byte_exactly' (6576) panicked at src/cassette.rs:972:33:
[INFO] [stdout] cassette corpus missing at /opt/rustwide/workdir/../../../../tests/fixtures/cassettes: No such file or directory (os error 2)
[INFO] [stdout] stack backtrace:
[INFO] [stdout]    0:     0x5b594f9884b1 - <<std[617be2ca0a6fd877]::sys::backtrace::BacktraceLock>::print::DisplayBacktrace as core[a373ad73a504971]::fmt::Display>::fmt
[INFO] [stdout]    1:     0x5b594f9a049a - core[a373ad73a504971]::fmt::write
[INFO] [stdout]    2:     0x5b594f98d49c - <alloc[2e1b2a31b91974c5]::vec::Vec<u8> as core[a373ad73a504971]::io::write::Write>::write_fmt
[INFO] [stdout]    3:     0x5b594f9615d6 - std[617be2ca0a6fd877]::panicking::default_hook::{closure#0}
[INFO] [stdout]    4:     0x5b594f97f439 - std[617be2ca0a6fd877]::panicking::default_hook
[INFO] [stdout]    5:     0x5b594f4817b0 - test[aada8e7e76ba119b]::test_main_inner::{closure#0}
[INFO] [stdout]    6:     0x5b594f97f762 - std[617be2ca0a6fd877]::panicking::panic_with_hook
[INFO] [stdout]    7:     0x5b594f961682 - std[617be2ca0a6fd877]::panicking::panic_handler::{closure#0}
[INFO] [stdout]    8:     0x5b594f959f69 - std[617be2ca0a6fd877]::sys::backtrace::__rust_end_short_backtrace::<std[617be2ca0a6fd877]::panicking::panic_handler::{closure#0}, !>
[INFO] [stdout]    9:     0x5b594f96247d - __rustc[ea4f61d10b84890b]::rust_begin_unwind
[INFO] [stdout]   10:     0x5b594f9a0bfc - core[a373ad73a504971]::panicking::panic_fmt
[INFO] [stdout]   11:     0x5b594f1e90b9 - degenbot_rpc[6b712c8c182d1746]::cassette::tests::committed_corpus_hex_tokens_round_trip_byte_exactly::{closure#0}
[INFO] [stdout]   12:     0x5b594f1fae61 - <degenbot_rpc[6b712c8c182d1746]::cassette::tests::committed_corpus_hex_tokens_round_trip_byte_exactly::{closure#0} as core[a373ad73a504971]::ops::function::FnOnce<()>>::call_once
[INFO] [stdout]   13:     0x5b594f474bfb - test[aada8e7e76ba119b]::__rust_begin_short_backtrace::<core[a373ad73a504971]::result::Result<(), alloc[2e1b2a31b91974c5]::string::String>, fn() -> core[a373ad73a504971]::result::Result<(), alloc[2e1b2a31b91974c5]::string::String>>
[INFO] [stdout]   14:     0x5b594f481dd5 - test[aada8e7e76ba119b]::run_test::{closure#0}
[INFO] [stdout]   15:     0x5b594f47b6c4 - std[617be2ca0a6fd877]::sys::backtrace::__rust_begin_short_backtrace::<test[aada8e7e76ba119b]::run_test::{closure#1}, ()>
[INFO] [stdout]   16:     0x5b594f484e62 - <std[617be2ca0a6fd877]::thread::lifecycle::spawn_unchecked<test[aada8e7e76ba119b]::run_test::{closure#1}, ()>::{closure#1} as core[a373ad73a504971]::ops::function::FnOnce<()>>::call_once::{shim:vtable#0}
[INFO] [stdout]   17:     0x5b594f9872ef - <std[617be2ca0a6fd877]::sys::thread::unix::Thread>::new::thread_start
[INFO] [stdout]   18:     0x70e126aeedfa - <unknown>
[INFO] [stdout]   19:     0x70e126b823d4 - clone
[INFO] [stdout]   20:                0x0 - <unknown>
[INFO] [stdout] 
[INFO] [stdout] ---- cassette::tests::corpus_guard_flags_nonminimal_short_hex_on_in_memory_copy stdout ----
[INFO] [stdout] 
[INFO] [stdout] thread 'cassette::tests::corpus_guard_flags_nonminimal_short_hex_on_in_memory_copy' (6577) panicked at src/cassette.rs:1079:42:
[INFO] [stdout] called `Result::unwrap()` on an `Err` value: Os { code: 2, kind: NotFound, message: "No such file or directory" }
[INFO] [stdout] stack backtrace:
[INFO] [stdout]    0:     0x5b594f9884b1 - <<std[617be2ca0a6fd877]::sys::backtrace::BacktraceLock>::print::DisplayBacktrace as core[a373ad73a504971]::fmt::Display>::fmt
[INFO] [stdout]    1:     0x5b594f9a049a - core[a373ad73a504971]::fmt::write
[INFO] [stdout]    2:     0x5b594f98d49c - <alloc[2e1b2a31b91974c5]::vec::Vec<u8> as core[a373ad73a504971]::io::write::Write>::write_fmt
[INFO] [stdout]    3:     0x5b594f9615d6 - std[617be2ca0a6fd877]::panicking::default_hook::{closure#0}
[INFO] [stdout]    4:     0x5b594f97f439 - std[617be2ca0a6fd877]::panicking::default_hook
[INFO] [stdout]    5:     0x5b594f4817b0 - test[aada8e7e76ba119b]::test_main_inner::{closure#0}
[INFO] [stdout]    6:     0x5b594f97f762 - std[617be2ca0a6fd877]::panicking::panic_with_hook
[INFO] [stdout]    7:     0x5b594f961682 - std[617be2ca0a6fd877]::panicking::panic_handler::{closure#0}
[INFO] [stdout]    8:     0x5b594f959f69 - std[617be2ca0a6fd877]::sys::backtrace::__rust_end_short_backtrace::<std[617be2ca0a6fd877]::panicking::panic_handler::{closure#0}, !>
[INFO] [stdout]    9:     0x5b594f96247d - __rustc[ea4f61d10b84890b]::rust_begin_unwind
[INFO] [stdout]   10:     0x5b594f9a0bfc - core[a373ad73a504971]::panicking::panic_fmt
[INFO] [stdout]   11:     0x5b594f9a09d2 - core[a373ad73a504971]::result::unwrap_failed
[INFO] [stdout]   12:     0x5b594f1fc6c1 - <degenbot_rpc[6b712c8c182d1746]::cassette::tests::corpus_guard_flags_nonminimal_short_hex_on_in_memory_copy::{closure#0} as core[a373ad73a504971]::ops::function::FnOnce<()>>::call_once
[INFO] [stdout]   13:     0x5b594f474bfb - test[aada8e7e76ba119b]::__rust_begin_short_backtrace::<core[a373ad73a504971]::result::Result<(), alloc[2e1b2a31b91974c5]::string::String>, fn() -> core[a373ad73a504971]::result::Result<(), alloc[2e1b2a31b91974c5]::string::String>>
[INFO] [stdout]   14:     0x5b594f481dd5 - test[aada8e7e76ba119b]::run_test::{closure#0}
[INFO] [stdout]   15:     0x5b594f47b6c4 - std[617be2ca0a6fd877]::sys::backtrace::__rust_begin_short_backtrace::<test[aada8e7e76ba119b]::run_test::{closure#1}, ()>
[INFO] [stdout]   16:     0x5b594f484e62 - <std[617be2ca0a6fd877]::thread::lifecycle::spawn_unchecked<test[aada8e7e76ba119b]::run_test::{closure#1}, ()>::{closure#1} as core[a373ad73a504971]::ops::function::FnOnce<()>>::call_once::{shim:vtable#0}
[INFO] [stdout]   17:     0x5b594f9872ef - <std[617be2ca0a6fd877]::sys::thread::unix::Thread>::new::thread_start
[INFO] [stdout]   18:     0x70e126aeedfa - <unknown>
[INFO] [stdout]   19:     0x70e126b823d4 - clone
[INFO] [stdout]   20:                0x0 - <unknown>
[INFO] [stdout] 
[INFO] [stdout] ---- cassette::tests::regenerated_seed_cassettes_ledger_keys_are_deterministically_normalized stdout ----
[INFO] [stdout] 
[INFO] [stdout] thread 'cassette::tests::regenerated_seed_cassettes_ledger_keys_are_deterministically_normalized' (6582) panicked at src/cassette.rs:800:64:
[INFO] [stdout] called `Result::unwrap()` on an `Err` value: Os { code: 2, kind: NotFound, message: "No such file or directory" }
[INFO] [stdout] stack backtrace:
[INFO] [stdout]    0:     0x5b594f9884b1 - <<std[617be2ca0a6fd877]::sys::backtrace::BacktraceLock>::print::DisplayBacktrace as core[a373ad73a504971]::fmt::Display>::fmt
[INFO] [stdout]    1:     0x5b594f9a049a - core[a373ad73a504971]::fmt::write
[INFO] [stdout]    2:     0x5b594f98d49c - <alloc[2e1b2a31b91974c5]::vec::Vec<u8> as core[a373ad73a504971]::io::write::Write>::write_fmt
[INFO] [stdout]    3:     0x5b594f9615d6 - std[617be2ca0a6fd877]::panicking::default_hook::{closure#0}
[INFO] [stdout]    4:     0x5b594f97f439 - std[617be2ca0a6fd877]::panicking::default_hook
[INFO] [stdout]    5:     0x5b594f4817b0 - test[aada8e7e76ba119b]::test_main_inner::{closure#0}
[INFO] [stdout]    6:     0x5b594f97f762 - std[617be2ca0a6fd877]::panicking::panic_with_hook
[INFO] [stdout]    7:     0x5b594f961682 - std[617be2ca0a6fd877]::panicking::panic_handler::{closure#0}
[INFO] [stdout]    8:     0x5b594f959f69 - std[617be2ca0a6fd877]::sys::backtrace::__rust_end_short_backtrace::<std[617be2ca0a6fd877]::panicking::panic_handler::{closure#0}, !>
[INFO] [stdout]    9:     0x5b594f96247d - __rustc[ea4f61d10b84890b]::rust_begin_unwind
[INFO] [stdout]   10:     0x5b594f9a0bfc - core[a373ad73a504971]::panicking::panic_fmt
[INFO] [stdout]   11:     0x5b594f9a09d2 - core[a373ad73a504971]::result::unwrap_failed
[INFO] [stdout]   12:     0x5b594f1fdab9 - <degenbot_rpc[6b712c8c182d1746]::cassette::tests::regenerated_seed_cassettes_ledger_keys_are_deterministically_normalized::{closure#0} as core[a373ad73a504971]::ops::function::FnOnce<()>>::call_once
[INFO] [stdout]   13:     0x5b594f474bfb - test[aada8e7e76ba119b]::__rust_begin_short_backtrace::<core[a373ad73a504971]::result::Result<(), alloc[2e1b2a31b91974c5]::string::String>, fn() -> core[a373ad73a504971]::result::Result<(), alloc[2e1b2a31b91974c5]::string::String>>
[INFO] [stdout]   14:     0x5b594f481dd5 - test[aada8e7e76ba119b]::run_test::{closure#0}
[INFO] [stdout]   15:     0x5b594f47b6c4 - std[617be2ca0a6fd877]::sys::backtrace::__rust_begin_short_backtrace::<test[aada8e7e76ba119b]::run_test::{closure#1}, ()>
[INFO] [stdout]   16:     0x5b594f484e62 - <std[617be2ca0a6fd877]::thread::lifecycle::spawn_unchecked<test[aada8e7e76ba119b]::run_test::{closure#1}, ()>::{closure#1} as core[a373ad73a504971]::ops::function::FnOnce<()>>::call_once::{shim:vtable#0}
[INFO] [stdout]   17:     0x5b594f9872ef - <std[617be2ca0a6fd877]::sys::thread::unix::Thread>::new::thread_start
[INFO] [stdout]   18:     0x70e126aeedfa - <unknown>
[INFO] [stdout]   19:     0x70e126b823d4 - clone
[INFO] [stdout]   20:                0x0 - <unknown>
[INFO] [stdout] 
[INFO] [stdout] ---- cassette_replay::tests::aave_corpus_replays_recorded_log_set_in_fetcher_order stdout ----
[INFO] [stdout] 
[INFO] [stdout] thread 'cassette_replay::tests::aave_corpus_replays_recorded_log_set_in_fetcher_order' (6584) panicked at src/cassette_replay.rs:464:33:
[INFO] [stdout] cassette corpus missing at /opt/rustwide/workdir/../../../../tests/fixtures/cassettes/aave_market_chunk_26130440-26130445.json: No such file or directory (os error 2)
[INFO] [stdout] stack backtrace:
[INFO] [stdout]    0:     0x5b594f9884b1 - <<std[617be2ca0a6fd877]::sys::backtrace::BacktraceLock>::print::DisplayBacktrace as core[a373ad73a504971]::fmt::Display>::fmt
[INFO] [stdout]    1:     0x5b594f9a049a - core[a373ad73a504971]::fmt::write
[INFO] [stdout]    2:     0x5b594f98d49c - <alloc[2e1b2a31b91974c5]::vec::Vec<u8> as core[a373ad73a504971]::io::write::Write>::write_fmt
[INFO] [stdout]    3:     0x5b594f9615d6 - std[617be2ca0a6fd877]::panicking::default_hook::{closure#0}
[INFO] [stdout]    4:     0x5b594f97f439 - std[617be2ca0a6fd877]::panicking::default_hook
[INFO] [stdout]    5:     0x5b594f4817b0 - test[aada8e7e76ba119b]::test_main_inner::{closure#0}
[INFO] [stdout]    6:     0x5b594f97f762 - std[617be2ca0a6fd877]::panicking::panic_with_hook
[INFO] [stdout]    7:     0x5b594f961682 - std[617be2ca0a6fd877]::panicking::panic_handler::{closure#0}
[INFO] [stdout]    8:     0x5b594f959f69 - std[617be2ca0a6fd877]::sys::backtrace::__rust_end_short_backtrace::<std[617be2ca0a6fd877]::panicking::panic_handler::{closure#0}, !>
[INFO] [stdout]    9:     0x5b594f96247d - __rustc[ea4f61d10b84890b]::rust_begin_unwind
[INFO] [stdout]   10:     0x5b594f9a0bfc - core[a373ad73a504971]::panicking::panic_fmt
[INFO] [stdout]   11:     0x5b594f1e0799 - degenbot_rpc[6b712c8c182d1746]::cassette_replay::tests::corpus_cassette::{closure#0}
[INFO] [stdout]   12:     0x5b594f1f07b8 - degenbot_rpc[6b712c8c182d1746]::cassette_replay::tests::corpus_cassette
[INFO] [stdout]   13:     0x5b594f1e58c6 - degenbot_rpc[6b712c8c182d1746]::cassette_replay::tests::aave_corpus_replays_recorded_log_set_in_fetcher_order::{closure#0}
[INFO] [stdout]   14:     0x5b594f29f3a3 - <tokio[925e68112818e348]::runtime::scheduler::current_thread::Context>::enter::<core[a373ad73a504971]::task::poll::Poll<()>, <tokio[925e68112818e348]::runtime::scheduler::current_thread::CoreGuard>::block_on<core[a373ad73a504971]::pin::Pin<&mut core[a373ad73a504971]::pin::Pin<&mut dyn core[a373ad73a504971]::future::future::Future<Output = ()>>>>::{closure#0}::{closure#0}>
[INFO] [stdout]   15:     0x5b594f389b3c - <tokio[925e68112818e348]::runtime::context::scoped::Scoped<tokio[925e68112818e348]::runtime::scheduler::Context>>::set::<<tokio[925e68112818e348]::runtime::scheduler::current_thread::CoreGuard>::enter<<tokio[925e68112818e348]::runtime::scheduler::current_thread::CoreGuard>::block_on<core[a373ad73a504971]::pin::Pin<&mut core[a373ad73a504971]::pin::Pin<&mut dyn core[a373ad73a504971]::future::future::Future<Output = ()>>>>::{closure#0}, core[a373ad73a504971]::option::Option<()>>::{closure#0}, (alloc[2e1b2a31b91974c5]::boxed::Box<tokio[925e68112818e348]::runtime::scheduler::current_thread::Core>, core[a373ad73a504971]::option::Option<()>)>
[INFO] [stdout]   16:     0x5b594f2a37d7 - <tokio[925e68112818e348]::runtime::scheduler::current_thread::CoreGuard>::block_on::<core[a373ad73a504971]::pin::Pin<&mut core[a373ad73a504971]::pin::Pin<&mut dyn core[a373ad73a504971]::future::future::Future<Output = ()>>>>
[INFO] [stdout]   17:     0x5b594f3954a6 - tokio[925e68112818e348]::runtime::context::runtime::enter_runtime::<<tokio[925e68112818e348]::runtime::scheduler::current_thread::CurrentThread>::block_on<core[a373ad73a504971]::pin::Pin<&mut dyn core[a373ad73a504971]::future::future::Future<Output = ()>>>::{closure#0}, ()>
[INFO] [stdout]   18:     0x5b594f3880a6 - <tokio[925e68112818e348]::runtime::runtime::Runtime>::block_on::<core[a373ad73a504971]::pin::Pin<&mut dyn core[a373ad73a504971]::future::future::Future<Output = ()>>>
[INFO] [stdout]   19:     0x5b594f1f84fe - <degenbot_rpc[6b712c8c182d1746]::cassette_replay::tests::aave_corpus_replays_recorded_log_set_in_fetcher_order::{closure#0} as core[a373ad73a504971]::ops::function::FnOnce<()>>::call_once
[INFO] [stdout]   20:     0x5b594f474bfb - test[aada8e7e76ba119b]::__rust_begin_short_backtrace::<core[a373ad73a504971]::result::Result<(), alloc[2e1b2a31b91974c5]::string::String>, fn() -> core[a373ad73a504971]::result::Result<(), alloc[2e1b2a31b91974c5]::string::String>>
[INFO] [stdout]   21:     0x5b594f481dd5 - test[aada8e7e76ba119b]::run_test::{closure#0}
[INFO] [stdout]   22:     0x5b594f47b6c4 - std[617be2ca0a6fd877]::sys::backtrace::__rust_begin_short_backtrace::<test[aada8e7e76ba119b]::run_test::{closure#1}, ()>
[INFO] [stdout]   23:     0x5b594f484e62 - <std[617be2ca0a6fd877]::thread::lifecycle::spawn_unchecked<test[aada8e7e76ba119b]::run_test::{closure#1}, ()>::{closure#1} as core[a373ad73a504971]::ops::function::FnOnce<()>>::call_once::{shim:vtable#0}
[INFO] [stdout]   24:     0x5b594f9872ef - <std[617be2ca0a6fd877]::sys::thread::unix::Thread>::new::thread_start
[INFO] [stdout]   25:     0x70e126aeedfa - <unknown>
[INFO] [stdout]   26:     0x70e126b823d4 - clone
[INFO] [stdout]   27:                0x0 - <unknown>
[INFO] [stdout] 
[INFO] [stdout] ---- cassette_replay::tests::pool_corpus_replays_recorded_pool_created_log stdout ----
[INFO] [stdout] 
[INFO] [stdout] thread 'cassette_replay::tests::pool_corpus_replays_recorded_pool_created_log' (6585) panicked at src/cassette_replay.rs:464:33:
[INFO] [stdout] cassette corpus missing at /opt/rustwide/workdir/../../../../tests/fixtures/cassettes/pool_v3_created_26102622-26102626.json: No such file or directory (os error 2)
[INFO] [stdout] stack backtrace:
[INFO] [stdout]    0:     0x5b594f9884b1 - <<std[617be2ca0a6fd877]::sys::backtrace::BacktraceLock>::print::DisplayBacktrace as core[a373ad73a504971]::fmt::Display>::fmt
[INFO] [stdout]    1:     0x5b594f9a049a - core[a373ad73a504971]::fmt::write
[INFO] [stdout]    2:     0x5b594f98d49c - <alloc[2e1b2a31b91974c5]::vec::Vec<u8> as core[a373ad73a504971]::io::write::Write>::write_fmt
[INFO] [stdout]    3:     0x5b594f9615d6 - std[617be2ca0a6fd877]::panicking::default_hook::{closure#0}
[INFO] [stdout]    4:     0x5b594f97f439 - std[617be2ca0a6fd877]::panicking::default_hook
[INFO] [stdout]    5:     0x5b594f4817b0 - test[aada8e7e76ba119b]::test_main_inner::{closure#0}
[INFO] [stdout]    6:     0x5b594f97f762 - std[617be2ca0a6fd877]::panicking::panic_with_hook
[INFO] [stdout]    7:     0x5b594f961682 - std[617be2ca0a6fd877]::panicking::panic_handler::{closure#0}
[INFO] [stdout]    8:     0x5b594f959f69 - std[617be2ca0a6fd877]::sys::backtrace::__rust_end_short_backtrace::<std[617be2ca0a6fd877]::panicking::panic_handler::{closure#0}, !>
[INFO] [stdout]    9:     0x5b594f96247d - __rustc[ea4f61d10b84890b]::rust_begin_unwind
[INFO] [stdout]   10:     0x5b594f9a0bfc - core[a373ad73a504971]::panicking::panic_fmt
[INFO] [stdout]   11:     0x5b594f1e0799 - degenbot_rpc[6b712c8c182d1746]::cassette_replay::tests::corpus_cassette::{closure#0}
[INFO] [stdout]   12:     0x5b594f1f07b8 - degenbot_rpc[6b712c8c182d1746]::cassette_replay::tests::corpus_cassette
[INFO] [stdout]   13:     0x5b594f1e0827 - degenbot_rpc[6b712c8c182d1746]::cassette_replay::tests::pool_corpus_replays_recorded_pool_created_log::{closure#0}
[INFO] [stdout]   14:     0x5b594f29f3a3 - <tokio[925e68112818e348]::runtime::scheduler::current_thread::Context>::enter::<core[a373ad73a504971]::task::poll::Poll<()>, <tokio[925e68112818e348]::runtime::scheduler::current_thread::CoreGuard>::block_on<core[a373ad73a504971]::pin::Pin<&mut core[a373ad73a504971]::pin::Pin<&mut dyn core[a373ad73a504971]::future::future::Future<Output = ()>>>>::{closure#0}::{closure#0}>
[INFO] [stdout]   15:     0x5b594f389b3c - <tokio[925e68112818e348]::runtime::context::scoped::Scoped<tokio[925e68112818e348]::runtime::scheduler::Context>>::set::<<tokio[925e68112818e348]::runtime::scheduler::current_thread::CoreGuard>::enter<<tokio[925e68112818e348]::runtime::scheduler::current_thread::CoreGuard>::block_on<core[a373ad73a504971]::pin::Pin<&mut core[a373ad73a504971]::pin::Pin<&mut dyn core[a373ad73a504971]::future::future::Future<Output = ()>>>>::{closure#0}, core[a373ad73a504971]::option::Option<()>>::{closure#0}, (alloc[2e1b2a31b91974c5]::boxed::Box<tokio[925e68112818e348]::runtime::scheduler::current_thread::Core>, core[a373ad73a504971]::option::Option<()>)>
[INFO] [stdout]   16:     0x5b594f2a37d7 - <tokio[925e68112818e348]::runtime::scheduler::current_thread::CoreGuard>::block_on::<core[a373ad73a504971]::pin::Pin<&mut core[a373ad73a504971]::pin::Pin<&mut dyn core[a373ad73a504971]::future::future::Future<Output = ()>>>>
[INFO] [stdout]   17:     0x5b594f3954a6 - tokio[925e68112818e348]::runtime::context::runtime::enter_runtime::<<tokio[925e68112818e348]::runtime::scheduler::current_thread::CurrentThread>::block_on<core[a373ad73a504971]::pin::Pin<&mut dyn core[a373ad73a504971]::future::future::Future<Output = ()>>>::{closure#0}, ()>
[INFO] [stdout]   18:     0x5b594f3880a6 - <tokio[925e68112818e348]::runtime::runtime::Runtime>::block_on::<core[a373ad73a504971]::pin::Pin<&mut dyn core[a373ad73a504971]::future::future::Future<Output = ()>>>
[INFO] [stdout]   19:     0x5b594f1f7dae - <degenbot_rpc[6b712c8c182d1746]::cassette_replay::tests::pool_corpus_replays_recorded_pool_created_log::{closure#0} as core[a373ad73a504971]::ops::function::FnOnce<()>>::call_once
[INFO] [stdout]   20:     0x5b594f474bfb - test[aada8e7e76ba119b]::__rust_begin_short_backtrace::<core[a373ad73a504971]::result::Result<(), alloc[2e1b2a31b91974c5]::string::String>, fn() -> core[a373ad73a504971]::result::Result<(), alloc[2e1b2a31b91974c5]::string::String>>
[INFO] [stdout]   21:     0x5b594f481dd5 - test[aada8e7e76ba119b]::run_test::{closure#0}
[INFO] [stdout]   22:     0x5b594f47b6c4 - std[617be2ca0a6fd877]::sys::backtrace::__rust_begin_short_backtrace::<test[aada8e7e76ba119b]::run_test::{closure#1}, ()>
[INFO] [stdout]   23:     0x5b594f484e62 - <std[617be2ca0a6fd877]::thread::lifecycle::spawn_unchecked<test[aada8e7e76ba119b]::run_test::{closure#1}, ()>::{closure#1} as core[a373ad73a504971]::ops::function::FnOnce<()>>::call_once::{shim:vtable#0}
[INFO] [stdout]   24:     0x5b594f9872ef - <std[617be2ca0a6fd877]::sys::thread::unix::Thread>::new::thread_start
[INFO] [stdout]   25:     0x70e126aeedfa - <unknown>
[INFO] [stdout]   26:     0x70e126b823d4 - clone
[INFO] [stdout]   27:                0x0 - <unknown>
[INFO] [stdout] 
[INFO] [stdout] ---- cassette_replay::tests::replay_serves_chain_id_and_head_from_the_ledger stdout ----
[INFO] [stdout] 
[INFO] [stdout] thread 'cassette_replay::tests::replay_serves_chain_id_and_head_from_the_ledger' (6587) panicked at src/cassette_replay.rs:464:33:
[INFO] [stdout] cassette corpus missing at /opt/rustwide/workdir/../../../../tests/fixtures/cassettes/aave_market_chunk_26130440-26130445.json: No such file or directory (os error 2)
[INFO] [stdout] stack backtrace:
[INFO] [stdout]    0:     0x5b594f9884b1 - <<std[617be2ca0a6fd877]::sys::backtrace::BacktraceLock>::print::DisplayBacktrace as core[a373ad73a504971]::fmt::Display>::fmt
[INFO] [stdout]    1:     0x5b594f9a049a - core[a373ad73a504971]::fmt::write
[INFO] [stdout]    2:     0x5b594f98d49c - <alloc[2e1b2a31b91974c5]::vec::Vec<u8> as core[a373ad73a504971]::io::write::Write>::write_fmt
[INFO] [stdout]    3:     0x5b594f9615d6 - std[617be2ca0a6fd877]::panicking::default_hook::{closure#0}
[INFO] [stdout]    4:     0x5b594f97f439 - std[617be2ca0a6fd877]::panicking::default_hook
[INFO] [stdout]    5:     0x5b594f4817b0 - test[aada8e7e76ba119b]::test_main_inner::{closure#0}
[INFO] [stdout]    6:     0x5b594f97f762 - std[617be2ca0a6fd877]::panicking::panic_with_hook
[INFO] [stdout]    7:     0x5b594f961682 - std[617be2ca0a6fd877]::panicking::panic_handler::{closure#0}
[INFO] [stdout]    8:     0x5b594f959f69 - std[617be2ca0a6fd877]::sys::backtrace::__rust_end_short_backtrace::<std[617be2ca0a6fd877]::panicking::panic_handler::{closure#0}, !>
[INFO] [stdout]    9:     0x5b594f96247d - __rustc[ea4f61d10b84890b]::rust_begin_unwind
[INFO] [stdout]   10:     0x5b594f9a0bfc - core[a373ad73a504971]::panicking::panic_fmt
[INFO] [stdout]   11:     0x5b594f1e0799 - degenbot_rpc[6b712c8c182d1746]::cassette_replay::tests::corpus_cassette::{closure#0}
[INFO] [stdout]   12:     0x5b594f1f07b8 - degenbot_rpc[6b712c8c182d1746]::cassette_replay::tests::corpus_cassette
[INFO] [stdout]   13:     0x5b594f1e17f1 - degenbot_rpc[6b712c8c182d1746]::cassette_replay::tests::replay_serves_chain_id_and_head_from_the_ledger::{closure#0}
[INFO] [stdout]   14:     0x5b594f29f3a3 - <tokio[925e68112818e348]::runtime::scheduler::current_thread::Context>::enter::<core[a373ad73a504971]::task::poll::Poll<()>, <tokio[925e68112818e348]::runtime::scheduler::current_thread::CoreGuard>::block_on<core[a373ad73a504971]::pin::Pin<&mut core[a373ad73a504971]::pin::Pin<&mut dyn core[a373ad73a504971]::future::future::Future<Output = ()>>>>::{closure#0}::{closure#0}>
[INFO] [stdout]   15:     0x5b594f389b3c - <tokio[925e68112818e348]::runtime::context::scoped::Scoped<tokio[925e68112818e348]::runtime::scheduler::Context>>::set::<<tokio[925e68112818e348]::runtime::scheduler::current_thread::CoreGuard>::enter<<tokio[925e68112818e348]::runtime::scheduler::current_thread::CoreGuard>::block_on<core[a373ad73a504971]::pin::Pin<&mut core[a373ad73a504971]::pin::Pin<&mut dyn core[a373ad73a504971]::future::future::Future<Output = ()>>>>::{closure#0}, core[a373ad73a504971]::option::Option<()>>::{closure#0}, (alloc[2e1b2a31b91974c5]::boxed::Box<tokio[925e68112818e348]::runtime::scheduler::current_thread::Core>, core[a373ad73a504971]::option::Option<()>)>
[INFO] [stdout]   16:     0x5b594f2a37d7 - <tokio[925e68112818e348]::runtime::scheduler::current_thread::CoreGuard>::block_on::<core[a373ad73a504971]::pin::Pin<&mut core[a373ad73a504971]::pin::Pin<&mut dyn core[a373ad73a504971]::future::future::Future<Output = ()>>>>
[INFO] [stdout]   17:     0x5b594f3954a6 - tokio[925e68112818e348]::runtime::context::runtime::enter_runtime::<<tokio[925e68112818e348]::runtime::scheduler::current_thread::CurrentThread>::block_on<core[a373ad73a504971]::pin::Pin<&mut dyn core[a373ad73a504971]::future::future::Future<Output = ()>>>::{closure#0}, ()>
[INFO] [stdout]   18:     0x5b594f3880a6 - <tokio[925e68112818e348]::runtime::runtime::Runtime>::block_on::<core[a373ad73a504971]::pin::Pin<&mut dyn core[a373ad73a504971]::future::future::Future<Output = ()>>>
[INFO] [stdout]   19:     0x5b594f1f7f0e - <degenbot_rpc[6b712c8c182d1746]::cassette_replay::tests::replay_serves_chain_id_and_head_from_the_ledger::{closure#0} as core[a373ad73a504971]::ops::function::FnOnce<()>>::call_once
[INFO] [stdout]   20:     0x5b594f474bfb - test[aada8e7e76ba119b]::__rust_begin_short_backtrace::<core[a373ad73a504971]::result::Result<(), alloc[2e1b2a31b91974c5]::string::String>, fn() -> core[a373ad73a504971]::result::Result<(), alloc[2e1b2a31b91974c5]::string::String>>
[INFO] [stdout]   21:     0x5b594f481dd5 - test[aada8e7e76ba119b]::run_test::{closure#0}
[INFO] [stdout]   22:     0x5b594f47b6c4 - std[617be2ca0a6fd877]::sys::backtrace::__rust_begin_short_backtrace::<test[aada8e7e76ba119b]::run_test::{closure#1}, ()>
[INFO] [stdout]   23:     0x5b594f484e62 - <std[617be2ca0a6fd877]::thread::lifecycle::spawn_unchecked<test[aada8e7e76ba119b]::run_test::{closure#1}, ()>::{closure#1} as core[a373ad73a504971]::ops::function::FnOnce<()>>::call_once::{shim:vtable#0}
[INFO] [stdout]   24:     0x5b594f9872ef - <std[617be2ca0a6fd877]::sys::thread::unix::Thread>::new::thread_start
[INFO] [stdout]   25:     0x70e126aeedfa - <unknown>
[INFO] [stdout]   26:     0x70e126b823d4 - clone
[INFO] [stdout]   27:                0x0 - <unknown>
[INFO] [stdout] 
[INFO] [stdout] ---- cassette_replay::tests::unrecorded_getlogs_is_a_fixture_gap_not_a_revert stdout ----
[INFO] [stdout] 
[INFO] [stdout] thread 'cassette_replay::tests::unrecorded_getlogs_is_a_fixture_gap_not_a_revert' (6590) panicked at src/cassette_replay.rs:464:33:
[INFO] [stdout] cassette corpus missing at /opt/rustwide/workdir/../../../../tests/fixtures/cassettes/pool_v3_created_26102622-26102626.json: No such file or directory (os error 2)
[INFO] [stdout] stack backtrace:
[INFO] [stdout]    0:     0x5b594f9884b1 - <<std[617be2ca0a6fd877]::sys::backtrace::BacktraceLock>::print::DisplayBacktrace as core[a373ad73a504971]::fmt::Display>::fmt
[INFO] [stdout]    1:     0x5b594f9a049a - core[a373ad73a504971]::fmt::write
[INFO] [stdout]    2:     0x5b594f98d49c - <alloc[2e1b2a31b91974c5]::vec::Vec<u8> as core[a373ad73a504971]::io::write::Write>::write_fmt
[INFO] [stdout]    3:     0x5b594f9615d6 - std[617be2ca0a6fd877]::panicking::default_hook::{closure#0}
[INFO] [stdout]    4:     0x5b594f97f439 - std[617be2ca0a6fd877]::panicking::default_hook
[INFO] [stdout]    5:     0x5b594f4817b0 - test[aada8e7e76ba119b]::test_main_inner::{closure#0}
[INFO] [stdout]    6:     0x5b594f97f762 - std[617be2ca0a6fd877]::panicking::panic_with_hook
[INFO] [stdout]    7:     0x5b594f961682 - std[617be2ca0a6fd877]::panicking::panic_handler::{closure#0}
[INFO] [stdout]    8:     0x5b594f959f69 - std[617be2ca0a6fd877]::sys::backtrace::__rust_end_short_backtrace::<std[617be2ca0a6fd877]::panicking::panic_handler::{closure#0}, !>
[INFO] [stdout]    9:     0x5b594f96247d - __rustc[ea4f61d10b84890b]::rust_begin_unwind
[INFO] [stdout]   10:     0x5b594f9a0bfc - core[a373ad73a504971]::panicking::panic_fmt
[INFO] [stdout]   11:     0x5b594f1e0799 - degenbot_rpc[6b712c8c182d1746]::cassette_replay::tests::corpus_cassette::{closure#0}
[INFO] [stdout]   12:     0x5b594f1f07b8 - degenbot_rpc[6b712c8c182d1746]::cassette_replay::tests::corpus_cassette
[INFO] [stdout]   13:     0x5b594f1e26c2 - degenbot_rpc[6b712c8c182d1746]::cassette_replay::tests::unrecorded_getlogs_is_a_fixture_gap_not_a_revert::{closure#0}
[INFO] [stdout]   14:     0x5b594f29f3a3 - <tokio[925e68112818e348]::runtime::scheduler::current_thread::Context>::enter::<core[a373ad73a504971]::task::poll::Poll<()>, <tokio[925e68112818e348]::runtime::scheduler::current_thread::CoreGuard>::block_on<core[a373ad73a504971]::pin::Pin<&mut core[a373ad73a504971]::pin::Pin<&mut dyn core[a373ad73a504971]::future::future::Future<Output = ()>>>>::{closure#0}::{closure#0}>
[INFO] [stdout]   15:     0x5b594f389b3c - <tokio[925e68112818e348]::runtime::context::scoped::Scoped<tokio[925e68112818e348]::runtime::scheduler::Context>>::set::<<tokio[925e68112818e348]::runtime::scheduler::current_thread::CoreGuard>::enter<<tokio[925e68112818e348]::runtime::scheduler::current_thread::CoreGuard>::block_on<core[a373ad73a504971]::pin::Pin<&mut core[a373ad73a504971]::pin::Pin<&mut dyn core[a373ad73a504971]::future::future::Future<Output = ()>>>>::{closure#0}, core[a373ad73a504971]::option::Option<()>>::{closure#0}, (alloc[2e1b2a31b91974c5]::boxed::Box<tokio[925e68112818e348]::runtime::scheduler::current_thread::Core>, core[a373ad73a504971]::option::Option<()>)>
[INFO] [stdout]   16:     0x5b594f2a37d7 - <tokio[925e68112818e348]::runtime::scheduler::current_thread::CoreGuard>::block_on::<core[a373ad73a504971]::pin::Pin<&mut core[a373ad73a504971]::pin::Pin<&mut dyn core[a373ad73a504971]::future::future::Future<Output = ()>>>>
[INFO] [stdout]   17:     0x5b594f3954a6 - tokio[925e68112818e348]::runtime::context::runtime::enter_runtime::<<tokio[925e68112818e348]::runtime::scheduler::current_thread::CurrentThread>::block_on<core[a373ad73a504971]::pin::Pin<&mut dyn core[a373ad73a504971]::future::future::Future<Output = ()>>>::{closure#0}, ()>
[INFO] [stdout]   18:     0x5b594f3880a6 - <tokio[925e68112818e348]::runtime::runtime::Runtime>::block_on::<core[a373ad73a504971]::pin::Pin<&mut dyn core[a373ad73a504971]::future::future::Future<Output = ()>>>
[INFO] [stdout]   19:     0x5b594f1f80de - <degenbot_rpc[6b712c8c182d1746]::cassette_replay::tests::unrecorded_getlogs_is_a_fixture_gap_not_a_revert::{closure#0} as core[a373ad73a504971]::ops::function::FnOnce<()>>::call_once
[INFO] [stdout]   20:     0x5b594f474bfb - test[aada8e7e76ba119b]::__rust_begin_short_backtrace::<core[a373ad73a504971]::result::Result<(), alloc[2e1b2a31b91974c5]::string::String>, fn() -> core[a373ad73a504971]::result::Result<(), alloc[2e1b2a31b91974c5]::string::String>>
[INFO] [stdout]   21:     0x5b594f481dd5 - test[aada8e7e76ba119b]::run_test::{closure#0}
[INFO] [stdout]   22:     0x5b594f47b6c4 - std[617be2ca0a6fd877]::sys::backtrace::__rust_begin_short_backtrace::<test[aada8e7e76ba119b]::run_test::{closure#1}, ()>
[INFO] [stdout]   23:     0x5b594f484e62 - <std[617be2ca0a6fd877]::thread::lifecycle::spawn_unchecked<test[aada8e7e76ba119b]::run_test::{closure#1}, ()>::{closure#1} as core[a373ad73a504971]::ops::function::FnOnce<()>>::call_once::{shim:vtable#0}
[INFO] [stdout]   24:     0x5b594f9872ef - <std[617be2ca0a6fd877]::sys::thread::unix::Thread>::new::thread_start
[INFO] [stdout]   25:     0x70e126aeedfa - <unknown>
[INFO] [stdout]   26:     0x70e126b823d4 - clone
[INFO] [stdout]   27:                0x0 - <unknown>
[INFO] [stdout] 
[INFO] [stdout] ---- cassette_replay::tests::unrecorded_method_keeps_the_method_not_found_contract stdout ----
[INFO] [stdout] 
[INFO] [stdout] thread 'cassette_replay::tests::unrecorded_method_keeps_the_method_not_found_contract' (6591) panicked at src/cassette_replay.rs:464:33:
[INFO] [stdout] cassette corpus missing at /opt/rustwide/workdir/../../../../tests/fixtures/cassettes/pool_v3_created_26102622-26102626.json: No such file or directory (os error 2)
[INFO] [stdout] stack backtrace:
[INFO] [stdout]    0:     0x5b594f9884b1 - <<std[617be2ca0a6fd877]::sys::backtrace::BacktraceLock>::print::DisplayBacktrace as core[a373ad73a504971]::fmt::Display>::fmt
[INFO] [stdout]    1:     0x5b594f9a049a - core[a373ad73a504971]::fmt::write
[INFO] [stdout]    2:     0x5b594f98d49c - <alloc[2e1b2a31b91974c5]::vec::Vec<u8> as core[a373ad73a504971]::io::write::Write>::write_fmt
[INFO] [stdout]    3:     0x5b594f9615d6 - std[617be2ca0a6fd877]::panicking::default_hook::{closure#0}
[INFO] [stdout]    4:     0x5b594f97f439 - std[617be2ca0a6fd877]::panicking::default_hook
[INFO] [stdout]    5:     0x5b594f4817b0 - test[aada8e7e76ba119b]::test_main_inner::{closure#0}
[INFO] [stdout]    6:     0x5b594f97f762 - std[617be2ca0a6fd877]::panicking::panic_with_hook
[INFO] [stdout]    7:     0x5b594f961682 - std[617be2ca0a6fd877]::panicking::panic_handler::{closure#0}
[INFO] [stdout]    8:     0x5b594f959f69 - std[617be2ca0a6fd877]::sys::backtrace::__rust_end_short_backtrace::<std[617be2ca0a6fd877]::panicking::panic_handler::{closure#0}, !>
[INFO] [stdout]    9:     0x5b594f96247d - __rustc[ea4f61d10b84890b]::rust_begin_unwind
[INFO] [stdout]   10:     0x5b594f9a0bfc - core[a373ad73a504971]::panicking::panic_fmt
[INFO] [stdout]   11:     0x5b594f1e0799 - degenbot_rpc[6b712c8c182d1746]::cassette_replay::tests::corpus_cassette::{closure#0}
[INFO] [stdout]   12:     0x5b594f1f07b8 - degenbot_rpc[6b712c8c182d1746]::cassette_replay::tests::corpus_cassette
[INFO] [stdout]   13:     0x5b594f1e6a02 - degenbot_rpc[6b712c8c182d1746]::cassette_replay::tests::unrecorded_method_keeps_the_method_not_found_contract::{closure#0}
[INFO] [stdout]   14:     0x5b594f29f3a3 - <tokio[925e68112818e348]::runtime::scheduler::current_thread::Context>::enter::<core[a373ad73a504971]::task::poll::Poll<()>, <tokio[925e68112818e348]::runtime::scheduler::current_thread::CoreGuard>::block_on<core[a373ad73a504971]::pin::Pin<&mut core[a373ad73a504971]::pin::Pin<&mut dyn core[a373ad73a504971]::future::future::Future<Output = ()>>>>::{closure#0}::{closure#0}>
[INFO] [stdout]   15:     0x5b594f389b3c - <tokio[925e68112818e348]::runtime::context::scoped::Scoped<tokio[925e68112818e348]::runtime::scheduler::Context>>::set::<<tokio[925e68112818e348]::runtime::scheduler::current_thread::CoreGuard>::enter<<tokio[925e68112818e348]::runtime::scheduler::current_thread::CoreGuard>::block_on<core[a373ad73a504971]::pin::Pin<&mut core[a373ad73a504971]::pin::Pin<&mut dyn core[a373ad73a504971]::future::future::Future<Output = ()>>>>::{closure#0}, core[a373ad73a504971]::option::Option<()>>::{closure#0}, (alloc[2e1b2a31b91974c5]::boxed::Box<tokio[925e68112818e348]::runtime::scheduler::current_thread::Core>, core[a373ad73a504971]::option::Option<()>)>
[INFO] [stdout]   16:     0x5b594f2a37d7 - <tokio[925e68112818e348]::runtime::scheduler::current_thread::CoreGuard>::block_on::<core[a373ad73a504971]::pin::Pin<&mut core[a373ad73a504971]::pin::Pin<&mut dyn core[a373ad73a504971]::future::future::Future<Output = ()>>>>
[INFO] [stdout]   17:     0x5b594f3954a6 - tokio[925e68112818e348]::runtime::context::runtime::enter_runtime::<<tokio[925e68112818e348]::runtime::scheduler::current_thread::CurrentThread>::block_on<core[a373ad73a504971]::pin::Pin<&mut dyn core[a373ad73a504971]::future::future::Future<Output = ()>>>::{closure#0}, ()>
[INFO] [stdout]   18:     0x5b594f3880a6 - <tokio[925e68112818e348]::runtime::runtime::Runtime>::block_on::<core[a373ad73a504971]::pin::Pin<&mut dyn core[a373ad73a504971]::future::future::Future<Output = ()>>>
[INFO] [stdout]   19:     0x5b594f1f865e - <degenbot_rpc[6b712c8c182d1746]::cassette_replay::tests::unrecorded_method_keeps_the_method_not_found_contract::{closure#0} as core[a373ad73a504971]::ops::function::FnOnce<()>>::call_once
[INFO] [stdout]   20:     0x5b594f474bfb - test[aada8e7e76ba119b]::__rust_begin_short_backtrace::<core[a373ad73a504971]::result::Result<(), alloc[2e1b2a31b91974c5]::string::String>, fn() -> core[a373ad73a504971]::result::Result<(), alloc[2e1b2a31b91974c5]::string::String>>
[INFO] [stdout]   21:     0x5b594f481dd5 - test[aada8e7e76ba119b]::run_test::{closure#0}
[INFO] [stdout]   22:     0x5b594f47b6c4 - std[617be2ca0a6fd877]::sys::backtrace::__rust_begin_short_backtrace::<test[aada8e7e76ba119b]::run_test::{closure#1}, ()>
[INFO] [stdout]   23:     0x5b594f484e62 - <std[617be2ca0a6fd877]::thread::lifecycle::spawn_unchecked<test[aada8e7e76ba119b]::run_test::{closure#1}, ()>::{closure#1} as core[a373ad73a504971]::ops::function::FnOnce<()>>::call_once::{shim:vtable#0}
[INFO] [stdout]   24:     0x5b594f9872ef - <std[617be2ca0a6fd877]::sys::thread::unix::Thread>::new::thread_start
[INFO] [stdout]   25:     0x70e126aeedfa - <unknown>
[INFO] [stdout]   26:     0x70e126b823d4 - clone
[INFO] [stdout]   27:                0x0 - <unknown>
[INFO] [stdout] 
[INFO] [stdout] 
[INFO] [stdout] failures:
[INFO] [stdout]     cassette::tests::committed_cassette_corpus_is_byte_identical
[INFO] [stdout]     cassette::tests::committed_corpus_hex_tokens_round_trip_byte_exactly
[INFO] [stdout]     cassette::tests::corpus_guard_flags_nonminimal_short_hex_on_in_memory_copy
[INFO] [stdout]     cassette::tests::regenerated_seed_cassettes_ledger_keys_are_deterministically_normalized
[INFO] [stdout]     cassette_replay::tests::aave_corpus_replays_recorded_log_set_in_fetcher_order
[INFO] [stdout]     cassette_replay::tests::pool_corpus_replays_recorded_pool_created_log
[INFO] [stdout]     cassette_replay::tests::replay_serves_chain_id_and_head_from_the_ledger
[INFO] [stdout]     cassette_replay::tests::unrecorded_getlogs_is_a_fixture_gap_not_a_revert
[INFO] [stdout]     cassette_replay::tests::unrecorded_method_keeps_the_method_not_found_contract
[INFO] [stdout] 
[INFO] [stdout] test result: FAILED. 197 passed; 9 failed; 0 ignored; 0 measured; 0 filtered out; finished in 0.52s
[INFO] [stdout] 
[INFO] [stderr] error: test failed, to rerun pass `--lib`
[INFO] running `Command { std: "docker" "inspect" "2a3495037a0280388b7dc21b7020af9b0535479bbac7027425cc470caac7cbff", kill_on_drop: false }`
[INFO] running `Command { std: "docker" "rm" "-f" "2a3495037a0280388b7dc21b7020af9b0535479bbac7027425cc470caac7cbff", kill_on_drop: false }`
[INFO] [stdout] 2a3495037a0280388b7dc21b7020af9b0535479bbac7027425cc470caac7cbff
