[INFO] fetching crate zyris-core 0.2.0...
[INFO] testing zyris-core-0.2.0 against 1.99.0-beta.8+cargoflags=--release for beta-release-1.100-2
[INFO] extracting crate zyris-core 0.2.0 into /workspace/builds/worker-2-tc1/source
[INFO] started tweaking crates.io crate zyris-core 0.2.0
[INFO] removed 0 missing tests
[INFO] finished tweaking crates.io crate zyris-core 0.2.0
[INFO] tweaked toml for crates.io crate zyris-core 0.2.0 written to /workspace/builds/worker-2-tc1/source/Cargo.toml
[INFO] validating manifest of crates.io crate zyris-core 0.2.0 on toolchain 1.99.0-beta.8
[INFO] running `Command { std: CARGO_HOME="/workspace/cargo-home" RUSTUP_HOME="/workspace/rustup-home" "/workspace/cargo-home/bin/cargo" "+1.99.0-beta.8" "metadata" "--manifest-path" "Cargo.toml" "--no-deps", kill_on_drop: false }`
[INFO] crate crates.io crate zyris-core 0.2.0 already has a lockfile, it will not be regenerated
[INFO] running `Command { std: CARGO_HOME="/workspace/cargo-home" RUSTUP_HOME="/workspace/rustup-home" "/workspace/cargo-home/bin/cargo" "+1.99.0-beta.8" "fetch" "--manifest-path" "Cargo.toml", kill_on_drop: false }`
[INFO] [stderr]     Updating crates.io index
[INFO] [stderr]  Downloading crates ...
[INFO] [stderr]   Downloaded thiserror v2.0.19
[INFO] [stderr]   Downloaded hybrid-array v0.4.13
[INFO] [stderr]   Downloaded zyris-proto v0.2.0
[INFO] [stderr]   Downloaded thiserror-impl v2.0.19
[INFO] [stderr]   Downloaded schemars_derive v1.2.2
[INFO] [stderr]   Downloaded wasm-bindgen v0.2.126
[INFO] [stderr]   Downloaded http v1.4.2
[INFO] [stderr]   Downloaded hyper v1.11.0
[INFO] [stderr]   Downloaded yasna v0.6.0
[INFO] [stderr]   Downloaded ref-cast-impl v1.0.26
[INFO] [stderr]   Downloaded base64 v0.23.0
[INFO] [stderr]   Downloaded futures-task v0.3.33
[INFO] [stderr]   Downloaded ref-cast v1.0.26
[INFO] [stderr]   Downloaded wasm-bindgen-shared v0.2.126
[INFO] [stderr]   Downloaded wasm-bindgen-futures v0.4.76
[INFO] [stderr]   Downloaded wasm-bindgen-macro v0.2.126
[INFO] [stderr]   Downloaded futures-channel v0.3.33
[INFO] [stderr]   Downloaded futures-sink v0.3.33
[INFO] [stderr]   Downloaded zyris-macros v0.2.0
[INFO] [stderr]   Downloaded gethostname v1.1.0
[INFO] [stderr]   Downloaded cargo-husky v1.5.0
[INFO] [stderr]   Downloaded serde_derive_internals v0.30.0
[INFO] [stderr]   Downloaded rmpv v1.3.1
[INFO] [stderr]   Downloaded futures-macro v0.3.33
[INFO] [stderr]   Downloaded smallvec v1.15.2
[INFO] [stderr]   Downloaded http-body-util v0.1.4
[INFO] [stderr]   Downloaded async-trait v0.1.91
[INFO] [stderr]   Downloaded uuid v1.24.0
[INFO] [stderr]   Downloaded mio v1.2.2
[INFO] [stderr]   Downloaded rustls-platform-verifier v0.7.0
[INFO] [stderr]   Downloaded jni-macros v0.22.4
[INFO] [stderr]   Downloaded futures-core v0.3.33
[INFO] [stderr]   Downloaded tokio-macros v2.7.1
[INFO] [stderr]   Downloaded rcgen v0.14.8
[INFO] [stderr]   Downloaded wasm-bindgen-macro-support v0.2.126
[INFO] [stderr]   Downloaded cc v1.4.0
[INFO] [stderr]   Downloaded bit-vec v0.9.1
[INFO] [stderr]   Downloaded js-sys v0.3.103
[INFO] [stderr]   Downloaded zerocopy-derive v0.8.55
[INFO] [stderr]   Downloaded x509-parser v0.18.1
[INFO] [stderr]   Downloaded reqwest v0.13.4
[INFO] [stderr]   Downloaded jni v0.22.4
[INFO] [stderr]   Downloaded h2 v0.4.15
[INFO] [stderr]   Downloaded futures-util v0.3.33
[INFO] [stderr]   Downloaded axum v0.8.9
[INFO] [stderr]   Downloaded aws-lc-rs v1.17.3
[INFO] [stderr]   Downloaded zerocopy v0.8.55
[INFO] [stderr]   Downloaded simd_cesu8 v1.2.0
[INFO] [stderr]   Downloaded rustls v0.23.42
[INFO] [stderr]   Downloaded web-sys v0.3.103
[INFO] [stderr]   Downloaded aws-lc-sys v0.43.0
[INFO] running `Command { std: "docker" "create" "-v" "/var/lib/crater-agent-workspace/builds/worker-2-tc1/source:/opt/rustwide/workdir:ro,Z" "-v" "/var/lib/crater-agent-workspace/builds/worker-2-tc1/target:/opt/rustwide/target:rw,Z" "-v" "/var/lib/crater-agent-workspace/cargo-home:/opt/rustwide/cargo-home:ro,Z" "-v" "/var/lib/crater-agent-workspace/rustup-home:/opt/rustwide/rustup-home:ro,Z" "-m" "1610612736" "--network" "none" "ghcr.io/rust-lang/crates-build-env/linux@sha256:77db811e55d90add9212f6832c23229e3de5f1c1f9905e8cb07319ea15df73ac" "sleep" "infinity", kill_on_drop: false }`
[INFO] [stdout] 904ca4e952b1146bb8ca1bc3b4bbb9aa4a5cac4decf052625fb6557e6bc600a9
[INFO] running `Command { std: "docker" "start" "904ca4e952b1146bb8ca1bc3b4bbb9aa4a5cac4decf052625fb6557e6bc600a9", kill_on_drop: false }`
[INFO] running `Command { std: "docker" "inspect" "904ca4e952b1146bb8ca1bc3b4bbb9aa4a5cac4decf052625fb6557e6bc600a9", kill_on_drop: false }`
[INFO] running `Command { std: "docker" "exec" "-e" "SOURCE_DIR=/opt/rustwide/workdir" "-e" "CARGO_HOME=/opt/rustwide/cargo-home" "-e" "RUSTUP_HOME=/opt/rustwide/rustup-home" "-e" "CARGO_TARGET_DIR=/opt/rustwide/target" "-w" "/opt/rustwide/workdir" "--user" "0:0" "904ca4e952b1146bb8ca1bc3b4bbb9aa4a5cac4decf052625fb6557e6bc600a9" "/opt/rustwide/cargo-home/bin/cargo" "+1.99.0-beta.8" "metadata" "--no-deps" "--format-version=1", kill_on_drop: false }`
[INFO] running `Command { std: "docker" "inspect" "904ca4e952b1146bb8ca1bc3b4bbb9aa4a5cac4decf052625fb6557e6bc600a9", kill_on_drop: false }`
[INFO] running `Command { std: "docker" "exec" "-e" "SOURCE_DIR=/opt/rustwide/workdir" "-e" "CARGO_HOME=/opt/rustwide/cargo-home" "-e" "RUSTUP_HOME=/opt/rustwide/rustup-home" "-e" "CARGO_TARGET_DIR=/opt/rustwide/target" "-e" "CARGO_INCREMENTAL=0" "-e" "RUST_BACKTRACE=full" "-e" "RUSTFLAGS=--cap-lints=warn" "-e" "RUSTDOCFLAGS=--cap-lints=warn" "-w" "/opt/rustwide/workdir" "--user" "0:0" "904ca4e952b1146bb8ca1bc3b4bbb9aa4a5cac4decf052625fb6557e6bc600a9" "/opt/rustwide/cargo-home/bin/cargo" "+1.99.0-beta.8" "build" "--frozen" "--message-format=json" "--release", kill_on_drop: false }`
[INFO] [stderr]    Compiling zerocopy v0.8.55
[INFO] [stderr]    Compiling hybrid-array v0.4.13
[INFO] [stderr]    Compiling rustls v0.23.42
[INFO] [stderr]    Compiling thiserror v2.0.19
[INFO] [stderr]    Compiling thiserror-impl v2.0.19
[INFO] [stderr]    Compiling getrandom v0.3.4
[INFO] [stderr]    Compiling rustls-webpki v0.103.13
[INFO] [stderr]    Compiling ref-cast v1.0.26
[INFO] [stderr]    Compiling digest v0.10.7
[INFO] [stderr]    Compiling tokio-macros v2.7.1
[INFO] [stderr]    Compiling rmp v0.8.15
[INFO] [stderr]    Compiling serde_derive_internals v0.30.0
[INFO] [stderr]    Compiling ref-cast-impl v1.0.26
[INFO] [stderr]    Compiling rustix v1.1.4
[INFO] [stderr]    Compiling serde_json v1.0.151
[INFO] [stderr]    Compiling futures-macro v0.3.33
[INFO] [stderr]    Compiling serde_bytes v0.11.19
[INFO] [stderr]    Compiling rand_core v0.9.5
[INFO] [stderr]    Compiling http v1.4.2
[INFO] [stderr]    Compiling data-encoding v2.11.1
[INFO] [stderr]    Compiling futures-core v0.3.33
[INFO] [stderr]    Compiling sha1 v0.10.7
[INFO] [stderr]    Compiling log v0.4.33
[INFO] [stderr]    Compiling futures-task v0.3.33
[INFO] [stderr]    Compiling linux-raw-sys v0.12.1
[INFO] [stderr]    Compiling futures-sink v0.3.33
[INFO] [stderr]    Compiling rmpv v1.3.1
[INFO] [stderr]    Compiling block-buffer v0.12.1
[INFO] [stderr]    Compiling crypto-common v0.2.2
[INFO] [stderr]    Compiling rmp-serde v1.3.1
[INFO] [stderr]    Compiling base64 v0.23.0
[INFO] [stderr]    Compiling tracing v0.1.44
[INFO] [stderr]    Compiling tokio v1.53.1
[INFO] [stderr]    Compiling schemars_derive v1.2.2
[INFO] [stderr]    Compiling futures-util v0.3.33
[INFO] [stderr]    Compiling uuid v1.24.0
[INFO] [stderr]    Compiling async-trait v0.1.91
[INFO] [stderr]    Compiling digest v0.11.3
[INFO] [stderr]    Compiling sha2 v0.11.0
[INFO] [stderr]    Compiling zyris-macros v0.2.0
[INFO] [stderr]    Compiling gethostname v1.1.0
[INFO] [stderr]    Compiling schemars v1.2.2
[INFO] [stderr]    Compiling zyris-proto v0.2.0
[INFO] [stderr]    Compiling ppv-lite86 v0.2.21
[INFO] [stderr]    Compiling rand_chacha v0.9.0
[INFO] [stderr]    Compiling rand v0.9.5
[INFO] [stderr]    Compiling tungstenite v0.29.0
[INFO] [stderr]    Compiling tokio-rustls v0.26.4
[INFO] [stderr]    Compiling tokio-tungstenite v0.29.0
[INFO] [stderr]    Compiling zyris-core v0.2.0 (/opt/rustwide/workdir)
[INFO] [stderr]     Finished `release` profile [optimized] target(s) in 17.88s
[INFO] running `Command { std: "docker" "inspect" "904ca4e952b1146bb8ca1bc3b4bbb9aa4a5cac4decf052625fb6557e6bc600a9", kill_on_drop: false }`
[INFO] running `Command { std: "docker" "exec" "-e" "SOURCE_DIR=/opt/rustwide/workdir" "-e" "CARGO_HOME=/opt/rustwide/cargo-home" "-e" "RUSTUP_HOME=/opt/rustwide/rustup-home" "-e" "CARGO_TARGET_DIR=/opt/rustwide/target" "-e" "CARGO_INCREMENTAL=0" "-e" "RUST_BACKTRACE=full" "-e" "RUSTFLAGS=--cap-lints=warn" "-e" "RUSTDOCFLAGS=--cap-lints=warn" "-w" "/opt/rustwide/workdir" "--user" "0:0" "904ca4e952b1146bb8ca1bc3b4bbb9aa4a5cac4decf052625fb6557e6bc600a9" "/opt/rustwide/cargo-home/bin/cargo" "+1.99.0-beta.8" "test" "--frozen" "--no-run" "--message-format=json" "--release", kill_on_drop: false }`
[INFO] [stderr]    Compiling rustix v1.1.4
[INFO] [stderr]    Compiling cc v1.4.0
[INFO] [stderr]    Compiling time v0.3.55
[INFO] [stderr]    Compiling cargo-husky v1.5.0
[INFO] [stderr]    Compiling yasna v0.6.0
[INFO] [stderr]    Compiling ring v0.17.14
[INFO] [stderr]    Compiling gethostname v1.1.0
[INFO] [stderr]    Compiling tempfile v3.27.0
[INFO] [stderr]    Compiling zyris-core v0.2.0 (/opt/rustwide/workdir)
[INFO] [stderr]    Compiling rcgen v0.14.8
[INFO] [stdout] error[E0433]: cannot find module or crate `zyris` in this scope
[INFO] [stdout]  --> tests/heartbeat.rs:9:5
[INFO] [stdout]   |
[INFO] [stdout] 9 | use zyris::proto::{HeartbeatConfig, FEATURE_ATTACHMENTS, FEATURE_CANCEL};
[INFO] [stdout]   |     ^^^^^ use of unresolved module or unlinked crate `zyris`
[INFO] [stdout]   |
[INFO] [stdout]   = help: if you wanted to use a crate named `zyris`, use `cargo add zyris` to add it to your `Cargo.toml`
[INFO] [stdout] 
[INFO] [stdout] 
[INFO] [stdout] error[E0433]: cannot find module or crate `zyris` in this scope
[INFO] [stdout]   --> tests/heartbeat.rs:10:5
[INFO] [stdout]    |
[INFO] [stdout] 10 | use zyris::testing::gated_duplex;
[INFO] [stdout]    |     ^^^^^ use of unresolved module or unlinked crate `zyris`
[INFO] [stdout]    |
[INFO] [stdout]    = help: if you wanted to use a crate named `zyris`, use `cargo add zyris` to add it to your `Cargo.toml`
[INFO] [stdout] 
[INFO] [stdout] 
[INFO] [stdout] error[E0433]: cannot find module or crate `zyris` in this scope
[INFO] [stdout]   --> tests/dial.rs:12:5
[INFO] [stdout]    |
[INFO] [stdout] 12 | use zyris::proto::{
[INFO] [stdout]    |     ^^^^^ use of unresolved module or unlinked crate `zyris`
[INFO] [stdout]    |
[INFO] [stdout]    = help: if you wanted to use a crate named `zyris`, use `cargo add zyris` to add it to your `Cargo.toml`
[INFO] [stdout] 
[INFO] [stdout] 
[INFO] [stdout] error[E0433]: cannot find module or crate `zyris` in this scope
[INFO] [stdout]   --> tests/dial.rs:15:5
[INFO] [stdout]    |
[INFO] [stdout] 15 | use zyris::transport::{ChannelTransport, Transport};
[INFO] [stdout]    |     ^^^^^ use of unresolved module or unlinked crate `zyris`
[INFO] [stdout]    |
[INFO] [stdout]    = help: if you wanted to use a crate named `zyris`, use `cargo add zyris` to add it to your `Cargo.toml`
[INFO] [stdout] 
[INFO] [stdout] 
[INFO] [stdout] error[E0433]: cannot find module or crate `zyris` in this scope
[INFO] [stdout]   --> tests/connect_errors.rs:10:5
[INFO] [stdout]    |
[INFO] [stdout] 10 | use zyris::enroll::protocol::{classify_refresh_error, ErrorResponse};
[INFO] [stdout]    |     ^^^^^ use of unresolved module or unlinked crate `zyris`
[INFO] [stdout]    |
[INFO] [stdout]    = help: if you wanted to use a crate named `zyris`, use `cargo add zyris` to add it to your `Cargo.toml`
[INFO] [stdout] 
[INFO] [stdout] 
[INFO] [stdout] error[E0433]: cannot find module or crate `zyris` in this scope
[INFO] [stdout]   --> tests/capability_revocation.rs:10:5
[INFO] [stdout]    |
[INFO] [stdout] 10 | use zyris::proto::method_name;
[INFO] [stdout]    |     ^^^^^ use of unresolved module or unlinked crate `zyris`
[INFO] [stdout]    |
[INFO] [stdout]    = help: if you wanted to use a crate named `zyris`, use `cargo add zyris` to add it to your `Cargo.toml`
[INFO] [stdout] 
[INFO] [stdout] 
[INFO] [stdout] error[E0432]: unresolved import `zyris`
[INFO] [stdout]  --> tests/macro_roundtrip.rs:6:5
[INFO] [stdout]   |
[INFO] [stdout] 6 | use zyris::{Node, NodeKind, Streaming, Transfer};
[INFO] [stdout]   |     ^^^^^ use of unresolved module or unlinked crate `zyris`
[INFO] [stdout]   |
[INFO] [stdout]   = help: if you wanted to use a crate named `zyris`, use `cargo add zyris` to add it to your `Cargo.toml`
[INFO] [stdout] 
[INFO] [stdout] 
[INFO] [stdout] error[E0432]: unresolved import `zyris`
[INFO] [stdout]   --> tests/connect_errors.rs:11:5
[INFO] [stdout]    |
[INFO] [stdout] 11 | use zyris::ConnectError;
[INFO] [stdout]    |     ^^^^^ use of unresolved module or unlinked crate `zyris`
[INFO] [stdout]    |
[INFO] [stdout]    = help: if you wanted to use a crate named `zyris`, use `cargo add zyris` to add it to your `Cargo.toml`
[INFO] [stdout] 
[INFO] [stdout] 
[INFO] [stdout] error[E0432]: unresolved import `zyris`
[INFO] [stdout]   --> tests/attachments.rs:11:5
[INFO] [stdout]    |
[INFO] [stdout] 11 | use zyris::{
[INFO] [stdout]    |     ^^^^^ use of unresolved module or unlinked crate `zyris`
[INFO] [stdout]    |
[INFO] [stdout]    = help: if you wanted to use a crate named `zyris`, use `cargo add zyris` to add it to your `Cargo.toml`
[INFO] [stdout] 
[INFO] [stdout] 
[INFO] [stdout] error[E0432]: unresolved import `zyris`
[INFO] [stdout]   --> tests/dial.rs:16:5
[INFO] [stdout]    |
[INFO] [stdout] 16 | use zyris::{ConnectError, Node, NodeKind};
[INFO] [stdout]    |     ^^^^^ use of unresolved module or unlinked crate `zyris`
[INFO] [stdout]    |
[INFO] [stdout]    = help: if you wanted to use a crate named `zyris`, use `cargo add zyris` to add it to your `Cargo.toml`
[INFO] [stdout] 
[INFO] [stdout] 
[INFO] [stdout] error[E0432]: unresolved import `zyris`
[INFO] [stdout]   --> tests/connect_errors.rs:12:5
[INFO] [stdout]    |
[INFO] [stdout] 12 | use zyris::{EnrollError, RegisterError, RotateError};
[INFO] [stdout]    |     ^^^^^ use of unresolved module or unlinked crate `zyris`
[INFO] [stdout]    |
[INFO] [stdout]    = help: if you wanted to use a crate named `zyris`, use `cargo add zyris` to add it to your `Cargo.toml`
[INFO] [stdout] 
[INFO] [stdout] 
[INFO] [stdout] error[E0432]: unresolved import `zyris`
[INFO] [stdout]  --> tests/handshake_kind.rs:8:5
[INFO] [stdout]   |
[INFO] [stdout] 8 | use zyris::{Node, NodeKind};
[INFO] [stdout]   |     ^^^^^ use of unresolved module or unlinked crate `zyris`
[INFO] [stdout]   |
[INFO] [stdout]   = help: if you wanted to use a crate named `zyris`, use `cargo add zyris` to add it to your `Cargo.toml`
[INFO] [stdout] 
[INFO] [stdout] 
[INFO] [stdout] error[E0433]: cannot find module or crate `zyris` in this scope
[INFO] [stdout]   --> tests/macro_roundtrip.rs:23:3
[INFO] [stdout]    |
[INFO] [stdout] 23 | #[zyris::capability(name = "calc", version = 1)]
[INFO] [stdout]    |   ^^^^^ use of unresolved module or unlinked crate `zyris`
[INFO] [stdout] 
[INFO] [stdout] 
[INFO] [stdout] error[E0433]: cannot find module or crate `zyris` in this scope
[INFO] [stdout]   --> tests/macro_roundtrip.rs:38:3
[INFO] [stdout]    |
[INFO] [stdout] 38 | #[zyris::async_trait]
[INFO] [stdout]    |   ^^^^^ use of unresolved module or unlinked crate `zyris`
[INFO] [stdout] 
[INFO] [stdout] 
[INFO] [stdout] error[E0433]: cannot find module or crate `zyris` in this scope
[INFO] [stdout]   --> tests/attachments.rs:26:3
[INFO] [stdout]    |
[INFO] [stdout] 26 | #[zyris::capability(name = "camera", version = 1)]
[INFO] [stdout]    |   ^^^^^ use of unresolved module or unlinked crate `zyris`
[INFO] [stdout] 
[INFO] [stdout] 
[INFO] [stdout] error[E0433]: cannot find module or crate `zyris` in this scope
[INFO] [stdout]   --> tests/attachments.rs:51:3
[INFO] [stdout]    |
[INFO] [stdout] 51 | #[zyris::async_trait]
[INFO] [stdout]    |   ^^^^^ use of unresolved module or unlinked crate `zyris`
[INFO] [stdout] 
[INFO] [stdout] 
[INFO] [stdout] error[E0432]: unresolved import `zyris`
[INFO] [stdout]   --> tests/heartbeat.rs:11:5
[INFO] [stdout]    |
[INFO] [stdout] 11 | use zyris::{AcceptOptions, CloseReason, Node, NodeKind, Payload};
[INFO] [stdout]    |     ^^^^^ use of unresolved module or unlinked crate `zyris`
[INFO] [stdout]    |
[INFO] [stdout]    = help: if you wanted to use a crate named `zyris`, use `cargo add zyris` to add it to your `Cargo.toml`
[INFO] [stdout] 
[INFO] [stdout] 
[INFO] [stdout] error[E0432]: unresolved import `zyris`
[INFO] [stdout]   --> tests/capability_revocation.rs:11:5
[INFO] [stdout]    |
[INFO] [stdout] 11 | use zyris::{
[INFO] [stdout]    |     ^^^^^ use of unresolved module or unlinked crate `zyris`
[INFO] [stdout]    |
[INFO] [stdout]    = help: if you wanted to use a crate named `zyris`, use `cargo add zyris` to add it to your `Cargo.toml`
[INFO] [stdout] 
[INFO] [stdout] 
[INFO] [stdout] error[E0433]: cannot find module or crate `zyris` in this scope
[INFO] [stdout]   --> tests/capability_revocation.rs:34:3
[INFO] [stdout]    |
[INFO] [stdout] 34 | #[zyris::async_trait]
[INFO] [stdout]    |   ^^^^^ use of unresolved module or unlinked crate `zyris`
[INFO] [stdout] 
[INFO] [stdout] 
[INFO] [stdout] error[E0433]: cannot find module or crate `zyris` in this scope
[INFO] [stdout]   --> tests/capability_revocation.rs:52:3
[INFO] [stdout]    |
[INFO] [stdout] 52 | #[zyris::async_trait]
[INFO] [stdout]    |   ^^^^^ use of unresolved module or unlinked crate `zyris`
[INFO] [stdout] 
[INFO] [stdout] 
[INFO] [stdout] error: cannot find attribute `zyris` in this scope
[INFO] [stdout]   --> tests/macro_roundtrip.rs:29:7
[INFO] [stdout]    |
[INFO] [stdout] 29 |     #[zyris(uni_stream)]
[INFO] [stdout]    |       ^^^^^
[INFO] [stdout] 
[INFO] [stdout] 
[INFO] [stdout] Some errors have detailed explanations: E0432, E0433.
[INFO] [stdout] 
[INFO] [stdout] For more information about an error, try `rustc --explain E0432`.
[INFO] [stdout] 
[INFO] [stdout] error[E0433]: cannot find module or crate `zyris` in this scope
[INFO] [stdout]   --> tests/connect_errors.rs:41:24
[INFO] [stdout]    |
[INFO] [stdout] 41 |     let Err(refused) = zyris::transport::ws::connect(&url, "znt_wrong").await else {
[INFO] [stdout]    |                        ^^^^^ use of unresolved module or unlinked crate `zyris`
[INFO] [stdout]    |
[INFO] [stdout]    = help: if you wanted to use a crate named `zyris`, use `cargo add zyris` to add it to your `Cargo.toml`
[INFO] [stdout] 
[INFO] [stdout] 
[INFO] [stderr] error: could not compile `zyris-core` (test "heartbeat") due to 3 previous errors
[INFO] [stderr] warning: build failed, waiting for other jobs to finish...
[INFO] [stdout] error[E0433]: cannot find module or crate `zyris` in this scope
[INFO] [stdout]   --> tests/dial.rs:84:17
[INFO] [stdout]    |
[INFO] [stdout] 84 |                 zyris::proto::PROTOCOL_MAJOR.to_string(),
[INFO] [stdout]    |                 ^^^^^ use of unresolved module or unlinked crate `zyris`
[INFO] [stdout]    |
[INFO] [stdout]    = help: if you wanted to use a crate named `zyris`, use `cargo add zyris` to add it to your `Cargo.toml`
[INFO] [stdout] 
[INFO] [stdout] 
[INFO] [stdout] error[E0433]: cannot find module or crate `zyris` in this scope
[INFO] [stdout]   --> tests/handshake_kind.rs:19:40
[INFO] [stdout]    |
[INFO] [stdout] 19 |         let (dial_conn, accept_conn) = zyris::testing::duplex(&dialer, &acceptor).await.unwrap();
[INFO] [stdout]    |                                        ^^^^^ use of unresolved module or unlinked crate `zyris`
[INFO] [stdout]    |
[INFO] [stdout]    = help: if you wanted to use a crate named `zyris`, use `cargo add zyris` to add it to your `Cargo.toml`
[INFO] [stdout] 
[INFO] [stdout] 
[INFO] [stdout] error[E0433]: cannot find module or crate `zyris` in this scope
[INFO] [stdout]   --> tests/connect_errors.rs:56:24
[INFO] [stdout]    |
[INFO] [stdout] 56 |     let Err(refused) = zyris::transport::ws::connect(&url, "znt_fine").await else {
[INFO] [stdout]    |                        ^^^^^ use of unresolved module or unlinked crate `zyris`
[INFO] [stdout]    |
[INFO] [stdout]    = help: if you wanted to use a crate named `zyris`, use `cargo add zyris` to add it to your `Cargo.toml`
[INFO] [stdout] 
[INFO] [stdout] 
[INFO] [stdout] error[E0433]: cannot find module or crate `zyris` in this scope
[INFO] [stdout]    --> tests/capability_revocation.rs:108:33
[INFO] [stdout]     |
[INFO] [stdout] 108 |     let (client, server_conn) = zyris::testing::duplex(&dialer, &server).await.unwrap();
[INFO] [stdout]     |                                 ^^^^^ use of unresolved module or unlinked crate `zyris`
[INFO] [stdout]     |
[INFO] [stdout]     = help: if you wanted to use a crate named `zyris`, use `cargo add zyris` to add it to your `Cargo.toml`
[INFO] [stdout] 
[INFO] [stdout] 
[INFO] [stdout] error[E0433]: cannot find module or crate `zyris` in this scope
[INFO] [stdout]    --> tests/dial.rs:107:17
[INFO] [stdout]     |
[INFO] [stdout] 107 |     let ahead = zyris::proto::PROTOCOL_MAJOR + 1;
[INFO] [stdout]     |                 ^^^^^ use of unresolved module or unlinked crate `zyris`
[INFO] [stdout]     |
[INFO] [stdout]     = help: if you wanted to use a crate named `zyris`, use `cargo add zyris` to add it to your `Cargo.toml`
[INFO] [stdout] 
[INFO] [stdout] 
[INFO] [stdout] error[E0433]: cannot find module or crate `zyris` in this scope
[INFO] [stdout]   --> tests/connect_errors.rs:76:23
[INFO] [stdout]    |
[INFO] [stdout] 76 |     let Err(failed) = zyris::transport::ws::connect(&url, "znt_fine").await else {
[INFO] [stdout]    |                       ^^^^^ use of unresolved module or unlinked crate `zyris`
[INFO] [stdout]    |
[INFO] [stdout]    = help: if you wanted to use a crate named `zyris`, use `cargo add zyris` to add it to your `Cargo.toml`
[INFO] [stdout] 
[INFO] [stdout] 
[INFO] [stdout] error[E0433]: cannot find module or crate `zyris` in this scope
[INFO] [stdout]   --> tests/handshake_kind.rs:40:28
[INFO] [stdout]    |
[INFO] [stdout] 40 |     let (_, from_daemon) = zyris::testing::duplex(&node_of(NodeKind::Desktop), &acceptor)
[INFO] [stdout]    |                            ^^^^^ use of unresolved module or unlinked crate `zyris`
[INFO] [stdout]    |
[INFO] [stdout]    = help: if you wanted to use a crate named `zyris`, use `cargo add zyris` to add it to your `Cargo.toml`
[INFO] [stdout] 
[INFO] [stdout] 
[INFO] [stdout] Some errors have detailed explanations: E0432, E0433.
[INFO] [stdout] 
[INFO] [stdout] For more information about an error, try `rustc --explain E0432`.
[INFO] [stdout] 
[INFO] [stderr] error: could not compile `zyris-core` (test "capability_revocation") due to 5 previous errors
[INFO] [stdout] error[E0433]: cannot find module or crate `zyris` in this scope
[INFO] [stdout]    --> tests/dial.rs:112:13
[INFO] [stdout]     |
[INFO] [stdout] 112 |         let zyris::proto::WireMessage::Binary(bytes) = hello else {
[INFO] [stdout]     |             ^^^^^ use of unresolved module or unlinked crate `zyris`
[INFO] [stdout]     |
[INFO] [stdout]     = help: if you wanted to use a crate named `zyris`, use `cargo add zyris` to add it to your `Cargo.toml`
[INFO] [stdout] 
[INFO] [stdout] 
[INFO] [stdout] error[E0433]: cannot find module or crate `zyris` in this scope
[INFO] [stdout]   --> tests/handshake_kind.rs:43:25
[INFO] [stdout]    |
[INFO] [stdout] 43 |     let (_, from_cli) = zyris::testing::duplex(&node_of(NodeKind::Cli), &acceptor).await.unwrap();
[INFO] [stdout]    |                         ^^^^^ use of unresolved module or unlinked crate `zyris`
[INFO] [stdout]    |
[INFO] [stdout]    = help: if you wanted to use a crate named `zyris`, use `cargo add zyris` to add it to your `Cargo.toml`
[INFO] [stdout] 
[INFO] [stdout] 
[INFO] [stdout] error[E0433]: cannot find module or crate `zyris` in this scope
[INFO] [stdout]    --> tests/dial.rs:154:9
[INFO] [stdout]     |
[INFO] [stdout] 154 |         zyris::testing::duplex(&probe(), &probe()).await.expect("the duplex handshake completes");
[INFO] [stdout]     |         ^^^^^ use of unresolved module or unlinked crate `zyris`
[INFO] [stdout]     |
[INFO] [stdout]     = help: if you wanted to use a crate named `zyris`, use `cargo add zyris` to add it to your `Cargo.toml`
[INFO] [stdout] 
[INFO] [stdout] 
[INFO] [stdout] Some errors have detailed explanations: E0432, E0433.
[INFO] [stdout] 
[INFO] [stdout] For more information about an error, try `rustc --explain E0432`.
[INFO] [stdout] 
[INFO] [stderr] error: could not compile `zyris-core` (test "connect_errors") due to 6 previous errors
[INFO] [stdout] Some errors have detailed explanations: E0432, E0433.
[INFO] [stdout] 
[INFO] [stdout] For more information about an error, try `rustc --explain E0432`.
[INFO] [stdout] 
[INFO] [stderr] error: could not compile `zyris-core` (test "handshake_kind") due to 4 previous errors
[INFO] [stdout] Some errors have detailed explanations: E0432, E0433.
[INFO] [stdout] 
[INFO] [stdout] For more information about an error, try `rustc --explain E0432`.
[INFO] [stdout] 
[INFO] [stderr] error: could not compile `zyris-core` (test "dial") due to 7 previous errors
[INFO] [stdout] error[E0433]: cannot find module or crate `zyris` in this scope
[INFO] [stdout]   --> tests/attachments.rs:73:5
[INFO] [stdout]    |
[INFO] [stdout] 73 |     zyris::testing::duplex_with(&dialer, &camera_node(), options).await.unwrap()
[INFO] [stdout]    |     ^^^^^ use of unresolved module or unlinked crate `zyris`
[INFO] [stdout]    |
[INFO] [stdout]    = help: if you wanted to use a crate named `zyris`, use `cargo add zyris` to add it to your `Cargo.toml`
[INFO] [stdout] 
[INFO] [stdout] 
[INFO] [stdout] error[E0433]: cannot find module or crate `zyris` in this scope
[INFO] [stdout]   --> tests/macro_roundtrip.rs:89:9
[INFO] [stdout]    |
[INFO] [stdout] 89 |         zyris::testing::duplex(&dialer, &acceptor).await.unwrap();
[INFO] [stdout]    |         ^^^^^ use of unresolved module or unlinked crate `zyris`
[INFO] [stdout]    |
[INFO] [stdout]    = help: if you wanted to use a crate named `zyris`, use `cargo add zyris` to add it to your `Cargo.toml`
[INFO] [stdout] 
[INFO] [stdout] 
[INFO] [stdout] error[E0425]: cannot find type `CameraClient` in this scope
[INFO] [stdout]   --> tests/attachments.rs:80:46
[INFO] [stdout]    |
[INFO] [stdout] 80 | async fn camera(conn: &zyris::Connection) -> CameraClient {
[INFO] [stdout]    |                                              ^^^^^^^^^^^^ not found in this scope
[INFO] [stdout] 
[INFO] [stdout] 
[INFO] [stdout] error[E0433]: cannot find module or crate `zyris` in this scope
[INFO] [stdout]    --> tests/macro_roundtrip.rs:117:9
[INFO] [stdout]     |
[INFO] [stdout] 117 |         zyris::testing::duplex(&dialer, &acceptor).await.unwrap();
[INFO] [stdout]     |         ^^^^^ use of unresolved module or unlinked crate `zyris`
[INFO] [stdout]     |
[INFO] [stdout]     = help: if you wanted to use a crate named `zyris`, use `cargo add zyris` to add it to your `Cargo.toml`
[INFO] [stdout] 
[INFO] [stdout] 
[INFO] [stdout] error[E0425]: cannot find type `CalcClient` in this scope
[INFO] [stdout]   --> tests/macro_roundtrip.rs:91:15
[INFO] [stdout]    |
[INFO] [stdout] 91 |     let calc: CalcClient = client_conn.wait_capability(Duration::from_secs(2)).await.unwrap();
[INFO] [stdout]    |               ^^^^^^^^^^ not found in this scope
[INFO] [stdout] 
[INFO] [stdout] 
[INFO] [stdout] error[E0425]: cannot find type `CalcClient` in this scope
[INFO] [stdout]    --> tests/macro_roundtrip.rs:118:15
[INFO] [stdout]     |
[INFO] [stdout] 118 |     let calc: CalcClient = client_conn.wait_capability(Duration::from_secs(2)).await.unwrap();
[INFO] [stdout]     |               ^^^^^^^^^^ not found in this scope
[INFO] [stdout] 
[INFO] [stdout] 
[INFO] [stdout] error[E0425]: cannot find function, tuple struct or tuple variant `CameraServer` in this scope
[INFO] [stdout]   --> tests/attachments.rs:66:21
[INFO] [stdout]    |
[INFO] [stdout] 66 |         .capability(CameraServer(FakeCamera))
[INFO] [stdout]    |                     ^^^^^^^^^^^^ not found in this scope
[INFO] [stdout] 
[INFO] [stdout] 
[INFO] [stdout] error[E0038]: the trait `Calc` is not dyn compatible
[INFO] [stdout]    --> tests/macro_roundtrip.rs:110:34
[INFO] [stdout]     |
[INFO] [stdout] 110 |     async fn use_any_calc(calc: &dyn Calc) -> i64 {
[INFO] [stdout]     |                                  ^^^^^^^^ `Calc` is not dyn compatible
[INFO] [stdout]     |
[INFO] [stdout] note: for a trait to be dyn compatible it needs to allow building a vtable
[INFO] [stdout]       for more information, visit <https://doc.rust-lang.org/reference/items/traits.html#dyn-compatibility>
[INFO] [stdout]    --> tests/macro_roundtrip.rs:26:14
[INFO] [stdout]     |
[INFO] [stdout]  24 | pub trait Calc {
[INFO] [stdout]     |           ---- this trait is not dyn compatible...
[INFO] [stdout]  25 |     /// Add two numbers.
[INFO] [stdout]  26 |     async fn add(&self, a: i64, b: i64) -> zyris::Result<AddOutput>;
[INFO] [stdout]     |              ^^^ ...because method `add` is `async`
[INFO] [stdout] ...
[INFO] [stdout]  30 |     async fn ticks(&self, count: u32) -> zyris::Result<Streaming<TickHead, Tick>>;
[INFO] [stdout]     |              ^^^^^ ...because method `ticks` is `async`
[INFO] [stdout] ...
[INFO] [stdout]  33 |     async fn ping(&self) -> zyris::Result<AddOutput>;
[INFO] [stdout]     |              ^^^^ ...because method `ping` is `async`
[INFO] [stdout]     = help: consider moving `add` to another trait
[INFO] [stdout]     = help: consider moving `ticks` to another trait
[INFO] [stdout]     = help: consider moving `ping` to another trait
[INFO] [stdout]     = help: only type `CalcImpl` implements `Calc` within this crate; consider using it directly instead.
[INFO] [stdout]     = note: `Calc` may be implemented in other crates; if you want to support your users passing their own types here, you can't refer to a specific type
[INFO] [stdout] 
[INFO] [stdout] 
[INFO] [stdout] error[E0433]: cannot find module or crate `zyris` in this scope
[INFO] [stdout]   --> tests/attachments.rs:29:40
[INFO] [stdout]    |
[INFO] [stdout] 29 |     async fn grab(&self, size: u64) -> zyris::Result<Datum>;
[INFO] [stdout]    |                                        ^^^^^ use of unresolved module or unlinked crate `zyris`
[INFO] [stdout]    |
[INFO] [stdout]    = help: if you wanted to use a crate named `zyris`, use `cargo add zyris` to add it to your `Cargo.toml`
[INFO] [stdout] 
[INFO] [stdout] 
[INFO] [stdout] error[E0433]: cannot find module or crate `zyris` in this scope
[INFO] [stdout]   --> tests/attachments.rs:32:48
[INFO] [stdout]    |
[INFO] [stdout] 32 |     async fn grab_wrapped(&self, size: u64) -> zyris::Result<Shot>;
[INFO] [stdout]    |                                                ^^^^^ use of unresolved module or unlinked crate `zyris`
[INFO] [stdout]    |
[INFO] [stdout]    = help: if you wanted to use a crate named `zyris`, use `cargo add zyris` to add it to your `Cargo.toml`
[INFO] [stdout] 
[INFO] [stdout] 
[INFO] [stdout] error[E0433]: cannot find module or crate `zyris` in this scope
[INFO] [stdout]   --> tests/attachments.rs:53:40
[INFO] [stdout]    |
[INFO] [stdout] 53 |     async fn grab(&self, size: u64) -> zyris::Result<Datum> {
[INFO] [stdout]    |                                        ^^^^^ use of unresolved module or unlinked crate `zyris`
[INFO] [stdout]    |
[INFO] [stdout]    = help: if you wanted to use a crate named `zyris`, use `cargo add zyris` to add it to your `Cargo.toml`
[INFO] [stdout] 
[INFO] [stdout] 
[INFO] [stdout] error[E0433]: cannot find module or crate `zyris` in this scope
[INFO] [stdout]   --> tests/attachments.rs:57:48
[INFO] [stdout]    |
[INFO] [stdout] 57 |     async fn grab_wrapped(&self, size: u64) -> zyris::Result<Shot> {
[INFO] [stdout]    |                                                ^^^^^ use of unresolved module or unlinked crate `zyris`
[INFO] [stdout]    |
[INFO] [stdout]    = help: if you wanted to use a crate named `zyris`, use `cargo add zyris` to add it to your `Cargo.toml`
[INFO] [stdout] 
[INFO] [stdout] 
[INFO] [stdout] error[E0433]: cannot find module or crate `zyris` in this scope
[INFO] [stdout]   --> tests/attachments.rs:71:51
[INFO] [stdout]    |
[INFO] [stdout] 71 | async fn connect_with(options: AcceptOptions) -> (zyris::Connection, zyris::Connection) {
[INFO] [stdout]    |                                                   ^^^^^ use of unresolved module or unlinked crate `zyris`
[INFO] [stdout]    |
[INFO] [stdout]    = help: if you wanted to use a crate named `zyris`, use `cargo add zyris` to add it to your `Cargo.toml`
[INFO] [stdout] 
[INFO] [stdout] 
[INFO] [stdout] error[E0433]: cannot find module or crate `zyris` in this scope
[INFO] [stdout]   --> tests/attachments.rs:71:70
[INFO] [stdout]    |
[INFO] [stdout] 71 | async fn connect_with(options: AcceptOptions) -> (zyris::Connection, zyris::Connection) {
[INFO] [stdout]    |                                                                      ^^^^^ use of unresolved module or unlinked crate `zyris`
[INFO] [stdout]    |
[INFO] [stdout]    = help: if you wanted to use a crate named `zyris`, use `cargo add zyris` to add it to your `Cargo.toml`
[INFO] [stdout] 
[INFO] [stdout] 
[INFO] [stdout] error[E0433]: cannot find module or crate `zyris` in this scope
[INFO] [stdout]   --> tests/attachments.rs:76:24
[INFO] [stdout]    |
[INFO] [stdout] 76 | async fn connect() -> (zyris::Connection, zyris::Connection) {
[INFO] [stdout]    |                        ^^^^^ use of unresolved module or unlinked crate `zyris`
[INFO] [stdout]    |
[INFO] [stdout]    = help: if you wanted to use a crate named `zyris`, use `cargo add zyris` to add it to your `Cargo.toml`
[INFO] [stdout] 
[INFO] [stdout] 
[INFO] [stdout] error[E0433]: cannot find module or crate `zyris` in this scope
[INFO] [stdout]   --> tests/attachments.rs:76:43
[INFO] [stdout]    |
[INFO] [stdout] 76 | async fn connect() -> (zyris::Connection, zyris::Connection) {
[INFO] [stdout]    |                                           ^^^^^ use of unresolved module or unlinked crate `zyris`
[INFO] [stdout]    |
[INFO] [stdout]    = help: if you wanted to use a crate named `zyris`, use `cargo add zyris` to add it to your `Cargo.toml`
[INFO] [stdout] 
[INFO] [stdout] 
[INFO] [stdout] error[E0433]: cannot find module or crate `zyris` in this scope
[INFO] [stdout]   --> tests/attachments.rs:80:24
[INFO] [stdout]    |
[INFO] [stdout] 80 | async fn camera(conn: &zyris::Connection) -> CameraClient {
[INFO] [stdout]    |                        ^^^^^ use of unresolved module or unlinked crate `zyris`
[INFO] [stdout]    |
[INFO] [stdout]    = help: if you wanted to use a crate named `zyris`, use `cargo add zyris` to add it to your `Cargo.toml`
[INFO] [stdout] 
[INFO] [stdout] 
[INFO] [stdout] Some errors have detailed explanations: E0425, E0432, E0433.
[INFO] [stdout] 
[INFO] [stdout] For more information about an error, try `rustc --explain E0425`.
[INFO] [stdout] 
[INFO] [stdout] error[E0425]: cannot find function, tuple struct or tuple variant `CalcServer` in this scope
[INFO] [stdout]   --> tests/macro_roundtrip.rs:58:21
[INFO] [stdout]    |
[INFO] [stdout] 58 |         .capability(CalcServer(CalcImpl))
[INFO] [stdout]    |                     ^^^^^^^^^^ not found in this scope
[INFO] [stdout] 
[INFO] [stdout] 
[INFO] [stderr] error: could not compile `zyris-core` (test "attachments") due to 15 previous errors
[INFO] [stdout] error[E0425]: cannot find function `calc_capability` in this scope
[INFO] [stdout]   --> tests/macro_roundtrip.rs:65:22
[INFO] [stdout]    |
[INFO] [stdout] 65 |     let descriptor = calc_capability();
[INFO] [stdout]    |                      ^^^^^^^^^^^^^^^ not found in this scope
[INFO] [stdout] 
[INFO] [stdout] 
[INFO] [stdout] error[E0038]: the trait `Calc` is not dyn compatible
[INFO] [stdout]    --> tests/macro_roundtrip.rs:119:29
[INFO] [stdout]     |
[INFO] [stdout] 119 |     assert_eq!(use_any_calc(&calc).await, 3);
[INFO] [stdout]     |                             ^^^^^ `Calc` is not dyn compatible
[INFO] [stdout]     |
[INFO] [stdout] note: for a trait to be dyn compatible it needs to allow building a vtable
[INFO] [stdout]       for more information, visit <https://doc.rust-lang.org/reference/items/traits.html#dyn-compatibility>
[INFO] [stdout]    --> tests/macro_roundtrip.rs:26:14
[INFO] [stdout]     |
[INFO] [stdout]  24 | pub trait Calc {
[INFO] [stdout]     |           ---- this trait is not dyn compatible...
[INFO] [stdout]  25 |     /// Add two numbers.
[INFO] [stdout]  26 |     async fn add(&self, a: i64, b: i64) -> zyris::Result<AddOutput>;
[INFO] [stdout]     |              ^^^ ...because method `add` is `async`
[INFO] [stdout] ...
[INFO] [stdout]  30 |     async fn ticks(&self, count: u32) -> zyris::Result<Streaming<TickHead, Tick>>;
[INFO] [stdout]     |              ^^^^^ ...because method `ticks` is `async`
[INFO] [stdout] ...
[INFO] [stdout]  33 |     async fn ping(&self) -> zyris::Result<AddOutput>;
[INFO] [stdout]     |              ^^^^ ...because method `ping` is `async`
[INFO] [stdout]     = help: consider moving `add` to another trait
[INFO] [stdout]     = help: consider moving `ticks` to another trait
[INFO] [stdout]     = help: consider moving `ping` to another trait
[INFO] [stdout]     = help: only type `CalcImpl` implements `Calc` within this crate; consider using it directly instead.
[INFO] [stdout]     = note: `Calc` may be implemented in other crates; if you want to support your users passing their own types here, you can't refer to a specific type
[INFO] [stdout] 
[INFO] [stdout] 
[INFO] [stdout] error[E0433]: cannot find module or crate `zyris` in this scope
[INFO] [stdout]   --> tests/macro_roundtrip.rs:26:44
[INFO] [stdout]    |
[INFO] [stdout] 26 |     async fn add(&self, a: i64, b: i64) -> zyris::Result<AddOutput>;
[INFO] [stdout]    |                                            ^^^^^ use of unresolved module or unlinked crate `zyris`
[INFO] [stdout]    |
[INFO] [stdout]    = help: if you wanted to use a crate named `zyris`, use `cargo add zyris` to add it to your `Cargo.toml`
[INFO] [stdout] 
[INFO] [stdout] 
[INFO] [stdout] error[E0433]: cannot find module or crate `zyris` in this scope
[INFO] [stdout]   --> tests/macro_roundtrip.rs:30:42
[INFO] [stdout]    |
[INFO] [stdout] 30 |     async fn ticks(&self, count: u32) -> zyris::Result<Streaming<TickHead, Tick>>;
[INFO] [stdout]    |                                          ^^^^^ use of unresolved module or unlinked crate `zyris`
[INFO] [stdout]    |
[INFO] [stdout]    = help: if you wanted to use a crate named `zyris`, use `cargo add zyris` to add it to your `Cargo.toml`
[INFO] [stdout] 
[INFO] [stdout] 
[INFO] [stdout] error[E0433]: cannot find module or crate `zyris` in this scope
[INFO] [stdout]   --> tests/macro_roundtrip.rs:33:29
[INFO] [stdout]    |
[INFO] [stdout] 33 |     async fn ping(&self) -> zyris::Result<AddOutput>;
[INFO] [stdout]    |                             ^^^^^ use of unresolved module or unlinked crate `zyris`
[INFO] [stdout]    |
[INFO] [stdout]    = help: if you wanted to use a crate named `zyris`, use `cargo add zyris` to add it to your `Cargo.toml`
[INFO] [stdout] 
[INFO] [stdout] 
[INFO] [stdout] error[E0433]: cannot find module or crate `zyris` in this scope
[INFO] [stdout]   --> tests/macro_roundtrip.rs:40:44
[INFO] [stdout]    |
[INFO] [stdout] 40 |     async fn add(&self, a: i64, b: i64) -> zyris::Result<AddOutput> {
[INFO] [stdout]    |                                            ^^^^^ use of unresolved module or unlinked crate `zyris`
[INFO] [stdout]    |
[INFO] [stdout]    = help: if you wanted to use a crate named `zyris`, use `cargo add zyris` to add it to your `Cargo.toml`
[INFO] [stdout] 
[INFO] [stdout] 
[INFO] [stdout] error[E0433]: cannot find module or crate `zyris` in this scope
[INFO] [stdout]   --> tests/macro_roundtrip.rs:44:42
[INFO] [stdout]    |
[INFO] [stdout] 44 |     async fn ticks(&self, count: u32) -> zyris::Result<Streaming<TickHead, Tick>> {
[INFO] [stdout]    |                                          ^^^^^ use of unresolved module or unlinked crate `zyris`
[INFO] [stdout]    |
[INFO] [stdout]    = help: if you wanted to use a crate named `zyris`, use `cargo add zyris` to add it to your `Cargo.toml`
[INFO] [stdout] 
[INFO] [stdout] 
[INFO] [stdout] error[E0433]: cannot find module or crate `zyris` in this scope
[INFO] [stdout]   --> tests/macro_roundtrip.rs:49:29
[INFO] [stdout]    |
[INFO] [stdout] 49 |     async fn ping(&self) -> zyris::Result<AddOutput> {
[INFO] [stdout]    |                             ^^^^^ use of unresolved module or unlinked crate `zyris`
[INFO] [stdout]    |
[INFO] [stdout]    = help: if you wanted to use a crate named `zyris`, use `cargo add zyris` to add it to your `Cargo.toml`
[INFO] [stdout] 
[INFO] [stdout] 
[INFO] [stdout] Some errors have detailed explanations: E0038, E0425, E0432, E0433.
[INFO] [stdout] 
[INFO] [stdout] For more information about an error, try `rustc --explain E0038`.
[INFO] [stdout] 
[INFO] [stderr] error: could not compile `zyris-core` (test "macro_roundtrip") due to 18 previous errors
[INFO] running `Command { std: "docker" "inspect" "904ca4e952b1146bb8ca1bc3b4bbb9aa4a5cac4decf052625fb6557e6bc600a9", kill_on_drop: false }`
[INFO] running `Command { std: "docker" "rm" "-f" "904ca4e952b1146bb8ca1bc3b4bbb9aa4a5cac4decf052625fb6557e6bc600a9", kill_on_drop: false }`
[INFO] [stdout] 904ca4e952b1146bb8ca1bc3b4bbb9aa4a5cac4decf052625fb6557e6bc600a9
