[INFO] fetching crate zynq7000-hal 0.2.0...
[INFO] testing zynq7000-hal-0.2.0 against 1.100.0-beta.1+cargoflags=--release for beta-release-1.100-2
[INFO] extracting crate zynq7000-hal 0.2.0 into /workspace/builds/worker-1-tc2/source
[INFO] started tweaking crates.io crate zynq7000-hal 0.2.0
[INFO] finished tweaking crates.io crate zynq7000-hal 0.2.0
[INFO] tweaked toml for crates.io crate zynq7000-hal 0.2.0 written to /workspace/builds/worker-1-tc2/source/Cargo.toml
[INFO] validating manifest of crates.io crate zynq7000-hal 0.2.0 on toolchain 1.100.0-beta.1
[INFO] running `Command { std: CARGO_HOME="/workspace/cargo-home" RUSTUP_HOME="/workspace/rustup-home" "/workspace/cargo-home/bin/cargo" "+1.100.0-beta.1" "metadata" "--manifest-path" "Cargo.toml" "--no-deps", kill_on_drop: false }`
[INFO] crate crates.io crate zynq7000-hal 0.2.0 already has a lockfile, it will not be regenerated
[INFO] running `Command { std: CARGO_HOME="/workspace/cargo-home" RUSTUP_HOME="/workspace/rustup-home" "/workspace/cargo-home/bin/cargo" "+1.100.0-beta.1" "fetch" "--manifest-path" "Cargo.toml", kill_on_drop: false }`
[INFO] [stderr] warning: `package.homepage` is redundant with `package.repository`
[INFO] [stderr]    --> Cargo.toml:145:12
[INFO] [stderr]     |
[INFO] [stderr] 145 | homepage = "https://github.com/us-irs/zynq7000-rs"
[INFO] [stderr]     |            ^^^^^^^^^^^^^^^^^^^^^^^^^^^^^^^^^^^^^^^
[INFO] [stderr] ...
[INFO] [stderr] 150 | repository = "https://github.com/us-irs/zynq7000-rs"
[INFO] [stderr]     |              ---------------------------------------
[INFO] [stderr]     |
[INFO] [stderr]     = note: `cargo::redundant_homepage` is set to `warn` by default
[INFO] [stderr] help: consider removing `package.homepage`
[INFO] [stderr] warning: `zynq7000-hal` (manifest) generated 1 warning
[INFO] running `Command { std: "docker" "create" "-v" "/var/lib/crater-agent-workspace/builds/worker-1-tc2/source:/opt/rustwide/workdir:ro,Z" "-v" "/var/lib/crater-agent-workspace/builds/worker-1-tc2/target:/opt/rustwide/target:rw,Z" "-v" "/var/lib/crater-agent-workspace/cargo-home:/opt/rustwide/cargo-home:ro,Z" "-v" "/var/lib/crater-agent-workspace/rustup-home:/opt/rustwide/rustup-home:ro,Z" "-m" "1610612736" "--network" "none" "ghcr.io/rust-lang/crates-build-env/linux@sha256:77db811e55d90add9212f6832c23229e3de5f1c1f9905e8cb07319ea15df73ac" "sleep" "infinity", kill_on_drop: false }`
[INFO] [stdout] 9e5004c2d8739d18359dff8ad0e38805eed1891a4102d81e69077dbe491549df
[INFO] running `Command { std: "docker" "start" "9e5004c2d8739d18359dff8ad0e38805eed1891a4102d81e69077dbe491549df", kill_on_drop: false }`
[INFO] running `Command { std: "docker" "inspect" "9e5004c2d8739d18359dff8ad0e38805eed1891a4102d81e69077dbe491549df", kill_on_drop: false }`
[INFO] running `Command { std: "docker" "exec" "-e" "SOURCE_DIR=/opt/rustwide/workdir" "-e" "CARGO_HOME=/opt/rustwide/cargo-home" "-e" "RUSTUP_HOME=/opt/rustwide/rustup-home" "-e" "CARGO_TARGET_DIR=/opt/rustwide/target" "-w" "/opt/rustwide/workdir" "--user" "0:0" "9e5004c2d8739d18359dff8ad0e38805eed1891a4102d81e69077dbe491549df" "/opt/rustwide/cargo-home/bin/cargo" "+1.100.0-beta.1" "metadata" "--no-deps" "--format-version=1", kill_on_drop: false }`
[INFO] running `Command { std: "docker" "inspect" "9e5004c2d8739d18359dff8ad0e38805eed1891a4102d81e69077dbe491549df", kill_on_drop: false }`
[INFO] running `Command { std: "docker" "exec" "-e" "SOURCE_DIR=/opt/rustwide/workdir" "-e" "CARGO_HOME=/opt/rustwide/cargo-home" "-e" "RUSTUP_HOME=/opt/rustwide/rustup-home" "-e" "CARGO_TARGET_DIR=/opt/rustwide/target" "-e" "CARGO_INCREMENTAL=0" "-e" "RUST_BACKTRACE=full" "-e" "RUSTFLAGS=--cap-lints=warn" "-e" "RUSTDOCFLAGS=--cap-lints=warn" "-w" "/opt/rustwide/workdir" "--user" "0:0" "9e5004c2d8739d18359dff8ad0e38805eed1891a4102d81e69077dbe491549df" "/opt/rustwide/cargo-home/bin/cargo" "+1.100.0-beta.1" "build" "--frozen" "--message-format=json" "--release", kill_on_drop: false }`
[INFO] [stderr] warning: `package.homepage` is redundant with `package.repository`
[INFO] [stderr]    --> Cargo.toml:145:12
[INFO] [stderr]     |
[INFO] [stderr] 145 | homepage = "https://github.com/us-irs/zynq7000-rs"
[INFO] [stderr]     |            ^^^^^^^^^^^^^^^^^^^^^^^^^^^^^^^^^^^^^^^
[INFO] [stderr] ...
[INFO] [stderr] 150 | repository = "https://github.com/us-irs/zynq7000-rs"
[INFO] [stderr]     |              ---------------------------------------
[INFO] [stderr]     |
[INFO] [stderr]     = note: `cargo::redundant_homepage` is set to `warn` by default
[INFO] [stderr] help: consider removing `package.homepage`
[INFO] [stderr] warning: `zynq7000-hal` (manifest) generated 1 warning
[INFO] [stderr]    Compiling byteorder v1.5.0
[INFO] [stderr]    Compiling heapless v0.9.3
[INFO] [stderr]    Compiling arm-targets v0.4.3
[INFO] [stderr]    Compiling arbitrary-int v2.2.0
[INFO] [stderr]    Compiling embedded-hal v1.0.0
[INFO] [stderr]    Compiling embassy-sync v0.8.0
[INFO] [stderr]    Compiling embedded-io v0.7.1
[INFO] [stderr]    Compiling gcd v2.3.0
[INFO] [stderr]    Compiling smoltcp v0.14.0
[INFO] [stderr]    Compiling embedded-hal-async v1.0.0
[INFO] [stderr]    Compiling embedded-dma v0.2.0
[INFO] [stderr]    Compiling syn v2.0.119
[INFO] [stderr]    Compiling once_cell v1.21.4
[INFO] [stderr]    Compiling bitflags v1.3.2
[INFO] [stderr]    Compiling managed v0.8.0
[INFO] [stderr]    Compiling futures-core v0.3.34
[INFO] [stderr]    Compiling nb v1.1.0
[INFO] [stderr]    Compiling fugit v0.5.0
[INFO] [stderr]    Compiling futures-sink v0.3.34
[INFO] [stderr]    Compiling raw-buffer v0.1.2
[INFO] [stderr]    Compiling static_cell v2.1.1
[INFO] [stderr]    Compiling embedded-io-async v0.7.0
[INFO] [stderr]    Compiling vcell v0.1.3
[INFO] [stderr]    Compiling pastey v0.2.3
[INFO] [stderr]    Compiling embassy-net-driver v0.2.0
[INFO] [stderr]    Compiling hash32 v0.3.1
[INFO] [stderr]    Compiling embedded-hal-nb v1.0.0
[INFO] [stderr]    Compiling aarch32-cpu v0.4.0
[INFO] [stderr]    Compiling z7-clock-calc v0.1.0
[INFO] [stderr]    Compiling bitbybit v2.0.1
[INFO] [stderr]    Compiling derive-mmio-macro v0.8.0
[INFO] [stderr]    Compiling num_enum_derive v0.7.6
[INFO] [stderr]    Compiling delegate v0.13.5
[INFO] [stderr]    Compiling derive-mmio v0.8.0
[INFO] [stderr]    Compiling num_enum v0.7.6
[INFO] [stderr]    Compiling zynq7000 v0.5.0
[INFO] [stderr]    Compiling embedded-sdmmc-types v0.1.0
[INFO] [stderr]    Compiling zynq7000-hal v0.2.0 (/opt/rustwide/workdir)
[INFO] [stdout] error[E0432]: unresolved import `aarch32_cpu::asm::dsb`
[INFO] [stdout]  --> src/cache.rs:8:5
[INFO] [stdout]   |
[INFO] [stdout] 8 |     asm::dsb,
[INFO] [stdout]   |     ^^^^^---
[INFO] [stdout]   |          |
[INFO] [stdout]   |          no `dsb` in `asm`
[INFO] [stdout] 
[INFO] [stdout] 
[INFO] [stdout] error[E0432]: unresolved import `aarch32_cpu::mmu`
[INFO] [stdout]   --> src/mmu.rs:42:18
[INFO] [stdout]    |
[INFO] [stdout] 42 | use aarch32_cpu::mmu::L1Section;
[INFO] [stdout]    |                  ^^^ could not find `mmu` in `aarch32_cpu`
[INFO] [stdout]    |
[INFO] [stdout] note: found an item that was configured out
[INFO] [stdout]   --> /opt/rustwide/cargo-home/registry/src/index.crates.io-1949cf8c6b5b557f/aarch32-cpu-0.4.0/src/lib.rs:25:9
[INFO] [stdout]    |
[INFO] [stdout] 24 | #[cfg(any(test, arm_profile = "a", arm_profile = "legacy"))]
[INFO] [stdout]    |          ------------------------------------------------- the item is gated here
[INFO] [stdout] 25 | pub mod mmu;
[INFO] [stdout]    |         ^^^
[INFO] [stdout] 
[INFO] [stdout] 
[INFO] [stdout] error[E0432]: unresolved imports `aarch32_cpu::asm::dsb`, `aarch32_cpu::asm::isb`, `aarch32_cpu::mmu`
[INFO] [stdout]   --> src/mmu.rs:44:11
[INFO] [stdout]    |
[INFO] [stdout] 44 |     asm::{dsb, isb},
[INFO] [stdout]    |           ^^^  ^^^ no `isb` in `asm`
[INFO] [stdout]    |           |
[INFO] [stdout]    |           no `dsb` in `asm`
[INFO] [stdout] 45 |     cache::clean_and_invalidate_l1_data_cache,
[INFO] [stdout] 46 |     mmu::SectionAttributes,
[INFO] [stdout]    |     ^^^ could not find `mmu` in `aarch32_cpu`
[INFO] [stdout]    |
[INFO] [stdout] note: found an item that was configured out
[INFO] [stdout]   --> /opt/rustwide/cargo-home/registry/src/index.crates.io-1949cf8c6b5b557f/aarch32-cpu-0.4.0/src/lib.rs:25:9
[INFO] [stdout]    |
[INFO] [stdout] 24 | #[cfg(any(test, arm_profile = "a", arm_profile = "legacy"))]
[INFO] [stdout]    |          ------------------------------------------------- the item is gated here
[INFO] [stdout] 25 | pub mod mmu;
[INFO] [stdout]    |         ^^^
[INFO] [stdout] 
[INFO] [stdout] 
[INFO] [stdout] error[E0432]: unresolved import `aarch32_cpu::mmu`
[INFO] [stdout]    --> src/mmu.rs:255:22
[INFO] [stdout]     |
[INFO] [stdout] 255 |     use aarch32_cpu::mmu::{
[INFO] [stdout]     |                      ^^^ could not find `mmu` in `aarch32_cpu`
[INFO] [stdout]     |
[INFO] [stdout] note: found an item that was configured out
[INFO] [stdout]    --> /opt/rustwide/cargo-home/registry/src/index.crates.io-1949cf8c6b5b557f/aarch32-cpu-0.4.0/src/lib.rs:25:9
[INFO] [stdout]     |
[INFO] [stdout]  24 | #[cfg(any(test, arm_profile = "a", arm_profile = "legacy"))]
[INFO] [stdout]     |          ------------------------------------------------- the item is gated here
[INFO] [stdout]  25 | pub mod mmu;
[INFO] [stdout]     |         ^^^
[INFO] [stdout] 
[INFO] [stdout] 
[INFO] [stdout] error[E0432]: unresolved import `aarch32_cpu::mmu`
[INFO] [stdout]   --> src/mmu_table.rs:4:18
[INFO] [stdout]    |
[INFO] [stdout]  4 | use aarch32_cpu::mmu::L1Section;
[INFO] [stdout]    |                  ^^^ could not find `mmu` in `aarch32_cpu`
[INFO] [stdout]    |
[INFO] [stdout] note: found an item that was configured out
[INFO] [stdout]   --> /opt/rustwide/cargo-home/registry/src/index.crates.io-1949cf8c6b5b557f/aarch32-cpu-0.4.0/src/lib.rs:25:9
[INFO] [stdout]    |
[INFO] [stdout] 24 | #[cfg(any(test, arm_profile = "a", arm_profile = "legacy"))]
[INFO] [stdout]    |          ------------------------------------------------- the item is gated here
[INFO] [stdout] 25 | pub mod mmu;
[INFO] [stdout]    |         ^^^
[INFO] [stdout] 
[INFO] [stdout] 
[INFO] [stdout] error[E0425]: cannot find function `dsb` in module `aarch32_cpu::asm`
[INFO] [stdout]    --> src/mmu.rs:183:23
[INFO] [stdout]     |
[INFO] [stdout] 183 |     aarch32_cpu::asm::dsb();
[INFO] [stdout]     |                       ^^^ not found in `aarch32_cpu::asm`
[INFO] [stdout] 
[INFO] [stdout] 
[INFO] [stdout] error[E0425]: cannot find function `isb` in module `aarch32_cpu::asm`
[INFO] [stdout]    --> src/mmu.rs:184:23
[INFO] [stdout]     |
[INFO] [stdout] 184 |     aarch32_cpu::asm::isb();
[INFO] [stdout]     |                       ^^^ not found in `aarch32_cpu::asm`
[INFO] [stdout] 
[INFO] [stdout] 
[INFO] [stdout] Some errors have detailed explanations: E0425, E0432.
[INFO] [stdout] 
[INFO] [stdout] For more information about an error, try `rustc --explain E0425`.
[INFO] [stdout] 
[INFO] [stderr] error: could not compile `zynq7000-hal` (lib) due to 7 previous errors
[INFO] running `Command { std: "docker" "inspect" "9e5004c2d8739d18359dff8ad0e38805eed1891a4102d81e69077dbe491549df", kill_on_drop: false }`
[INFO] running `Command { std: "docker" "rm" "-f" "9e5004c2d8739d18359dff8ad0e38805eed1891a4102d81e69077dbe491549df", kill_on_drop: false }`
[INFO] [stdout] 9e5004c2d8739d18359dff8ad0e38805eed1891a4102d81e69077dbe491549df
