[INFO] fetching crate zvidlib-vp8 0.5.0...
[INFO] testing zvidlib-vp8-0.5.0 against 1.99.0-beta.8+cargoflags=--release for beta-release-1.100-2
[INFO] extracting crate zvidlib-vp8 0.5.0 into /workspace/builds/worker-5-tc1/source
[INFO] started tweaking crates.io crate zvidlib-vp8 0.5.0
[INFO] finished tweaking crates.io crate zvidlib-vp8 0.5.0
[INFO] tweaked toml for crates.io crate zvidlib-vp8 0.5.0 written to /workspace/builds/worker-5-tc1/source/Cargo.toml
[INFO] validating manifest of crates.io crate zvidlib-vp8 0.5.0 on toolchain 1.99.0-beta.8
[INFO] running `Command { std: CARGO_HOME="/workspace/cargo-home" RUSTUP_HOME="/workspace/rustup-home" "/workspace/cargo-home/bin/cargo" "+1.99.0-beta.8" "metadata" "--manifest-path" "Cargo.toml" "--no-deps", kill_on_drop: false }`
[INFO] crate crates.io crate zvidlib-vp8 0.5.0 already has a lockfile, it will not be regenerated
[INFO] running `Command { std: CARGO_HOME="/workspace/cargo-home" RUSTUP_HOME="/workspace/rustup-home" "/workspace/cargo-home/bin/cargo" "+1.99.0-beta.8" "fetch" "--manifest-path" "Cargo.toml", kill_on_drop: false }`
[INFO] running `Command { std: "docker" "create" "-v" "/var/lib/crater-agent-workspace/builds/worker-5-tc1/source:/opt/rustwide/workdir:ro,Z" "-v" "/var/lib/crater-agent-workspace/builds/worker-5-tc1/target:/opt/rustwide/target:rw,Z" "-v" "/var/lib/crater-agent-workspace/cargo-home:/opt/rustwide/cargo-home:ro,Z" "-v" "/var/lib/crater-agent-workspace/rustup-home:/opt/rustwide/rustup-home:ro,Z" "-m" "1610612736" "--network" "none" "ghcr.io/rust-lang/crates-build-env/linux@sha256:77db811e55d90add9212f6832c23229e3de5f1c1f9905e8cb07319ea15df73ac" "sleep" "infinity", kill_on_drop: false }`
[INFO] [stdout] 8b0ace8dca1817a19aa967c6ebb232b630f11b385f7fd89c205220d14219562c
[INFO] running `Command { std: "docker" "start" "8b0ace8dca1817a19aa967c6ebb232b630f11b385f7fd89c205220d14219562c", kill_on_drop: false }`
[INFO] running `Command { std: "docker" "inspect" "8b0ace8dca1817a19aa967c6ebb232b630f11b385f7fd89c205220d14219562c", kill_on_drop: false }`
[INFO] running `Command { std: "docker" "exec" "-e" "SOURCE_DIR=/opt/rustwide/workdir" "-e" "CARGO_HOME=/opt/rustwide/cargo-home" "-e" "RUSTUP_HOME=/opt/rustwide/rustup-home" "-e" "CARGO_TARGET_DIR=/opt/rustwide/target" "-w" "/opt/rustwide/workdir" "--user" "0:0" "8b0ace8dca1817a19aa967c6ebb232b630f11b385f7fd89c205220d14219562c" "/opt/rustwide/cargo-home/bin/cargo" "+1.99.0-beta.8" "metadata" "--no-deps" "--format-version=1", kill_on_drop: false }`
[INFO] running `Command { std: "docker" "inspect" "8b0ace8dca1817a19aa967c6ebb232b630f11b385f7fd89c205220d14219562c", kill_on_drop: false }`
[INFO] running `Command { std: "docker" "exec" "-e" "SOURCE_DIR=/opt/rustwide/workdir" "-e" "CARGO_HOME=/opt/rustwide/cargo-home" "-e" "RUSTUP_HOME=/opt/rustwide/rustup-home" "-e" "CARGO_TARGET_DIR=/opt/rustwide/target" "-e" "CARGO_INCREMENTAL=0" "-e" "RUST_BACKTRACE=full" "-e" "RUSTFLAGS=--cap-lints=warn" "-e" "RUSTDOCFLAGS=--cap-lints=warn" "-w" "/opt/rustwide/workdir" "--user" "0:0" "8b0ace8dca1817a19aa967c6ebb232b630f11b385f7fd89c205220d14219562c" "/opt/rustwide/cargo-home/bin/cargo" "+1.99.0-beta.8" "build" "--frozen" "--message-format=json" "--release", kill_on_drop: false }`
[INFO] [stderr]    Compiling zvidlib-build v0.5.0
[INFO] [stderr]    Compiling zvidlib-core v0.5.0
[INFO] [stderr]    Compiling zvidlib-hevc-syntax v0.5.0
[INFO] [stderr]    Compiling libloading v0.8.9
[INFO] [stderr]    Compiling zvidlib-hardware v0.5.0
[INFO] [stderr]    Compiling zvidlib-vp8 v0.5.0 (/opt/rustwide/workdir)
[INFO] [stderr]    Compiling zvidlib-color v0.5.0
[INFO] [stderr]    Compiling zvidlib-vp9-syntax v0.5.0
[INFO] [stderr]     Finished `release` profile [optimized] target(s) in 8.95s
[INFO] running `Command { std: "docker" "inspect" "8b0ace8dca1817a19aa967c6ebb232b630f11b385f7fd89c205220d14219562c", kill_on_drop: false }`
[INFO] running `Command { std: "docker" "exec" "-e" "SOURCE_DIR=/opt/rustwide/workdir" "-e" "CARGO_HOME=/opt/rustwide/cargo-home" "-e" "RUSTUP_HOME=/opt/rustwide/rustup-home" "-e" "CARGO_TARGET_DIR=/opt/rustwide/target" "-e" "CARGO_INCREMENTAL=0" "-e" "RUST_BACKTRACE=full" "-e" "RUSTFLAGS=--cap-lints=warn" "-e" "RUSTDOCFLAGS=--cap-lints=warn" "-w" "/opt/rustwide/workdir" "--user" "0:0" "8b0ace8dca1817a19aa967c6ebb232b630f11b385f7fd89c205220d14219562c" "/opt/rustwide/cargo-home/bin/cargo" "+1.99.0-beta.8" "test" "--frozen" "--no-run" "--message-format=json" "--release", kill_on_drop: false }`
[INFO] [stderr]    Compiling unicode-ident v1.0.26
[INFO] [stderr]    Compiling serde_core v1.0.229
[INFO] [stderr]    Compiling crossbeam-utils v0.8.23
[INFO] [stderr]    Compiling zerocopy v0.8.61
[INFO] [stderr]    Compiling crossbeam-epoch v0.9.21
[INFO] [stderr]    Compiling serde v1.0.229
[INFO] [stderr]    Compiling crossbeam-deque v0.8.8
[INFO] [stderr]    Compiling either v1.19.0
[INFO] [stderr]    Compiling serde_json v1.0.151
[INFO] [stderr]    Compiling rayon-core v1.13.0
[INFO] [stderr]    Compiling num-traits v0.2.19
[INFO] [stderr]    Compiling clap_lex v1.1.1
[INFO] [stderr]    Compiling regex-syntax v0.8.11
[INFO] [stderr]    Compiling anstyle v1.0.14
[INFO] [stderr]    Compiling ciborium-io v0.2.2
[INFO] [stderr]    Compiling plotters-backend v0.3.7
[INFO] [stderr]    Compiling proc-macro2 v1.0.107
[INFO] [stderr]    Compiling same-file v1.0.6
[INFO] [stderr]    Compiling cast v0.3.0
[INFO] [stderr]    Compiling walkdir v2.5.0
[INFO] [stderr]    Compiling itertools v0.13.0
[INFO] [stderr]    Compiling clap_builder v4.6.7
[INFO] [stderr]    Compiling plotters-svg v0.3.7
[INFO] [stderr]    Compiling anes v0.1.6
[INFO] [stderr]    Compiling oorandom v11.1.5
[INFO] [stderr]    Compiling quote v1.0.47
[INFO] [stderr]    Compiling syn v2.0.119
[INFO] [stderr]    Compiling syn v3.0.6
[INFO] [stderr]    Compiling plotters v0.3.7
[INFO] [stderr]    Compiling rayon v1.12.0
[INFO] [stderr]    Compiling criterion-plot v0.6.0
[INFO] [stderr]    Compiling regex-automata v0.4.18
[INFO] [stderr]    Compiling clap v4.6.7
[INFO] [stderr]    Compiling serde_derive v1.0.229
[INFO] [stderr]    Compiling zerocopy-derive v0.8.61
[INFO] [stderr]    Compiling regex v1.13.1
[INFO] [stderr]    Compiling tinytemplate v1.2.1
[INFO] [stderr]    Compiling half v2.7.1
[INFO] [stderr]    Compiling ciborium-ll v0.2.2
[INFO] [stderr]    Compiling ciborium v0.2.2
[INFO] [stderr]    Compiling criterion v0.7.0
[INFO] [stderr]    Compiling zvidlib-vp8 v0.5.0 (/opt/rustwide/workdir)
[INFO] [stdout] error: couldn't read `src/../tests/fixtures/vp8/vp80-00-comprehensive-001.ivf`: No such file or directory (os error 2)
[INFO] [stdout]    --> src/tests.rs:103:14
[INFO] [stdout]     |
[INFO] [stdout] 103 |               &include_bytes!(concat!(
[INFO] [stdout]     |  ______________^
[INFO] [stdout] 104 | |                 "../tests/fixtures/vp8/vp80-00-comprehensive-",
[INFO] [stdout] 105 | |                 $number,
[INFO] [stdout] 106 | |                 ".ivf"
[INFO] [stdout] 107 | |             ))[..],
[INFO] [stdout]     | |______________^
[INFO] [stdout] ...
[INFO] [stdout] 138 |       let vectors = vectors!(
[INFO] [stdout]     |  ___________________-
[INFO] [stdout] 139 | |         "001", "002", "003", "004", "005", "006", "007", "008", "009", "010", "011", "012", "013",
[INFO] [stdout] 140 | |         "014", "015", "016", "017", "018",
[INFO] [stdout] 141 | |     );
[INFO] [stdout]     | |_____- in this macro invocation
[INFO] [stdout]     |
[INFO] [stdout]     = note: this error originates in the macro `include_bytes` which comes from the expansion of the macro `vectors` (in Nightly builds, run with -Z macro-backtrace for more info)
[INFO] [stdout] 
[INFO] [stdout] 
[INFO] [stdout] error: couldn't read `src/../tests/fixtures/vp8/vp80-00-comprehensive-001.ivf.md5`: No such file or directory (os error 2)
[INFO] [stdout]    --> src/tests.rs:108:13
[INFO] [stdout]     |
[INFO] [stdout] 108 | /             include_str!(concat!(
[INFO] [stdout] 109 | |                 "../tests/fixtures/vp8/vp80-00-comprehensive-",
[INFO] [stdout] 110 | |                 $number,
[INFO] [stdout] 111 | |                 ".ivf.md5"
[INFO] [stdout] 112 | |             )),
[INFO] [stdout]     | |______________^
[INFO] [stdout] ...
[INFO] [stdout] 138 |       let vectors = vectors!(
[INFO] [stdout]     |  ___________________-
[INFO] [stdout] 139 | |         "001", "002", "003", "004", "005", "006", "007", "008", "009", "010", "011", "012", "013",
[INFO] [stdout] 140 | |         "014", "015", "016", "017", "018",
[INFO] [stdout] 141 | |     );
[INFO] [stdout]     | |_____- in this macro invocation
[INFO] [stdout]     |
[INFO] [stdout]     = note: this error originates in the macro `include_str` which comes from the expansion of the macro `vectors` (in Nightly builds, run with -Z macro-backtrace for more info)
[INFO] [stdout] 
[INFO] [stdout] 
[INFO] [stdout] error: couldn't read `src/../tests/fixtures/vp8/vp80-00-comprehensive-002.ivf`: No such file or directory (os error 2)
[INFO] [stdout]    --> src/tests.rs:103:14
[INFO] [stdout]     |
[INFO] [stdout] 103 |               &include_bytes!(concat!(
[INFO] [stdout]     |  ______________^
[INFO] [stdout] 104 | |                 "../tests/fixtures/vp8/vp80-00-comprehensive-",
[INFO] [stdout] 105 | |                 $number,
[INFO] [stdout] 106 | |                 ".ivf"
[INFO] [stdout] 107 | |             ))[..],
[INFO] [stdout]     | |______________^
[INFO] [stdout] ...
[INFO] [stdout] 138 |       let vectors = vectors!(
[INFO] [stdout]     |  ___________________-
[INFO] [stdout] 139 | |         "001", "002", "003", "004", "005", "006", "007", "008", "009", "010", "011", "012", "013",
[INFO] [stdout] 140 | |         "014", "015", "016", "017", "018",
[INFO] [stdout] 141 | |     );
[INFO] [stdout]     | |_____- in this macro invocation
[INFO] [stdout]     |
[INFO] [stdout]     = note: this error originates in the macro `include_bytes` which comes from the expansion of the macro `vectors` (in Nightly builds, run with -Z macro-backtrace for more info)
[INFO] [stdout] 
[INFO] [stdout] 
[INFO] [stdout] error: couldn't read `src/../tests/fixtures/vp8/vp80-00-comprehensive-002.ivf.md5`: No such file or directory (os error 2)
[INFO] [stdout]    --> src/tests.rs:108:13
[INFO] [stdout]     |
[INFO] [stdout] 108 | /             include_str!(concat!(
[INFO] [stdout] 109 | |                 "../tests/fixtures/vp8/vp80-00-comprehensive-",
[INFO] [stdout] 110 | |                 $number,
[INFO] [stdout] 111 | |                 ".ivf.md5"
[INFO] [stdout] 112 | |             )),
[INFO] [stdout]     | |______________^
[INFO] [stdout] ...
[INFO] [stdout] 138 |       let vectors = vectors!(
[INFO] [stdout]     |  ___________________-
[INFO] [stdout] 139 | |         "001", "002", "003", "004", "005", "006", "007", "008", "009", "010", "011", "012", "013",
[INFO] [stdout] 140 | |         "014", "015", "016", "017", "018",
[INFO] [stdout] 141 | |     );
[INFO] [stdout]     | |_____- in this macro invocation
[INFO] [stdout]     |
[INFO] [stdout]     = note: this error originates in the macro `include_str` which comes from the expansion of the macro `vectors` (in Nightly builds, run with -Z macro-backtrace for more info)
[INFO] [stdout] 
[INFO] [stdout] 
[INFO] [stdout] error: couldn't read `src/../tests/fixtures/vp8/vp80-00-comprehensive-003.ivf`: No such file or directory (os error 2)
[INFO] [stdout]    --> src/tests.rs:103:14
[INFO] [stdout]     |
[INFO] [stdout] 103 |               &include_bytes!(concat!(
[INFO] [stdout]     |  ______________^
[INFO] [stdout] 104 | |                 "../tests/fixtures/vp8/vp80-00-comprehensive-",
[INFO] [stdout] 105 | |                 $number,
[INFO] [stdout] 106 | |                 ".ivf"
[INFO] [stdout] 107 | |             ))[..],
[INFO] [stdout]     | |______________^
[INFO] [stdout] ...
[INFO] [stdout] 138 |       let vectors = vectors!(
[INFO] [stdout]     |  ___________________-
[INFO] [stdout] 139 | |         "001", "002", "003", "004", "005", "006", "007", "008", "009", "010", "011", "012", "013",
[INFO] [stdout] 140 | |         "014", "015", "016", "017", "018",
[INFO] [stdout] 141 | |     );
[INFO] [stdout]     | |_____- in this macro invocation
[INFO] [stdout]     |
[INFO] [stdout]     = note: this error originates in the macro `include_bytes` which comes from the expansion of the macro `vectors` (in Nightly builds, run with -Z macro-backtrace for more info)
[INFO] [stdout] 
[INFO] [stdout] 
[INFO] [stdout] error: couldn't read `src/../tests/fixtures/vp8/vp80-00-comprehensive-003.ivf.md5`: No such file or directory (os error 2)
[INFO] [stdout]    --> src/tests.rs:108:13
[INFO] [stdout]     |
[INFO] [stdout] 108 | /             include_str!(concat!(
[INFO] [stdout] 109 | |                 "../tests/fixtures/vp8/vp80-00-comprehensive-",
[INFO] [stdout] 110 | |                 $number,
[INFO] [stdout] 111 | |                 ".ivf.md5"
[INFO] [stdout] 112 | |             )),
[INFO] [stdout]     | |______________^
[INFO] [stdout] ...
[INFO] [stdout] 138 |       let vectors = vectors!(
[INFO] [stdout]     |  ___________________-
[INFO] [stdout] 139 | |         "001", "002", "003", "004", "005", "006", "007", "008", "009", "010", "011", "012", "013",
[INFO] [stdout] 140 | |         "014", "015", "016", "017", "018",
[INFO] [stdout] 141 | |     );
[INFO] [stdout]     | |_____- in this macro invocation
[INFO] [stdout]     |
[INFO] [stdout]     = note: this error originates in the macro `include_str` which comes from the expansion of the macro `vectors` (in Nightly builds, run with -Z macro-backtrace for more info)
[INFO] [stdout] 
[INFO] [stdout] 
[INFO] [stdout] error: couldn't read `src/../tests/fixtures/vp8/vp80-00-comprehensive-004.ivf`: No such file or directory (os error 2)
[INFO] [stdout]    --> src/tests.rs:103:14
[INFO] [stdout]     |
[INFO] [stdout] 103 |               &include_bytes!(concat!(
[INFO] [stdout]     |  ______________^
[INFO] [stdout] 104 | |                 "../tests/fixtures/vp8/vp80-00-comprehensive-",
[INFO] [stdout] 105 | |                 $number,
[INFO] [stdout] 106 | |                 ".ivf"
[INFO] [stdout] 107 | |             ))[..],
[INFO] [stdout]     | |______________^
[INFO] [stdout] ...
[INFO] [stdout] 138 |       let vectors = vectors!(
[INFO] [stdout]     |  ___________________-
[INFO] [stdout] 139 | |         "001", "002", "003", "004", "005", "006", "007", "008", "009", "010", "011", "012", "013",
[INFO] [stdout] 140 | |         "014", "015", "016", "017", "018",
[INFO] [stdout] 141 | |     );
[INFO] [stdout]     | |_____- in this macro invocation
[INFO] [stdout]     |
[INFO] [stdout]     = note: this error originates in the macro `include_bytes` which comes from the expansion of the macro `vectors` (in Nightly builds, run with -Z macro-backtrace for more info)
[INFO] [stdout] 
[INFO] [stdout] 
[INFO] [stdout] error: couldn't read `src/../tests/fixtures/vp8/vp80-00-comprehensive-004.ivf.md5`: No such file or directory (os error 2)
[INFO] [stdout]    --> src/tests.rs:108:13
[INFO] [stdout]     |
[INFO] [stdout] 108 | /             include_str!(concat!(
[INFO] [stdout] 109 | |                 "../tests/fixtures/vp8/vp80-00-comprehensive-",
[INFO] [stdout] 110 | |                 $number,
[INFO] [stdout] 111 | |                 ".ivf.md5"
[INFO] [stdout] 112 | |             )),
[INFO] [stdout]     | |______________^
[INFO] [stdout] ...
[INFO] [stdout] 138 |       let vectors = vectors!(
[INFO] [stdout]     |  ___________________-
[INFO] [stdout] 139 | |         "001", "002", "003", "004", "005", "006", "007", "008", "009", "010", "011", "012", "013",
[INFO] [stdout] 140 | |         "014", "015", "016", "017", "018",
[INFO] [stdout] 141 | |     );
[INFO] [stdout]     | |_____- in this macro invocation
[INFO] [stdout]     |
[INFO] [stdout]     = note: this error originates in the macro `include_str` which comes from the expansion of the macro `vectors` (in Nightly builds, run with -Z macro-backtrace for more info)
[INFO] [stdout] 
[INFO] [stdout] 
[INFO] [stdout] error: couldn't read `src/../tests/fixtures/vp8/vp80-00-comprehensive-005.ivf`: No such file or directory (os error 2)
[INFO] [stdout]    --> src/tests.rs:103:14
[INFO] [stdout]     |
[INFO] [stdout] 103 |               &include_bytes!(concat!(
[INFO] [stdout]     |  ______________^
[INFO] [stdout] 104 | |                 "../tests/fixtures/vp8/vp80-00-comprehensive-",
[INFO] [stdout] 105 | |                 $number,
[INFO] [stdout] 106 | |                 ".ivf"
[INFO] [stdout] 107 | |             ))[..],
[INFO] [stdout]     | |______________^
[INFO] [stdout] ...
[INFO] [stdout] 138 |       let vectors = vectors!(
[INFO] [stdout]     |  ___________________-
[INFO] [stdout] 139 | |         "001", "002", "003", "004", "005", "006", "007", "008", "009", "010", "011", "012", "013",
[INFO] [stdout] 140 | |         "014", "015", "016", "017", "018",
[INFO] [stdout] 141 | |     );
[INFO] [stdout]     | |_____- in this macro invocation
[INFO] [stdout]     |
[INFO] [stdout]     = note: this error originates in the macro `include_bytes` which comes from the expansion of the macro `vectors` (in Nightly builds, run with -Z macro-backtrace for more info)
[INFO] [stdout] 
[INFO] [stdout] 
[INFO] [stdout] error: couldn't read `src/../tests/fixtures/vp8/vp80-00-comprehensive-005.ivf.md5`: No such file or directory (os error 2)
[INFO] [stdout]    --> src/tests.rs:108:13
[INFO] [stdout]     |
[INFO] [stdout] 108 | /             include_str!(concat!(
[INFO] [stdout] 109 | |                 "../tests/fixtures/vp8/vp80-00-comprehensive-",
[INFO] [stdout] 110 | |                 $number,
[INFO] [stdout] 111 | |                 ".ivf.md5"
[INFO] [stdout] 112 | |             )),
[INFO] [stdout]     | |______________^
[INFO] [stdout] ...
[INFO] [stdout] 138 |       let vectors = vectors!(
[INFO] [stdout]     |  ___________________-
[INFO] [stdout] 139 | |         "001", "002", "003", "004", "005", "006", "007", "008", "009", "010", "011", "012", "013",
[INFO] [stdout] 140 | |         "014", "015", "016", "017", "018",
[INFO] [stdout] 141 | |     );
[INFO] [stdout]     | |_____- in this macro invocation
[INFO] [stdout]     |
[INFO] [stdout]     = note: this error originates in the macro `include_str` which comes from the expansion of the macro `vectors` (in Nightly builds, run with -Z macro-backtrace for more info)
[INFO] [stdout] 
[INFO] [stdout] 
[INFO] [stdout] error: couldn't read `src/../tests/fixtures/vp8/vp80-00-comprehensive-006.ivf`: No such file or directory (os error 2)
[INFO] [stdout]    --> src/tests.rs:103:14
[INFO] [stdout]     |
[INFO] [stdout] 103 |               &include_bytes!(concat!(
[INFO] [stdout]     |  ______________^
[INFO] [stdout] 104 | |                 "../tests/fixtures/vp8/vp80-00-comprehensive-",
[INFO] [stdout] 105 | |                 $number,
[INFO] [stdout] 106 | |                 ".ivf"
[INFO] [stdout] 107 | |             ))[..],
[INFO] [stdout]     | |______________^
[INFO] [stdout] ...
[INFO] [stdout] 138 |       let vectors = vectors!(
[INFO] [stdout]     |  ___________________-
[INFO] [stdout] 139 | |         "001", "002", "003", "004", "005", "006", "007", "008", "009", "010", "011", "012", "013",
[INFO] [stdout] 140 | |         "014", "015", "016", "017", "018",
[INFO] [stdout] 141 | |     );
[INFO] [stdout]     | |_____- in this macro invocation
[INFO] [stdout]     |
[INFO] [stdout]     = note: this error originates in the macro `include_bytes` which comes from the expansion of the macro `vectors` (in Nightly builds, run with -Z macro-backtrace for more info)
[INFO] [stdout] 
[INFO] [stdout] 
[INFO] [stdout] error: couldn't read `src/../tests/fixtures/vp8/vp80-00-comprehensive-006.ivf.md5`: No such file or directory (os error 2)
[INFO] [stdout]    --> src/tests.rs:108:13
[INFO] [stdout]     |
[INFO] [stdout] 108 | /             include_str!(concat!(
[INFO] [stdout] 109 | |                 "../tests/fixtures/vp8/vp80-00-comprehensive-",
[INFO] [stdout] 110 | |                 $number,
[INFO] [stdout] 111 | |                 ".ivf.md5"
[INFO] [stdout] 112 | |             )),
[INFO] [stdout]     | |______________^
[INFO] [stdout] ...
[INFO] [stdout] 138 |       let vectors = vectors!(
[INFO] [stdout]     |  ___________________-
[INFO] [stdout] 139 | |         "001", "002", "003", "004", "005", "006", "007", "008", "009", "010", "011", "012", "013",
[INFO] [stdout] 140 | |         "014", "015", "016", "017", "018",
[INFO] [stdout] 141 | |     );
[INFO] [stdout]     | |_____- in this macro invocation
[INFO] [stdout]     |
[INFO] [stdout]     = note: this error originates in the macro `include_str` which comes from the expansion of the macro `vectors` (in Nightly builds, run with -Z macro-backtrace for more info)
[INFO] [stdout] 
[INFO] [stdout] 
[INFO] [stdout] error: couldn't read `src/../tests/fixtures/vp8/vp80-00-comprehensive-007.ivf`: No such file or directory (os error 2)
[INFO] [stdout]    --> src/tests.rs:103:14
[INFO] [stdout]     |
[INFO] [stdout] 103 |               &include_bytes!(concat!(
[INFO] [stdout]     |  ______________^
[INFO] [stdout] 104 | |                 "../tests/fixtures/vp8/vp80-00-comprehensive-",
[INFO] [stdout] 105 | |                 $number,
[INFO] [stdout] 106 | |                 ".ivf"
[INFO] [stdout] 107 | |             ))[..],
[INFO] [stdout]     | |______________^
[INFO] [stdout] ...
[INFO] [stdout] 138 |       let vectors = vectors!(
[INFO] [stdout]     |  ___________________-
[INFO] [stdout] 139 | |         "001", "002", "003", "004", "005", "006", "007", "008", "009", "010", "011", "012", "013",
[INFO] [stdout] 140 | |         "014", "015", "016", "017", "018",
[INFO] [stdout] 141 | |     );
[INFO] [stdout]     | |_____- in this macro invocation
[INFO] [stdout]     |
[INFO] [stdout]     = note: this error originates in the macro `include_bytes` which comes from the expansion of the macro `vectors` (in Nightly builds, run with -Z macro-backtrace for more info)
[INFO] [stdout] 
[INFO] [stdout] 
[INFO] [stdout] error: couldn't read `src/../tests/fixtures/vp8/vp80-00-comprehensive-007.ivf.md5`: No such file or directory (os error 2)
[INFO] [stdout]    --> src/tests.rs:108:13
[INFO] [stdout]     |
[INFO] [stdout] 108 | /             include_str!(concat!(
[INFO] [stdout] 109 | |                 "../tests/fixtures/vp8/vp80-00-comprehensive-",
[INFO] [stdout] 110 | |                 $number,
[INFO] [stdout] 111 | |                 ".ivf.md5"
[INFO] [stdout] 112 | |             )),
[INFO] [stdout]     | |______________^
[INFO] [stdout] ...
[INFO] [stdout] 138 |       let vectors = vectors!(
[INFO] [stdout]     |  ___________________-
[INFO] [stdout] 139 | |         "001", "002", "003", "004", "005", "006", "007", "008", "009", "010", "011", "012", "013",
[INFO] [stdout] 140 | |         "014", "015", "016", "017", "018",
[INFO] [stdout] 141 | |     );
[INFO] [stdout]     | |_____- in this macro invocation
[INFO] [stdout]     |
[INFO] [stdout]     = note: this error originates in the macro `include_str` which comes from the expansion of the macro `vectors` (in Nightly builds, run with -Z macro-backtrace for more info)
[INFO] [stdout] 
[INFO] [stdout] 
[INFO] [stdout] error: couldn't read `src/../tests/fixtures/vp8/vp80-00-comprehensive-008.ivf`: No such file or directory (os error 2)
[INFO] [stdout]    --> src/tests.rs:103:14
[INFO] [stdout]     |
[INFO] [stdout] 103 |               &include_bytes!(concat!(
[INFO] [stdout]     |  ______________^
[INFO] [stdout] 104 | |                 "../tests/fixtures/vp8/vp80-00-comprehensive-",
[INFO] [stdout] 105 | |                 $number,
[INFO] [stdout] 106 | |                 ".ivf"
[INFO] [stdout] 107 | |             ))[..],
[INFO] [stdout]     | |______________^
[INFO] [stdout] ...
[INFO] [stdout] 138 |       let vectors = vectors!(
[INFO] [stdout]     |  ___________________-
[INFO] [stdout] 139 | |         "001", "002", "003", "004", "005", "006", "007", "008", "009", "010", "011", "012", "013",
[INFO] [stdout] 140 | |         "014", "015", "016", "017", "018",
[INFO] [stdout] 141 | |     );
[INFO] [stdout]     | |_____- in this macro invocation
[INFO] [stdout]     |
[INFO] [stdout]     = note: this error originates in the macro `include_bytes` which comes from the expansion of the macro `vectors` (in Nightly builds, run with -Z macro-backtrace for more info)
[INFO] [stdout] 
[INFO] [stdout] 
[INFO] [stdout] error: couldn't read `src/../tests/fixtures/vp8/vp80-00-comprehensive-008.ivf.md5`: No such file or directory (os error 2)
[INFO] [stdout]    --> src/tests.rs:108:13
[INFO] [stdout]     |
[INFO] [stdout] 108 | /             include_str!(concat!(
[INFO] [stdout] 109 | |                 "../tests/fixtures/vp8/vp80-00-comprehensive-",
[INFO] [stdout] 110 | |                 $number,
[INFO] [stdout] 111 | |                 ".ivf.md5"
[INFO] [stdout] 112 | |             )),
[INFO] [stdout]     | |______________^
[INFO] [stdout] ...
[INFO] [stdout] 138 |       let vectors = vectors!(
[INFO] [stdout]     |  ___________________-
[INFO] [stdout] 139 | |         "001", "002", "003", "004", "005", "006", "007", "008", "009", "010", "011", "012", "013",
[INFO] [stdout] 140 | |         "014", "015", "016", "017", "018",
[INFO] [stdout] 141 | |     );
[INFO] [stdout]     | |_____- in this macro invocation
[INFO] [stdout]     |
[INFO] [stdout]     = note: this error originates in the macro `include_str` which comes from the expansion of the macro `vectors` (in Nightly builds, run with -Z macro-backtrace for more info)
[INFO] [stdout] 
[INFO] [stdout] 
[INFO] [stdout] error: couldn't read `src/../tests/fixtures/vp8/vp80-00-comprehensive-009.ivf`: No such file or directory (os error 2)
[INFO] [stdout]    --> src/tests.rs:103:14
[INFO] [stdout]     |
[INFO] [stdout] 103 |               &include_bytes!(concat!(
[INFO] [stdout]     |  ______________^
[INFO] [stdout] 104 | |                 "../tests/fixtures/vp8/vp80-00-comprehensive-",
[INFO] [stdout] 105 | |                 $number,
[INFO] [stdout] 106 | |                 ".ivf"
[INFO] [stdout] 107 | |             ))[..],
[INFO] [stdout]     | |______________^
[INFO] [stdout] ...
[INFO] [stdout] 138 |       let vectors = vectors!(
[INFO] [stdout]     |  ___________________-
[INFO] [stdout] 139 | |         "001", "002", "003", "004", "005", "006", "007", "008", "009", "010", "011", "012", "013",
[INFO] [stdout] 140 | |         "014", "015", "016", "017", "018",
[INFO] [stdout] 141 | |     );
[INFO] [stdout]     | |_____- in this macro invocation
[INFO] [stdout]     |
[INFO] [stdout]     = note: this error originates in the macro `include_bytes` which comes from the expansion of the macro `vectors` (in Nightly builds, run with -Z macro-backtrace for more info)
[INFO] [stdout] 
[INFO] [stdout] 
[INFO] [stdout] error: couldn't read `src/../tests/fixtures/vp8/vp80-00-comprehensive-009.ivf.md5`: No such file or directory (os error 2)
[INFO] [stdout]    --> src/tests.rs:108:13
[INFO] [stdout]     |
[INFO] [stdout] 108 | /             include_str!(concat!(
[INFO] [stdout] 109 | |                 "../tests/fixtures/vp8/vp80-00-comprehensive-",
[INFO] [stdout] 110 | |                 $number,
[INFO] [stdout] 111 | |                 ".ivf.md5"
[INFO] [stdout] 112 | |             )),
[INFO] [stdout]     | |______________^
[INFO] [stdout] ...
[INFO] [stdout] 138 |       let vectors = vectors!(
[INFO] [stdout]     |  ___________________-
[INFO] [stdout] 139 | |         "001", "002", "003", "004", "005", "006", "007", "008", "009", "010", "011", "012", "013",
[INFO] [stdout] 140 | |         "014", "015", "016", "017", "018",
[INFO] [stdout] 141 | |     );
[INFO] [stdout]     | |_____- in this macro invocation
[INFO] [stdout]     |
[INFO] [stdout]     = note: this error originates in the macro `include_str` which comes from the expansion of the macro `vectors` (in Nightly builds, run with -Z macro-backtrace for more info)
[INFO] [stdout] 
[INFO] [stdout] 
[INFO] [stdout] error: couldn't read `src/../tests/fixtures/vp8/vp80-00-comprehensive-010.ivf`: No such file or directory (os error 2)
[INFO] [stdout]    --> src/tests.rs:103:14
[INFO] [stdout]     |
[INFO] [stdout] 103 |               &include_bytes!(concat!(
[INFO] [stdout]     |  ______________^
[INFO] [stdout] 104 | |                 "../tests/fixtures/vp8/vp80-00-comprehensive-",
[INFO] [stdout] 105 | |                 $number,
[INFO] [stdout] 106 | |                 ".ivf"
[INFO] [stdout] 107 | |             ))[..],
[INFO] [stdout]     | |______________^
[INFO] [stdout] ...
[INFO] [stdout] 138 |       let vectors = vectors!(
[INFO] [stdout]     |  ___________________-
[INFO] [stdout] 139 | |         "001", "002", "003", "004", "005", "006", "007", "008", "009", "010", "011", "012", "013",
[INFO] [stdout] 140 | |         "014", "015", "016", "017", "018",
[INFO] [stdout] 141 | |     );
[INFO] [stdout]     | |_____- in this macro invocation
[INFO] [stdout]     |
[INFO] [stdout]     = note: this error originates in the macro `include_bytes` which comes from the expansion of the macro `vectors` (in Nightly builds, run with -Z macro-backtrace for more info)
[INFO] [stdout] 
[INFO] [stdout] 
[INFO] [stdout] error: couldn't read `src/../tests/fixtures/vp8/vp80-00-comprehensive-010.ivf.md5`: No such file or directory (os error 2)
[INFO] [stdout]    --> src/tests.rs:108:13
[INFO] [stdout]     |
[INFO] [stdout] 108 | /             include_str!(concat!(
[INFO] [stdout] 109 | |                 "../tests/fixtures/vp8/vp80-00-comprehensive-",
[INFO] [stdout] 110 | |                 $number,
[INFO] [stdout] 111 | |                 ".ivf.md5"
[INFO] [stdout] 112 | |             )),
[INFO] [stdout]     | |______________^
[INFO] [stdout] ...
[INFO] [stdout] 138 |       let vectors = vectors!(
[INFO] [stdout]     |  ___________________-
[INFO] [stdout] 139 | |         "001", "002", "003", "004", "005", "006", "007", "008", "009", "010", "011", "012", "013",
[INFO] [stdout] 140 | |         "014", "015", "016", "017", "018",
[INFO] [stdout] 141 | |     );
[INFO] [stdout]     | |_____- in this macro invocation
[INFO] [stdout]     |
[INFO] [stdout]     = note: this error originates in the macro `include_str` which comes from the expansion of the macro `vectors` (in Nightly builds, run with -Z macro-backtrace for more info)
[INFO] [stdout] 
[INFO] [stdout] 
[INFO] [stdout] error: couldn't read `src/../tests/fixtures/vp8/vp80-00-comprehensive-011.ivf`: No such file or directory (os error 2)
[INFO] [stdout]    --> src/tests.rs:103:14
[INFO] [stdout]     |
[INFO] [stdout] 103 |               &include_bytes!(concat!(
[INFO] [stdout]     |  ______________^
[INFO] [stdout] 104 | |                 "../tests/fixtures/vp8/vp80-00-comprehensive-",
[INFO] [stdout] 105 | |                 $number,
[INFO] [stdout] 106 | |                 ".ivf"
[INFO] [stdout] 107 | |             ))[..],
[INFO] [stdout]     | |______________^
[INFO] [stdout] ...
[INFO] [stdout] 138 |       let vectors = vectors!(
[INFO] [stdout]     |  ___________________-
[INFO] [stdout] 139 | |         "001", "002", "003", "004", "005", "006", "007", "008", "009", "010", "011", "012", "013",
[INFO] [stdout] 140 | |         "014", "015", "016", "017", "018",
[INFO] [stdout] 141 | |     );
[INFO] [stdout]     | |_____- in this macro invocation
[INFO] [stdout]     |
[INFO] [stdout]     = note: this error originates in the macro `include_bytes` which comes from the expansion of the macro `vectors` (in Nightly builds, run with -Z macro-backtrace for more info)
[INFO] [stdout] 
[INFO] [stdout] 
[INFO] [stdout] error: couldn't read `src/../tests/fixtures/vp8/vp80-00-comprehensive-011.ivf.md5`: No such file or directory (os error 2)
[INFO] [stdout]    --> src/tests.rs:108:13
[INFO] [stdout]     |
[INFO] [stdout] 108 | /             include_str!(concat!(
[INFO] [stdout] 109 | |                 "../tests/fixtures/vp8/vp80-00-comprehensive-",
[INFO] [stdout] 110 | |                 $number,
[INFO] [stdout] 111 | |                 ".ivf.md5"
[INFO] [stdout] 112 | |             )),
[INFO] [stdout]     | |______________^
[INFO] [stdout] ...
[INFO] [stdout] 138 |       let vectors = vectors!(
[INFO] [stdout]     |  ___________________-
[INFO] [stdout] 139 | |         "001", "002", "003", "004", "005", "006", "007", "008", "009", "010", "011", "012", "013",
[INFO] [stdout] 140 | |         "014", "015", "016", "017", "018",
[INFO] [stdout] 141 | |     );
[INFO] [stdout]     | |_____- in this macro invocation
[INFO] [stdout]     |
[INFO] [stdout]     = note: this error originates in the macro `include_str` which comes from the expansion of the macro `vectors` (in Nightly builds, run with -Z macro-backtrace for more info)
[INFO] [stdout] 
[INFO] [stdout] 
[INFO] [stdout] error: couldn't read `src/../tests/fixtures/vp8/vp80-00-comprehensive-012.ivf`: No such file or directory (os error 2)
[INFO] [stdout]    --> src/tests.rs:103:14
[INFO] [stdout]     |
[INFO] [stdout] 103 |               &include_bytes!(concat!(
[INFO] [stdout]     |  ______________^
[INFO] [stdout] 104 | |                 "../tests/fixtures/vp8/vp80-00-comprehensive-",
[INFO] [stdout] 105 | |                 $number,
[INFO] [stdout] 106 | |                 ".ivf"
[INFO] [stdout] 107 | |             ))[..],
[INFO] [stdout]     | |______________^
[INFO] [stdout] ...
[INFO] [stdout] 138 |       let vectors = vectors!(
[INFO] [stdout]     |  ___________________-
[INFO] [stdout] 139 | |         "001", "002", "003", "004", "005", "006", "007", "008", "009", "010", "011", "012", "013",
[INFO] [stdout] 140 | |         "014", "015", "016", "017", "018",
[INFO] [stdout] 141 | |     );
[INFO] [stdout]     | |_____- in this macro invocation
[INFO] [stdout]     |
[INFO] [stdout]     = note: this error originates in the macro `include_bytes` which comes from the expansion of the macro `vectors` (in Nightly builds, run with -Z macro-backtrace for more info)
[INFO] [stdout] 
[INFO] [stdout] 
[INFO] [stdout] error: couldn't read `src/../tests/fixtures/vp8/vp80-00-comprehensive-012.ivf.md5`: No such file or directory (os error 2)
[INFO] [stdout]    --> src/tests.rs:108:13
[INFO] [stdout]     |
[INFO] [stdout] 108 | /             include_str!(concat!(
[INFO] [stdout] 109 | |                 "../tests/fixtures/vp8/vp80-00-comprehensive-",
[INFO] [stdout] 110 | |                 $number,
[INFO] [stdout] 111 | |                 ".ivf.md5"
[INFO] [stdout] 112 | |             )),
[INFO] [stdout]     | |______________^
[INFO] [stdout] ...
[INFO] [stdout] 138 |       let vectors = vectors!(
[INFO] [stdout]     |  ___________________-
[INFO] [stdout] 139 | |         "001", "002", "003", "004", "005", "006", "007", "008", "009", "010", "011", "012", "013",
[INFO] [stdout] 140 | |         "014", "015", "016", "017", "018",
[INFO] [stdout] 141 | |     );
[INFO] [stdout]     | |_____- in this macro invocation
[INFO] [stdout]     |
[INFO] [stdout]     = note: this error originates in the macro `include_str` which comes from the expansion of the macro `vectors` (in Nightly builds, run with -Z macro-backtrace for more info)
[INFO] [stdout] 
[INFO] [stdout] 
[INFO] [stdout] error: couldn't read `src/../tests/fixtures/vp8/vp80-00-comprehensive-013.ivf`: No such file or directory (os error 2)
[INFO] [stdout]    --> src/tests.rs:103:14
[INFO] [stdout]     |
[INFO] [stdout] 103 |               &include_bytes!(concat!(
[INFO] [stdout]     |  ______________^
[INFO] [stdout] 104 | |                 "../tests/fixtures/vp8/vp80-00-comprehensive-",
[INFO] [stdout] 105 | |                 $number,
[INFO] [stdout] 106 | |                 ".ivf"
[INFO] [stdout] 107 | |             ))[..],
[INFO] [stdout]     | |______________^
[INFO] [stdout] ...
[INFO] [stdout] 138 |       let vectors = vectors!(
[INFO] [stdout]     |  ___________________-
[INFO] [stdout] 139 | |         "001", "002", "003", "004", "005", "006", "007", "008", "009", "010", "011", "012", "013",
[INFO] [stdout] 140 | |         "014", "015", "016", "017", "018",
[INFO] [stdout] 141 | |     );
[INFO] [stdout]     | |_____- in this macro invocation
[INFO] [stdout]     |
[INFO] [stdout]     = note: this error originates in the macro `include_bytes` which comes from the expansion of the macro `vectors` (in Nightly builds, run with -Z macro-backtrace for more info)
[INFO] [stdout] 
[INFO] [stdout] 
[INFO] [stdout] error: couldn't read `src/../tests/fixtures/vp8/vp80-00-comprehensive-013.ivf.md5`: No such file or directory (os error 2)
[INFO] [stdout]    --> src/tests.rs:108:13
[INFO] [stdout]     |
[INFO] [stdout] 108 | /             include_str!(concat!(
[INFO] [stdout] 109 | |                 "../tests/fixtures/vp8/vp80-00-comprehensive-",
[INFO] [stdout] 110 | |                 $number,
[INFO] [stdout] 111 | |                 ".ivf.md5"
[INFO] [stdout] 112 | |             )),
[INFO] [stdout]     | |______________^
[INFO] [stdout] ...
[INFO] [stdout] 138 |       let vectors = vectors!(
[INFO] [stdout]     |  ___________________-
[INFO] [stdout] 139 | |         "001", "002", "003", "004", "005", "006", "007", "008", "009", "010", "011", "012", "013",
[INFO] [stdout] 140 | |         "014", "015", "016", "017", "018",
[INFO] [stdout] 141 | |     );
[INFO] [stdout]     | |_____- in this macro invocation
[INFO] [stdout]     |
[INFO] [stdout]     = note: this error originates in the macro `include_str` which comes from the expansion of the macro `vectors` (in Nightly builds, run with -Z macro-backtrace for more info)
[INFO] [stdout] 
[INFO] [stdout] 
[INFO] [stdout] error: couldn't read `src/../tests/fixtures/vp8/vp80-00-comprehensive-014.ivf`: No such file or directory (os error 2)
[INFO] [stdout]    --> src/tests.rs:103:14
[INFO] [stdout]     |
[INFO] [stdout] 103 |               &include_bytes!(concat!(
[INFO] [stdout]     |  ______________^
[INFO] [stdout] 104 | |                 "../tests/fixtures/vp8/vp80-00-comprehensive-",
[INFO] [stdout] 105 | |                 $number,
[INFO] [stdout] 106 | |                 ".ivf"
[INFO] [stdout] 107 | |             ))[..],
[INFO] [stdout]     | |______________^
[INFO] [stdout] ...
[INFO] [stdout] 138 |       let vectors = vectors!(
[INFO] [stdout]     |  ___________________-
[INFO] [stdout] 139 | |         "001", "002", "003", "004", "005", "006", "007", "008", "009", "010", "011", "012", "013",
[INFO] [stdout] 140 | |         "014", "015", "016", "017", "018",
[INFO] [stdout] 141 | |     );
[INFO] [stdout]     | |_____- in this macro invocation
[INFO] [stdout]     |
[INFO] [stdout]     = note: this error originates in the macro `include_bytes` which comes from the expansion of the macro `vectors` (in Nightly builds, run with -Z macro-backtrace for more info)
[INFO] [stdout] 
[INFO] [stdout] 
[INFO] [stdout] error: couldn't read `src/../tests/fixtures/vp8/vp80-00-comprehensive-014.ivf.md5`: No such file or directory (os error 2)
[INFO] [stdout]    --> src/tests.rs:108:13
[INFO] [stdout]     |
[INFO] [stdout] 108 | /             include_str!(concat!(
[INFO] [stdout] 109 | |                 "../tests/fixtures/vp8/vp80-00-comprehensive-",
[INFO] [stdout] 110 | |                 $number,
[INFO] [stdout] 111 | |                 ".ivf.md5"
[INFO] [stdout] 112 | |             )),
[INFO] [stdout]     | |______________^
[INFO] [stdout] ...
[INFO] [stdout] 138 |       let vectors = vectors!(
[INFO] [stdout]     |  ___________________-
[INFO] [stdout] 139 | |         "001", "002", "003", "004", "005", "006", "007", "008", "009", "010", "011", "012", "013",
[INFO] [stdout] 140 | |         "014", "015", "016", "017", "018",
[INFO] [stdout] 141 | |     );
[INFO] [stdout]     | |_____- in this macro invocation
[INFO] [stdout]     |
[INFO] [stdout]     = note: this error originates in the macro `include_str` which comes from the expansion of the macro `vectors` (in Nightly builds, run with -Z macro-backtrace for more info)
[INFO] [stdout] 
[INFO] [stdout] 
[INFO] [stdout] error: couldn't read `src/../tests/fixtures/vp8/vp80-00-comprehensive-015.ivf`: No such file or directory (os error 2)
[INFO] [stdout]    --> src/tests.rs:103:14
[INFO] [stdout]     |
[INFO] [stdout] 103 |               &include_bytes!(concat!(
[INFO] [stdout]     |  ______________^
[INFO] [stdout] 104 | |                 "../tests/fixtures/vp8/vp80-00-comprehensive-",
[INFO] [stdout] 105 | |                 $number,
[INFO] [stdout] 106 | |                 ".ivf"
[INFO] [stdout] 107 | |             ))[..],
[INFO] [stdout]     | |______________^
[INFO] [stdout] ...
[INFO] [stdout] 138 |       let vectors = vectors!(
[INFO] [stdout]     |  ___________________-
[INFO] [stdout] 139 | |         "001", "002", "003", "004", "005", "006", "007", "008", "009", "010", "011", "012", "013",
[INFO] [stdout] 140 | |         "014", "015", "016", "017", "018",
[INFO] [stdout] 141 | |     );
[INFO] [stdout]     | |_____- in this macro invocation
[INFO] [stdout]     |
[INFO] [stdout]     = note: this error originates in the macro `include_bytes` which comes from the expansion of the macro `vectors` (in Nightly builds, run with -Z macro-backtrace for more info)
[INFO] [stdout] 
[INFO] [stdout] 
[INFO] [stdout] error: couldn't read `src/../tests/fixtures/vp8/vp80-00-comprehensive-015.ivf.md5`: No such file or directory (os error 2)
[INFO] [stdout]    --> src/tests.rs:108:13
[INFO] [stdout]     |
[INFO] [stdout] 108 | /             include_str!(concat!(
[INFO] [stdout] 109 | |                 "../tests/fixtures/vp8/vp80-00-comprehensive-",
[INFO] [stdout] 110 | |                 $number,
[INFO] [stdout] 111 | |                 ".ivf.md5"
[INFO] [stdout] 112 | |             )),
[INFO] [stdout]     | |______________^
[INFO] [stdout] ...
[INFO] [stdout] 138 |       let vectors = vectors!(
[INFO] [stdout]     |  ___________________-
[INFO] [stdout] 139 | |         "001", "002", "003", "004", "005", "006", "007", "008", "009", "010", "011", "012", "013",
[INFO] [stdout] 140 | |         "014", "015", "016", "017", "018",
[INFO] [stdout] 141 | |     );
[INFO] [stdout]     | |_____- in this macro invocation
[INFO] [stdout]     |
[INFO] [stdout]     = note: this error originates in the macro `include_str` which comes from the expansion of the macro `vectors` (in Nightly builds, run with -Z macro-backtrace for more info)
[INFO] [stdout] 
[INFO] [stdout] 
[INFO] [stdout] error: couldn't read `src/../tests/fixtures/vp8/vp80-00-comprehensive-016.ivf`: No such file or directory (os error 2)
[INFO] [stdout]    --> src/tests.rs:103:14
[INFO] [stdout]     |
[INFO] [stdout] 103 |               &include_bytes!(concat!(
[INFO] [stdout]     |  ______________^
[INFO] [stdout] 104 | |                 "../tests/fixtures/vp8/vp80-00-comprehensive-",
[INFO] [stdout] 105 | |                 $number,
[INFO] [stdout] 106 | |                 ".ivf"
[INFO] [stdout] 107 | |             ))[..],
[INFO] [stdout]     | |______________^
[INFO] [stdout] ...
[INFO] [stdout] 138 |       let vectors = vectors!(
[INFO] [stdout]     |  ___________________-
[INFO] [stdout] 139 | |         "001", "002", "003", "004", "005", "006", "007", "008", "009", "010", "011", "012", "013",
[INFO] [stdout] 140 | |         "014", "015", "016", "017", "018",
[INFO] [stdout] 141 | |     );
[INFO] [stdout]     | |_____- in this macro invocation
[INFO] [stdout]     |
[INFO] [stdout]     = note: this error originates in the macro `include_bytes` which comes from the expansion of the macro `vectors` (in Nightly builds, run with -Z macro-backtrace for more info)
[INFO] [stdout] 
[INFO] [stdout] 
[INFO] [stdout] error: couldn't read `src/../tests/fixtures/vp8/vp80-00-comprehensive-016.ivf.md5`: No such file or directory (os error 2)
[INFO] [stdout]    --> src/tests.rs:108:13
[INFO] [stdout]     |
[INFO] [stdout] 108 | /             include_str!(concat!(
[INFO] [stdout] 109 | |                 "../tests/fixtures/vp8/vp80-00-comprehensive-",
[INFO] [stdout] 110 | |                 $number,
[INFO] [stdout] 111 | |                 ".ivf.md5"
[INFO] [stdout] 112 | |             )),
[INFO] [stdout]     | |______________^
[INFO] [stdout] ...
[INFO] [stdout] 138 |       let vectors = vectors!(
[INFO] [stdout]     |  ___________________-
[INFO] [stdout] 139 | |         "001", "002", "003", "004", "005", "006", "007", "008", "009", "010", "011", "012", "013",
[INFO] [stdout] 140 | |         "014", "015", "016", "017", "018",
[INFO] [stdout] 141 | |     );
[INFO] [stdout]     | |_____- in this macro invocation
[INFO] [stdout]     |
[INFO] [stdout]     = note: this error originates in the macro `include_str` which comes from the expansion of the macro `vectors` (in Nightly builds, run with -Z macro-backtrace for more info)
[INFO] [stdout] 
[INFO] [stdout] 
[INFO] [stdout] error: couldn't read `src/../tests/fixtures/vp8/vp80-00-comprehensive-017.ivf`: No such file or directory (os error 2)
[INFO] [stdout]    --> src/tests.rs:103:14
[INFO] [stdout]     |
[INFO] [stdout] 103 |               &include_bytes!(concat!(
[INFO] [stdout]     |  ______________^
[INFO] [stdout] 104 | |                 "../tests/fixtures/vp8/vp80-00-comprehensive-",
[INFO] [stdout] 105 | |                 $number,
[INFO] [stdout] 106 | |                 ".ivf"
[INFO] [stdout] 107 | |             ))[..],
[INFO] [stdout]     | |______________^
[INFO] [stdout] ...
[INFO] [stdout] 138 |       let vectors = vectors!(
[INFO] [stdout]     |  ___________________-
[INFO] [stdout] 139 | |         "001", "002", "003", "004", "005", "006", "007", "008", "009", "010", "011", "012", "013",
[INFO] [stdout] 140 | |         "014", "015", "016", "017", "018",
[INFO] [stdout] 141 | |     );
[INFO] [stdout]     | |_____- in this macro invocation
[INFO] [stdout]     |
[INFO] [stdout]     = note: this error originates in the macro `include_bytes` which comes from the expansion of the macro `vectors` (in Nightly builds, run with -Z macro-backtrace for more info)
[INFO] [stdout] 
[INFO] [stdout] 
[INFO] [stdout] error: couldn't read `src/../tests/fixtures/vp8/vp80-00-comprehensive-017.ivf.md5`: No such file or directory (os error 2)
[INFO] [stdout]    --> src/tests.rs:108:13
[INFO] [stdout]     |
[INFO] [stdout] 108 | /             include_str!(concat!(
[INFO] [stdout] 109 | |                 "../tests/fixtures/vp8/vp80-00-comprehensive-",
[INFO] [stdout] 110 | |                 $number,
[INFO] [stdout] 111 | |                 ".ivf.md5"
[INFO] [stdout] 112 | |             )),
[INFO] [stdout]     | |______________^
[INFO] [stdout] ...
[INFO] [stdout] 138 |       let vectors = vectors!(
[INFO] [stdout]     |  ___________________-
[INFO] [stdout] 139 | |         "001", "002", "003", "004", "005", "006", "007", "008", "009", "010", "011", "012", "013",
[INFO] [stdout] 140 | |         "014", "015", "016", "017", "018",
[INFO] [stdout] 141 | |     );
[INFO] [stdout]     | |_____- in this macro invocation
[INFO] [stdout]     |
[INFO] [stdout]     = note: this error originates in the macro `include_str` which comes from the expansion of the macro `vectors` (in Nightly builds, run with -Z macro-backtrace for more info)
[INFO] [stdout] 
[INFO] [stdout] 
[INFO] [stdout] error: couldn't read `src/../tests/fixtures/vp8/vp80-00-comprehensive-018.ivf`: No such file or directory (os error 2)
[INFO] [stdout]    --> src/tests.rs:103:14
[INFO] [stdout]     |
[INFO] [stdout] 103 |               &include_bytes!(concat!(
[INFO] [stdout]     |  ______________^
[INFO] [stdout] 104 | |                 "../tests/fixtures/vp8/vp80-00-comprehensive-",
[INFO] [stdout] 105 | |                 $number,
[INFO] [stdout] 106 | |                 ".ivf"
[INFO] [stdout] 107 | |             ))[..],
[INFO] [stdout]     | |______________^
[INFO] [stdout] ...
[INFO] [stdout] 138 |       let vectors = vectors!(
[INFO] [stdout]     |  ___________________-
[INFO] [stdout] 139 | |         "001", "002", "003", "004", "005", "006", "007", "008", "009", "010", "011", "012", "013",
[INFO] [stdout] 140 | |         "014", "015", "016", "017", "018",
[INFO] [stdout] 141 | |     );
[INFO] [stdout]     | |_____- in this macro invocation
[INFO] [stdout]     |
[INFO] [stdout]     = note: this error originates in the macro `include_bytes` which comes from the expansion of the macro `vectors` (in Nightly builds, run with -Z macro-backtrace for more info)
[INFO] [stdout] 
[INFO] [stdout] 
[INFO] [stdout] error: couldn't read `src/../tests/fixtures/vp8/vp80-00-comprehensive-018.ivf.md5`: No such file or directory (os error 2)
[INFO] [stdout]    --> src/tests.rs:108:13
[INFO] [stdout]     |
[INFO] [stdout] 108 | /             include_str!(concat!(
[INFO] [stdout] 109 | |                 "../tests/fixtures/vp8/vp80-00-comprehensive-",
[INFO] [stdout] 110 | |                 $number,
[INFO] [stdout] 111 | |                 ".ivf.md5"
[INFO] [stdout] 112 | |             )),
[INFO] [stdout]     | |______________^
[INFO] [stdout] ...
[INFO] [stdout] 138 |       let vectors = vectors!(
[INFO] [stdout]     |  ___________________-
[INFO] [stdout] 139 | |         "001", "002", "003", "004", "005", "006", "007", "008", "009", "010", "011", "012", "013",
[INFO] [stdout] 140 | |         "014", "015", "016", "017", "018",
[INFO] [stdout] 141 | |     );
[INFO] [stdout]     | |_____- in this macro invocation
[INFO] [stdout]     |
[INFO] [stdout]     = note: this error originates in the macro `include_str` which comes from the expansion of the macro `vectors` (in Nightly builds, run with -Z macro-backtrace for more info)
[INFO] [stdout] 
[INFO] [stdout] 
[INFO] [stdout] error: couldn't read `src/../tests/fixtures/vp8/vp80-00-comprehensive-018.ivf`: No such file or directory (os error 2)
[INFO] [stdout]    --> src/tests.rs:168:15
[INFO] [stdout]     |
[INFO] [stdout] 168 |     let ivf = include_bytes!("../tests/fixtures/vp8/vp80-00-comprehensive-018.ivf");
[INFO] [stdout]     |               ^^^^^^^^^^^^^^^^^^^^^^^^^^^^^^^^^^^^^^^^^^^^^^^^^^^^^^^^^^^^^^^^^^^^^
[INFO] [stdout] 
[INFO] [stdout] 
[INFO] [stdout] error: couldn't read `src/../tests/fixtures/vp8/vp8_altref_98x66.ivf`: No such file or directory (os error 2)
[INFO] [stdout]    --> src/tests.rs:181:15
[INFO] [stdout]     |
[INFO] [stdout] 181 |     let ivf = include_bytes!("../tests/fixtures/vp8/vp8_altref_98x66.ivf");
[INFO] [stdout]     |               ^^^^^^^^^^^^^^^^^^^^^^^^^^^^^^^^^^^^^^^^^^^^^^^^^^^^^^^^^^^^
[INFO] [stdout] 
[INFO] [stdout] 
[INFO] [stdout] error: couldn't read `src/../tests/fixtures/vp8/vp8_altref_98x66.ivf.md5`: No such file or directory (os error 2)
[INFO] [stdout]    --> src/tests.rs:182:31
[INFO] [stdout]     |
[INFO] [stdout] 182 |     let expected: Vec<&str> = include_str!("../tests/fixtures/vp8/vp8_altref_98x66.ivf.md5")
[INFO] [stdout]     |                               ^^^^^^^^^^^^^^^^^^^^^^^^^^^^^^^^^^^^^^^^^^^^^^^^^^^^^^^^^^^^^^
[INFO] [stdout] 
[INFO] [stdout] 
[INFO] [stdout] error: couldn't read `src/../tests/fixtures/vp8/vp80-00-comprehensive-001.ivf`: No such file or directory (os error 2)
[INFO] [stdout]    --> src/tests.rs:203:15
[INFO] [stdout]     |
[INFO] [stdout] 203 |     let ivf = include_bytes!("../tests/fixtures/vp8/vp80-00-comprehensive-001.ivf");
[INFO] [stdout]     |               ^^^^^^^^^^^^^^^^^^^^^^^^^^^^^^^^^^^^^^^^^^^^^^^^^^^^^^^^^^^^^^^^^^^^^
[INFO] [stdout] 
[INFO] [stdout] 
[INFO] [stdout] error: couldn't read `src/../tests/fixtures/vp8/vp80-00-comprehensive-001.ivf`: No such file or directory (os error 2)
[INFO] [stdout]    --> src/tests.rs:212:15
[INFO] [stdout]     |
[INFO] [stdout] 212 |     let ivf = include_bytes!("../tests/fixtures/vp8/vp80-00-comprehensive-001.ivf");
[INFO] [stdout]     |               ^^^^^^^^^^^^^^^^^^^^^^^^^^^^^^^^^^^^^^^^^^^^^^^^^^^^^^^^^^^^^^^^^^^^^
[INFO] [stdout] 
[INFO] [stdout] 
[INFO] [stdout] error: couldn't read `src/../tests/fixtures/vp8/vp8_testsrc2_98x66.webm`: No such file or directory (os error 2)
[INFO] [stdout]    --> src/tests.rs:242:9
[INFO] [stdout]     |
[INFO] [stdout] 242 |         include_bytes!("../tests/fixtures/vp8/vp8_testsrc2_98x66.webm").to_vec(),
[INFO] [stdout]     |         ^^^^^^^^^^^^^^^^^^^^^^^^^^^^^^^^^^^^^^^^^^^^^^^^^^^^^^^^^^^^^^^
[INFO] [stdout] 
[INFO] [stdout] 
[INFO] [stdout] error: couldn't read `src/../tests/fixtures/vp8/vp8_testsrc2_98x66.webm.md5`: No such file or directory (os error 2)
[INFO] [stdout]    --> src/tests.rs:244:31
[INFO] [stdout]     |
[INFO] [stdout] 244 |     let expected: Vec<&str> = include_str!("../tests/fixtures/vp8/vp8_testsrc2_98x66.webm.md5")
[INFO] [stdout]     |                               ^^^^^^^^^^^^^^^^^^^^^^^^^^^^^^^^^^^^^^^^^^^^^^^^^^^^^^^^^^^^^^^^^
[INFO] [stdout] 
[INFO] [stdout] 
[INFO] [stdout] error: couldn't read `src/../tests/fixtures/vp8/vp8_altref_98x66.webm`: No such file or directory (os error 2)
[INFO] [stdout]    --> src/tests.rs:416:9
[INFO] [stdout]     |
[INFO] [stdout] 416 |         include_bytes!("../tests/fixtures/vp8/vp8_altref_98x66.webm").to_vec(),
[INFO] [stdout]     |         ^^^^^^^^^^^^^^^^^^^^^^^^^^^^^^^^^^^^^^^^^^^^^^^^^^^^^^^^^^^^^
[INFO] [stdout] 
[INFO] [stdout] 
[INFO] [stdout] error: couldn't read `src/../tests/fixtures/vp8/vp8_altref_98x66.webm.md5`: No such file or directory (os error 2)
[INFO] [stdout]    --> src/tests.rs:418:31
[INFO] [stdout]     |
[INFO] [stdout] 418 |     let expected: Vec<&str> = include_str!("../tests/fixtures/vp8/vp8_altref_98x66.webm.md5")
[INFO] [stdout]     |                               ^^^^^^^^^^^^^^^^^^^^^^^^^^^^^^^^^^^^^^^^^^^^^^^^^^^^^^^^^^^^^^^
[INFO] [stdout] 
[INFO] [stdout] 
[INFO] [stdout] error[E0432]: unresolved import `zvidlib_container`
[INFO] [stdout]   --> src/lib.rs:62:5
[INFO] [stdout]    |
[INFO] [stdout] 62 | use zvidlib_container::*;
[INFO] [stdout]    |     ^^^^^^^^^^^^^^^^^ use of unresolved module or unlinked crate `zvidlib_container`
[INFO] [stdout]    |
[INFO] [stdout]    = help: if you wanted to use a crate named `zvidlib_container`, use `cargo add zvidlib_container` to add it to your `Cargo.toml`
[INFO] [stdout] 
[INFO] [stdout] 
[INFO] [stdout] error[E0432]: unresolved import `crate::mp4`
[INFO] [stdout]    --> src/tests.rs:457:16
[INFO] [stdout]     |
[INFO] [stdout] 457 |     use crate::mp4::{Mp4TrackConfig, Mp4TrackFormat};
[INFO] [stdout]     |                ^^^ could not find `mp4` in the crate root
[INFO] [stdout] 
[INFO] [stdout] 
[INFO] [stdout] error[E0432]: unresolved import `crate::WebmMuxer`
[INFO] [stdout]    --> src/tests.rs:458:49
[INFO] [stdout]     |
[INFO] [stdout] 458 |     use crate::{EncoderConfig, VideoDimensions, WebmMuxer};
[INFO] [stdout]     |                                                 ^^^^^^^^^ no `WebmMuxer` in the root
[INFO] [stdout] 
[INFO] [stdout] 
[INFO] [stdout] For more information about this error, try `rustc --explain E0432`.
[INFO] [stdout] 
[INFO] [stderr] error: could not compile `zvidlib-vp8` (lib test) due to 48 previous errors
[INFO] running `Command { std: "docker" "inspect" "8b0ace8dca1817a19aa967c6ebb232b630f11b385f7fd89c205220d14219562c", kill_on_drop: false }`
[INFO] running `Command { std: "docker" "rm" "-f" "8b0ace8dca1817a19aa967c6ebb232b630f11b385f7fd89c205220d14219562c", kill_on_drop: false }`
[INFO] [stdout] 8b0ace8dca1817a19aa967c6ebb232b630f11b385f7fd89c205220d14219562c
