[INFO] fetching crate zvidlib-hevc-decoder 0.5.0...
[INFO] testing zvidlib-hevc-decoder-0.5.0 against 1.99.0-beta.8+cargoflags=--release for beta-release-1.100-2
[INFO] extracting crate zvidlib-hevc-decoder 0.5.0 into /workspace/builds/worker-4-tc1/source
[INFO] started tweaking crates.io crate zvidlib-hevc-decoder 0.5.0
[INFO] finished tweaking crates.io crate zvidlib-hevc-decoder 0.5.0
[INFO] tweaked toml for crates.io crate zvidlib-hevc-decoder 0.5.0 written to /workspace/builds/worker-4-tc1/source/Cargo.toml
[INFO] validating manifest of crates.io crate zvidlib-hevc-decoder 0.5.0 on toolchain 1.99.0-beta.8
[INFO] running `Command { std: CARGO_HOME="/workspace/cargo-home" RUSTUP_HOME="/workspace/rustup-home" "/workspace/cargo-home/bin/cargo" "+1.99.0-beta.8" "metadata" "--manifest-path" "Cargo.toml" "--no-deps", kill_on_drop: false }`
[INFO] crate crates.io crate zvidlib-hevc-decoder 0.5.0 already has a lockfile, it will not be regenerated
[INFO] running `Command { std: CARGO_HOME="/workspace/cargo-home" RUSTUP_HOME="/workspace/rustup-home" "/workspace/cargo-home/bin/cargo" "+1.99.0-beta.8" "fetch" "--manifest-path" "Cargo.toml", kill_on_drop: false }`
[INFO] [stderr]     Updating crates.io index
[INFO] [stderr]  Downloading crates ...
[INFO] [stderr]   Downloaded zvidlib-vp9-syntax v0.5.0
[INFO] [stderr]   Downloaded zvidlib-build v0.5.0
[INFO] [stderr]   Downloaded doom-fish-utils v0.3.3
[INFO] [stderr]   Downloaded zvidlib-hardware v0.5.0
[INFO] [stderr]   Downloaded videotoolbox v0.18.2
[INFO] [stderr]   Downloaded zvidlib-hevc v0.5.0
[INFO] [stderr]   Downloaded apple-cf v0.9.3
[INFO] [stderr]   Downloaded zvidlib-hevc-syntax v0.5.0
[INFO] running `Command { std: "docker" "create" "-v" "/var/lib/crater-agent-workspace/builds/worker-4-tc1/source:/opt/rustwide/workdir:ro,Z" "-v" "/var/lib/crater-agent-workspace/builds/worker-4-tc1/target:/opt/rustwide/target:rw,Z" "-v" "/var/lib/crater-agent-workspace/cargo-home:/opt/rustwide/cargo-home:ro,Z" "-v" "/var/lib/crater-agent-workspace/rustup-home:/opt/rustwide/rustup-home:ro,Z" "-m" "1610612736" "--network" "none" "ghcr.io/rust-lang/crates-build-env/linux@sha256:77db811e55d90add9212f6832c23229e3de5f1c1f9905e8cb07319ea15df73ac" "sleep" "infinity", kill_on_drop: false }`
[INFO] [stdout] e64ccbed80a5fc93f10d79be984db785ef6322129c2175a55717efc1697196cc
[INFO] running `Command { std: "docker" "start" "e64ccbed80a5fc93f10d79be984db785ef6322129c2175a55717efc1697196cc", kill_on_drop: false }`
[INFO] running `Command { std: "docker" "inspect" "e64ccbed80a5fc93f10d79be984db785ef6322129c2175a55717efc1697196cc", kill_on_drop: false }`
[INFO] running `Command { std: "docker" "exec" "-e" "SOURCE_DIR=/opt/rustwide/workdir" "-e" "CARGO_HOME=/opt/rustwide/cargo-home" "-e" "RUSTUP_HOME=/opt/rustwide/rustup-home" "-e" "CARGO_TARGET_DIR=/opt/rustwide/target" "-w" "/opt/rustwide/workdir" "--user" "0:0" "e64ccbed80a5fc93f10d79be984db785ef6322129c2175a55717efc1697196cc" "/opt/rustwide/cargo-home/bin/cargo" "+1.99.0-beta.8" "metadata" "--no-deps" "--format-version=1", kill_on_drop: false }`
[INFO] running `Command { std: "docker" "inspect" "e64ccbed80a5fc93f10d79be984db785ef6322129c2175a55717efc1697196cc", kill_on_drop: false }`
[INFO] running `Command { std: "docker" "exec" "-e" "SOURCE_DIR=/opt/rustwide/workdir" "-e" "CARGO_HOME=/opt/rustwide/cargo-home" "-e" "RUSTUP_HOME=/opt/rustwide/rustup-home" "-e" "CARGO_TARGET_DIR=/opt/rustwide/target" "-e" "CARGO_INCREMENTAL=0" "-e" "RUST_BACKTRACE=full" "-e" "RUSTFLAGS=--cap-lints=warn" "-e" "RUSTDOCFLAGS=--cap-lints=warn" "-w" "/opt/rustwide/workdir" "--user" "0:0" "e64ccbed80a5fc93f10d79be984db785ef6322129c2175a55717efc1697196cc" "/opt/rustwide/cargo-home/bin/cargo" "+1.99.0-beta.8" "build" "--frozen" "--message-format=json" "--release", kill_on_drop: false }`
[INFO] [stderr]    Compiling zvidlib-build v0.5.0
[INFO] [stderr]    Compiling zvidlib-core v0.5.0
[INFO] [stderr]    Compiling zvidlib-hevc-syntax v0.5.0
[INFO] [stderr]    Compiling libloading v0.8.9
[INFO] [stderr]    Compiling zvidlib-hardware v0.5.0
[INFO] [stderr]    Compiling zvidlib-hevc-decoder v0.5.0 (/opt/rustwide/workdir)
[INFO] [stderr]    Compiling zvidlib-color v0.5.0
[INFO] [stderr]    Compiling zvidlib-vp9-syntax v0.5.0
[INFO] [stderr]    Compiling zvidlib-hevc v0.5.0
[INFO] [stderr]     Finished `release` profile [optimized] target(s) in 11.49s
[INFO] running `Command { std: "docker" "inspect" "e64ccbed80a5fc93f10d79be984db785ef6322129c2175a55717efc1697196cc", kill_on_drop: false }`
[INFO] running `Command { std: "docker" "exec" "-e" "SOURCE_DIR=/opt/rustwide/workdir" "-e" "CARGO_HOME=/opt/rustwide/cargo-home" "-e" "RUSTUP_HOME=/opt/rustwide/rustup-home" "-e" "CARGO_TARGET_DIR=/opt/rustwide/target" "-e" "CARGO_INCREMENTAL=0" "-e" "RUST_BACKTRACE=full" "-e" "RUSTFLAGS=--cap-lints=warn" "-e" "RUSTDOCFLAGS=--cap-lints=warn" "-w" "/opt/rustwide/workdir" "--user" "0:0" "e64ccbed80a5fc93f10d79be984db785ef6322129c2175a55717efc1697196cc" "/opt/rustwide/cargo-home/bin/cargo" "+1.99.0-beta.8" "test" "--frozen" "--no-run" "--message-format=json" "--release", kill_on_drop: false }`
[INFO] [stderr]    Compiling syn v2.0.119
[INFO] [stderr]    Compiling zerocopy v0.8.61
[INFO] [stderr]    Compiling syn v3.0.6
[INFO] [stderr]    Compiling crossbeam-deque v0.8.8
[INFO] [stderr]    Compiling rayon-core v1.13.0
[INFO] [stderr]    Compiling either v1.19.0
[INFO] [stderr]    Compiling regex-syntax v0.8.11
[INFO] [stderr]    Compiling num-traits v0.2.19
[INFO] [stderr]    Compiling crossbeam-epoch v0.9.21
[INFO] [stderr]    Compiling memchr v2.8.3
[INFO] [stderr]    Compiling plotters-backend v0.3.7
[INFO] [stderr]    Compiling ciborium-io v0.2.2
[INFO] [stderr]    Compiling clap_lex v1.1.1
[INFO] [stderr]    Compiling same-file v1.0.6
[INFO] [stderr]    Compiling cast v0.3.0
[INFO] [stderr]    Compiling anes v0.1.6
[INFO] [stderr]    Compiling oorandom v11.1.5
[INFO] [stderr]    Compiling walkdir v2.5.0
[INFO] [stderr]    Compiling itertools v0.13.0
[INFO] [stderr]    Compiling clap_builder v4.6.7
[INFO] [stderr]    Compiling plotters-svg v0.3.7
[INFO] [stderr]    Compiling rayon v1.12.0
[INFO] [stderr]    Compiling serde_json v1.0.151
[INFO] [stderr]    Compiling plotters v0.3.7
[INFO] [stderr]    Compiling regex-automata v0.4.18
[INFO] [stderr]    Compiling clap v4.6.7
[INFO] [stderr]    Compiling criterion-plot v0.6.0
[INFO] [stderr]    Compiling serde_derive v1.0.229
[INFO] [stderr]    Compiling zerocopy-derive v0.8.61
[INFO] [stderr]    Compiling regex v1.13.1
[INFO] [stderr]    Compiling serde v1.0.229
[INFO] [stderr]    Compiling tinytemplate v1.2.1
[INFO] [stderr]    Compiling half v2.7.1
[INFO] [stderr]    Compiling ciborium-ll v0.2.2
[INFO] [stderr]    Compiling ciborium v0.2.2
[INFO] [stderr]    Compiling criterion v0.7.0
[INFO] [stderr]    Compiling zvidlib-hevc-decoder v0.5.0 (/opt/rustwide/workdir)
[INFO] [stdout] error: couldn't read `src/../tests/fixtures/bbb_hevc_main10_128x72.mp4`: No such file or directory (os error 2)
[INFO] [stdout]    --> src/lib.rs:768:13
[INFO] [stdout]     |
[INFO] [stdout] 768 |             include_bytes!("../tests/fixtures/bbb_hevc_main10_128x72.mp4").to_vec(),
[INFO] [stdout]     |             ^^^^^^^^^^^^^^^^^^^^^^^^^^^^^^^^^^^^^^^^^^^^^^^^^^^^^^^^^^^^^^
[INFO] [stdout] 
[INFO] [stdout] 
[INFO] [stdout] error: couldn't read `src/../tests/fixtures/bbb_hevc_main10_128x72_yuv420p10le.sha256`: No such file or directory (os error 2)
[INFO] [stdout]    --> src/lib.rs:796:32
[INFO] [stdout]     |
[INFO] [stdout] 796 |           let expected = digests(include_str!(
[INFO] [stdout]     |  ________________________________^
[INFO] [stdout] 797 | |             "../tests/fixtures/bbb_hevc_main10_128x72_yuv420p10le.sha256"
[INFO] [stdout] 798 | |         ));
[INFO] [stdout]     | |_________^
[INFO] [stdout] 
[INFO] [stdout] 
[INFO] [stdout] error: couldn't read `src/../tests/fixtures/bbb_hevc_main10_128x72_rgba.sha256`: No such file or directory (os error 2)
[INFO] [stdout]    --> src/lib.rs:799:37
[INFO] [stdout]     |
[INFO] [stdout] 799 |           let expected_rgba = digests(include_str!(
[INFO] [stdout]     |  _____________________________________^
[INFO] [stdout] 800 | |             "../tests/fixtures/bbb_hevc_main10_128x72_rgba.sha256"
[INFO] [stdout] 801 | |         ));
[INFO] [stdout]     | |_________^
[INFO] [stdout] 
[INFO] [stdout] 
[INFO] [stdout] error: couldn't read `src/../tests/fixtures/bbb_hevc_512x288_gop32_rgba.sha256`: No such file or directory (os error 2)
[INFO] [stdout]    --> src/lib.rs:898:24
[INFO] [stdout]     |
[INFO] [stdout] 898 |         let expected = include_str!("../tests/fixtures/bbb_hevc_512x288_gop32_rgba.sha256")
[INFO] [stdout]     |                        ^^^^^^^^^^^^^^^^^^^^^^^^^^^^^^^^^^^^^^^^^^^^^^^^^^^^^^^^^^^^^^^^^^^^
[INFO] [stdout] 
[INFO] [stdout] 
[INFO] [stdout] error: couldn't read `src/../tests/fixtures/bbb_hevc_512x288_gop32.mp4`: No such file or directory (os error 2)
[INFO] [stdout]    --> src/lib.rs:904:13
[INFO] [stdout]     |
[INFO] [stdout] 904 |             include_bytes!("../tests/fixtures/bbb_hevc_512x288_gop32.mp4").to_vec(),
[INFO] [stdout]     |             ^^^^^^^^^^^^^^^^^^^^^^^^^^^^^^^^^^^^^^^^^^^^^^^^^^^^^^^^^^^^^^
[INFO] [stdout] 
[INFO] [stdout] 
[INFO] [stdout] error[E0433]: cannot find module or crate `zvidlib_hevc_encoder` in this scope
[INFO] [stdout]     --> src/decode_bench.rs:1336:13
[INFO] [stdout]      |
[INFO] [stdout] 1336 |         use zvidlib_hevc_encoder::encoder::{hvcc_box, length_prefixed_vcl};
[INFO] [stdout]      |             ^^^^^^^^^^^^^^^^^^^^ use of unresolved module or unlinked crate `zvidlib_hevc_encoder`
[INFO] [stdout]      |
[INFO] [stdout]      = help: if you wanted to use a crate named `zvidlib_hevc_encoder`, use `cargo add zvidlib_hevc_encoder` to add it to your `Cargo.toml`
[INFO] [stdout] 
[INFO] [stdout] 
[INFO] [stdout] error[E0433]: cannot find module or crate `zvidlib_hevc_encoder` in this scope
[INFO] [stdout]     --> src/decode_bench.rs:1337:13
[INFO] [stdout]      |
[INFO] [stdout] 1337 |         use zvidlib_hevc_encoder::engine::encoder::pcm::encode_idr_pcm_au;
[INFO] [stdout]      |             ^^^^^^^^^^^^^^^^^^^^ use of unresolved module or unlinked crate `zvidlib_hevc_encoder`
[INFO] [stdout]      |
[INFO] [stdout]      = help: if you wanted to use a crate named `zvidlib_hevc_encoder`, use `cargo add zvidlib_hevc_encoder` to add it to your `Cargo.toml`
[INFO] [stdout] 
[INFO] [stdout] 
[INFO] [stdout] error[E0432]: unresolved import `zvidlib_container`
[INFO] [stdout]   --> src/lib.rs:46:5
[INFO] [stdout]    |
[INFO] [stdout] 46 | use zvidlib_container::*;
[INFO] [stdout]    |     ^^^^^^^^^^^^^^^^^ use of unresolved module or unlinked crate `zvidlib_container`
[INFO] [stdout]    |
[INFO] [stdout]    = help: if you wanted to use a crate named `zvidlib_container`, use `cargo add zvidlib_container` to add it to your `Cargo.toml`
[INFO] [stdout] 
[INFO] [stdout] 
[INFO] [stdout] error[E0432]: unresolved import `crate::Mp4DemuxerOptions`
[INFO] [stdout]    --> src/lib.rs:762:13
[INFO] [stdout]     |
[INFO] [stdout] 762 |         use crate::Mp4DemuxerOptions;
[INFO] [stdout]     |             ^^^^^^^-----------------
[INFO] [stdout]     |                    |
[INFO] [stdout]     |                    no `Mp4DemuxerOptions` in the root
[INFO] [stdout] 
[INFO] [stdout] 
[INFO] [stdout] error[E0432]: unresolved import `crate::mp4_demux`
[INFO] [stdout]    --> src/lib.rs:764:20
[INFO] [stdout]     |
[INFO] [stdout] 764 |         use crate::mp4_demux::Mp4Demuxer;
[INFO] [stdout]     |                    ^^^^^^^^^ could not find `mp4_demux` in the crate root
[INFO] [stdout] 
[INFO] [stdout] 
[INFO] [stdout] error[E0432]: unresolved imports `crate::FrameDigest`, `crate::Mp4DemuxerOptions`, `crate::VideoDecoderConformanceVector`, `crate::verify_video_decoder_conformance`
[INFO] [stdout]    --> src/lib.rs:894:31
[INFO] [stdout]     |
[INFO] [stdout] 894 |             ExactFrameReader, FrameDigest, FrameIndex, Mp4DemuxerOptions,
[INFO] [stdout]     |                               ^^^^^^^^^^^              ^^^^^^^^^^^^^^^^^ no `Mp4DemuxerOptions` in the root
[INFO] [stdout]     |                               |
[INFO] [stdout]     |                               no `FrameDigest` in the root
[INFO] [stdout] 895 |             VideoDecoderConformanceVector, VideoDimensions, verify_video_decoder_conformance,
[INFO] [stdout]     |             ^^^^^^^^^^^^^^^^^^^^^^^^^^^^^                   ^^^^^^^^^^^^^^^^^^^^^^^^^^^^^^^^ no `verify_video_decoder_conformance` in the root
[INFO] [stdout]     |             |
[INFO] [stdout]     |             no `VideoDecoderConformanceVector` in the root
[INFO] [stdout] 
[INFO] [stdout] 
[INFO] [stdout] Some errors have detailed explanations: E0432, E0433.
[INFO] [stdout] 
[INFO] [stdout] For more information about an error, try `rustc --explain E0432`.
[INFO] [stdout] 
[INFO] [stderr] error: could not compile `zvidlib-hevc-decoder` (lib test) due to 11 previous errors
[INFO] running `Command { std: "docker" "inspect" "e64ccbed80a5fc93f10d79be984db785ef6322129c2175a55717efc1697196cc", kill_on_drop: false }`
[INFO] running `Command { std: "docker" "rm" "-f" "e64ccbed80a5fc93f10d79be984db785ef6322129c2175a55717efc1697196cc", kill_on_drop: false }`
[INFO] [stdout] e64ccbed80a5fc93f10d79be984db785ef6322129c2175a55717efc1697196cc
