[INFO] fetching crate zvec-rust 0.7.2...
[INFO] testing zvec-rust-0.7.2 against 1.100.0-beta.1+cargoflags=--release for beta-release-1.100-2
[INFO] extracting crate zvec-rust 0.7.2 into /workspace/builds/worker-7-tc2/source
[INFO] started tweaking crates.io crate zvec-rust 0.7.2
[INFO] removed 0 missing examples
[INFO] removed 0 missing tests
[INFO] finished tweaking crates.io crate zvec-rust 0.7.2
[INFO] tweaked toml for crates.io crate zvec-rust 0.7.2 written to /workspace/builds/worker-7-tc2/source/Cargo.toml
[INFO] validating manifest of crates.io crate zvec-rust 0.7.2 on toolchain 1.100.0-beta.1
[INFO] running `Command { std: CARGO_HOME="/workspace/cargo-home" RUSTUP_HOME="/workspace/rustup-home" "/workspace/cargo-home/bin/cargo" "+1.100.0-beta.1" "metadata" "--manifest-path" "Cargo.toml" "--no-deps", kill_on_drop: false }`
[INFO] crate crates.io crate zvec-rust 0.7.2 already has a lockfile, it will not be regenerated
[INFO] running `Command { std: CARGO_HOME="/workspace/cargo-home" RUSTUP_HOME="/workspace/rustup-home" "/workspace/cargo-home/bin/cargo" "+1.100.0-beta.1" "fetch" "--manifest-path" "Cargo.toml", kill_on_drop: false }`
[INFO] running `Command { std: "docker" "create" "-v" "/var/lib/crater-agent-workspace/builds/worker-7-tc2/source:/opt/rustwide/workdir:ro,Z" "-v" "/var/lib/crater-agent-workspace/builds/worker-7-tc2/target:/opt/rustwide/target:rw,Z" "-v" "/var/lib/crater-agent-workspace/cargo-home:/opt/rustwide/cargo-home:ro,Z" "-v" "/var/lib/crater-agent-workspace/rustup-home:/opt/rustwide/rustup-home:ro,Z" "-m" "1610612736" "--network" "none" "ghcr.io/rust-lang/crates-build-env/linux@sha256:77db811e55d90add9212f6832c23229e3de5f1c1f9905e8cb07319ea15df73ac" "sleep" "infinity", kill_on_drop: false }`
[INFO] [stdout] 860b4e05ac02fc8bd001b897224038c5861e0ab4c1edd19aa6654a1618d43f54
[INFO] running `Command { std: "docker" "start" "860b4e05ac02fc8bd001b897224038c5861e0ab4c1edd19aa6654a1618d43f54", kill_on_drop: false }`
[INFO] running `Command { std: "docker" "inspect" "860b4e05ac02fc8bd001b897224038c5861e0ab4c1edd19aa6654a1618d43f54", kill_on_drop: false }`
[INFO] running `Command { std: "docker" "exec" "-e" "SOURCE_DIR=/opt/rustwide/workdir" "-e" "CARGO_HOME=/opt/rustwide/cargo-home" "-e" "RUSTUP_HOME=/opt/rustwide/rustup-home" "-e" "CARGO_TARGET_DIR=/opt/rustwide/target" "-w" "/opt/rustwide/workdir" "--user" "0:0" "860b4e05ac02fc8bd001b897224038c5861e0ab4c1edd19aa6654a1618d43f54" "/opt/rustwide/cargo-home/bin/cargo" "+1.100.0-beta.1" "metadata" "--no-deps" "--format-version=1", kill_on_drop: false }`
[INFO] running `Command { std: "docker" "inspect" "860b4e05ac02fc8bd001b897224038c5861e0ab4c1edd19aa6654a1618d43f54", kill_on_drop: false }`
[INFO] running `Command { std: "docker" "exec" "-e" "SOURCE_DIR=/opt/rustwide/workdir" "-e" "CARGO_HOME=/opt/rustwide/cargo-home" "-e" "RUSTUP_HOME=/opt/rustwide/rustup-home" "-e" "CARGO_TARGET_DIR=/opt/rustwide/target" "-e" "CARGO_INCREMENTAL=0" "-e" "RUST_BACKTRACE=full" "-e" "RUSTFLAGS=--cap-lints=warn" "-e" "RUSTDOCFLAGS=--cap-lints=warn" "-w" "/opt/rustwide/workdir" "--user" "0:0" "860b4e05ac02fc8bd001b897224038c5861e0ab4c1edd19aa6654a1618d43f54" "/opt/rustwide/cargo-home/bin/cargo" "+1.100.0-beta.1" "build" "--frozen" "--message-format=json" "--release", kill_on_drop: false }`
[INFO] [stderr]    Compiling zvec-rust-sys v0.7.2
[INFO] [stderr]    Compiling zvec-rust v0.7.2 (/opt/rustwide/workdir)
[INFO] [stderr]     Finished `release` profile [optimized] target(s) in 6.75s
[INFO] running `Command { std: "docker" "inspect" "860b4e05ac02fc8bd001b897224038c5861e0ab4c1edd19aa6654a1618d43f54", kill_on_drop: false }`
[INFO] running `Command { std: "docker" "exec" "-e" "SOURCE_DIR=/opt/rustwide/workdir" "-e" "CARGO_HOME=/opt/rustwide/cargo-home" "-e" "RUSTUP_HOME=/opt/rustwide/rustup-home" "-e" "CARGO_TARGET_DIR=/opt/rustwide/target" "-e" "CARGO_INCREMENTAL=0" "-e" "RUST_BACKTRACE=full" "-e" "RUSTFLAGS=--cap-lints=warn" "-e" "RUSTDOCFLAGS=--cap-lints=warn" "-w" "/opt/rustwide/workdir" "--user" "0:0" "860b4e05ac02fc8bd001b897224038c5861e0ab4c1edd19aa6654a1618d43f54" "/opt/rustwide/cargo-home/bin/cargo" "+1.100.0-beta.1" "test" "--frozen" "--no-run" "--message-format=json" "--release", kill_on_drop: false }`
[INFO] [stderr]    Compiling proc-macro2 v1.0.106
[INFO] [stderr]    Compiling quote v1.0.45
[INFO] [stderr]    Compiling libc v0.2.184
[INFO] [stderr]    Compiling zerocopy v0.8.48
[INFO] [stderr]    Compiling serde_core v1.0.228
[INFO] [stderr]    Compiling crossbeam-utils v0.8.21
[INFO] [stderr]    Compiling zmij v1.0.21
[INFO] [stderr]    Compiling serde v1.0.228
[INFO] [stderr]    Compiling serde_json v1.0.149
[INFO] [stderr]    Compiling either v1.15.0
[INFO] [stderr]    Compiling rayon-core v1.13.0
[INFO] [stderr]    Compiling getrandom v0.4.2
[INFO] [stderr]    Compiling clap_lex v1.1.0
[INFO] [stderr]    Compiling num-traits v0.2.19
[INFO] [stderr]    Compiling regex-syntax v0.8.10
[INFO] [stderr]    Compiling memchr v2.8.0
[INFO] [stderr]    Compiling anstyle v1.0.14
[INFO] [stderr]    Compiling rustix v1.1.4
[INFO] [stderr]    Compiling plotters-backend v0.3.7
[INFO] [stderr]    Compiling ciborium-io v0.2.2
[INFO] [stderr]    Compiling itertools v0.10.5
[INFO] [stderr]    Compiling cast v0.3.0
[INFO] [stderr]    Compiling bitflags v2.11.0
[INFO] [stderr]    Compiling clap_builder v4.6.0
[INFO] [stderr]    Compiling linux-raw-sys v0.12.1
[INFO] [stderr]    Compiling plotters-svg v0.3.7
[INFO] [stderr]    Compiling anes v0.1.6
[INFO] [stderr]    Compiling oorandom v11.1.5
[INFO] [stderr]    Compiling crossbeam-epoch v0.9.18
[INFO] [stderr]    Compiling syn v2.0.117
[INFO] [stderr]    Compiling crossbeam-deque v0.8.6
[INFO] [stderr]    Compiling plotters v0.3.7
[INFO] [stderr]    Compiling getrandom v0.2.17
[INFO] [stderr]    Compiling is-terminal v0.4.17
[INFO] [stderr]    Compiling rand_core v0.6.4
[INFO] [stderr]    Compiling regex-automata v0.4.14
[INFO] [stderr]    Compiling rayon v1.11.0
[INFO] [stderr]    Compiling criterion-plot v0.5.0
[INFO] [stderr]    Compiling tempfile v3.27.0
[INFO] [stderr]    Compiling clap v4.6.0
[INFO] [stderr]    Compiling regex v1.12.3
[INFO] [stderr]    Compiling zerocopy-derive v0.8.48
[INFO] [stderr]    Compiling serde_derive v1.0.228
[INFO] [stderr]    Compiling tinytemplate v1.2.1
[INFO] [stderr]    Compiling half v2.7.1
[INFO] [stderr]    Compiling ppv-lite86 v0.2.21
[INFO] [stderr]    Compiling ciborium-ll v0.2.2
[INFO] [stderr]    Compiling rand_chacha v0.3.1
[INFO] [stderr]    Compiling ciborium v0.2.2
[INFO] [stderr]    Compiling rand v0.8.5
[INFO] [stderr]    Compiling criterion v0.5.1
[INFO] [stderr]    Compiling zvec-rust v0.7.2 (/opt/rustwide/workdir)
[INFO] [stdout] error: linking with `cc` failed: exit status: 1
[INFO] [stdout]   |
[INFO] [stdout]   = note:  "cc" "-m64" "/opt/rustwide/target/release/build/zvec-rust/b040afd7fa649456/out/rustcY34MLz/symbols.o" "<2 object files omitted>" "-Wl,--as-needed" "-Wl,-Bstatic" "/opt/rustwide/target/release/build/zvec-rust/b28460a3d9a12112/out/libzvec_rust-b28460a3d9a12112.rlib" "/opt/rustwide/target/release/build/zvec-rust-sys/b3ae3d90779a0350/out/libzvec_rust_sys-b3ae3d90779a0350.rlib" "<sysroot>/lib/rustlib/x86_64-unknown-linux-gnu/lib/{libstd-*,libpanic_unwind-*,libobject-*,libmemchr-*,libaddr2line-*,libgimli-*,libcfg_if-*,librustc_demangle-*,libstd_detect-*,libhashbrown-*,librustc_std_workspace_alloc-*,libminiz_oxide-*,libadler2-*,libunwind-*,liblibc-*,librustc_std_workspace_core-*,liballoc-*,libcore-*,libcompiler_builtins-*}.rlib" "-Wl,-Bdynamic" "-ldl" "-lzvec_c_api" "-lgcc_s" "-lutil" "-lrt" "-lpthread" "-lm" "-ldl" "-lc" "-L" "/opt/rustwide/target/release/build/zvec-rust/b040afd7fa649456/out/rustcY34MLz/raw-dylibs" "-B<sysroot>/lib/rustlib/x86_64-unknown-linux-gnu/bin/gcc-ld" "-fuse-ld=lld" "-Wl,--eh-frame-hdr" "-Wl,-z,noexecstack" "-L" "<sysroot>/lib/rustlib/x86_64-unknown-linux-gnu/lib" "-o" "/opt/rustwide/target/release/build/zvec-rust/b040afd7fa649456/out/schema_builder" "-Wl,--gc-sections" "-pie" "-Wl,-z,relro,-z,now" "-Wl,-O1" "-Wl,--strip-debug" "-nodefaultlibs"
[INFO] [stdout]   = note: some arguments are omitted. use `--verbose` to show all linker arguments
[INFO] [stdout]   = note: rust-lld: error: unable to find library -lzvec_c_api
[INFO] [stdout]           collect2: error: ld returned 1 exit status
[INFO] [stdout]           
[INFO] [stdout] 
[INFO] [stdout] 
[INFO] [stderr] error: could not compile `zvec-rust` (example "schema_builder") due to 1 previous error
[INFO] [stderr] warning: build failed, waiting for other jobs to finish...
[INFO] [stdout] error: linking with `cc` failed: exit status: 1
[INFO] [stdout]   |
[INFO] [stdout]   = note:  "cc" "-m64" "/opt/rustwide/target/release/build/zvec-rust/7bc22ce564082b55/out/rustcWURWis/symbols.o" "<2 object files omitted>" "-Wl,--as-needed" "-Wl,-Bstatic" "/opt/rustwide/target/release/build/zvec-rust/b28460a3d9a12112/out/libzvec_rust-b28460a3d9a12112.rlib" "/opt/rustwide/target/release/build/zvec-rust-sys/b3ae3d90779a0350/out/libzvec_rust_sys-b3ae3d90779a0350.rlib" "<sysroot>/lib/rustlib/x86_64-unknown-linux-gnu/lib/{libstd-*,libpanic_unwind-*,libobject-*,libmemchr-*,libaddr2line-*,libgimli-*,libcfg_if-*,librustc_demangle-*,libstd_detect-*,libhashbrown-*,librustc_std_workspace_alloc-*,libminiz_oxide-*,libadler2-*,libunwind-*,liblibc-*,librustc_std_workspace_core-*,liballoc-*,libcore-*,libcompiler_builtins-*}.rlib" "-Wl,-Bdynamic" "-ldl" "-lzvec_c_api" "-lgcc_s" "-lutil" "-lrt" "-lpthread" "-lm" "-ldl" "-lc" "-L" "/opt/rustwide/target/release/build/zvec-rust/7bc22ce564082b55/out/rustcWURWis/raw-dylibs" "-B<sysroot>/lib/rustlib/x86_64-unknown-linux-gnu/bin/gcc-ld" "-fuse-ld=lld" "-Wl,--eh-frame-hdr" "-Wl,-z,noexecstack" "-L" "<sysroot>/lib/rustlib/x86_64-unknown-linux-gnu/lib" "-o" "/opt/rustwide/target/release/build/zvec-rust/7bc22ce564082b55/out/config_logging" "-Wl,--gc-sections" "-pie" "-Wl,-z,relro,-z,now" "-Wl,-O1" "-Wl,--strip-debug" "-nodefaultlibs"
[INFO] [stdout]   = note: some arguments are omitted. use `--verbose` to show all linker arguments
[INFO] [stdout]   = note: rust-lld: error: unable to find library -lzvec_c_api
[INFO] [stdout]           collect2: error: ld returned 1 exit status
[INFO] [stdout]           
[INFO] [stdout] 
[INFO] [stdout] 
[INFO] [stderr] error: could not compile `zvec-rust` (example "config_logging") due to 1 previous error
[INFO] [stdout] error: linking with `cc` failed: exit status: 1
[INFO] [stdout]   |
[INFO] [stdout]   = note:  "cc" "-m64" "/opt/rustwide/target/release/build/zvec-rust/1a991cb0f25588f7/out/rustciGvnu3/symbols.o" "<2 object files omitted>" "-Wl,--as-needed" "-Wl,-Bstatic" "/opt/rustwide/target/release/build/zvec-rust/b28460a3d9a12112/out/libzvec_rust-b28460a3d9a12112.rlib" "/opt/rustwide/target/release/build/zvec-rust-sys/b3ae3d90779a0350/out/libzvec_rust_sys-b3ae3d90779a0350.rlib" "<sysroot>/lib/rustlib/x86_64-unknown-linux-gnu/lib/{libstd-*,libpanic_unwind-*,libobject-*,libmemchr-*,libaddr2line-*,libgimli-*,libcfg_if-*,librustc_demangle-*,libstd_detect-*,libhashbrown-*,librustc_std_workspace_alloc-*,libminiz_oxide-*,libadler2-*,libunwind-*,liblibc-*,librustc_std_workspace_core-*,liballoc-*,libcore-*,libcompiler_builtins-*}.rlib" "-Wl,-Bdynamic" "-ldl" "-lzvec_c_api" "-lgcc_s" "-lutil" "-lrt" "-lpthread" "-lm" "-ldl" "-lc" "-L" "/opt/rustwide/target/release/build/zvec-rust/1a991cb0f25588f7/out/rustciGvnu3/raw-dylibs" "-B<sysroot>/lib/rustlib/x86_64-unknown-linux-gnu/bin/gcc-ld" "-fuse-ld=lld" "-Wl,--eh-frame-hdr" "-Wl,-z,noexecstack" "-L" "<sysroot>/lib/rustlib/x86_64-unknown-linux-gnu/lib" "-o" "/opt/rustwide/target/release/build/zvec-rust/1a991cb0f25588f7/out/basic" "-Wl,--gc-sections" "-pie" "-Wl,-z,relro,-z,now" "-Wl,-O1" "-Wl,--strip-debug" "-nodefaultlibs"
[INFO] [stdout]   = note: some arguments are omitted. use `--verbose` to show all linker arguments
[INFO] [stdout]   = note: rust-lld: error: unable to find library -lzvec_c_api
[INFO] [stdout]           collect2: error: ld returned 1 exit status
[INFO] [stdout]           
[INFO] [stdout] 
[INFO] [stdout] 
[INFO] [stdout] error: linking with `cc` failed: exit status: 1
[INFO] [stdout]   |
[INFO] [stdout]   = note:  "cc" "-m64" "/opt/rustwide/target/release/build/zvec-rust/1f7792a47269ff42/out/rustcTcfKti/symbols.o" "<2 object files omitted>" "-Wl,--as-needed" "-Wl,-Bstatic" "/opt/rustwide/target/release/build/tempfile/02005b9e5eba8c63/out/libtempfile-02005b9e5eba8c63.rlib" "/opt/rustwide/target/release/build/getrandom/ba09a24faba51b4a/out/libgetrandom-ba09a24faba51b4a.rlib" "/opt/rustwide/target/release/build/libc/398566975f540ee1/out/liblibc-398566975f540ee1.rlib" "/opt/rustwide/target/release/build/cfg-if/6d8dca19095bb388/out/libcfg_if-6d8dca19095bb388.rlib" "/opt/rustwide/target/release/build/fastrand/5dc4782a6c638eb6/out/libfastrand-5dc4782a6c638eb6.rlib" "/opt/rustwide/target/release/build/once_cell/a92ce0590bdd2571/out/libonce_cell-a92ce0590bdd2571.rlib" "/opt/rustwide/target/release/build/rustix/4b27a1495f3bf07d/out/librustix-4b27a1495f3bf07d.rlib" "/opt/rustwide/target/release/build/bitflags/016c3cd31b27cafa/out/libbitflags-016c3cd31b27cafa.rlib" "/opt/rustwide/target/release/build/linux-raw-sys/6cd558001fb913e0/out/liblinux_raw_sys-6cd558001fb913e0.rlib" "<sysroot>/lib/rustlib/x86_64-unknown-linux-gnu/lib/{libtest-*,libgetopts-*,librustc_std_workspace_std-*}.rlib" "/opt/rustwide/target/release/build/zvec-rust/b28460a3d9a12112/out/libzvec_rust-b28460a3d9a12112.rlib" "/opt/rustwide/target/release/build/zvec-rust-sys/b3ae3d90779a0350/out/libzvec_rust_sys-b3ae3d90779a0350.rlib" "<sysroot>/lib/rustlib/x86_64-unknown-linux-gnu/lib/{libstd-*,libpanic_unwind-*,libobject-*,libmemchr-*,libaddr2line-*,libgimli-*,libcfg_if-*,librustc_demangle-*,libstd_detect-*,libhashbrown-*,librustc_std_workspace_alloc-*,libminiz_oxide-*,libadler2-*,libunwind-*,liblibc-*,librustc_std_workspace_core-*,liballoc-*,libcore-*,libcompiler_builtins-*}.rlib" "-Wl,-Bdynamic" "-ldl" "-lzvec_c_api" "-lgcc_s" "-lutil" "-lrt" "-lpthread" "-lm" "-ldl" "-lc" "-L" "/opt/rustwide/target/release/build/zvec-rust/1f7792a47269ff42/out/rustcTcfKti/raw-dylibs" "-B<sysroot>/lib/rustlib/x86_64-unknown-linux-gnu/bin/gcc-ld" "-fuse-ld=lld" "-Wl,--eh-frame-hdr" "-Wl,-z,noexecstack" "-L" "<sysroot>/lib/rustlib/x86_64-unknown-linux-gnu/lib" "-o" "/opt/rustwide/target/release/build/zvec-rust/1f7792a47269ff42/out/string_filter_test-1f7792a47269ff42" "-Wl,--gc-sections" "-pie" "-Wl,-z,relro,-z,now" "-Wl,-O1" "-Wl,--strip-debug" "-nodefaultlibs"
[INFO] [stdout]   = note: some arguments are omitted. use `--verbose` to show all linker arguments
[INFO] [stdout]   = note: rust-lld: error: unable to find library -lzvec_c_api
[INFO] [stdout]           collect2: error: ld returned 1 exit status
[INFO] [stdout]           
[INFO] [stdout] 
[INFO] [stdout] 
[INFO] [stderr] error: could not compile `zvec-rust` (example "basic") due to 1 previous error
[INFO] [stderr] error: could not compile `zvec-rust` (test "string_filter_test") due to 1 previous error
[INFO] [stdout] error: linking with `cc` failed: exit status: 1
[INFO] [stdout]   |
[INFO] [stdout]   = note:  "cc" "-m64" "/opt/rustwide/target/release/build/zvec-rust/f2d7acb86fc13b3f/out/rustcCTHYQk/symbols.o" "<2 object files omitted>" "-Wl,--as-needed" "-Wl,-Bstatic" "/opt/rustwide/target/release/build/zvec-rust/b28460a3d9a12112/out/libzvec_rust-b28460a3d9a12112.rlib" "/opt/rustwide/target/release/build/zvec-rust-sys/b3ae3d90779a0350/out/libzvec_rust_sys-b3ae3d90779a0350.rlib" "<sysroot>/lib/rustlib/x86_64-unknown-linux-gnu/lib/{libstd-*,libpanic_unwind-*,libobject-*,libmemchr-*,libaddr2line-*,libgimli-*,libcfg_if-*,librustc_demangle-*,libstd_detect-*,libhashbrown-*,librustc_std_workspace_alloc-*,libminiz_oxide-*,libadler2-*,libunwind-*,liblibc-*,librustc_std_workspace_core-*,liballoc-*,libcore-*,libcompiler_builtins-*}.rlib" "-Wl,-Bdynamic" "-ldl" "-lzvec_c_api" "-lgcc_s" "-lutil" "-lrt" "-lpthread" "-lm" "-ldl" "-lc" "-L" "/opt/rustwide/target/release/build/zvec-rust/f2d7acb86fc13b3f/out/rustcCTHYQk/raw-dylibs" "-B<sysroot>/lib/rustlib/x86_64-unknown-linux-gnu/bin/gcc-ld" "-fuse-ld=lld" "-Wl,--eh-frame-hdr" "-Wl,-z,noexecstack" "-L" "<sysroot>/lib/rustlib/x86_64-unknown-linux-gnu/lib" "-o" "/opt/rustwide/target/release/build/zvec-rust/f2d7acb86fc13b3f/out/vector_search" "-Wl,--gc-sections" "-pie" "-Wl,-z,relro,-z,now" "-Wl,-O1" "-Wl,--strip-debug" "-nodefaultlibs"
[INFO] [stdout]   = note: some arguments are omitted. use `--verbose` to show all linker arguments
[INFO] [stdout]   = note: rust-lld: error: unable to find library -lzvec_c_api
[INFO] [stdout]           collect2: error: ld returned 1 exit status
[INFO] [stdout]           
[INFO] [stdout] 
[INFO] [stdout] 
[INFO] [stderr] error: could not compile `zvec-rust` (example "vector_search") due to 1 previous error
[INFO] [stdout] error: linking with `cc` failed: exit status: 1
[INFO] [stdout]   |
[INFO] [stdout]   = note:  "cc" "-m64" "/opt/rustwide/target/release/build/zvec-rust/7dca3ac3fbbc8a2d/out/rustckWx1hz/symbols.o" "<2 object files omitted>" "-Wl,--as-needed" "-Wl,-Bstatic" "/opt/rustwide/target/release/build/tempfile/02005b9e5eba8c63/out/libtempfile-02005b9e5eba8c63.rlib" "/opt/rustwide/target/release/build/getrandom/ba09a24faba51b4a/out/libgetrandom-ba09a24faba51b4a.rlib" "/opt/rustwide/target/release/build/libc/398566975f540ee1/out/liblibc-398566975f540ee1.rlib" "/opt/rustwide/target/release/build/cfg-if/6d8dca19095bb388/out/libcfg_if-6d8dca19095bb388.rlib" "/opt/rustwide/target/release/build/fastrand/5dc4782a6c638eb6/out/libfastrand-5dc4782a6c638eb6.rlib" "/opt/rustwide/target/release/build/once_cell/a92ce0590bdd2571/out/libonce_cell-a92ce0590bdd2571.rlib" "/opt/rustwide/target/release/build/rustix/4b27a1495f3bf07d/out/librustix-4b27a1495f3bf07d.rlib" "/opt/rustwide/target/release/build/bitflags/016c3cd31b27cafa/out/libbitflags-016c3cd31b27cafa.rlib" "/opt/rustwide/target/release/build/linux-raw-sys/6cd558001fb913e0/out/liblinux_raw_sys-6cd558001fb913e0.rlib" "<sysroot>/lib/rustlib/x86_64-unknown-linux-gnu/lib/{libtest-*,libgetopts-*,librustc_std_workspace_std-*}.rlib" "/opt/rustwide/target/release/build/zvec-rust/b28460a3d9a12112/out/libzvec_rust-b28460a3d9a12112.rlib" "/opt/rustwide/target/release/build/zvec-rust-sys/b3ae3d90779a0350/out/libzvec_rust_sys-b3ae3d90779a0350.rlib" "<sysroot>/lib/rustlib/x86_64-unknown-linux-gnu/lib/{libstd-*,libpanic_unwind-*,libobject-*,libmemchr-*,libaddr2line-*,libgimli-*,libcfg_if-*,librustc_demangle-*,libstd_detect-*,libhashbrown-*,librustc_std_workspace_alloc-*,libminiz_oxide-*,libadler2-*,libunwind-*,liblibc-*,librustc_std_workspace_core-*,liballoc-*,libcore-*,libcompiler_builtins-*}.rlib" "-Wl,-Bdynamic" "-ldl" "-lzvec_c_api" "-lgcc_s" "-lutil" "-lrt" "-lpthread" "-lm" "-ldl" "-lc" "-L" "/opt/rustwide/target/release/build/zvec-rust/7dca3ac3fbbc8a2d/out/rustckWx1hz/raw-dylibs" "-B<sysroot>/lib/rustlib/x86_64-unknown-linux-gnu/bin/gcc-ld" "-fuse-ld=lld" "-Wl,--eh-frame-hdr" "-Wl,-z,noexecstack" "-L" "<sysroot>/lib/rustlib/x86_64-unknown-linux-gnu/lib" "-o" "/opt/rustwide/target/release/build/zvec-rust/7dca3ac3fbbc8a2d/out/scalar_query_test-7dca3ac3fbbc8a2d" "-Wl,--gc-sections" "-pie" "-Wl,-z,relro,-z,now" "-Wl,-O1" "-Wl,--strip-debug" "-nodefaultlibs"
[INFO] [stdout]   = note: some arguments are omitted. use `--verbose` to show all linker arguments
[INFO] [stdout]   = note: rust-lld: error: unable to find library -lzvec_c_api
[INFO] [stdout]           collect2: error: ld returned 1 exit status
[INFO] [stdout]           
[INFO] [stdout] 
[INFO] [stdout] 
[INFO] [stderr] error: could not compile `zvec-rust` (test "scalar_query_test") due to 1 previous error
[INFO] [stdout] error: linking with `cc` failed: exit status: 1
[INFO] [stdout]   |
[INFO] [stdout]   = note:  "cc" "-m64" "/opt/rustwide/target/release/build/zvec-rust/abe79904892f4765/out/rustcmFJoeD/symbols.o" "<2 object files omitted>" "-Wl,--as-needed" "-Wl,-Bstatic" "/opt/rustwide/target/release/build/tempfile/02005b9e5eba8c63/out/libtempfile-02005b9e5eba8c63.rlib" "/opt/rustwide/target/release/build/getrandom/ba09a24faba51b4a/out/libgetrandom-ba09a24faba51b4a.rlib" "/opt/rustwide/target/release/build/libc/398566975f540ee1/out/liblibc-398566975f540ee1.rlib" "/opt/rustwide/target/release/build/cfg-if/6d8dca19095bb388/out/libcfg_if-6d8dca19095bb388.rlib" "/opt/rustwide/target/release/build/fastrand/5dc4782a6c638eb6/out/libfastrand-5dc4782a6c638eb6.rlib" "/opt/rustwide/target/release/build/once_cell/a92ce0590bdd2571/out/libonce_cell-a92ce0590bdd2571.rlib" "/opt/rustwide/target/release/build/rustix/4b27a1495f3bf07d/out/librustix-4b27a1495f3bf07d.rlib" "/opt/rustwide/target/release/build/bitflags/016c3cd31b27cafa/out/libbitflags-016c3cd31b27cafa.rlib" "/opt/rustwide/target/release/build/linux-raw-sys/6cd558001fb913e0/out/liblinux_raw_sys-6cd558001fb913e0.rlib" "<sysroot>/lib/rustlib/x86_64-unknown-linux-gnu/lib/{libtest-*,libgetopts-*,librustc_std_workspace_std-*}.rlib" "/opt/rustwide/target/release/build/zvec-rust/b28460a3d9a12112/out/libzvec_rust-b28460a3d9a12112.rlib" "/opt/rustwide/target/release/build/zvec-rust-sys/b3ae3d90779a0350/out/libzvec_rust_sys-b3ae3d90779a0350.rlib" "<sysroot>/lib/rustlib/x86_64-unknown-linux-gnu/lib/{libstd-*,libpanic_unwind-*,libobject-*,libmemchr-*,libaddr2line-*,libgimli-*,libcfg_if-*,librustc_demangle-*,libstd_detect-*,libhashbrown-*,librustc_std_workspace_alloc-*,libminiz_oxide-*,libadler2-*,libunwind-*,liblibc-*,librustc_std_workspace_core-*,liballoc-*,libcore-*,libcompiler_builtins-*}.rlib" "-Wl,-Bdynamic" "-ldl" "-lzvec_c_api" "-lgcc_s" "-lutil" "-lrt" "-lpthread" "-lm" "-ldl" "-lc" "-L" "/opt/rustwide/target/release/build/zvec-rust/abe79904892f4765/out/rustcmFJoeD/raw-dylibs" "-B<sysroot>/lib/rustlib/x86_64-unknown-linux-gnu/bin/gcc-ld" "-fuse-ld=lld" "-Wl,--eh-frame-hdr" "-Wl,-z,noexecstack" "-L" "<sysroot>/lib/rustlib/x86_64-unknown-linux-gnu/lib" "-o" "/opt/rustwide/target/release/build/zvec-rust/abe79904892f4765/out/fts_no_vector_test-abe79904892f4765" "-Wl,--gc-sections" "-pie" "-Wl,-z,relro,-z,now" "-Wl,-O1" "-Wl,--strip-debug" "-nodefaultlibs"
[INFO] [stdout]   = note: some arguments are omitted. use `--verbose` to show all linker arguments
[INFO] [stdout]   = note: rust-lld: error: unable to find library -lzvec_c_api
[INFO] [stdout]           collect2: error: ld returned 1 exit status
[INFO] [stdout]           
[INFO] [stdout] 
[INFO] [stdout] 
[INFO] [stderr] error: could not compile `zvec-rust` (test "fts_no_vector_test") due to 1 previous error
[INFO] [stdout] error: linking with `cc` failed: exit status: 1
[INFO] [stdout]   |
[INFO] [stdout]   = note:  "cc" "-m64" "/opt/rustwide/target/release/build/zvec-rust/73409630b4d5091a/out/rustc22J5By/symbols.o" "<2 object files omitted>" "-Wl,--as-needed" "-Wl,-Bstatic" "/opt/rustwide/target/release/build/tempfile/02005b9e5eba8c63/out/libtempfile-02005b9e5eba8c63.rlib" "/opt/rustwide/target/release/build/getrandom/ba09a24faba51b4a/out/libgetrandom-ba09a24faba51b4a.rlib" "/opt/rustwide/target/release/build/libc/398566975f540ee1/out/liblibc-398566975f540ee1.rlib" "/opt/rustwide/target/release/build/cfg-if/6d8dca19095bb388/out/libcfg_if-6d8dca19095bb388.rlib" "/opt/rustwide/target/release/build/fastrand/5dc4782a6c638eb6/out/libfastrand-5dc4782a6c638eb6.rlib" "/opt/rustwide/target/release/build/once_cell/a92ce0590bdd2571/out/libonce_cell-a92ce0590bdd2571.rlib" "/opt/rustwide/target/release/build/rustix/4b27a1495f3bf07d/out/librustix-4b27a1495f3bf07d.rlib" "/opt/rustwide/target/release/build/bitflags/016c3cd31b27cafa/out/libbitflags-016c3cd31b27cafa.rlib" "/opt/rustwide/target/release/build/linux-raw-sys/6cd558001fb913e0/out/liblinux_raw_sys-6cd558001fb913e0.rlib" "<sysroot>/lib/rustlib/x86_64-unknown-linux-gnu/lib/{libtest-*,libgetopts-*,librustc_std_workspace_std-*}.rlib" "/opt/rustwide/target/release/build/zvec-rust/b28460a3d9a12112/out/libzvec_rust-b28460a3d9a12112.rlib" "/opt/rustwide/target/release/build/zvec-rust-sys/b3ae3d90779a0350/out/libzvec_rust_sys-b3ae3d90779a0350.rlib" "<sysroot>/lib/rustlib/x86_64-unknown-linux-gnu/lib/{libstd-*,libpanic_unwind-*,libobject-*,libmemchr-*,libaddr2line-*,libgimli-*,libcfg_if-*,librustc_demangle-*,libstd_detect-*,libhashbrown-*,librustc_std_workspace_alloc-*,libminiz_oxide-*,libadler2-*,libunwind-*,liblibc-*,librustc_std_workspace_core-*,liballoc-*,libcore-*,libcompiler_builtins-*}.rlib" "-Wl,-Bdynamic" "-ldl" "-lzvec_c_api" "-lgcc_s" "-lutil" "-lrt" "-lpthread" "-lm" "-ldl" "-lc" "-L" "/opt/rustwide/target/release/build/zvec-rust/73409630b4d5091a/out/rustc22J5By/raw-dylibs" "-B<sysroot>/lib/rustlib/x86_64-unknown-linux-gnu/bin/gcc-ld" "-fuse-ld=lld" "-Wl,--eh-frame-hdr" "-Wl,-z,noexecstack" "-L" "<sysroot>/lib/rustlib/x86_64-unknown-linux-gnu/lib" "-o" "/opt/rustwide/target/release/build/zvec-rust/73409630b4d5091a/out/jieba_fts_test-73409630b4d5091a" "-Wl,--gc-sections" "-pie" "-Wl,-z,relro,-z,now" "-Wl,-O1" "-Wl,--strip-debug" "-nodefaultlibs"
[INFO] [stdout]   = note: some arguments are omitted. use `--verbose` to show all linker arguments
[INFO] [stdout]   = note: rust-lld: error: unable to find library -lzvec_c_api
[INFO] [stdout]           collect2: error: ld returned 1 exit status
[INFO] [stdout]           
[INFO] [stdout] 
[INFO] [stdout] 
[INFO] [stdout] error: linking with `cc` failed: exit status: 1
[INFO] [stdout]   |
[INFO] [stdout]   = note:  "cc" "-m64" "/opt/rustwide/target/release/build/zvec-rust/3c68cb5bed987728/out/rustc6tVm5S/symbols.o" "<2 object files omitted>" "-Wl,--as-needed" "-Wl,-Bstatic" "/opt/rustwide/target/release/build/zvec-rust/b28460a3d9a12112/out/libzvec_rust-b28460a3d9a12112.rlib" "/opt/rustwide/target/release/build/zvec-rust-sys/b3ae3d90779a0350/out/libzvec_rust_sys-b3ae3d90779a0350.rlib" "<sysroot>/lib/rustlib/x86_64-unknown-linux-gnu/lib/{libstd-*,libpanic_unwind-*,libobject-*,libmemchr-*,libaddr2line-*,libgimli-*,libcfg_if-*,librustc_demangle-*,libstd_detect-*,libhashbrown-*,librustc_std_workspace_alloc-*,libminiz_oxide-*,libadler2-*,libunwind-*,liblibc-*,librustc_std_workspace_core-*,liballoc-*,libcore-*,libcompiler_builtins-*}.rlib" "-Wl,-Bdynamic" "-ldl" "-lzvec_c_api" "-lgcc_s" "-lutil" "-lrt" "-lpthread" "-lm" "-ldl" "-lc" "-L" "/opt/rustwide/target/release/build/zvec-rust/3c68cb5bed987728/out/rustc6tVm5S/raw-dylibs" "-B<sysroot>/lib/rustlib/x86_64-unknown-linux-gnu/bin/gcc-ld" "-fuse-ld=lld" "-Wl,--eh-frame-hdr" "-Wl,-z,noexecstack" "-L" "<sysroot>/lib/rustlib/x86_64-unknown-linux-gnu/lib" "-o" "/opt/rustwide/target/release/build/zvec-rust/3c68cb5bed987728/out/crud_operations" "-Wl,--gc-sections" "-pie" "-Wl,-z,relro,-z,now" "-Wl,-O1" "-Wl,--strip-debug" "-nodefaultlibs"
[INFO] [stdout]   = note: some arguments are omitted. use `--verbose` to show all linker arguments
[INFO] [stdout]   = note: rust-lld: error: unable to find library -lzvec_c_api
[INFO] [stdout]           collect2: error: ld returned 1 exit status
[INFO] [stdout]           
[INFO] [stdout] 
[INFO] [stdout] 
[INFO] [stderr] error: could not compile `zvec-rust` (test "jieba_fts_test") due to 1 previous error
[INFO] [stderr] error: could not compile `zvec-rust` (example "crud_operations") due to 1 previous error
[INFO] [stdout] error: linking with `cc` failed: exit status: 1
[INFO] [stdout]   |
[INFO] [stdout]   = note:  "cc" "-m64" "/opt/rustwide/target/release/build/zvec-rust/a0fdc6c22f3354dc/out/rustc6IyNUD/symbols.o" "<8 object files omitted>" "-Wl,--as-needed" "-Wl,-Bdynamic" "-ldl" "-Wl,-Bstatic" "<sysroot>/lib/rustlib/x86_64-unknown-linux-gnu/lib/{libtest-*,libgetopts-*,librustc_std_workspace_std-*}.rlib" "/opt/rustwide/target/release/build/zvec-rust-sys/b3ae3d90779a0350/out/libzvec_rust_sys-b3ae3d90779a0350.rlib" "<sysroot>/lib/rustlib/x86_64-unknown-linux-gnu/lib/{libstd-*,libpanic_unwind-*,libobject-*,libmemchr-*,libaddr2line-*,libgimli-*,libcfg_if-*,librustc_demangle-*,libstd_detect-*,libhashbrown-*,librustc_std_workspace_alloc-*,libminiz_oxide-*,libadler2-*,libunwind-*,liblibc-*,librustc_std_workspace_core-*,liballoc-*,libcore-*,libcompiler_builtins-*}.rlib" "-Wl,-Bdynamic" "-lzvec_c_api" "-lgcc_s" "-lutil" "-lrt" "-lpthread" "-lm" "-ldl" "-lc" "-L" "/opt/rustwide/target/release/build/zvec-rust/a0fdc6c22f3354dc/out/rustc6IyNUD/raw-dylibs" "-B<sysroot>/lib/rustlib/x86_64-unknown-linux-gnu/bin/gcc-ld" "-fuse-ld=lld" "-Wl,--eh-frame-hdr" "-Wl,-z,noexecstack" "-L" "<sysroot>/lib/rustlib/x86_64-unknown-linux-gnu/lib" "-o" "/opt/rustwide/target/release/build/zvec-rust/a0fdc6c22f3354dc/out/zvec_rust-a0fdc6c22f3354dc" "-Wl,--gc-sections" "-pie" "-Wl,-z,relro,-z,now" "-Wl,-O1" "-Wl,--strip-debug" "-nodefaultlibs"
[INFO] [stdout]   = note: some arguments are omitted. use `--verbose` to show all linker arguments
[INFO] [stdout]   = note: rust-lld: error: unable to find library -lzvec_c_api
[INFO] [stdout]           collect2: error: ld returned 1 exit status
[INFO] [stdout]           
[INFO] [stdout] 
[INFO] [stdout] 
[INFO] [stderr] error: could not compile `zvec-rust` (lib test) due to 1 previous error
[INFO] [stdout] error: linking with `cc` failed: exit status: 1
[INFO] [stdout]   |
[INFO] [stdout]   = note:  "cc" "-m64" "/opt/rustwide/target/release/build/zvec-rust/44d6843a3450ae77/out/rustct1qcHa/symbols.o" "<3 object files omitted>" "-Wl,--as-needed" "-Wl,-Bstatic" "/opt/rustwide/target/release/build/tempfile/02005b9e5eba8c63/out/libtempfile-02005b9e5eba8c63.rlib" "/opt/rustwide/target/release/build/getrandom/ba09a24faba51b4a/out/libgetrandom-ba09a24faba51b4a.rlib" "/opt/rustwide/target/release/build/libc/398566975f540ee1/out/liblibc-398566975f540ee1.rlib" "/opt/rustwide/target/release/build/cfg-if/6d8dca19095bb388/out/libcfg_if-6d8dca19095bb388.rlib" "/opt/rustwide/target/release/build/fastrand/5dc4782a6c638eb6/out/libfastrand-5dc4782a6c638eb6.rlib" "/opt/rustwide/target/release/build/once_cell/a92ce0590bdd2571/out/libonce_cell-a92ce0590bdd2571.rlib" "/opt/rustwide/target/release/build/rustix/4b27a1495f3bf07d/out/librustix-4b27a1495f3bf07d.rlib" "/opt/rustwide/target/release/build/bitflags/016c3cd31b27cafa/out/libbitflags-016c3cd31b27cafa.rlib" "/opt/rustwide/target/release/build/linux-raw-sys/6cd558001fb913e0/out/liblinux_raw_sys-6cd558001fb913e0.rlib" "<sysroot>/lib/rustlib/x86_64-unknown-linux-gnu/lib/{libtest-*,libgetopts-*,librustc_std_workspace_std-*}.rlib" "/opt/rustwide/target/release/build/zvec-rust/b28460a3d9a12112/out/libzvec_rust-b28460a3d9a12112.rlib" "/opt/rustwide/target/release/build/zvec-rust-sys/b3ae3d90779a0350/out/libzvec_rust_sys-b3ae3d90779a0350.rlib" "<sysroot>/lib/rustlib/x86_64-unknown-linux-gnu/lib/{libstd-*,libpanic_unwind-*,libobject-*,libmemchr-*,libaddr2line-*,libgimli-*,libcfg_if-*,librustc_demangle-*,libstd_detect-*,libhashbrown-*,librustc_std_workspace_alloc-*,libminiz_oxide-*,libadler2-*,libunwind-*,liblibc-*,librustc_std_workspace_core-*,liballoc-*,libcore-*,libcompiler_builtins-*}.rlib" "-Wl,-Bdynamic" "-ldl" "-lzvec_c_api" "-lgcc_s" "-lutil" "-lrt" "-lpthread" "-lm" "-ldl" "-lc" "-L" "/opt/rustwide/target/release/build/zvec-rust/44d6843a3450ae77/out/rustct1qcHa/raw-dylibs" "-B<sysroot>/lib/rustlib/x86_64-unknown-linux-gnu/bin/gcc-ld" "-fuse-ld=lld" "-Wl,--eh-frame-hdr" "-Wl,-z,noexecstack" "-L" "<sysroot>/lib/rustlib/x86_64-unknown-linux-gnu/lib" "-o" "/opt/rustwide/target/release/build/zvec-rust/44d6843a3450ae77/out/integration_test-44d6843a3450ae77" "-Wl,--gc-sections" "-pie" "-Wl,-z,relro,-z,now" "-Wl,-O1" "-Wl,--strip-debug" "-nodefaultlibs"
[INFO] [stdout]   = note: some arguments are omitted. use `--verbose` to show all linker arguments
[INFO] [stdout]   = note: rust-lld: error: unable to find library -lzvec_c_api
[INFO] [stdout]           collect2: error: ld returned 1 exit status
[INFO] [stdout]           
[INFO] [stdout] 
[INFO] [stdout] 
[INFO] [stderr] error: could not compile `zvec-rust` (test "integration_test") due to 1 previous error
[INFO] running `Command { std: "docker" "inspect" "860b4e05ac02fc8bd001b897224038c5861e0ab4c1edd19aa6654a1618d43f54", kill_on_drop: false }`
[INFO] running `Command { std: "docker" "rm" "-f" "860b4e05ac02fc8bd001b897224038c5861e0ab4c1edd19aa6654a1618d43f54", kill_on_drop: false }`
[INFO] [stdout] 860b4e05ac02fc8bd001b897224038c5861e0ab4c1edd19aa6654a1618d43f54
