[INFO] fetching crate zoneinfo64 0.3.0...
[INFO] testing zoneinfo64-0.3.0 against 1.99.0-beta.8+cargoflags=--release for beta-release-1.100-2
[INFO] extracting crate zoneinfo64 0.3.0 into /workspace/builds/worker-5-tc1/source
[INFO] started tweaking crates.io crate zoneinfo64 0.3.0
[INFO] finished tweaking crates.io crate zoneinfo64 0.3.0
[INFO] tweaked toml for crates.io crate zoneinfo64 0.3.0 written to /workspace/builds/worker-5-tc1/source/Cargo.toml
[INFO] validating manifest of crates.io crate zoneinfo64 0.3.0 on toolchain 1.99.0-beta.8
[INFO] running `Command { std: CARGO_HOME="/workspace/cargo-home" RUSTUP_HOME="/workspace/rustup-home" "/workspace/cargo-home/bin/cargo" "+1.99.0-beta.8" "metadata" "--manifest-path" "Cargo.toml" "--no-deps", kill_on_drop: false }`
[INFO] crate crates.io crate zoneinfo64 0.3.0 already has a lockfile, it will not be regenerated
[INFO] running `Command { std: CARGO_HOME="/workspace/cargo-home" RUSTUP_HOME="/workspace/rustup-home" "/workspace/cargo-home/bin/cargo" "+1.99.0-beta.8" "fetch" "--manifest-path" "Cargo.toml", kill_on_drop: false }`
[INFO] [stderr] warning: Cargo.toml: `lints.clippy.alloc-instead-of-core` is deprecated in favor of `lints.clippy.alloc_instead_of_core` and will not work in a future edition
[INFO] [stderr] warning: Cargo.toml: `lints.clippy.branches-sharing-code` is deprecated in favor of `lints.clippy.branches_sharing_code` and will not work in a future edition
[INFO] [stderr] warning: Cargo.toml: `lints.clippy.or-fun-call` is deprecated in favor of `lints.clippy.or_fun_call` and will not work in a future edition
[INFO] [stderr] warning: Cargo.toml: `lints.clippy.unnecessary-wraps` is deprecated in favor of `lints.clippy.unnecessary_wraps` and will not work in a future edition
[INFO] [stderr] warning: `zoneinfo64` (manifest) generated 4 warnings
[INFO] [stderr]     Blocking waiting for file lock on package cache
[INFO] [stderr]     Updating crates.io index
[INFO] [stderr]     Blocking waiting for file lock on package cache
[INFO] [stderr]  Downloading crates ...
[INFO] [stderr]   Downloaded quote v1.0.45
[INFO] [stderr]   Downloaded potential_utf v0.1.5
[INFO] [stderr]   Downloaded serde_derive v1.0.228
[INFO] [stderr]   Downloaded unicode-ident v1.0.24
[INFO] [stderr]   Downloaded cfg-if v1.0.4
[INFO] [stderr]   Downloaded windows-link v0.2.1
[INFO] [stderr]   Downloaded iana-time-zone-haiku v0.1.2
[INFO] [stderr]   Downloaded windows-targets v0.52.6
[INFO] [stderr]   Downloaded phf_shared v0.12.1
[INFO] [stderr]   Downloaded windows-result v0.2.0
[INFO] [stderr]   Downloaded either v1.15.0
[INFO] [stderr]   Downloaded serde v1.0.228
[INFO] [stderr]   Downloaded core_maths v0.1.1
[INFO] [stderr]   Downloaded siphasher v1.0.2
[INFO] [stderr]   Downloaded displaydoc v0.2.5
[INFO] [stderr]   Downloaded autocfg v1.5.0
[INFO] [stderr]   Downloaded windows-strings v0.1.0
[INFO] [stderr]   Downloaded wasm-bindgen-shared v0.2.114
[INFO] [stderr]   Downloaded android_system_properties v0.1.5
[INFO] [stderr]   Downloaded writeable v0.6.2
[INFO] [stderr]   Downloaded wasm-bindgen-macro v0.2.114
[INFO] [stderr]   Downloaded windows-interface v0.58.0
[INFO] [stderr]   Downloaded windows-implement v0.58.0
[INFO] [stderr]   Downloaded tinystr v0.8.3
[INFO] [stderr]   Downloaded litemap v0.8.2
[INFO] [stderr]   Downloaded windows-core v0.58.0
[INFO] [stderr]   Downloaded core-foundation-sys v0.8.7
[INFO] [stderr]   Downloaded serde_core v1.0.228
[INFO] [stderr]   Downloaded phf v0.12.1
[INFO] [stderr]   Downloaded rustversion v1.0.22
[INFO] [stderr]   Downloaded shlex v1.3.0
[INFO] [stderr]   Downloaded once_cell v1.21.4
[INFO] [stderr]   Downloaded find-msvc-tools v0.1.9
[INFO] [stderr]   Downloaded icu_locale_core v2.2.0
[INFO] [stderr]   Downloaded proc-macro2 v1.0.106
[INFO] [stderr]   Downloaded iana-time-zone v0.1.65
[INFO] [stderr]   Downloaded portable-atomic-util v0.2.6
[INFO] [stderr]   Downloaded num-traits v0.2.19
[INFO] [stderr]   Downloaded log v0.4.29
[INFO] [stderr]   Downloaded jiff-tzdb v0.1.6
[INFO] [stderr]   Downloaded calendrical_calculations v0.2.4
[INFO] [stderr]   Downloaded wasm-bindgen v0.2.114
[INFO] [stderr]   Downloaded jiff-static v0.2.23
[INFO] [stderr]   Downloaded wasm-bindgen-macro-support v0.2.114
[INFO] [stderr]   Downloaded js-sys v0.3.91
[INFO] [stderr]   Downloaded bumpalo v3.20.2
[INFO] [stderr]   Downloaded cc v1.2.57
[INFO] [stderr]   Downloaded itertools v0.14.0
[INFO] [stderr]   Downloaded resb v0.1.2
[INFO] [stderr]   Downloaded libm v0.2.16
[INFO] [stderr]   Downloaded portable-atomic v1.13.1
[INFO] [stderr]   Downloaded syn v2.0.117
[INFO] [stderr]   Downloaded chrono v0.4.44
[INFO] [stderr]   Downloaded windows_aarch64_gnullvm v0.52.6
[INFO] [stderr]   Downloaded windows_x86_64_gnullvm v0.52.6
[INFO] [stderr]   Downloaded windows_i686_gnullvm v0.52.6
[INFO] [stderr]   Downloaded jiff v0.2.23
[INFO] [stderr]   Downloaded libc v0.2.183
[INFO] [stderr]   Downloaded windows_x86_64_msvc v0.52.6
[INFO] [stderr]   Downloaded windows_aarch64_msvc v0.52.6
[INFO] [stderr]   Downloaded chrono-tz v0.10.4
[INFO] [stderr]   Downloaded windows_i686_gnu v0.52.6
[INFO] [stderr]   Downloaded windows_x86_64_gnu v0.52.6
[INFO] [stderr]   Downloaded windows_i686_msvc v0.52.6
[INFO] running `Command { std: "docker" "create" "-v" "/var/lib/crater-agent-workspace/builds/worker-5-tc1/source:/opt/rustwide/workdir:ro,Z" "-v" "/var/lib/crater-agent-workspace/builds/worker-5-tc1/target:/opt/rustwide/target:rw,Z" "-v" "/var/lib/crater-agent-workspace/cargo-home:/opt/rustwide/cargo-home:ro,Z" "-v" "/var/lib/crater-agent-workspace/rustup-home:/opt/rustwide/rustup-home:ro,Z" "-m" "1610612736" "--network" "none" "ghcr.io/rust-lang/crates-build-env/linux@sha256:77db811e55d90add9212f6832c23229e3de5f1c1f9905e8cb07319ea15df73ac" "sleep" "infinity", kill_on_drop: false }`
[INFO] [stdout] 016b8bd96129bf34ecf81eba8addf7bb3682f565dec4ae1d2b2b0d6947a8603b
[INFO] running `Command { std: "docker" "start" "016b8bd96129bf34ecf81eba8addf7bb3682f565dec4ae1d2b2b0d6947a8603b", kill_on_drop: false }`
[INFO] running `Command { std: "docker" "inspect" "016b8bd96129bf34ecf81eba8addf7bb3682f565dec4ae1d2b2b0d6947a8603b", kill_on_drop: false }`
[INFO] running `Command { std: "docker" "exec" "-e" "SOURCE_DIR=/opt/rustwide/workdir" "-e" "CARGO_HOME=/opt/rustwide/cargo-home" "-e" "RUSTUP_HOME=/opt/rustwide/rustup-home" "-e" "CARGO_TARGET_DIR=/opt/rustwide/target" "-w" "/opt/rustwide/workdir" "--user" "0:0" "016b8bd96129bf34ecf81eba8addf7bb3682f565dec4ae1d2b2b0d6947a8603b" "/opt/rustwide/cargo-home/bin/cargo" "+1.99.0-beta.8" "metadata" "--no-deps" "--format-version=1", kill_on_drop: false }`
[INFO] running `Command { std: "docker" "inspect" "016b8bd96129bf34ecf81eba8addf7bb3682f565dec4ae1d2b2b0d6947a8603b", kill_on_drop: false }`
[INFO] running `Command { std: "docker" "exec" "-e" "SOURCE_DIR=/opt/rustwide/workdir" "-e" "CARGO_HOME=/opt/rustwide/cargo-home" "-e" "RUSTUP_HOME=/opt/rustwide/rustup-home" "-e" "CARGO_TARGET_DIR=/opt/rustwide/target" "-e" "CARGO_INCREMENTAL=0" "-e" "RUST_BACKTRACE=full" "-e" "RUSTFLAGS=--cap-lints=warn" "-e" "RUSTDOCFLAGS=--cap-lints=warn" "-w" "/opt/rustwide/workdir" "--user" "0:0" "016b8bd96129bf34ecf81eba8addf7bb3682f565dec4ae1d2b2b0d6947a8603b" "/opt/rustwide/cargo-home/bin/cargo" "+1.99.0-beta.8" "build" "--frozen" "--message-format=json" "--release", kill_on_drop: false }`
[INFO] [stderr] warning: Cargo.toml: `lints.clippy.alloc-instead-of-core` is deprecated in favor of `lints.clippy.alloc_instead_of_core` and will not work in a future edition
[INFO] [stderr] warning: Cargo.toml: `lints.clippy.branches-sharing-code` is deprecated in favor of `lints.clippy.branches_sharing_code` and will not work in a future edition
[INFO] [stderr] warning: Cargo.toml: `lints.clippy.or-fun-call` is deprecated in favor of `lints.clippy.or_fun_call` and will not work in a future edition
[INFO] [stderr] warning: Cargo.toml: `lints.clippy.unnecessary-wraps` is deprecated in favor of `lints.clippy.unnecessary_wraps` and will not work in a future edition
[INFO] [stderr] warning: `zoneinfo64` (manifest) generated 4 warnings
[INFO] [stderr]    Compiling serde_core v1.0.228
[INFO] [stderr]    Compiling serde v1.0.228
[INFO] [stderr]    Compiling potential_utf v0.1.5
[INFO] [stderr]    Compiling core_maths v0.1.1
[INFO] [stderr]    Compiling displaydoc v0.2.5
[INFO] [stderr]    Compiling tinystr v0.8.3
[INFO] [stderr]    Compiling calendrical_calculations v0.2.4
[INFO] [stderr]    Compiling icu_locale_core v2.2.0
[INFO] [stderr]    Compiling resb v0.1.2
[INFO] [stderr]    Compiling zoneinfo64 v0.3.0 (/opt/rustwide/workdir)
[INFO] [stderr]     Finished `release` profile [optimized] target(s) in 3.11s
[INFO] running `Command { std: "docker" "inspect" "016b8bd96129bf34ecf81eba8addf7bb3682f565dec4ae1d2b2b0d6947a8603b", kill_on_drop: false }`
[INFO] running `Command { std: "docker" "exec" "-e" "SOURCE_DIR=/opt/rustwide/workdir" "-e" "CARGO_HOME=/opt/rustwide/cargo-home" "-e" "RUSTUP_HOME=/opt/rustwide/rustup-home" "-e" "CARGO_TARGET_DIR=/opt/rustwide/target" "-e" "CARGO_INCREMENTAL=0" "-e" "RUST_BACKTRACE=full" "-e" "RUSTFLAGS=--cap-lints=warn" "-e" "RUSTDOCFLAGS=--cap-lints=warn" "-w" "/opt/rustwide/workdir" "--user" "0:0" "016b8bd96129bf34ecf81eba8addf7bb3682f565dec4ae1d2b2b0d6947a8603b" "/opt/rustwide/cargo-home/bin/cargo" "+1.99.0-beta.8" "test" "--frozen" "--no-run" "--message-format=json" "--release", kill_on_drop: false }`
[INFO] [stderr] warning: Cargo.toml: `lints.clippy.alloc-instead-of-core` is deprecated in favor of `lints.clippy.alloc_instead_of_core` and will not work in a future edition
[INFO] [stderr] warning: Cargo.toml: `lints.clippy.branches-sharing-code` is deprecated in favor of `lints.clippy.branches_sharing_code` and will not work in a future edition
[INFO] [stderr] warning: Cargo.toml: `lints.clippy.or-fun-call` is deprecated in favor of `lints.clippy.or_fun_call` and will not work in a future edition
[INFO] [stderr] warning: Cargo.toml: `lints.clippy.unnecessary-wraps` is deprecated in favor of `lints.clippy.unnecessary_wraps` and will not work in a future edition
[INFO] [stderr] warning: `zoneinfo64` (manifest) generated 4 warnings
[INFO] [stderr]    Compiling chrono-tz v0.10.4
[INFO] [stderr]    Compiling jiff-tzdb v0.1.6
[INFO] [stderr]    Compiling phf_shared v0.12.1
[INFO] [stderr]    Compiling itertools v0.14.0
[INFO] [stderr]    Compiling chrono v0.4.44
[INFO] [stderr]    Compiling jiff v0.2.23
[INFO] [stderr]    Compiling phf v0.12.1
[INFO] [stderr]    Compiling zoneinfo64 v0.3.0 (/opt/rustwide/workdir)
[INFO] [stdout] error[E0432]: unresolved import `chrono`
[INFO] [stdout]    --> src/lib.rs:797:13
[INFO] [stdout]     |
[INFO] [stdout] 797 |         use chrono::Offset;
[INFO] [stdout]     |             ^^^^^^ use of unresolved module or unlinked crate `chrono`
[INFO] [stdout]     |
[INFO] [stdout]     = help: if you wanted to use a crate named `chrono`, use `cargo add chrono` to add it to your `Cargo.toml`
[INFO] [stdout] 
[INFO] [stdout] 
[INFO] [stdout] error[E0432]: unresolved import `chrono`
[INFO] [stdout]    --> src/lib.rs:798:13
[INFO] [stdout]     |
[INFO] [stdout] 798 |         use chrono::TimeZone;
[INFO] [stdout]     |             ^^^^^^ use of unresolved module or unlinked crate `chrono`
[INFO] [stdout]     |
[INFO] [stdout]     = help: if you wanted to use a crate named `chrono`, use `cargo add chrono` to add it to your `Cargo.toml`
[INFO] [stdout] 
[INFO] [stdout] 
[INFO] [stdout] error[E0433]: cannot find module or crate `chrono` in this scope
[INFO] [stdout]    --> src/lib.rs:816:36
[INFO] [stdout]     |
[INFO] [stdout] 816 |                 let utc_datetime = chrono::DateTime::from_timestamp(seconds_since_epoch, 0)
[INFO] [stdout]     |                                    ^^^^^^ use of unresolved module or unlinked crate `chrono`
[INFO] [stdout]     |
[INFO] [stdout]     = help: if you wanted to use a crate named `chrono`, use `cargo add chrono` to add it to your `Cargo.toml`
[INFO] [stdout] 
[INFO] [stdout] 
[INFO] [stdout] error[E0599]: no method named `from_utc_datetime` found for struct `Zone<'a>` in the current scope
[INFO] [stdout]    --> src/lib.rs:820:50
[INFO] [stdout]     |
[INFO] [stdout] 229 | pub struct Zone<'a> {
[INFO] [stdout]     | ------------------- method `from_utc_datetime` not found for this struct
[INFO] [stdout] ...
[INFO] [stdout] 820 |                 let zoneinfo64_date = zoneinfo64.from_utc_datetime(&utc_datetime);
[INFO] [stdout]     |                                                  ^^^^^^^^^^^^^^^^^
[INFO] [stdout]     |
[INFO] [stdout]     = help: items from traits can only be used if the trait is implemented and in scope
[INFO] [stdout]     = note: the following trait defines an item `from_utc_datetime`, perhaps you need to implement it:
[INFO] [stdout]             candidate #1: `chrono::offset::TimeZone`
[INFO] [stdout] help: there is a method `for_date_time` with a similar name, but with different arguments
[INFO] [stdout]    --> src/lib.rs:470:5
[INFO] [stdout]     |
[INFO] [stdout] 470 | /     pub fn for_date_time(
[INFO] [stdout] 471 | |         &self,
[INFO] [stdout] 472 | |         year: i32,
[INFO] [stdout] 473 | |         month: u8,
[INFO] [stdout] ...   |
[INFO] [stdout] 477 | |         second: u8,
[INFO] [stdout] 478 | |     ) -> PossibleOffset {
[INFO] [stdout]     | |_______________________^
[INFO] [stdout] 
[INFO] [stdout] 
[INFO] [stdout] error[E0599]: no method named `from_utc_datetime` found for enum `Tz` in the current scope
[INFO] [stdout]    --> src/lib.rs:821:42
[INFO] [stdout]     |
[INFO] [stdout] 821 |                 let chrono_date = chrono.from_utc_datetime(&utc_datetime);
[INFO] [stdout]     |                                          ^^^^^^^^^^^^^^^^^
[INFO] [stdout]     |
[INFO] [stdout]    ::: /opt/rustwide/cargo-home/registry/src/index.crates.io-1949cf8c6b5b557f/chrono-0.4.44/src/offset/mod.rs:613:8
[INFO] [stdout]     |
[INFO] [stdout] 613 |     fn from_utc_datetime(&self, utc: &NaiveDateTime) -> DateTime<Self> {
[INFO] [stdout]     |        ----------------- the method is available for `Tz` here
[INFO] [stdout]     |
[INFO] [stdout]     = help: items from traits can only be used if the trait is in scope
[INFO] [stdout] help: trait `TimeZone` which provides `from_utc_datetime` is implemented but not in scope; perhaps you want to import it
[INFO] [stdout]     |
[INFO] [stdout] 726 +     use chrono::offset::TimeZone;
[INFO] [stdout]     |
[INFO] [stdout] help: there is a method `from_utc_date` with a similar name
[INFO] [stdout]     |
[INFO] [stdout] 821 -                 let chrono_date = chrono.from_utc_datetime(&utc_datetime);
[INFO] [stdout] 821 +                 let chrono_date = chrono.from_utc_date(&utc_datetime);
[INFO] [stdout]     |
[INFO] [stdout] 
[INFO] [stdout] 
[INFO] [stdout] error[E0599]: no method named `offset_from_local_datetime` found for struct `Zone<'a>` in the current scope
[INFO] [stdout]    --> src/lib.rs:831:26
[INFO] [stdout]     |
[INFO] [stdout] 229 |   pub struct Zone<'a> {
[INFO] [stdout]     |   ------------------- method `offset_from_local_datetime` not found for this struct
[INFO] [stdout] ...
[INFO] [stdout] 830 | /                     zoneinfo64
[INFO] [stdout] 831 | |                         .offset_from_local_datetime(&local_datetime)
[INFO] [stdout]     | |                         -^^^^^^^^^^^^^^^^^^^^^^^^^^ method not found in `Zone<'_>`
[INFO] [stdout]     | |_________________________|
[INFO] [stdout]     |
[INFO] [stdout]     |
[INFO] [stdout]     = help: items from traits can only be used if the trait is implemented and in scope
[INFO] [stdout]     = note: the following trait defines an item `offset_from_local_datetime`, perhaps you need to implement it:
[INFO] [stdout]             candidate #1: `chrono::offset::TimeZone`
[INFO] [stdout] 
[INFO] [stdout] 
[INFO] [stdout] error[E0599]: no method named `offset_from_local_datetime` found for enum `Tz` in the current scope
[INFO] [stdout]    --> src/lib.rs:834:26
[INFO] [stdout]     |
[INFO] [stdout] 833 | /                     chrono
[INFO] [stdout] 834 | |                         .offset_from_local_datetime(&local_datetime)
[INFO] [stdout]     | |_________________________-^^^^^^^^^^^^^^^^^^^^^^^^^^
[INFO] [stdout]     |
[INFO] [stdout]    ::: /opt/rustwide/cargo-home/registry/src/index.crates.io-1949cf8c6b5b557f/chrono-0.4.44/src/offset/mod.rs:572:8
[INFO] [stdout]     |
[INFO] [stdout] 572 |       fn offset_from_local_datetime(&self, local: &NaiveDateTime) -> MappedLocalTime<Self::Offset>;
[INFO] [stdout]     |          -------------------------- the method is available for `Tz` here
[INFO] [stdout]     |
[INFO] [stdout]     = help: items from traits can only be used if the trait is in scope
[INFO] [stdout] help: trait `TimeZone` which provides `offset_from_local_datetime` is implemented but not in scope; perhaps you want to import it
[INFO] [stdout]     |
[INFO] [stdout] 726 +     use chrono::offset::TimeZone;
[INFO] [stdout]     |
[INFO] [stdout] help: there is a method `offset_from_local_date` with a similar name
[INFO] [stdout]     |
[INFO] [stdout] 834 -                         .offset_from_local_datetime(&local_datetime)
[INFO] [stdout] 834 +                         .offset_from_local_date(&local_datetime)
[INFO] [stdout]     |
[INFO] [stdout] 
[INFO] [stdout] 
[INFO] [stdout] Some errors have detailed explanations: E0432, E0433, E0599.
[INFO] [stdout] 
[INFO] [stdout] For more information about an error, try `rustc --explain E0432`.
[INFO] [stdout] 
[INFO] [stderr] error: could not compile `zoneinfo64` (lib test) due to 7 previous errors
[INFO] running `Command { std: "docker" "inspect" "016b8bd96129bf34ecf81eba8addf7bb3682f565dec4ae1d2b2b0d6947a8603b", kill_on_drop: false }`
[INFO] running `Command { std: "docker" "rm" "-f" "016b8bd96129bf34ecf81eba8addf7bb3682f565dec4ae1d2b2b0d6947a8603b", kill_on_drop: false }`
[INFO] [stdout] 016b8bd96129bf34ecf81eba8addf7bb3682f565dec4ae1d2b2b0d6947a8603b
