[INFO] fetching crate zksync_node_storage_init 29.13.0-non-semver-compat...
[INFO] testing zksync_node_storage_init-29.13.0-non-semver-compat against 1.100.0-beta.1+cargoflags=--release for beta-release-1.100-2
[INFO] extracting crate zksync_node_storage_init 29.13.0-non-semver-compat into /workspace/builds/worker-6-tc2/source
[INFO] started tweaking crates.io crate zksync_node_storage_init 29.13.0-non-semver-compat
[INFO] finished tweaking crates.io crate zksync_node_storage_init 29.13.0-non-semver-compat
[INFO] tweaked toml for crates.io crate zksync_node_storage_init 29.13.0-non-semver-compat written to /workspace/builds/worker-6-tc2/source/Cargo.toml
[INFO] validating manifest of crates.io crate zksync_node_storage_init 29.13.0-non-semver-compat on toolchain 1.100.0-beta.1
[INFO] running `Command { std: CARGO_HOME="/workspace/cargo-home" RUSTUP_HOME="/workspace/rustup-home" "/workspace/cargo-home/bin/cargo" "+1.100.0-beta.1" "metadata" "--manifest-path" "Cargo.toml" "--no-deps", kill_on_drop: false }`
[INFO] crate crates.io crate zksync_node_storage_init 29.13.0-non-semver-compat already has a lockfile, it will not be regenerated
[INFO] running `Command { std: CARGO_HOME="/workspace/cargo-home" RUSTUP_HOME="/workspace/rustup-home" "/workspace/cargo-home/bin/cargo" "+1.100.0-beta.1" "fetch" "--manifest-path" "Cargo.toml", kill_on_drop: false }`
[INFO] running `Command { std: "docker" "create" "-v" "/var/lib/crater-agent-workspace/builds/worker-6-tc2/source:/opt/rustwide/workdir:ro,Z" "-v" "/var/lib/crater-agent-workspace/builds/worker-6-tc2/target:/opt/rustwide/target:rw,Z" "-v" "/var/lib/crater-agent-workspace/cargo-home:/opt/rustwide/cargo-home:ro,Z" "-v" "/var/lib/crater-agent-workspace/rustup-home:/opt/rustwide/rustup-home:ro,Z" "-m" "1610612736" "--network" "none" "ghcr.io/rust-lang/crates-build-env/linux@sha256:77db811e55d90add9212f6832c23229e3de5f1c1f9905e8cb07319ea15df73ac" "sleep" "infinity", kill_on_drop: false }`
[INFO] [stdout] fec065527bebcdf342a174352b3afba15ca099b221e747b3e1e40176a75db6ee
[INFO] running `Command { std: "docker" "start" "fec065527bebcdf342a174352b3afba15ca099b221e747b3e1e40176a75db6ee", kill_on_drop: false }`
[INFO] running `Command { std: "docker" "inspect" "fec065527bebcdf342a174352b3afba15ca099b221e747b3e1e40176a75db6ee", kill_on_drop: false }`
[INFO] running `Command { std: "docker" "exec" "-e" "SOURCE_DIR=/opt/rustwide/workdir" "-e" "CARGO_HOME=/opt/rustwide/cargo-home" "-e" "RUSTUP_HOME=/opt/rustwide/rustup-home" "-e" "CARGO_TARGET_DIR=/opt/rustwide/target" "-w" "/opt/rustwide/workdir" "--user" "0:0" "fec065527bebcdf342a174352b3afba15ca099b221e747b3e1e40176a75db6ee" "/opt/rustwide/cargo-home/bin/cargo" "+1.100.0-beta.1" "metadata" "--no-deps" "--format-version=1", kill_on_drop: false }`
[INFO] running `Command { std: "docker" "inspect" "fec065527bebcdf342a174352b3afba15ca099b221e747b3e1e40176a75db6ee", kill_on_drop: false }`
[INFO] running `Command { std: "docker" "exec" "-e" "SOURCE_DIR=/opt/rustwide/workdir" "-e" "CARGO_HOME=/opt/rustwide/cargo-home" "-e" "RUSTUP_HOME=/opt/rustwide/rustup-home" "-e" "CARGO_TARGET_DIR=/opt/rustwide/target" "-e" "CARGO_INCREMENTAL=0" "-e" "RUST_BACKTRACE=full" "-e" "RUSTFLAGS=--cap-lints=warn" "-e" "RUSTDOCFLAGS=--cap-lints=warn" "-w" "/opt/rustwide/workdir" "--user" "0:0" "fec065527bebcdf342a174352b3afba15ca099b221e747b3e1e40176a75db6ee" "/opt/rustwide/cargo-home/bin/cargo" "+1.100.0-beta.1" "build" "--frozen" "--message-format=json" "--release", kill_on_drop: false }`
[INFO] [stderr]    Compiling serde_core v1.0.228
[INFO] [stderr]    Compiling serde v1.0.228
[INFO] [stderr]    Compiling generic-array v0.14.7
[INFO] [stderr]    Compiling serde_derive v1.0.228
[INFO] [stderr]    Compiling zeroize_derive v1.4.2
[INFO] [stderr]    Compiling cc v1.2.27
[INFO] [stderr]    Compiling futures-core v0.3.31
[INFO] [stderr]    Compiling futures-sink v0.3.31
[INFO] [stderr]    Compiling futures-io v0.3.31
[INFO] [stderr]    Compiling hashbrown v0.15.4
[INFO] [stderr]    Compiling futures-channel v0.3.31
[INFO] [stderr]    Compiling tracing-core v0.1.34
[INFO] [stderr]    Compiling num-traits v0.2.19
[INFO] [stderr]    Compiling futures-task v0.3.31
[INFO] [stderr]    Compiling zeroize v1.8.1
[INFO] [stderr]    Compiling indexmap v2.10.0
[INFO] [stderr]    Compiling futures-util v0.3.31
[INFO] [stderr]    Compiling tracing v0.1.41
[INFO] [stderr]    Compiling block-buffer v0.10.4
[INFO] [stderr]    Compiling crypto-common v0.1.6
[INFO] [stderr]    Compiling digest v0.10.7
[INFO] [stderr]    Compiling serde_json v1.0.140
[INFO] [stderr]    Compiling crunchy v0.2.4
[INFO] [stderr]    Compiling num-integer v0.1.46
[INFO] [stderr]    Compiling sha2 v0.10.8
[INFO] [stderr]    Compiling stable_deref_trait v1.2.0
[INFO] [stderr]    Compiling rustc-hex v2.1.0
[INFO] [stderr]    Compiling thiserror-impl v1.0.69
[INFO] [stderr]    Compiling rlp v0.5.2
[INFO] [stderr]    Compiling impl-rlp v0.3.0
[INFO] [stderr]    Compiling fixed-hash v0.8.0
[INFO] [stderr]    Compiling uint v0.9.5
[INFO] [stderr]    Compiling tiny-keccak v2.0.2
[INFO] [stderr]    Compiling syn v1.0.109
[INFO] [stderr]    Compiling base64ct v1.8.0
[INFO] [stderr]    Compiling yoke v0.8.0
[INFO] [stderr]    Compiling hmac v0.12.1
[INFO] [stderr]    Compiling toml_datetime v0.6.11
[INFO] [stderr]    Compiling zerovec v0.11.2
[INFO] [stderr]    Compiling http v1.3.1
[INFO] [stderr]    Compiling either v1.15.0
[INFO] [stderr]    Compiling smallvec v1.15.1
[INFO] [stderr]    Compiling impl-serde v0.4.0
[INFO] [stderr]    Compiling primitive-types v0.12.2
[INFO] [stderr]    Compiling parking_lot_core v0.9.11
[INFO] [stderr]    Compiling ethbloom v0.13.0
[INFO] [stderr]    Compiling parking_lot v0.12.4
[INFO] [stderr]    Compiling sha3 v0.10.8
[INFO] [stderr]    Compiling tokio v1.46.0
[INFO] [stderr]    Compiling tinystr v0.8.1
[INFO] [stderr]    Compiling blake2 v0.10.6
[INFO] [stderr]    Compiling num-conv v0.1.0
[INFO] [stderr]    Compiling time-core v0.1.4
[INFO] [stderr]    Compiling ethereum-types v0.14.1
[INFO] [stderr]    Compiling deranged v0.4.0
[INFO] [stderr]    Compiling icu_locale_core v2.0.0
[INFO] [stderr]    Compiling time-macros v0.2.22
[INFO] [stderr]    Compiling potential_utf v0.1.2
[INFO] [stderr]    Compiling zerotrie v0.2.2
[INFO] [stderr]    Compiling icu_provider v2.0.0
[INFO] [stderr]    Compiling icu_collections v2.0.0
[INFO] [stderr]    Compiling http-body v1.0.1
[INFO] [stderr]    Compiling time v0.3.41
[INFO] [stderr]    Compiling bytes v1.11.1
[INFO] [stderr]    Compiling crypto-bigint v0.5.5
[INFO] [stderr]    Compiling bitflags v2.9.1
[INFO] [stderr]    Compiling regex-syntax v0.8.5
[INFO] [stderr]    Compiling thiserror v1.0.69
[INFO] [stderr]    Compiling icu_normalizer v2.0.0
[INFO] [stderr]    Compiling icu_properties v2.0.1
[INFO] [stderr]    Compiling anyhow v1.0.98
[INFO] [stderr]    Compiling itertools v0.12.1
[INFO] [stderr]    Compiling num_cpus v1.17.0
[INFO] [stderr]    Compiling prettyplease v0.2.35
[INFO] [stderr]    Compiling http-body-util v0.1.3
[INFO] [stderr]    Compiling idna_adapter v1.2.1
[INFO] [stderr]    Compiling idna v1.0.3
[INFO] [stderr]    Compiling rustversion v1.0.21
[INFO] [stderr]    Compiling regex-automata v0.4.9
[INFO] [stderr]    Compiling prost-derive v0.12.6
[INFO] [stderr]    Compiling tokio-util v0.7.15
[INFO] [stderr]    Compiling url v2.5.4
[INFO] [stderr]    Compiling num-bigint v0.4.6
[INFO] [stderr]    Compiling ring v0.17.14
[INFO] [stderr]    Compiling regex v1.11.1
[INFO] [stderr]    Compiling pem-rfc7468 v0.7.0
[INFO] [stderr]    Compiling compile-fmt v0.1.0
[INFO] [stderr]    Compiling prometheus-client v0.23.1
[INFO] [stderr]    Compiling der v0.7.10
[INFO] [stderr]    Compiling openssl-sys v0.9.109
[INFO] [stderr]    Compiling prometheus-client-derive-encode v0.4.2
[INFO] [stderr]    Compiling beef v0.5.2
[INFO] [stderr]    Compiling dtoa v1.0.10
[INFO] [stderr]    Compiling regex-syntax v0.6.29
[INFO] [stderr]    Compiling prost v0.12.6
[INFO] [stderr]    Compiling elsa v1.11.2
[INFO] [stderr]    Compiling spki v0.7.3
[INFO] [stderr]    Compiling ctor v0.2.9
[INFO] [stderr]    Compiling vise-macros v0.3.2
[INFO] [stderr]    Compiling pkcs8 v0.10.2
[INFO] [stderr]    Compiling logos-codegen v0.13.0
[INFO] [stderr]    Compiling vise v0.3.2
[INFO] [stderr]    Compiling prost-types v0.12.6
[INFO] [stderr]    Compiling miette-derive v5.10.0
[INFO] [stderr]    Compiling logos-derive v0.13.0
[INFO] [stderr]    Compiling rustix v1.0.7
[INFO] [stderr]    Compiling unicode-width v0.1.14
[INFO] [stderr]    Compiling logos v0.13.0
[INFO] [stderr]    Compiling ordered-float v2.10.1
[INFO] [stderr]    Compiling getrandom v0.3.3
[INFO] [stderr]    Compiling rustls-pki-types v1.12.0
[INFO] [stderr]    Compiling miette v5.10.0
[INFO] [stderr]    Compiling serde-value v0.7.0
[INFO] [stderr]    Compiling ff v0.13.1
[INFO] [stderr]    Compiling fastrand v2.3.0
[INFO] [stderr]    Compiling base64 v0.21.7
[INFO] [stderr]    Compiling fixedbitset v0.4.2
[INFO] [stderr]    Compiling petgraph v0.6.5
[INFO] [stderr]    Compiling prost-reflect v0.12.0
[INFO] [stderr]    Compiling protox-parse v0.5.0
[INFO] [stderr]    Compiling sec1 v0.7.3
[INFO] [stderr]    Compiling group v0.13.0
[INFO] [stderr]    Compiling signature v2.2.0
[INFO] [stderr]    Compiling tempfile v3.20.0
[INFO] [stderr]    Compiling cmake v0.1.54
[INFO] [stderr]    Compiling pin-project-internal v1.1.10
[INFO] [stderr]    Compiling winnow v0.7.11
[INFO] [stderr]    Compiling strsim v0.10.0
[INFO] [stderr]    Compiling multimap v0.10.1
[INFO] [stderr]    Compiling aws-lc-sys v0.29.0
[INFO] [stderr]    Compiling prost-build v0.12.6
[INFO] [stderr]    Compiling darling_core v0.13.4
[INFO] [stderr]    Compiling pin-project v1.1.10
[INFO] [stderr]    Compiling elliptic-curve v0.13.8
[INFO] [stderr]    Compiling async-trait v0.1.88
[INFO] [stderr]    Compiling openssl v0.10.73
[INFO] [stderr]    Compiling protox v0.5.1
[INFO] [stderr]    Compiling toml_edit v0.22.27
[INFO] [stderr]    Compiling zksync_protobuf_build v0.13.0
[INFO] [stderr]    Compiling darling_macro v0.13.4
[INFO] [stderr]    Compiling rfc6979 v0.4.0
[INFO] [stderr]    Compiling http v0.2.12
[INFO] [stderr]    Compiling iana-time-zone v0.1.63
[INFO] [stderr]    Compiling h2 v0.4.11
[INFO] [stderr]    Compiling chrono v0.4.41
[INFO] [stderr]    Compiling darling v0.13.4
[INFO] [stderr]    Compiling ecdsa v0.16.9
[INFO] [stderr]    Compiling futures-executor v0.3.31
[INFO] [stderr]    Compiling proc-macro-crate v3.3.0
[INFO] [stderr]    Compiling bit-vec v0.6.3
[INFO] [stderr]    Compiling openssl-macros v0.1.1
[INFO] [stderr]    Compiling native-tls v0.2.14
[INFO] [stderr]    Compiling aws-lc-rs v1.13.1
[INFO] [stderr]    Compiling futures v0.3.31
[INFO] [stderr]    Compiling http-body v0.4.6
[INFO] [stderr]    Compiling serde_with_macros v1.5.2
[INFO] [stderr]    Compiling num_enum_derive v0.7.4
[INFO] [stderr]    Compiling k256 v0.13.4
[INFO] [stderr]    Compiling serde_with v1.14.0
[INFO] [stderr]    Compiling zksync_ff_derive v0.32.9
[INFO] [stderr]    Compiling strum_macros v0.26.4
[INFO] [stderr]    Compiling secrecy v0.10.3
[INFO] [stderr]    Compiling der v0.6.1
[INFO] [stderr]    Compiling rand v0.4.6
[INFO] [stderr]    Compiling hyper v1.6.0
[INFO] [stderr]    Compiling outref v0.5.2
[INFO] [stderr]    Compiling vsimd v0.8.0
[INFO] [stderr]    Compiling strum v0.26.3
[INFO] [stderr]    Compiling zksync_ff v0.32.9
[INFO] [stderr]    Compiling spki v0.6.0
[INFO] [stderr]    Compiling base64-simd v0.8.0
[INFO] [stderr]    Compiling num_enum v0.7.4
[INFO] [stderr]    Compiling zksync_protobuf v0.13.0
[INFO] [stderr]    Compiling ethabi v18.0.0
[INFO] [stderr]    Compiling hyper-util v0.1.14
[INFO] [stderr]    Compiling crossbeam-queue v0.3.12
[INFO] [stderr]    Compiling const-decoder v0.4.0
[INFO] [stderr]    Compiling bytes-utils v0.1.4
[INFO] [stderr]    Compiling thread_local v1.1.9
[INFO] [stderr]    Compiling arrayvec v0.7.6
[INFO] [stderr]    Compiling rustls v0.23.28
[INFO] [stderr]    Compiling toml_edit v0.19.15
[INFO] [stderr]    Compiling zksync_basic_types v29.13.0-non-semver-compat
[INFO] [stderr]    Compiling aws-smithy-types v1.3.2
[INFO] [stderr]    Compiling pkcs8 v0.9.0
[INFO] [stderr]    Compiling zksync_pairing v0.32.9
[INFO] [stderr]    Compiling matchers v0.2.0
[INFO] [stderr]    Compiling secp256k1-sys v0.8.1
[INFO] [stderr]    Compiling crypto-bigint v0.4.9
[INFO] [stderr]    Compiling tracing-log v0.2.0
[INFO] [stderr]    Compiling ff v0.12.1
[INFO] [stderr]    Compiling base16ct v0.1.1
[INFO] [stderr]    Compiling nu-ansi-term v0.50.1
[INFO] [stderr]    Compiling sec1 v0.3.0
[INFO] [stderr]    Compiling group v0.12.1
[INFO] [stderr]    Compiling tracing-subscriber v0.3.20
[INFO] [stderr]    Compiling proc-macro-crate v1.3.1
[INFO] [stderr]    Compiling num-iter v0.1.45
[INFO] [stderr]    Compiling sha3_ce v0.10.6
[INFO] [stderr]    Compiling serde_yaml v0.9.34+deprecated
[INFO] [stderr]    Compiling num_enum_derive v0.6.1
[INFO] [stderr]    Compiling elliptic-curve v0.12.3
[INFO] [stderr]    Compiling rfc6979 v0.3.1
[INFO] [stderr]    Compiling rustls-native-certs v0.8.1
[INFO] [stderr]    Compiling signature v1.6.4
[INFO] [stderr]    Compiling sync_wrapper v1.0.2
[INFO] [stderr]    Compiling zksync_concurrency v0.13.0
[INFO] [stderr]    Compiling rayon-core v1.12.1
[INFO] [stderr]    Compiling tower v0.5.2
[INFO] [stderr]    Compiling ecdsa v0.14.8
[INFO] [stderr]    Compiling num_enum v0.6.1
[INFO] [stderr]    Compiling primeorder v0.13.6
[INFO] [stderr]    Compiling aws-smithy-async v1.2.5
[INFO] [stderr]    Compiling aws-smithy-runtime-api v1.8.1
[INFO] [stderr]    Compiling p256 v0.13.2
[INFO] [stderr]    Compiling zksync_consensus_utils v0.13.0
[INFO] [stderr]    Compiling crossbeam v0.8.4
[INFO] [stderr]    Compiling num-rational v0.4.2
[INFO] [stderr]    Compiling zksync_utils v29.13.0-non-semver-compat
[INFO] [stderr]    Compiling secp256k1 v0.27.0
[INFO] [stderr]    Compiling zksync_crypto_primitives v29.13.0-non-semver-compat
[INFO] [stderr]    Compiling quick-protobuf v0.8.1
[INFO] [stderr]    Compiling num-complex v0.4.6
[INFO] [stderr]    Compiling rayon v1.10.0
[INFO] [stderr]    Compiling proc-macro-error-attr v1.0.4
[INFO] [stderr]    Compiling derivative v2.2.0
[INFO] [stderr]    Compiling num v0.4.3
[INFO] [stderr]    Compiling half v2.6.0
[INFO] [stderr]    Compiling ciborium-io v0.2.2
[INFO] [stderr]    Compiling libm v0.2.15
[INFO] [stderr]    Compiling proc-macro-error v1.0.4
[INFO] [stderr]    Compiling ciborium-ll v0.2.2
[INFO] [stderr]    Compiling zksync_types v29.13.0-non-semver-compat
[INFO] [stderr]    Compiling const_format_proc_macros v0.2.34
[INFO] [stderr]    Compiling derive_more-impl v2.0.1
[INFO] [stderr]    Compiling bincode v1.3.3
[INFO] [stderr]    Compiling crc32fast v1.4.2
[INFO] [stderr]    Compiling constant_time_eq v0.1.5
[INFO] [stderr]    Compiling rustls v0.21.12
[INFO] [stderr]    Compiling proc-macro2 v0.4.30
[INFO] [stderr]    Compiling const_format v0.2.34
[INFO] [stderr]    Compiling convert_case v0.6.0
[INFO] [stderr]    Compiling zksync_cs_derive v0.32.9
[INFO] [stderr]    Compiling ciborium v0.2.2
[INFO] [stderr]    Compiling zksync_mini_merkle_tree v29.13.0-non-semver-compat
[INFO] [stderr]    Compiling zksync_contracts v29.13.0-non-semver-compat
[INFO] [stderr]    Compiling zksync_system_constants v29.13.0-non-semver-compat
[INFO] [stderr]    Compiling derive_more v2.0.1
[INFO] [stderr]    Compiling rustls-webpki v0.101.7
[INFO] [stderr]    Compiling sct v0.7.1
[INFO] [stderr]    Compiling unroll v0.1.5
[INFO] [stderr]    Compiling itertools v0.10.5
[INFO] [stderr]    Compiling num-modular v0.5.1
[INFO] [stderr]    Compiling bigdecimal v0.4.8
[INFO] [stderr]    Compiling arrayvec v0.5.2
[INFO] [stderr]    Compiling firestorm v0.5.1
[INFO] [stderr]    Compiling unicode-xid v0.1.0
[INFO] [stderr]    Compiling unicase v2.8.1
[INFO] [stderr]    Compiling blake2s_simd v0.5.11
[INFO] [stderr]    Compiling mime_guess v2.0.5
[INFO] [stderr]    Compiling aws-smithy-eventstream v0.60.9
[INFO] [stderr]    Compiling boojum v0.32.9
[INFO] [stderr]    Compiling zkevm_opcode_defs v0.153.8
[INFO] [stderr]    Compiling h2 v0.3.26
[INFO] [stdout] error[E0554]: `#![feature]` may not be used on the beta release channel
[INFO] [stdout]   --> /opt/rustwide/cargo-home/registry/src/index.crates.io-1949cf8c6b5b557f/boojum-0.32.9/src/lib.rs:29:1
[INFO] [stdout]    |
[INFO] [stdout] 29 | #![feature(allocator_api)]
[INFO] [stdout]    | ^^^^^^^^^^^^^^^^^^^^^^^^^^
[INFO] [stdout]    |
[INFO] [stdout]    = help: the feature `const_mut_refs` has been stable since `1.83.0` and no longer requires an attribute to enable
[INFO] [stdout]    = help: the feature `inline_const` has been stable since `1.79.0` and no longer requires an attribute to enable
[INFO] [stdout]    = help: the feature `avx512_target_feature` has been stable since `1.89.0` and no longer requires an attribute to enable
[INFO] [stdout]    = help: the feature `return_position_impl_trait_in_trait` has been stable since `1.75.0` and no longer requires an attribute to enable
[INFO] [stdout] 
[INFO] [stdout] 
[INFO] [stdout] error[E0635]: unknown feature `array_chunks`
[INFO] [stdout]   --> /opt/rustwide/cargo-home/registry/src/index.crates.io-1949cf8c6b5b557f/boojum-0.32.9/src/lib.rs:37:12
[INFO] [stdout]    |
[INFO] [stdout] 37 | #![feature(array_chunks)]
[INFO] [stdout]    |            ^^^^^^^^^^^^
[INFO] [stdout] 
[INFO] [stdout] 
[INFO] [stdout] error[E0599]: no method named `array_chunks` found for reference `&[F]` in the current scope
[INFO] [stdout]    --> /opt/rustwide/cargo-home/registry/src/index.crates.io-1949cf8c6b5b557f/boojum-0.32.9/src/algebraic_props/round_function.rs:148:10
[INFO] [stdout]     |
[INFO] [stdout] 147 |     for (chunk, dst) in to_absorb
[INFO] [stdout] 148 |         .array_chunks::<AW>()
[INFO] [stdout]     |          ^^^^^^^^^^^^ `&[F]` is not an iterator
[INFO] [stdout]     |
[INFO] [stdout] help: call `.into_iter()` first
[INFO] [stdout]     |
[INFO] [stdout] 148 |         .into_iter().array_chunks::<AW>()
[INFO] [stdout]     |          ++++++++++++
[INFO] [stdout] 
[INFO] [stdout] 
[INFO] [stdout] error[E0599]: no method named `array_chunks` found for reference `&[F]` in the current scope
[INFO] [stdout]    --> /opt/rustwide/cargo-home/registry/src/index.crates.io-1949cf8c6b5b557f/boojum-0.32.9/src/algebraic_props/round_function.rs:171:28
[INFO] [stdout]     |
[INFO] [stdout] 171 |     for chunk in to_absorb.array_chunks::<AW>() {
[INFO] [stdout]     |                            ^^^^^^^^^^^^ `&[F]` is not an iterator
[INFO] [stdout]     |
[INFO] [stdout] help: call `.into_iter()` first
[INFO] [stdout]     |
[INFO] [stdout] 171 |     for chunk in to_absorb.into_iter().array_chunks::<AW>() {
[INFO] [stdout]     |                            ++++++++++++
[INFO] [stdout] 
[INFO] [stdout] 
[INFO] [stdout] error[E0599]: no method named `array_chunks` found for reference `&[F]` in the current scope
[INFO] [stdout]    --> /opt/rustwide/cargo-home/registry/src/index.crates.io-1949cf8c6b5b557f/boojum-0.32.9/src/algebraic_props/round_function.rs:176:18
[INFO] [stdout]     |
[INFO] [stdout] 176 |     if to_absorb.array_chunks::<AW>().remainder().is_empty() == false {
[INFO] [stdout]     |                  ^^^^^^^^^^^^ `&[F]` is not an iterator
[INFO] [stdout]     |
[INFO] [stdout] help: call `.into_iter()` first
[INFO] [stdout]     |
[INFO] [stdout] 176 |     if to_absorb.into_iter().array_chunks::<AW>().remainder().is_empty() == false {
[INFO] [stdout]     |                  ++++++++++++
[INFO] [stdout] 
[INFO] [stdout] 
[INFO] [stdout] error[E0599]: no method named `array_chunks` found for reference `&[F]` in the current scope
[INFO] [stdout]    --> /opt/rustwide/cargo-home/registry/src/index.crates.io-1949cf8c6b5b557f/boojum-0.32.9/src/algebraic_props/round_function.rs:178:35
[INFO] [stdout]     |
[INFO] [stdout] 178 |         let remainder = to_absorb.array_chunks::<AW>().remainder();
[INFO] [stdout]     |                                   ^^^^^^^^^^^^ `&[F]` is not an iterator
[INFO] [stdout]     |
[INFO] [stdout] help: call `.into_iter()` first
[INFO] [stdout]     |
[INFO] [stdout] 178 |         let remainder = to_absorb.into_iter().array_chunks::<AW>().remainder();
[INFO] [stdout]     |                                   ++++++++++++
[INFO] [stdout] 
[INFO] [stdout] 
[INFO] [stdout] error[E0599]: no method named `array_chunks_mut` found for array `[cs::Variable; N * 2]` in the current scope
[INFO] [stdout]    --> /opt/rustwide/cargo-home/registry/src/index.crates.io-1949cf8c6b5b557f/boojum-0.32.9/src/cs/gates/dot_product_gate.rs:197:34
[INFO] [stdout]     |
[INFO] [stdout] 197 |             .zip(terms_flattened.array_chunks_mut::<2>())
[INFO] [stdout]     |                                  ^^^^^^^^^^^^^^^^
[INFO] [stdout]     |
[INFO] [stdout] help: there is a method `rchunks_mut` with a similar name, but with different arguments
[INFO] [stdout]    --> /rustc/e3feeb59cd1bdd011a2bfcc0747b55125d9b8527/library/core/src/slice/mod.rs:1741:4
[INFO] [stdout] 
[INFO] [stdout] 
[INFO] [stdout] error[E0599]: `[F; N * 2]` is not an iterator
[INFO] [stdout]    --> /opt/rustwide/cargo-home/registry/src/index.crates.io-1949cf8c6b5b557f/boojum-0.32.9/src/cs/gates/dot_product_gate.rs:207:38
[INFO] [stdout]     |
[INFO] [stdout] 207 |                 for [a, b] in inputs.array_chunks::<2>() {
[INFO] [stdout]     |                                      ^^^^^^^^^^^^ `[F; N * 2]` is not an iterator
[INFO] [stdout]     |
[INFO] [stdout]     = note: the following trait bounds were not satisfied:
[INFO] [stdout]             `[F; N * 2]: Iterator`
[INFO] [stdout]             which is required by `&mut [F; N * 2]: Iterator`
[INFO] [stdout]             `[F]: Iterator`
[INFO] [stdout]             which is required by `&mut [F]: Iterator`
[INFO] [stdout] 
[INFO] [stdout] 
[INFO] [stdout] error[E0658]: use of unstable library feature `allocator_ext`
[INFO] [stdout]    --> /opt/rustwide/cargo-home/registry/src/index.crates.io-1949cf8c6b5b557f/boojum-0.32.9/src/cs/implementations/copy_permutation.rs:235:50
[INFO] [stdout]     |
[INFO] [stdout] 235 |                         .zip(buffer_for_inverses.drain(..))
[INFO] [stdout]     |                                                  ^^^^^
[INFO] [stdout]     |
[INFO] [stdout]     = note: required for `A` to implement `std::alloc::AllocatorNightly`
[INFO] [stdout] note: required by a bound in `Vec::<T, A>::drain`
[INFO] [stdout]    --> /rustc/e3feeb59cd1bdd011a2bfcc0747b55125d9b8527/library/alloc/src/vec/mod.rs:3047:4
[INFO] [stdout] 
[INFO] [stdout] 
[INFO] [stderr]    Compiling rustls-pemfile v1.0.4
[INFO] [stdout] error[E0599]: no method named `into_raw_parts_with_alloc` found for struct `Vec<F, A>` in the current scope
[INFO] [stdout]    --> /opt/rustwide/cargo-home/registry/src/index.crates.io-1949cf8c6b5b557f/boojum-0.32.9/src/cs/implementations/fast_serialization.rs:331:54
[INFO] [stdout]     |
[INFO] [stdout] 331 |         let (ptr, len, capacity, allocator) = result.into_raw_parts_with_alloc();
[INFO] [stdout]     |                                                      ^^^^^^^^^^^^^^^^^^^^^^^^^
[INFO] [stdout]     |
[INFO] [stdout] help: there is a method `into_raw_parts_with_allocator` with a similar name
[INFO] [stdout]     |
[INFO] [stdout] 331 |         let (ptr, len, capacity, allocator) = result.into_raw_parts_with_allocator();
[INFO] [stdout]     |                                                                               ++++
[INFO] [stdout] 
[INFO] [stdout] 
[INFO] [stdout] error[E0599]: no method named `into_raw_parts_with_alloc` found for struct `Vec<u8, A>` in the current scope
[INFO] [stdout]    --> /opt/rustwide/cargo-home/registry/src/index.crates.io-1949cf8c6b5b557f/boojum-0.32.9/src/cs/implementations/fast_serialization.rs:379:54
[INFO] [stdout]     |
[INFO] [stdout] 379 |         let (ptr, len, capacity, allocator) = result.into_raw_parts_with_alloc();
[INFO] [stdout]     |                                                      ^^^^^^^^^^^^^^^^^^^^^^^^^
[INFO] [stdout]     |
[INFO] [stdout] help: there is a method `into_raw_parts_with_allocator` with a similar name
[INFO] [stdout]     |
[INFO] [stdout] 379 |         let (ptr, len, capacity, allocator) = result.into_raw_parts_with_allocator();
[INFO] [stdout]     |                                                                               ++++
[INFO] [stdout] 
[INFO] [stdout] 
[INFO] [stdout] error[E0599]: no method named `array_chunks` found for reference `&[F]` in the current scope
[INFO] [stdout]    --> /opt/rustwide/cargo-home/registry/src/index.crates.io-1949cf8c6b5b557f/boojum-0.32.9/src/cs/implementations/fri/mod.rs:380:38
[INFO] [stdout]     |
[INFO] [stdout] 380 |     let mut src_c0_chunks = c0_chunk.array_chunks::<32>();
[INFO] [stdout]     |                                      ^^^^^^^^^^^^ `&[F]` is not an iterator
[INFO] [stdout]     |
[INFO] [stdout] help: call `.into_iter()` first
[INFO] [stdout]     |
[INFO] [stdout] 380 |     let mut src_c0_chunks = c0_chunk.into_iter().array_chunks::<32>();
[INFO] [stdout]     |                                      ++++++++++++
[INFO] [stdout] 
[INFO] [stdout] 
[INFO] [stdout] error[E0599]: no method named `array_chunks` found for reference `&[F]` in the current scope
[INFO] [stdout]    --> /opt/rustwide/cargo-home/registry/src/index.crates.io-1949cf8c6b5b557f/boojum-0.32.9/src/cs/implementations/fri/mod.rs:381:38
[INFO] [stdout]     |
[INFO] [stdout] 381 |     let mut src_c1_chunks = c1_chunk.array_chunks::<32>();
[INFO] [stdout]     |                                      ^^^^^^^^^^^^ `&[F]` is not an iterator
[INFO] [stdout]     |
[INFO] [stdout] help: call `.into_iter()` first
[INFO] [stdout]     |
[INFO] [stdout] 381 |     let mut src_c1_chunks = c1_chunk.into_iter().array_chunks::<32>();
[INFO] [stdout]     |                                      ++++++++++++
[INFO] [stdout] 
[INFO] [stdout] 
[INFO] [stdout] error[E0599]: no method named `array_chunks_mut` found for mutable reference `&mut [MaybeUninit<F>]` in the current scope
[INFO] [stdout]    --> /opt/rustwide/cargo-home/registry/src/index.crates.io-1949cf8c6b5b557f/boojum-0.32.9/src/cs/implementations/fri/mod.rs:383:36
[INFO] [stdout]     |
[INFO] [stdout] 383 |     let mut dst_c0_chunks = dst_c0.array_chunks_mut::<16>();
[INFO] [stdout]     |                                    ^^^^^^^^^^^^^^^^
[INFO] [stdout]     |
[INFO] [stdout] help: there is a method `rchunks_mut` with a similar name, but with different arguments
[INFO] [stdout]    --> /rustc/e3feeb59cd1bdd011a2bfcc0747b55125d9b8527/library/core/src/slice/mod.rs:1741:4
[INFO] [stdout] 
[INFO] [stdout] 
[INFO] [stdout] error[E0599]: no method named `array_chunks_mut` found for mutable reference `&mut [MaybeUninit<F>]` in the current scope
[INFO] [stdout]    --> /opt/rustwide/cargo-home/registry/src/index.crates.io-1949cf8c6b5b557f/boojum-0.32.9/src/cs/implementations/fri/mod.rs:384:36
[INFO] [stdout]     |
[INFO] [stdout] 384 |     let mut dst_c1_chunks = dst_c1.array_chunks_mut::<16>();
[INFO] [stdout]     |                                    ^^^^^^^^^^^^^^^^
[INFO] [stdout]     |
[INFO] [stdout] help: there is a method `rchunks_mut` with a similar name, but with different arguments
[INFO] [stdout]    --> /rustc/e3feeb59cd1bdd011a2bfcc0747b55125d9b8527/library/core/src/slice/mod.rs:1741:4
[INFO] [stdout] 
[INFO] [stdout] 
[INFO] [stderr]    Compiling tiny-keccak v1.5.0
[INFO] [stdout] error[E0599]: no method named `array_chunks` found for reference `&[F]` in the current scope
[INFO] [stdout]    --> /opt/rustwide/cargo-home/registry/src/index.crates.io-1949cf8c6b5b557f/boojum-0.32.9/src/cs/implementations/fri/mod.rs:386:34
[INFO] [stdout]     |
[INFO] [stdout] 386 |     let mut roots_chunks = roots.array_chunks::<16>();
[INFO] [stdout]     |                                  ^^^^^^^^^^^^ `&[F]` is not an iterator
[INFO] [stdout]     |
[INFO] [stdout] help: call `.into_iter()` first
[INFO] [stdout]     |
[INFO] [stdout] 386 |     let mut roots_chunks = roots.into_iter().array_chunks::<16>();
[INFO] [stdout]     |                                  ++++++++++++
[INFO] [stdout] 
[INFO] [stdout] 
[INFO] [stderr]    Compiling sha1 v0.10.6
[INFO] [stdout] error[E0658]: use of unstable library feature `allocator_ext`
[INFO] [stdout]    --> /opt/rustwide/cargo-home/registry/src/index.crates.io-1949cf8c6b5b557f/boojum-0.32.9/src/cs/implementations/polynomial/mod.rs:279:37
[INFO] [stdout]     |
[INFO] [stdout] 279 |             subchunk.extend(storage.drain(..degree / P::SIZE_FACTOR));
[INFO] [stdout]     |                                     ^^^^^
[INFO] [stdout]     |
[INFO] [stdout]     = note: required for `A` to implement `std::alloc::AllocatorNightly`
[INFO] [stdout] note: required by a bound in `Vec::<T, A>::drain`
[INFO] [stdout]    --> /rustc/e3feeb59cd1bdd011a2bfcc0747b55125d9b8527/library/alloc/src/vec/mod.rs:3047:4
[INFO] [stdout] 
[INFO] [stdout] 
[INFO] [stderr]    Compiling digest v0.9.0
[INFO] [stdout] error[E0599]: no method named `array_chunks` found for struct `Vec<lde::ArcGenericLdeStorage<F, P>>` in the current scope
[INFO] [stdout]     --> /opt/rustwide/cargo-home/registry/src/index.crates.io-1949cf8c6b5b557f/boojum-0.32.9/src/cs/implementations/prover.rs:1686:18
[INFO] [stdout]      |
[INFO] [stdout] 1685 |             quotient_chunks_ldes
[INFO] [stdout] 1686 |                 .array_chunks::<2>()
[INFO] [stdout]      |                  ^^^^^^^^^^^^ `Vec<lde::ArcGenericLdeStorage<F, P>>` is not an iterator
[INFO] [stdout]      |
[INFO] [stdout] help: call `.into_iter()` first
[INFO] [stdout]      |
[INFO] [stdout] 1686 |                 .into_iter().array_chunks::<2>()
[INFO] [stdout]      |                  ++++++++++++
[INFO] [stdout] 
[INFO] [stdout] 
[INFO] [stdout] error[E0599]: no method named `array_chunks` found for struct `Vec<lde::ArcGenericLdeStorage<F, P>>` in the current scope
[INFO] [stdout]     --> /opt/rustwide/cargo-home/registry/src/index.crates.io-1949cf8c6b5b557f/boojum-0.32.9/src/cs/implementations/prover.rs:1930:55
[INFO] [stdout]      |
[INFO] [stdout] 1930 |         let quotinents: Vec<_> = quotient_chunks_ldes.array_chunks::<2>().cloned().collect();
[INFO] [stdout]      |                                                       ^^^^^^^^^^^^ `Vec<lde::ArcGenericLdeStorage<F, P>>` is not an iterator
[INFO] [stdout]      |
[INFO] [stdout] help: call `.into_iter()` first
[INFO] [stdout]      |
[INFO] [stdout] 1930 |         let quotinents: Vec<_> = quotient_chunks_ldes.into_iter().array_chunks::<2>().cloned().collect();
[INFO] [stdout]      |                                                       ++++++++++++
[INFO] [stdout] 
[INFO] [stdout] 
[INFO] [stderr]    Compiling rust_decimal v1.37.2
[INFO] [stderr]    Compiling block-padding v0.2.1
[INFO] [stderr]    Compiling syn v0.15.44
[INFO] [stdout] error[E0599]: no method named `array_chunks` found for struct `Vec<F>` in the current scope
[INFO] [stdout]    --> /opt/rustwide/cargo-home/registry/src/index.crates.io-1949cf8c6b5b557f/boojum-0.32.9/src/cs/implementations/transcript.rs:118:32
[INFO] [stdout]     |
[INFO] [stdout] 118 |         for chunk in to_absorb.array_chunks::<AW>() {
[INFO] [stdout]     |                                ^^^^^^^^^^^^ `Vec<F>` is not an iterator
[INFO] [stdout]     |
[INFO] [stdout] help: call `.into_iter()` first
[INFO] [stdout]     |
[INFO] [stdout] 118 |         for chunk in to_absorb.into_iter().array_chunks::<AW>() {
[INFO] [stdout]     |                                ++++++++++++
[INFO] [stdout] 
[INFO] [stdout] 
[INFO] [stderr]    Compiling arrayvec v0.4.12
[INFO] [stderr]    Compiling block-buffer v0.9.0
[INFO] [stderr]    Compiling zksync_bellman v0.32.9
[INFO] [stderr]    Compiling rustls-native-certs v0.6.3
[INFO] [stdout] error[E0599]: no method named `array_chunks` found for reference `&[F]` in the current scope
[INFO] [stdout]     --> /opt/rustwide/cargo-home/registry/src/index.crates.io-1949cf8c6b5b557f/boojum-0.32.9/src/cs/implementations/verifier.rs:2226:24
[INFO] [stdout]      |
[INFO] [stdout] 2226 |                     el.array_chunks::<2>()
[INFO] [stdout]      |                        ^^^^^^^^^^^^ `&[F]` is not an iterator
[INFO] [stdout]      |
[INFO] [stdout] help: call `.into_iter()` first
[INFO] [stdout]      |
[INFO] [stdout] 2226 |                     el.into_iter().array_chunks::<2>()
[INFO] [stdout]      |                        ++++++++++++
[INFO] [stdout] 
[INFO] [stdout] 
[INFO] [stdout] error[E0599]: no method named `array_chunks` found for struct `Vec<field::traits::field::ExtensionField<F, 2, EXT>>` in the current scope
[INFO] [stdout]     --> /opt/rustwide/cargo-home/registry/src/index.crates.io-1949cf8c6b5b557f/boojum-0.32.9/src/cs/implementations/verifier.rs:2464:64
[INFO] [stdout]      |
[INFO] [stdout] 2464 |                     for (i, [a, b]) in elements_to_interpolate.array_chunks::<2>().enumerate() {
[INFO] [stdout]      |                                                                ^^^^^^^^^^^^ `Vec<field::traits::field::ExtensionField<F, 2, EXT>>` is not an iterator
[INFO] [stdout]      |
[INFO] [stdout] help: call `.into_iter()` first
[INFO] [stdout]      |
[INFO] [stdout] 2464 |                     for (i, [a, b]) in elements_to_interpolate.into_iter().array_chunks::<2>().enumerate() {
[INFO] [stdout]      |                                                                ++++++++++++
[INFO] [stdout] 
[INFO] [stdout] 
[INFO] [stdout] error[E0658]: use of unstable library feature `allocator_ext`
[INFO] [stdout]    --> /opt/rustwide/cargo-home/registry/src/index.crates.io-1949cf8c6b5b557f/boojum-0.32.9/src/cs/oracle/merkle_tree.rs:131:50
[INFO] [stdout]     |
[INFO] [stdout] 131 |                         sources_flattened.push(s.drain(..1).next().expect("chunk must exist"));
[INFO] [stdout]     |                                                  ^^^^^
[INFO] [stdout]     |
[INFO] [stdout]     = note: required for `B` to implement `std::alloc::AllocatorNightly`
[INFO] [stdout] note: required by a bound in `Vec::<T, A>::drain`
[INFO] [stdout]    --> /rustc/e3feeb59cd1bdd011a2bfcc0747b55125d9b8527/library/alloc/src/vec/mod.rs:3047:4
[INFO] [stdout] 
[INFO] [stdout] 
[INFO] [stdout] error[E0599]: no method named `array_chunks` found for reference `&[<H as cs::oracle::TreeHasher<F>>::Output]` in the current scope
[INFO] [stdout]    --> /opt/rustwide/cargo-home/registry/src/index.crates.io-1949cf8c6b5b557f/boojum-0.32.9/src/cs/oracle/merkle_tree.rs:422:66
[INFO] [stdout]     |
[INFO] [stdout] 422 |                         for (dst, src) in dst.iter_mut().zip(src.array_chunks::<2>()) {
[INFO] [stdout]     |                                                                  ^^^^^^^^^^^^ `&[<H as cs::oracle::TreeHasher<F>>::Output]` is not an iterator
[INFO] [stdout]     |
[INFO] [stdout] help: call `.into_iter()` first
[INFO] [stdout]     |
[INFO] [stdout] 422 |                         for (dst, src) in dst.iter_mut().zip(src.into_iter().array_chunks::<2>()) {
[INFO] [stdout]     |                                                                  ++++++++++++
[INFO] [stdout] 
[INFO] [stdout] 
[INFO] [stderr]    Compiling tokio-rustls v0.24.1
[INFO] [stdout] error[E0599]: no method named `into_raw_parts_with_alloc` found for struct `Vec<goldilocks::GoldilocksField, A>` in the current scope
[INFO] [stdout]    --> /opt/rustwide/cargo-home/registry/src/index.crates.io-1949cf8c6b5b557f/boojum-0.32.9/src/field/goldilocks/generic_impl.rs:318:53
[INFO] [stdout]     |
[INFO] [stdout] 318 |         let (ptr, len, capacity, allocator) = input.into_raw_parts_with_alloc();
[INFO] [stdout]     |                                                     ^^^^^^^^^^^^^^^^^^^^^^^^^
[INFO] [stdout]     |
[INFO] [stdout] help: there is a method `into_raw_parts_with_allocator` with a similar name
[INFO] [stdout]     |
[INFO] [stdout] 318 |         let (ptr, len, capacity, allocator) = input.into_raw_parts_with_allocator();
[INFO] [stdout]     |                                                                              ++++
[INFO] [stdout] 
[INFO] [stdout] 
[INFO] [stdout] error[E0599]: no method named `into_raw_parts_with_alloc` found for struct `Vec<generic_impl::MixedGL, A>` in the current scope
[INFO] [stdout]    --> /opt/rustwide/cargo-home/registry/src/index.crates.io-1949cf8c6b5b557f/boojum-0.32.9/src/field/goldilocks/generic_impl.rs:335:53
[INFO] [stdout]     |
[INFO] [stdout] 335 |         let (ptr, len, capacity, allocator) = input.into_raw_parts_with_alloc();
[INFO] [stdout]     |                                                     ^^^^^^^^^^^^^^^^^^^^^^^^^
[INFO] [stdout]     |
[INFO] [stdout] help: there is a method `into_raw_parts_with_allocator` with a similar name
[INFO] [stdout]     |
[INFO] [stdout] 335 |         let (ptr, len, capacity, allocator) = input.into_raw_parts_with_allocator();
[INFO] [stdout]     |                                                                              ++++
[INFO] [stdout] 
[INFO] [stdout] 
[INFO] [stdout] error[E0308]: mismatched types
[INFO] [stdout]   --> /opt/rustwide/cargo-home/registry/src/index.crates.io-1949cf8c6b5b557f/boojum-0.32.9/src/gadgets/boolean/mod.rs:66:9
[INFO] [stdout]    |
[INFO] [stdout] 66 |         [self.variable]
[INFO] [stdout]    |         ^^^^^^^^^^^^^^^ expected `Self::INTERNAL_STRUCT_LEN`, found `1`
[INFO] [stdout]    |
[INFO] [stdout]    = note: expected constant `Self::INTERNAL_STRUCT_LEN`
[INFO] [stdout]               found constant `1`
[INFO] [stdout] 
[INFO] [stdout] 
[INFO] [stdout] error[E0599]: `&[gadgets::num::Num<F>; N]` is not an iterator
[INFO] [stdout]    --> /opt/rustwide/cargo-home/registry/src/index.crates.io-1949cf8c6b5b557f/boojum-0.32.9/src/gadgets/num/mod.rs:162:27
[INFO] [stdout]     |
[INFO] [stdout] 162 |             let mut a = a.array_chunks::<4>();
[INFO] [stdout]     |                           ^^^^^^^^^^^^ `&[gadgets::num::Num<F>; N]` is not an iterator
[INFO] [stdout]     |
[INFO] [stdout]     = note: the following trait bounds were not satisfied:
[INFO] [stdout]             `&[gadgets::num::Num<F>; N]: Iterator`
[INFO] [stdout]             which is required by `&mut &[gadgets::num::Num<F>; N]: Iterator`
[INFO] [stdout]             `[gadgets::num::Num<F>; N]: Iterator`
[INFO] [stdout]             which is required by `&mut [gadgets::num::Num<F>; N]: Iterator`
[INFO] [stdout]             `[gadgets::num::Num<F>]: Iterator`
[INFO] [stdout]             which is required by `&mut [gadgets::num::Num<F>]: Iterator`
[INFO] [stdout] 
[INFO] [stdout] 
[INFO] [stdout] error[E0599]: `&[gadgets::num::Num<F>; N]` is not an iterator
[INFO] [stdout]    --> /opt/rustwide/cargo-home/registry/src/index.crates.io-1949cf8c6b5b557f/boojum-0.32.9/src/gadgets/num/mod.rs:163:27
[INFO] [stdout]     |
[INFO] [stdout] 163 |             let mut b = b.array_chunks::<4>();
[INFO] [stdout]     |                           ^^^^^^^^^^^^ `&[gadgets::num::Num<F>; N]` is not an iterator
[INFO] [stdout]     |
[INFO] [stdout]     = note: the following trait bounds were not satisfied:
[INFO] [stdout]             `&[gadgets::num::Num<F>; N]: Iterator`
[INFO] [stdout]             which is required by `&mut &[gadgets::num::Num<F>; N]: Iterator`
[INFO] [stdout]             `[gadgets::num::Num<F>; N]: Iterator`
[INFO] [stdout]             which is required by `&mut [gadgets::num::Num<F>; N]: Iterator`
[INFO] [stdout]             `[gadgets::num::Num<F>]: Iterator`
[INFO] [stdout]             which is required by `&mut [gadgets::num::Num<F>]: Iterator`
[INFO] [stdout] 
[INFO] [stdout] 
[INFO] [stdout] error[E0599]: no method named `array_chunks_mut` found for array `[cs::Variable; N]` in the current scope
[INFO] [stdout]    --> /opt/rustwide/cargo-home/registry/src/index.crates.io-1949cf8c6b5b557f/boojum-0.32.9/src/gadgets/num/mod.rs:164:34
[INFO] [stdout]     |
[INFO] [stdout] 164 |             let mut dst = result.array_chunks_mut::<4>();
[INFO] [stdout]     |                                  ^^^^^^^^^^^^^^^^
[INFO] [stdout]     |
[INFO] [stdout] help: there is a method `rchunks_mut` with a similar name, but with different arguments
[INFO] [stdout]    --> /rustc/e3feeb59cd1bdd011a2bfcc0747b55125d9b8527/library/core/src/slice/mod.rs:1741:4
[INFO] [stdout] 
[INFO] [stdout] 
[INFO] [stdout] error[E0308]: mismatched types
[INFO] [stdout]    --> /opt/rustwide/cargo-home/registry/src/index.crates.io-1949cf8c6b5b557f/boojum-0.32.9/src/gadgets/num/mod.rs:172:44
[INFO] [stdout]     |
[INFO] [stdout] 125 | impl<F: SmallField> Selectable<F> for Num<F> {
[INFO] [stdout]     |      - expected this type parameter
[INFO] [stdout] ...
[INFO] [stdout] 172 |             if a.remainder().is_empty() == false {
[INFO] [stdout]     |                                            ^^^^^ expected type parameter `F`, found `bool`
[INFO] [stdout]     |
[INFO] [stdout]     = note: expected type parameter `F`
[INFO] [stdout]                          found type `bool`
[INFO] [stdout]     = note: `bool` implements `PartialEq<{type error}>`
[INFO] [stdout] help: consider swapping the equality
[INFO] [stdout]     |
[INFO] [stdout] 172 -             if a.remainder().is_empty() == false {
[INFO] [stdout] 172 +             if false == a.remainder().is_empty() {
[INFO] [stdout]     |
[INFO] [stdout] 
[INFO] [stdout] 
[INFO] [stdout] error[E0599]: no method named `array_chunks` found for struct `arrayvec::ArrayVec<cs::Variable, LIMIT>` in the current scope
[INFO] [stdout]    --> /opt/rustwide/cargo-home/registry/src/index.crates.io-1949cf8c6b5b557f/boojum-0.32.9/src/gadgets/num/mod.rs:367:49
[INFO] [stdout]     |
[INFO] [stdout] 367 |                 let mut chunks = vars_array_vec.array_chunks::<4>();
[INFO] [stdout]     |                                                 ^^^^^^^^^^^^ `arrayvec::ArrayVec<cs::Variable, LIMIT>` is not an iterator
[INFO] [stdout]     |
[INFO] [stdout] help: call `.into_iter()` first
[INFO] [stdout]     |
[INFO] [stdout] 367 |                 let mut chunks = vars_array_vec.into_iter().array_chunks::<4>();
[INFO] [stdout]     |                                                 ++++++++++++
[INFO] [stdout] 
[INFO] [stdout] 
[INFO] [stderr]    Compiling aws-smithy-http v0.62.1
[INFO] [stdout] error[E0308]: mismatched types
[INFO] [stdout]    --> /opt/rustwide/cargo-home/registry/src/index.crates.io-1949cf8c6b5b557f/boojum-0.32.9/src/gadgets/num/mod.rs:375:37
[INFO] [stdout]     |
[INFO] [stdout] 193 | impl<F: SmallField> Num<F> {
[INFO] [stdout]     |      - expected this type parameter
[INFO] [stdout] ...
[INFO] [stdout] 375 |                 if remainder_len != 0 {
[INFO] [stdout]     |                                     ^ expected type parameter `F`, found integer
[INFO] [stdout]     |
[INFO] [stdout]     = note: expected type parameter `F`
[INFO] [stdout]                          found type `{integer}`
[INFO] [stdout] 
[INFO] [stdout] 
[INFO] [stdout] error[E0599]: no method named `array_chunks_mut` found for array `[cs::Variable; N * 2]` in the current scope
[INFO] [stdout]    --> /opt/rustwide/cargo-home/registry/src/index.crates.io-1949cf8c6b5b557f/boojum-0.32.9/src/gadgets/num/mod.rs:811:37
[INFO] [stdout]     |
[INFO] [stdout] 811 |                     .zip(gate.terms.array_chunks_mut::<2>())
[INFO] [stdout]     |                                     ^^^^^^^^^^^^^^^^
[INFO] [stdout]     |
[INFO] [stdout] help: there is a method `rchunks_mut` with a similar name, but with different arguments
[INFO] [stdout]    --> /rustc/e3feeb59cd1bdd011a2bfcc0747b55125d9b8527/library/core/src/slice/mod.rs:1741:4
[INFO] [stdout] 
[INFO] [stdout] 
[INFO] [stdout] error[E0599]: no method named `array_chunks` found for reference `&[(cs::Variable, F)]` in the current scope
[INFO] [stdout]    --> /opt/rustwide/cargo-home/registry/src/index.crates.io-1949cf8c6b5b557f/boojum-0.32.9/src/gadgets/num/mod.rs:822:44
[INFO] [stdout]     |
[INFO] [stdout] 822 |                     let mut chunks = input.array_chunks::<4>();
[INFO] [stdout]     |                                            ^^^^^^^^^^^^ `&[(cs::Variable, F)]` is not an iterator
[INFO] [stdout]     |
[INFO] [stdout] help: call `.into_iter()` first
[INFO] [stdout]     |
[INFO] [stdout] 822 |                     let mut chunks = input.into_iter().array_chunks::<4>();
[INFO] [stdout]     |                                            ++++++++++++
[INFO] [stdout] 
[INFO] [stdout] 
[INFO] [stdout] error[E0599]: no method named `array_chunks_mut` found for array `[cs::Variable; N * 2]` in the current scope
[INFO] [stdout]    --> /opt/rustwide/cargo-home/registry/src/index.crates.io-1949cf8c6b5b557f/boojum-0.32.9/src/gadgets/num/mod.rs:856:41
[INFO] [stdout]     |
[INFO] [stdout] 856 |                         .zip(gate.terms.array_chunks_mut::<2>())
[INFO] [stdout]     |                                         ^^^^^^^^^^^^^^^^
[INFO] [stdout]     |
[INFO] [stdout] help: there is a method `rchunks_mut` with a similar name, but with different arguments
[INFO] [stdout]    --> /rustc/e3feeb59cd1bdd011a2bfcc0747b55125d9b8527/library/core/src/slice/mod.rs:1741:4
[INFO] [stdout] 
[INFO] [stdout] 
[INFO] [stdout] error[E0599]: no method named `array_chunks` found for reference `&[(cs::Variable, F)]` in the current scope
[INFO] [stdout]    --> /opt/rustwide/cargo-home/registry/src/index.crates.io-1949cf8c6b5b557f/boojum-0.32.9/src/gadgets/num/mod.rs:874:44
[INFO] [stdout]     |
[INFO] [stdout] 874 |                     let mut chunks = input.array_chunks::<3>();
[INFO] [stdout]     |                                            ^^^^^^^^^^^^ `&[(cs::Variable, F)]` is not an iterator
[INFO] [stdout]     |
[INFO] [stdout] help: call `.into_iter()` first
[INFO] [stdout]     |
[INFO] [stdout] 874 |                     let mut chunks = input.into_iter().array_chunks::<3>();
[INFO] [stdout]     |                                            ++++++++++++
[INFO] [stdout] 
[INFO] [stdout] 
[INFO] [stdout] error[E0599]: no method named `array_chunks_mut` found for array `[cs::Variable; N * 2]` in the current scope
[INFO] [stdout]    --> /opt/rustwide/cargo-home/registry/src/index.crates.io-1949cf8c6b5b557f/boojum-0.32.9/src/gadgets/num/mod.rs:911:41
[INFO] [stdout]     |
[INFO] [stdout] 911 |                         .zip(gate.terms.array_chunks_mut::<2>())
[INFO] [stdout]     |                                         ^^^^^^^^^^^^^^^^
[INFO] [stdout]     |
[INFO] [stdout] help: there is a method `rchunks_mut` with a similar name, but with different arguments
[INFO] [stdout]    --> /rustc/e3feeb59cd1bdd011a2bfcc0747b55125d9b8527/library/core/src/slice/mod.rs:1741:4
[INFO] [stdout] 
[INFO] [stdout] 
[INFO] [stdout] error[E0308]: mismatched types
[INFO] [stdout]     --> /opt/rustwide/cargo-home/registry/src/index.crates.io-1949cf8c6b5b557f/boojum-0.32.9/src/gadgets/num/mod.rs:1257:9
[INFO] [stdout]      |
[INFO] [stdout] 1257 |         [self.variable]
[INFO] [stdout]      |         ^^^^^^^^^^^^^^^ expected `Self::INTERNAL_STRUCT_LEN`, found `1`
[INFO] [stdout]      |
[INFO] [stdout]      = note: expected constant `Self::INTERNAL_STRUCT_LEN`
[INFO] [stdout]                 found constant `1`
[INFO] [stdout] 
[INFO] [stdout] 
[INFO] [stdout] error[E0599]: no method named `array_chunks_mut` found for array `[cs::Variable; 8]` in the current scope
[INFO] [stdout]   --> /opt/rustwide/cargo-home/registry/src/index.crates.io-1949cf8c6b5b557f/boojum-0.32.9/src/gadgets/blake2s/mixing_function.rs:74:10
[INFO] [stdout]    |
[INFO] [stdout] 73 |     for (dst, src) in not_shifted_b_chunks
[INFO] [stdout] 74 |         .array_chunks_mut::<2>()
[INFO] [stdout]    |          ^^^^^^^^^^^^^^^^
[INFO] [stdout]    |
[INFO] [stdout] help: there is a method `rchunks_mut` with a similar name, but with different arguments
[INFO] [stdout]   --> /rustc/e3feeb59cd1bdd011a2bfcc0747b55125d9b8527/library/core/src/slice/mod.rs:1741:4
[INFO] [stdout] 
[INFO] [stdout] 
[INFO] [stdout] error[E0599]: no method named `array_chunks_mut` found for array `[cs::Variable; 8]` in the current scope
[INFO] [stdout]    --> /opt/rustwide/cargo-home/registry/src/index.crates.io-1949cf8c6b5b557f/boojum-0.32.9/src/gadgets/blake2s/mixing_function.rs:130:10
[INFO] [stdout]     |
[INFO] [stdout] 129 |     for (dst, src) in not_shifted_b_chunks
[INFO] [stdout] 130 |         .array_chunks_mut::<2>()
[INFO] [stdout]     |          ^^^^^^^^^^^^^^^^
[INFO] [stdout]     |
[INFO] [stdout] help: there is a method `rchunks_mut` with a similar name, but with different arguments
[INFO] [stdout]    --> /rustc/e3feeb59cd1bdd011a2bfcc0747b55125d9b8527/library/core/src/slice/mod.rs:1741:4
[INFO] [stdout] 
[INFO] [stdout] 
[INFO] [stdout] error[E0599]: no method named `array_chunks` found for reference `&[gadgets::u8::UInt8<F>]` in the current scope
[INFO] [stdout]   --> /opt/rustwide/cargo-home/registry/src/index.crates.io-1949cf8c6b5b557f/boojum-0.32.9/src/gadgets/blake2s/mod.rs:69:34
[INFO] [stdout]    |
[INFO] [stdout] 69 |     let mut input_chunks = input.array_chunks::<BLAKE2S_BLOCK_SIZE>();
[INFO] [stdout]    |                                  ^^^^^^^^^^^^ `&[gadgets::u8::UInt8<F>]` is not an iterator
[INFO] [stdout]    |
[INFO] [stdout] help: call `.into_iter()` first
[INFO] [stdout]    |
[INFO] [stdout] 69 |     let mut input_chunks = input.into_iter().array_chunks::<BLAKE2S_BLOCK_SIZE>();
[INFO] [stdout]    |                                  ++++++++++++
[INFO] [stdout] 
[INFO] [stdout] 
[INFO] [stdout] error[E0308]: mismatched types
[INFO] [stdout]    --> /opt/rustwide/cargo-home/registry/src/index.crates.io-1949cf8c6b5b557f/boojum-0.32.9/src/gadgets/blake2s/mod.rs:103:23
[INFO] [stdout]     |
[INFO] [stdout]  35 | pub fn blake2s<F: SmallField, CS: ConstraintSystem<F>>(
[INFO] [stdout]     |                - expected this type parameter
[INFO] [stdout] ...
[INFO] [stdout] 103 |         assert!(len > 0);
[INFO] [stdout]     |                       ^ expected type parameter `F`, found integer
[INFO] [stdout]     |
[INFO] [stdout]     = note: expected type parameter `F`
[INFO] [stdout]                          found type `{integer}`
[INFO] [stdout] 
[INFO] [stdout] 
[INFO] [stdout] error[E0308]: mismatched types
[INFO] [stdout]    --> /opt/rustwide/cargo-home/registry/src/index.crates.io-1949cf8c6b5b557f/boojum-0.32.9/src/gadgets/blake2s/mod.rs:104:23
[INFO] [stdout]     |
[INFO] [stdout]  35 | pub fn blake2s<F: SmallField, CS: ConstraintSystem<F>>(
[INFO] [stdout]     |                - expected this type parameter
[INFO] [stdout] ...
[INFO] [stdout] 104 |         assert!(len < BLAKE2S_BLOCK_SIZE);
[INFO] [stdout]     |                       ^^^^^^^^^^^^^^^^^^ expected type parameter `F`, found `usize`
[INFO] [stdout]     |
[INFO] [stdout]     = note: expected type parameter `F`
[INFO] [stdout]                          found type `usize`
[INFO] [stdout] 
[INFO] [stdout] 
[INFO] [stdout] error[E0599]: no method named `array_chunks_mut` found for array `[MaybeUninit<gadgets::u8::UInt8<F>>; 32]` in the current scope
[INFO] [stdout]    --> /opt/rustwide/cargo-home/registry/src/index.crates.io-1949cf8c6b5b557f/boojum-0.32.9/src/gadgets/blake2s/mod.rs:128:30
[INFO] [stdout]     |
[INFO] [stdout] 128 |     for (dst, src) in result.array_chunks_mut::<4>().zip(state[..8].iter()) {
[INFO] [stdout]     |                              ^^^^^^^^^^^^^^^^
[INFO] [stdout]     |
[INFO] [stdout] help: there is a method `rchunks_mut` with a similar name, but with different arguments
[INFO] [stdout]    --> /rustc/e3feeb59cd1bdd011a2bfcc0747b55125d9b8527/library/core/src/slice/mod.rs:1741:4
[INFO] [stdout] 
[INFO] [stdout] 
[INFO] [stdout] error[E0599]: `&[cs::Variable; BYTES_PER_WORD]` is not an iterator
[INFO] [stdout]    --> /opt/rustwide/cargo-home/registry/src/index.crates.io-1949cf8c6b5b557f/boojum-0.32.9/src/gadgets/keccak256/round_function.rs:179:23
[INFO] [stdout]     |
[INFO] [stdout] 179 |     let mut it = word.array_chunks::<4>();
[INFO] [stdout]     |                       ^^^^^^^^^^^^ `&[cs::Variable; BYTES_PER_WORD]` is not an iterator
[INFO] [stdout]     |
[INFO] [stdout]     = note: the following trait bounds were not satisfied:
[INFO] [stdout]             `&[cs::Variable; BYTES_PER_WORD]: Iterator`
[INFO] [stdout]             which is required by `&mut &[cs::Variable; BYTES_PER_WORD]: Iterator`
[INFO] [stdout]             `[cs::Variable; BYTES_PER_WORD]: Iterator`
[INFO] [stdout]             which is required by `&mut [cs::Variable; BYTES_PER_WORD]: Iterator`
[INFO] [stdout]             `[cs::Variable]: Iterator`
[INFO] [stdout]             which is required by `&mut [cs::Variable]: Iterator`
[INFO] [stdout] 
[INFO] [stdout] 
[INFO] [stdout] error[E0599]: no method named `array_chunks` found for struct `Vec<cs::Variable>` in the current scope
[INFO] [stdout]   --> /opt/rustwide/cargo-home/registry/src/index.crates.io-1949cf8c6b5b557f/boojum-0.32.9/src/gadgets/keccak256/mod.rs:83:33
[INFO] [stdout]    |
[INFO] [stdout] 83 |     for block in padded_message.array_chunks::<KECCAK_RATE_BYTES>() {
[INFO] [stdout]    |                                 ^^^^^^^^^^^^ `Vec<cs::Variable>` is not an iterator
[INFO] [stdout]    |
[INFO] [stdout] help: call `.into_iter()` first
[INFO] [stdout]    |
[INFO] [stdout] 83 |     for block in padded_message.into_iter().array_chunks::<KECCAK_RATE_BYTES>() {
[INFO] [stdout]    |                                 ++++++++++++
[INFO] [stdout] 
[INFO] [stdout] 
[INFO] [stdout] error[E0599]: no method named `array_chunks_mut` found for array `[MaybeUninit<gadgets::u8::UInt8<F>>; 32]` in the current scope
[INFO] [stdout]    --> /opt/rustwide/cargo-home/registry/src/index.crates.io-1949cf8c6b5b557f/boojum-0.32.9/src/gadgets/keccak256/mod.rs:102:28
[INFO] [stdout]     |
[INFO] [stdout] 102 |     for (i, dst) in result.array_chunks_mut::<8>().enumerate() {
[INFO] [stdout]     |                            ^^^^^^^^^^^^^^^^
[INFO] [stdout]     |
[INFO] [stdout] help: there is a method `rchunks_mut` with a similar name, but with different arguments
[INFO] [stdout]    --> /rustc/e3feeb59cd1bdd011a2bfcc0747b55125d9b8527/library/core/src/slice/mod.rs:1741:4
[INFO] [stdout] 
[INFO] [stdout] 
[INFO] [stderr] error: could not compile `zksync_types` (lib)
[INFO] [stderr] 
[INFO] [stderr] Caused by:
[INFO] [stderr]   process didn't exit successfully: `/opt/rustwide/rustup-home/toolchains/1.100.0-beta.1-x86_64-unknown-linux-gnu/bin/rustc --crate-name zksync_types --edition=2021 /opt/rustwide/cargo-home/registry/src/index.crates.io-1949cf8c6b5b557f/zksync_types-29.13.0-non-semver-compat/src/lib.rs --error-format=json --json=diagnostic-rendered-ansi,artifacts,future-incompat,unused-externs-silent --crate-type lib --emit=dep-info,metadata,link -C opt-level=3 -C embed-bitcode=no --cfg 'feature="contract-verification"' --cfg 'feature="protobuf"' --check-cfg 'cfg(docsrs,test)' --check-cfg 'cfg(feature, values("contract-verification", "protobuf"))' -C metadata=368ed423a209bc3b -C extra-filename=-2018736c4b1b48ea --out-dir /opt/rustwide/target/release/build/zksync_types/2018736c4b1b48ea/out -C strip=debuginfo -L dependency=/opt/rustwide/target/release/build/aho-corasick/5ef7661e19b1bd3a/out -L dependency=/opt/rustwide/target/release/build/allocator-api2/fcccdd0f80408343/out -L dependency=/opt/rustwide/target/release/build/anyhow/b703b0f84690f1f0/out -L dependency=/opt/rustwide/target/release/build/base64/3f3a561c7d479591/out -L dependency=/opt/rustwide/target/release/build/base64/8681e94812f2261e/out -L dependency=/opt/rustwide/target/release/build/bit-vec/01dc786c3602ec71/out -L dependency=/opt/rustwide/target/release/build/blake2/25a08d260316279b/out -L dependency=/opt/rustwide/target/release/build/block-buffer/142f67da5efbabae/out -L dependency=/opt/rustwide/target/release/build/byteorder/612182941aaee0f7/out -L dependency=/opt/rustwide/target/release/build/bytes/4eeb723b82a97eeb/out -L dependency=/opt/rustwide/target/release/build/cfg-if/57ac97a4dec91d60/out -L dependency=/opt/rustwide/target/release/build/chrono/d14c155a318714d0/out -L dependency=/opt/rustwide/target/release/build/ciborium-io/6da5489c172b0693/out -L dependency=/opt/rustwide/target/release/build/ciborium-ll/261d220d557cda9f/out -L dependency=/opt/rustwide/target/release/build/compile-fmt/274e30f32cf6e694/out -L dependency=/opt/rustwide/target/release/build/const-decoder/d61794fefa1db829/out -L dependency=/opt/rustwide/target/release/build/const-oid/76ed8b8381031860/out -L dependency=/opt/rustwide/target/release/build/cpufeatures/d130f14a0caf1da0/out -L dependency=/opt/rustwide/target/release/build/crunchy/e2f7f422642fb01a/out -L dependency=/opt/rustwide/target/release/build/crypto-common/835f19c9fb94c031/out -L dependency=/opt/rustwide/target/release/build/ctor/b1c237ab02faea1c/out -L dependency=/opt/rustwide/target/release/build/deranged/2c422db47bb75729/out -L dependency=/opt/rustwide/target/release/build/derive_more-impl/d3b759e5c3727d6e/out -L dependency=/opt/rustwide/target/release/build/digest/6f9f4b702adddbdf/out -L dependency=/opt/rustwide/target/release/build/displaydoc/12419b8042f7c71b/out -L dependency=/opt/rustwide/target/release/build/dtoa/1cc5ca13e5d44db1/out -L dependency=/opt/rustwide/target/release/build/elsa/9a1f01bea5db3ec8/out -L dependency=/opt/rustwide/target/release/build/equivalent/26a0d6a3c1145f1b/out -L dependency=/opt/rustwide/target/release/build/ethabi/4981361d00ab916c/out -L dependency=/opt/rustwide/target/release/build/ethbloom/d37ebd8215a8f6fb/out -L dependency=/opt/rustwide/target/release/build/ethereum-types/d0996a38090b5f9f/out -L dependency=/opt/rustwide/target/release/build/fixed-hash/b508eabfbac32060/out -L dependency=/opt/rustwide/target/release/build/foldhash/c2659dfc4557d4c1/out -L dependency=/opt/rustwide/target/release/build/form_urlencoded/da32e8171e89b51e/out -L dependency=/opt/rustwide/target/release/build/generic-array/f54222ad46889052/out -L dependency=/opt/rustwide/target/release/build/getrandom/5d703cbad3f99bcd/out -L dependency=/opt/rustwide/target/release/build/half/859cab98fc83414b/out -L dependency=/opt/rustwide/target/release/build/hashbrown/e7b758c5f40abc44/out -L dependency=/opt/rustwide/target/release/build/hex/ffa975566df5dac7/out -L dependency=/opt/rustwide/target/release/build/iana-time-zone/d6e12761f6b57d92/out -L dependency=/opt/rustwide/target/release/build/icu_collections/20fa03ac4fcc4dd3/out -L dependency=/opt/rustwide/target/release/build/icu_locale_core/c314568e63849157/out -L dependency=/opt/rustwide/target/release/build/icu_normalizer/29584e095090ccb7/out -L dependency=/opt/rustwide/target/release/build/icu_normalizer_data/3eb3619aa0fe3323/out -L dependency=/opt/rustwide/target/release/build/icu_properties/732f521daa80d75a/out -L dependency=/opt/rustwide/target/release/build/icu_properties_data/9979cfc4a7dbdde5/out -L dependency=/opt/rustwide/target/release/build/icu_provider/b39551d3709c20d3/out -L dependency=/opt/rustwide/target/release/build/idna/eabb0d7826164669/out -L dependency=/opt/rustwide/target/release/build/idna_adapter/163ebc9032ad7ce6/out -L dependency=/opt/rustwide/target/release/build/impl-rlp/c94a2f5a594ecdd2/out -L dependency=/opt/rustwide/target/release/build/impl-serde/f0969eedb48fb067/out -L dependency=/opt/rustwide/target/release/build/indexmap/1e7a3ee8bdc07974/out -L dependency=/opt/rustwide/target/release/build/itoa/6ac79ecd3493b3ff/out -L dependency=/opt/rustwide/target/release/build/keccak/e458ca93a75bf98f/out -L dependency=/opt/rustwide/target/release/build/lazy_static/fdd6af0286056ca3/out -L dependency=/opt/rustwide/target/release/build/libc/5810b1f74d423ee2/out -L dependency=/opt/rustwide/target/release/build/litemap/048c6e1dad9bc49e/out -L dependency=/opt/rustwide/target/release/build/lock_api/a1d5beee83f60399/out -L dependency=/opt/rustwide/target/release/build/log/1c4a7889fe856591/out -L dependency=/opt/rustwide/target/release/build/matchers/cf5cd9c3859e23ec/out -L dependency=/opt/rustwide/target/release/build/memchr/1575c1aec56f4c4b/out -L dependency=/opt/rustwide/target/release/build/mio/bbffaf60e2bf1ad7/out -L dependency=/opt/rustwide/target/release/build/nu-ansi-term/f26845cf243c8099/out -L dependency=/opt/rustwide/target/release/build/num-conv/ea2b56a62748def3/out -L dependency=/opt/rustwide/target/release/build/num-traits/af66b93df6dcecf9/out -L dependency=/opt/rustwide/target/release/build/num_enum/fb8a2abe5afb910c/out -L dependency=/opt/rustwide/target/release/build/num_enum_derive/b4c4facececdacb4/out -L dependency=/opt/rustwide/target/release/build/once_cell/35d4cc1b6bbf4e72/out -L dependency=/opt/rustwide/target/release/build/ordered-float/18fa22e06adc6383/out -L dependency=/opt/rustwide/target/release/build/parking_lot/ca208baddb077564/out -L dependency=/opt/rustwide/target/release/build/parking_lot_core/f8029d3bfd24aa90/out -L dependency=/opt/rustwide/target/release/build/percent-encoding/f5688268187ae694/out -L dependency=/opt/rustwide/target/release/build/pin-project-internal/11f296c3645d2b6d/out -L dependency=/opt/rustwide/target/release/build/pin-project-lite/a042d89c9815bfb5/out -L dependency=/opt/rustwide/target/release/build/pin-project/7417b19af632a6d3/out -L dependency=/opt/rustwide/target/release/build/potential_utf/34a622ee3685443e/out -L dependency=/opt/rustwide/target/release/build/powerfmt/36b72e9804a215c5/out -L dependency=/opt/rustwide/target/release/build/ppv-lite86/40693cf09046511a/out -L dependency=/opt/rustwide/target/release/build/primitive-types/f8065fe39015df52/out -L dependency=/opt/rustwide/target/release/build/prometheus-client-derive-encode/927b0a0e7aa4d7c0/out -L dependency=/opt/rustwide/target/release/build/prometheus-client/86c16f35c0dafac0/out -L dependency=/opt/rustwide/target/release/build/prost-derive/2987add121994d5a/out -L dependency=/opt/rustwide/target/release/build/prost-reflect/478a39243bcb5bcd/out -L dependency=/opt/rustwide/target/release/build/prost-types/c7b251221f24f000/out -L dependency=/opt/rustwide/target/release/build/prost/4246fa9bdf7b4709/out -L dependency=/opt/rustwide/target/release/build/quick-protobuf/ccb6e7ef24125092/out -L dependency=/opt/rustwide/target/release/build/rand/bbb462f0cdb74786/out -L dependency=/opt/rustwide/target/release/build/rand_chacha/c8e38e7632bd87c5/out -L dependency=/opt/rustwide/target/release/build/rand_core/d2112686391dd15a/out -L dependency=/opt/rustwide/target/release/build/regex-automata/5d03689dbfe6247e/out -L dependency=/opt/rustwide/target/release/build/regex-syntax/72e625bf9c5a7e0d/out -L dependency=/opt/rustwide/target/release/build/regex/5e438b3761875e91/out -L dependency=/opt/rustwide/target/release/build/rlp/e0b4961b8c59d914/out -L dependency=/opt/rustwide/target/release/build/rustc-hex/e4bd9555a4f3a7d5/out -L dependency=/opt/rustwide/target/release/build/rustversion/753601e6fb9efaa7/out -L dependency=/opt/rustwide/target/release/build/ryu/85b27257faa1b487/out -L dependency=/opt/rustwide/target/release/build/scopeguard/5f9373ec660020b4/out -L dependency=/opt/rustwide/target/release/build/secp256k1-sys/7725a69a55e6a168/out -L dependency=/opt/rustwide/target/release/build/secp256k1/85f21e7cb12bec21/out -L dependency=/opt/rustwide/target/release/build/secrecy/4d529a5269d756e1/out -L dependency=/opt/rustwide/target/release/build/serde-value/063e4894d94d5ccb/out -L dependency=/opt/rustwide/target/release/build/serde/603e899a39ff0076/out -L dependency=/opt/rustwide/target/release/build/serde_core/a1cadc37292f1358/out -L dependency=/opt/rustwide/target/release/build/serde_derive/f90c05185cee9b07/out -L dependency=/opt/rustwide/target/release/build/serde_json/17c8444c363c9e24/out -L dependency=/opt/rustwide/target/release/build/serde_with/f19d7271be393540/out -L dependency=/opt/rustwide/target/release/build/serde_with_macros/2be4634b818b0fa0/out -L dependency=/opt/rustwide/target/release/build/serde_yaml/4fc26dd68efea763/out -L dependency=/opt/rustwide/target/release/build/sha2/ffcfe8f244f5bbd5/out -L dependency=/opt/rustwide/target/release/build/sha3/f013383ceb9eb11b/out -L dependency=/opt/rustwide/target/release/build/sharded-slab/18946f9d15d4fb19/out -L dependency=/opt/rustwide/target/release/build/signal-hook-registry/ff40616c7dfb1c13/out -L dependency=/opt/rustwide/target/release/build/smallvec/7dfdbf1a4d5b0cff/out -L dependency=/opt/rustwide/target/release/build/socket2/1bb526069e1d91d8/out -L dependency=/opt/rustwide/target/release/build/stable_deref_trait/a819bd3152c96255/out -L dependency=/opt/rustwide/target/release/build/static_assertions/306fc8cfb43dc741/out -L dependency=/opt/rustwide/target/release/build/strum/f408e1640d143fad/out -L dependency=/opt/rustwide/target/release/build/strum_macros/337ddff3600640c5/out -L dependency=/opt/rustwide/target/release/build/subtle/c535b9ad2f7b9dde/out -L dependency=/opt/rustwide/target/release/build/thiserror-impl/3c40740aea510ff7/out -L dependency=/opt/rustwide/target/release/build/thiserror-impl/7e095463e930a956/out -L dependency=/opt/rustwide/target/release/build/thiserror/17ae94d0cf13422a/out -L dependency=/opt/rustwide/target/release/build/thiserror/39cd5233512bafb6/out -L dependency=/opt/rustwide/target/release/build/thread_local/7c476b0fd2202a74/out -L dependency=/opt/rustwide/target/release/build/time-core/480e382de9b2e2ac/out -L dependency=/opt/rustwide/target/release/build/time-macros/ab94ff9b150c0aac/out -L dependency=/opt/rustwide/target/release/build/time/4fb98e1cef7b3a93/out -L dependency=/opt/rustwide/target/release/build/tiny-keccak/c4fdac1309535ad8/out -L dependency=/opt/rustwide/target/release/build/tinystr/5c971ebd2211c729/out -L dependency=/opt/rustwide/target/release/build/tokio-macros/3d40b1d90fd2f20b/out -L dependency=/opt/rustwide/target/release/build/tokio/de5429234b7fed02/out -L dependency=/opt/rustwide/target/release/build/tracing-attributes/631c6dfe7a6b5285/out -L dependency=/opt/rustwide/target/release/build/tracing-core/f60aa5e85c9664b4/out -L dependency=/opt/rustwide/target/release/build/tracing-log/055a4341fe0a62c1/out -L dependency=/opt/rustwide/target/release/build/tracing-subscriber/ca5958ae97861cba/out -L dependency=/opt/rustwide/target/release/build/tracing/6e89d9c4e0d9d8de/out -L dependency=/opt/rustwide/target/release/build/typenum/ea0e09983336543b/out -L dependency=/opt/rustwide/target/release/build/uint/16d5c07f4b29eeda/out -L dependency=/opt/rustwide/target/release/build/unsafe-libyaml/2882583833813265/out -L dependency=/opt/rustwide/target/release/build/url/299940c936c774b2/out -L dependency=/opt/rustwide/target/release/build/utf8_iter/050834cd1b25caa4/out -L dependency=/opt/rustwide/target/release/build/vise-macros/eb51eb28c4ccb696/out -L dependency=/opt/rustwide/target/release/build/vise/501476e4a76ea287/out -L dependency=/opt/rustwide/target/release/build/writeable/2465e9c807ea9ae0/out -L dependency=/opt/rustwide/target/release/build/yoke-derive/ff314452be31f4ab/out -L dependency=/opt/rustwide/target/release/build/yoke/8b0f2e42e9042ff9/out -L dependency=/opt/rustwide/target/release/build/zerocopy/b37ee93b65ac3a2d/out -L dependency=/opt/rustwide/target/release/build/zerofrom-derive/2ed02df8b5232ea5/out -L dependency=/opt/rustwide/target/release/build/zerofrom/3f79a8a188dc2503/out -L dependency=/opt/rustwide/target/release/build/zeroize/4ef7edda33be8f3b/out -L dependency=/opt/rustwide/target/release/build/zeroize_derive/4b2f273973ee9329/out -L dependency=/opt/rustwide/target/release/build/zerotrie/c3a87db69d64793e/out -L dependency=/opt/rustwide/target/release/build/zerovec-derive/fb0ba85d070d7877/out -L dependency=/opt/rustwide/target/release/build/zerovec/04d63da7a58fc575/out -L dependency=/opt/rustwide/target/release/build/zksync_basic_types/645e2a04b0fe7942/out -L dependency=/opt/rustwide/target/release/build/zksync_concurrency/2f79e52554ce0d5f/out -L dependency=/opt/rustwide/target/release/build/zksync_consensus_utils/c3c832fcbb0634e7/out -L dependency=/opt/rustwide/target/release/build/zksync_crypto_primitives/921c8559f92d26e3/out -L dependency=/opt/rustwide/target/release/build/zksync_utils/39d75e97279c6c3e/out --extern anyhow=/opt/rustwide/target/release/build/anyhow/b703b0f84690f1f0/out/libanyhow-b703b0f84690f1f0.rmeta --extern async_trait=/opt/rustwide/target/release/build/async-trait/57b61716b348005c/out/libasync_trait-57b61716b348005c.so --extern blake2=/opt/rustwide/target/release/build/blake2/25a08d260316279b/out/libblake2-25a08d260316279b.rmeta --extern chrono=/opt/rustwide/target/release/build/chrono/d14c155a318714d0/out/libchrono-d14c155a318714d0.rmeta --extern ciborium=/opt/rustwide/target/release/build/ciborium/ec38ee5b53b21ee1/out/libciborium-ec38ee5b53b21ee1.rmeta --extern derive_more=/opt/rustwide/target/release/build/derive_more/6ac63f5ffcf2502c/out/libderive_more-6ac63f5ffcf2502c.rmeta --extern hex=/opt/rustwide/target/release/build/hex/ffa975566df5dac7/out/libhex-ffa975566df5dac7.rmeta --extern num_enum=/opt/rustwide/target/release/build/num_enum/fb8a2abe5afb910c/out/libnum_enum-fb8a2abe5afb910c.rmeta --extern once_cell=/opt/rustwide/target/release/build/once_cell/35d4cc1b6bbf4e72/out/libonce_cell-35d4cc1b6bbf4e72.rmeta --extern prost=/opt/rustwide/target/release/build/prost/4246fa9bdf7b4709/out/libprost-4246fa9bdf7b4709.rmeta --extern rlp=/opt/rustwide/target/release/build/rlp/e0b4961b8c59d914/out/librlp-e0b4961b8c59d914.rmeta --extern serde=/opt/rustwide/target/release/build/serde/603e899a39ff0076/out/libserde-603e899a39ff0076.rmeta --extern serde_json=/opt/rustwide/target/release/build/serde_json/17c8444c363c9e24/out/libserde_json-17c8444c363c9e24.rmeta --extern serde_with=/opt/rustwide/target/release/build/serde_with/f19d7271be393540/out/libserde_with-f19d7271be393540.rmeta --extern thiserror=/opt/rustwide/target/release/build/thiserror/39cd5233512bafb6/out/libthiserror-39cd5233512bafb6.rmeta --extern tracing=/opt/rustwide/target/release/build/tracing/6e89d9c4e0d9d8de/out/libtracing-6e89d9c4e0d9d8de.rmeta --extern zksync_basic_types=/opt/rustwide/target/release/build/zksync_basic_types/645e2a04b0fe7942/out/libzksync_basic_types-645e2a04b0fe7942.rmeta --extern zksync_contracts=/opt/rustwide/target/release/build/zksync_contracts/8abf64d2fdc1f7c0/out/libzksync_contracts-8abf64d2fdc1f7c0.rmeta --extern zksync_crypto_primitives=/opt/rustwide/target/release/build/zksync_crypto_primitives/921c8559f92d26e3/out/libzksync_crypto_primitives-921c8559f92d26e3.rmeta --extern zksync_mini_merkle_tree=/opt/rustwide/target/release/build/zksync_mini_merkle_tree/0b0d8a2010f7d373/out/libzksync_mini_merkle_tree-0b0d8a2010f7d373.rmeta --extern zksync_protobuf=/opt/rustwide/target/release/build/zksync_protobuf/cb77b2a5ee4d9317/out/libzksync_protobuf-cb77b2a5ee4d9317.rmeta --extern zksync_system_constants=/opt/rustwide/target/release/build/zksync_system_constants/d42e29854e04c4dd/out/libzksync_system_constants-d42e29854e04c4dd.rmeta --cap-lints allow --cap-lints=warn --force-warn=unused_crate_dependencies -L native=/opt/rustwide/target/release/build/secp256k1-sys/ead0291a329143c7/out` (signal: 9, SIGKILL: kill)
[INFO] [stderr] warning: build failed, waiting for other jobs to finish...
[INFO] [stderr] error: could not compile `boojum` (lib) due to 48 previous errors
[INFO] [stderr] 
[INFO] [stderr] Caused by:
[INFO] [stderr]   process didn't exit successfully: `/opt/rustwide/rustup-home/toolchains/1.100.0-beta.1-x86_64-unknown-linux-gnu/bin/rustc --crate-name boojum --edition=2021 /opt/rustwide/cargo-home/registry/src/index.crates.io-1949cf8c6b5b557f/boojum-0.32.9/src/lib.rs --error-format=json --json=diagnostic-rendered-ansi,artifacts,future-incompat,unused-externs-silent --crate-type lib --emit=dep-info,metadata,link -C opt-level=3 -C embed-bitcode=no --check-cfg 'cfg(docsrs,test)' --check-cfg 'cfg(feature, values("cr_paranoia_mode", "debug_track", "log_tracing", "tracing"))' -C metadata=0c42012561a439ad -C extra-filename=-bdd073097fdf4e7b --out-dir /opt/rustwide/target/release/build/boojum/bdd073097fdf4e7b/out -C strip=debuginfo -L dependency=/opt/rustwide/target/release/build/block-buffer/142f67da5efbabae/out -L dependency=/opt/rustwide/target/release/build/byteorder/612182941aaee0f7/out -L dependency=/opt/rustwide/target/release/build/bytes/4eeb723b82a97eeb/out -L dependency=/opt/rustwide/target/release/build/cfg-if/57ac97a4dec91d60/out -L dependency=/opt/rustwide/target/release/build/const-oid/76ed8b8381031860/out -L dependency=/opt/rustwide/target/release/build/const_format_proc_macros/8bdf30d51bcd374e/out -L dependency=/opt/rustwide/target/release/build/cpufeatures/d130f14a0caf1da0/out -L dependency=/opt/rustwide/target/release/build/crossbeam-channel/3fcecd793f399fd6/out -L dependency=/opt/rustwide/target/release/build/crossbeam-deque/2a0d55b5d488e9da/out -L dependency=/opt/rustwide/target/release/build/crossbeam-epoch/5071d9e21cd7edca/out -L dependency=/opt/rustwide/target/release/build/crossbeam-queue/5f9d6d65d0403708/out -L dependency=/opt/rustwide/target/release/build/crossbeam-utils/c35c21890820cf1a/out -L dependency=/opt/rustwide/target/release/build/crunchy/e2f7f422642fb01a/out -L dependency=/opt/rustwide/target/release/build/crypto-common/835f19c9fb94c031/out -L dependency=/opt/rustwide/target/release/build/digest/6f9f4b702adddbdf/out -L dependency=/opt/rustwide/target/release/build/either/90eb51b704ec27fd/out -L dependency=/opt/rustwide/target/release/build/ethbloom/d37ebd8215a8f6fb/out -L dependency=/opt/rustwide/target/release/build/fixed-hash/b508eabfbac32060/out -L dependency=/opt/rustwide/target/release/build/generic-array/f54222ad46889052/out -L dependency=/opt/rustwide/target/release/build/getrandom/5d703cbad3f99bcd/out -L dependency=/opt/rustwide/target/release/build/hex/ffa975566df5dac7/out -L dependency=/opt/rustwide/target/release/build/impl-rlp/c94a2f5a594ecdd2/out -L dependency=/opt/rustwide/target/release/build/impl-serde/f0969eedb48fb067/out -L dependency=/opt/rustwide/target/release/build/keccak/e458ca93a75bf98f/out -L dependency=/opt/rustwide/target/release/build/libc/5810b1f74d423ee2/out -L dependency=/opt/rustwide/target/release/build/num-integer/245ab24dad7e2e4a/out -L dependency=/opt/rustwide/target/release/build/num-traits/af66b93df6dcecf9/out -L dependency=/opt/rustwide/target/release/build/ppv-lite86/40693cf09046511a/out -L dependency=/opt/rustwide/target/release/build/primitive-types/f8065fe39015df52/out -L dependency=/opt/rustwide/target/release/build/rand/bbb462f0cdb74786/out -L dependency=/opt/rustwide/target/release/build/rand/d2b5fef3d7c684f4/out -L dependency=/opt/rustwide/target/release/build/rand_chacha/c8e38e7632bd87c5/out -L dependency=/opt/rustwide/target/release/build/rand_core/d2112686391dd15a/out -L dependency=/opt/rustwide/target/release/build/rayon-core/c1ecf8d60c093f6b/out -L dependency=/opt/rustwide/target/release/build/rlp/e0b4961b8c59d914/out -L dependency=/opt/rustwide/target/release/build/rustc-hex/e4bd9555a4f3a7d5/out -L dependency=/opt/rustwide/target/release/build/serde/603e899a39ff0076/out -L dependency=/opt/rustwide/target/release/build/serde_core/a1cadc37292f1358/out -L dependency=/opt/rustwide/target/release/build/serde_derive/f90c05185cee9b07/out -L dependency=/opt/rustwide/target/release/build/static_assertions/306fc8cfb43dc741/out -L dependency=/opt/rustwide/target/release/build/subtle/c535b9ad2f7b9dde/out -L dependency=/opt/rustwide/target/release/build/tiny-keccak/c4fdac1309535ad8/out -L dependency=/opt/rustwide/target/release/build/typenum/ea0e09983336543b/out -L dependency=/opt/rustwide/target/release/build/uint/16d5c07f4b29eeda/out -L dependency=/opt/rustwide/target/release/build/unicode-segmentation/a906e22c0cd74357/out -L dependency=/opt/rustwide/target/release/build/zerocopy/b37ee93b65ac3a2d/out -L dependency=/opt/rustwide/target/release/build/zeroize/4ef7edda33be8f3b/out -L dependency=/opt/rustwide/target/release/build/zeroize_derive/4b2f273973ee9329/out -L dependency=/opt/rustwide/target/release/build/zksync_ff/28390c5d2b25baa2/out -L dependency=/opt/rustwide/target/release/build/zksync_ff_derive/1574f1e25a0ef163/out --extern arrayvec=/opt/rustwide/target/release/build/arrayvec/50f94247b118ab4d/out/libarrayvec-50f94247b118ab4d.rmeta --extern bincode=/opt/rustwide/target/release/build/bincode/1ee9afd6f597058b/out/libbincode-1ee9afd6f597058b.rmeta --extern blake2=/opt/rustwide/target/release/build/blake2/25a08d260316279b/out/libblake2-25a08d260316279b.rmeta --extern const_format=/opt/rustwide/target/release/build/const_format/5662f8cf66abe848/out/libconst_format-5662f8cf66abe848.rmeta --extern convert_case=/opt/rustwide/target/release/build/convert_case/522c0a6a986d0ac6/out/libconvert_case-522c0a6a986d0ac6.rmeta --extern crossbeam=/opt/rustwide/target/release/build/crossbeam/830898814b9712f2/out/libcrossbeam-830898814b9712f2.rmeta --extern crypto_bigint=/opt/rustwide/target/release/build/crypto-bigint/cea2fd23a7b35106/out/libcrypto_bigint-cea2fd23a7b35106.rmeta --extern derivative=/opt/rustwide/target/release/build/derivative/1008b03c92a77a9d/out/libderivative-1008b03c92a77a9d.so --extern ethereum_types=/opt/rustwide/target/release/build/ethereum-types/d0996a38090b5f9f/out/libethereum_types-d0996a38090b5f9f.rmeta --extern firestorm=/opt/rustwide/target/release/build/firestorm/1f47fe1bd01aa8bd/out/libfirestorm-1f47fe1bd01aa8bd.rmeta --extern itertools=/opt/rustwide/target/release/build/itertools/18fe4cfe05c26f03/out/libitertools-18fe4cfe05c26f03.rmeta --extern lazy_static=/opt/rustwide/target/release/build/lazy_static/fdd6af0286056ca3/out/liblazy_static-fdd6af0286056ca3.rmeta --extern num_modular=/opt/rustwide/target/release/build/num-modular/10e933fa4523681f/out/libnum_modular-10e933fa4523681f.rmeta --extern num_cpus=/opt/rustwide/target/release/build/num_cpus/09aa7fe76a1f9835/out/libnum_cpus-09aa7fe76a1f9835.rmeta --extern rand=/opt/rustwide/target/release/build/rand/bbb462f0cdb74786/out/librand-bbb462f0cdb74786.rmeta --extern rayon=/opt/rustwide/target/release/build/rayon/c90b7b2c450f0b79/out/librayon-c90b7b2c450f0b79.rmeta --extern serde=/opt/rustwide/target/release/build/serde/603e899a39ff0076/out/libserde-603e899a39ff0076.rmeta --extern sha2=/opt/rustwide/target/release/build/sha2/ffcfe8f244f5bbd5/out/libsha2-ffcfe8f244f5bbd5.rmeta --extern sha3=/opt/rustwide/target/release/build/sha3_ce/e1bef3c0c2fd4e16/out/libsha3_ce-e1bef3c0c2fd4e16.rmeta --extern smallvec=/opt/rustwide/target/release/build/smallvec/7dfdbf1a4d5b0cff/out/libsmallvec-7dfdbf1a4d5b0cff.rmeta --extern unroll=/opt/rustwide/target/release/build/unroll/2350d45f244c204a/out/libunroll-2350d45f244c204a.so --extern cs_derive=/opt/rustwide/target/release/build/zksync_cs_derive/16a71b8e011cfc4d/out/libzksync_cs_derive-16a71b8e011cfc4d.so --extern pairing=/opt/rustwide/target/release/build/zksync_pairing/b9327aebf638af2e/out/libzksync_pairing-b9327aebf638af2e.rmeta --cap-lints allow --cap-lints=warn --force-warn=unused_crate_dependencies` (signal: 9, SIGKILL: kill)
[INFO] running `Command { std: "docker" "inspect" "fec065527bebcdf342a174352b3afba15ca099b221e747b3e1e40176a75db6ee", kill_on_drop: false }`
[INFO] running `Command { std: "docker" "rm" "-f" "fec065527bebcdf342a174352b3afba15ca099b221e747b3e1e40176a75db6ee", kill_on_drop: false }`
[INFO] [stdout] fec065527bebcdf342a174352b3afba15ca099b221e747b3e1e40176a75db6ee
