[INFO] fetching crate zksync_default_da_clients 0.1.0...
[INFO] testing zksync_default_da_clients-0.1.0 against 1.99.0-beta.8+cargoflags=--release for beta-release-1.100-2
[INFO] extracting crate zksync_default_da_clients 0.1.0 into /workspace/builds/worker-3-tc1/source
[INFO] started tweaking crates.io crate zksync_default_da_clients 0.1.0
[INFO] finished tweaking crates.io crate zksync_default_da_clients 0.1.0
[INFO] tweaked toml for crates.io crate zksync_default_da_clients 0.1.0 written to /workspace/builds/worker-3-tc1/source/Cargo.toml
[INFO] validating manifest of crates.io crate zksync_default_da_clients 0.1.0 on toolchain 1.99.0-beta.8
[INFO] running `Command { std: CARGO_HOME="/workspace/cargo-home" RUSTUP_HOME="/workspace/rustup-home" "/workspace/cargo-home/bin/cargo" "+1.99.0-beta.8" "metadata" "--manifest-path" "Cargo.toml" "--no-deps", kill_on_drop: false }`
[INFO] running `Command { std: CARGO_HOME="/workspace/cargo-home" RUSTUP_HOME="/workspace/rustup-home" "/workspace/cargo-home/bin/cargo" "+1.99.0-beta.8" "generate-lockfile" "--manifest-path" "Cargo.toml", kill_on_drop: false }`
[INFO] [stderr]     Updating crates.io index
[INFO] [stderr]      Locking 818 packages to highest compatible versions
[INFO] [stderr]       Adding boojum v0.2.0 (available: v0.2.2)
[INFO] [stderr]       Adding circuit_encodings v0.141.0 (available: v0.141.2)
[INFO] [stderr]       Adding circuit_encodings v0.150.1 (available: v0.150.21)
[INFO] [stderr]       Adding circuit_sequencer_api v0.133.0 (available: v0.133.1)
[INFO] [stderr]       Adding circuit_sequencer_api v0.140.0 (available: v0.140.3)
[INFO] [stderr]       Adding circuit_sequencer_api v0.141.0 (available: v0.141.2)
[INFO] [stderr]       Adding circuit_sequencer_api v0.142.0 (available: v0.142.2)
[INFO] [stderr]       Adding circuit_sequencer_api v0.150.1 (available: v0.150.21)
[INFO] [stderr]       Adding crypto-common v0.1.6 (available: v0.1.7)
[INFO] [stderr]       Adding cs_derive v0.2.0 (available: v0.2.2)
[INFO] [stderr]       Adding derive_more v1.0.0-beta.6 (available: v1.0.0)
[INFO] [stderr]       Adding derive_more-impl v1.0.0-beta.6 (available: v1.0.0)
[INFO] [stderr]       Adding psm v0.1.24 (available: v0.1.32)
[INFO] [stderr]       Adding sha2 v0.10.8 (available: v0.10.9)
[INFO] [stderr]       Adding sha3 v0.10.8 (available: v0.10.9)
[INFO] [stderr]       Adding zk_evm v0.150.0 (available: v0.150.21)
[INFO] [stderr]       Adding zk_evm_abstractions v0.150.0 (available: v0.150.21)
[INFO] [stderr]       Adding zkevm_circuits v0.141.0 (available: v0.141.2)
[INFO] [stderr]       Adding zkevm_circuits v0.150.0 (available: v0.150.21)
[INFO] [stderr]       Adding zkevm_opcode_defs v0.150.0 (available: v0.150.21)
[INFO] [stderr]       Adding zksync_concurrency v0.1.0-rc.2 (available: v0.1.1)
[INFO] [stderr]       Adding zksync_consensus_bft v0.1.0-rc.2 (available: v0.1.1)
[INFO] [stderr]       Adding zksync_consensus_crypto v0.1.0-rc.2 (available: v0.1.1)
[INFO] [stderr]       Adding zksync_consensus_executor v0.1.0-rc.2 (available: v0.1.1)
[INFO] [stderr]       Adding zksync_consensus_network v0.1.0-rc.2 (available: v0.1.1)
[INFO] [stderr]       Adding zksync_consensus_roles v0.1.0-rc.2 (available: v0.1.1)
[INFO] [stderr]       Adding zksync_consensus_storage v0.1.0-rc.2 (available: v0.1.1)
[INFO] [stderr]       Adding zksync_consensus_utils v0.1.0-rc.2 (available: v0.1.1)
[INFO] [stderr]       Adding zksync_kzg v0.150.1 (available: v0.150.21)
[INFO] [stderr]       Adding zksync_protobuf v0.1.0-rc.2 (available: v0.1.1)
[INFO] [stderr]       Adding zksync_protobuf_build v0.1.0-rc.2 (available: v0.1.1)
[INFO] running `Command { std: CARGO_HOME="/workspace/cargo-home" RUSTUP_HOME="/workspace/rustup-home" "/workspace/cargo-home/bin/cargo" "+1.99.0-beta.8" "fetch" "--manifest-path" "Cargo.toml", kill_on_drop: false }`
[INFO] [stderr]  Downloading crates ...
[INFO] [stderr]   Downloaded zksync_types v0.1.0
[INFO] [stderr]   Downloaded zksync_utils v0.1.0
[INFO] [stderr]   Downloaded vise-exporter v0.1.0
[INFO] [stderr]   Downloaded vise v0.1.0
[INFO] [stderr]   Downloaded zksync_vlog v0.1.0
[INFO] [stderr]   Downloaded prometheus-client-derive-encode v0.4.2
[INFO] [stderr]   Downloaded sentry v0.31.8
[INFO] [stderr]   Downloaded vise-macros v0.1.0
[INFO] [stderr]   Downloaded prometheus-client v0.22.3
[INFO] [stderr]   Downloaded compile-fmt v0.1.0
[INFO] [stderr]   Downloaded sentry-tracing v0.31.8
[INFO] [stderr]   Downloaded sentry-contexts v0.31.8
[INFO] [stderr]   Downloaded sentry-backtrace v0.31.8
[INFO] [stderr]   Downloaded sentry-debug-images v0.31.8
[INFO] [stderr]   Downloaded tracing-opentelemetry v0.21.0
[INFO] [stderr]   Downloaded sentry-panic v0.31.8
[INFO] [stderr]   Downloaded sentry-core v0.31.8
[INFO] [stderr]   Downloaded sentry-types v0.31.8
[INFO] [stderr]   Downloaded findshlibs v0.10.2
[INFO] [stderr]   Downloaded opentelemetry-semantic-conventions v0.12.0
[INFO] [stderr]   Downloaded tonic v0.9.2
[INFO] [stderr]   Downloaded opentelemetry-otlp v0.13.0
[INFO] [stderr]   Downloaded tokio-io-timeout v1.2.1
[INFO] [stderr]   Downloaded zksync_basic_types v0.1.0
[INFO] [stderr]   Downloaded opentelemetry-proto v0.3.0
[INFO] [stderr]   Downloaded ethabi v18.0.0
[INFO] [stderr]   Downloaded sha2_ce v0.10.6
[INFO] [stderr]   Downloaded k256 v0.11.6
[INFO] [stderr]   Downloaded opentelemetry-http v0.9.0
[INFO] [stderr]   Downloaded axum-core v0.3.4
[INFO] [stderr]   Downloaded zkevm_opcode_defs v0.132.0
[INFO] [stderr]   Downloaded zksync_protobuf_build v0.1.0-rc.2
[INFO] [stderr]   Downloaded axum v0.6.20
[INFO] [stderr]   Downloaded logos v0.13.0
[INFO] [stderr]   Downloaded zk_evm v0.133.0
[INFO] [stderr]   Downloaded zk_evm_abstractions v0.140.0
[INFO] [stderr]   Downloaded protox-parse v0.5.0
[INFO] [stderr]   Downloaded logos-derive v0.13.0
[INFO] [stderr]   Downloaded google-cloud-metadata v0.5.1
[INFO] [stderr]   Downloaded prost-derive v0.12.6
[INFO] [stderr]   Downloaded zksync_system_constants v0.1.0
[INFO] [stderr]   Downloaded logos-codegen v0.13.0
[INFO] [stderr]   Downloaded zksync_object_store v0.1.0
[INFO] [stderr]   Downloaded protox v0.5.1
[INFO] [stderr]   Downloaded zksync_concurrency v0.1.0-rc.2
[INFO] [stderr]   Downloaded zksync_web3_decl v0.1.0
[INFO] [stderr]   Downloaded jsonrpsee-types v0.23.2
[INFO] [stderr]   Downloaded zksync_vm_runner v0.1.0
[INFO] [stderr]   Downloaded zksync_storage v0.1.0
[INFO] [stderr]   Downloaded prost-types v0.12.6
[INFO] [stderr]   Downloaded zksync_consensus_utils v0.1.0-rc.2
[INFO] [stderr]   Downloaded zksync_shared_metrics v0.1.0
[INFO] [stderr]   Downloaded zksync_config v0.1.0
[INFO] [stderr]   Downloaded derive_more v1.0.0-beta.6
[INFO] [stderr]   Downloaded zksync_crypto_primitives v0.1.0
[INFO] [stderr]   Downloaded google-cloud-auth v0.16.0
[INFO] [stderr]   Downloaded google-cloud-token v0.1.2
[INFO] [stderr]   Downloaded jsonrpsee v0.23.2
[INFO] [stderr]   Downloaded zksync_consensus_storage v0.1.0-rc.2
[INFO] [stderr]   Downloaded sqlx-macros v0.7.4
[INFO] [stderr]   Downloaded jsonrpsee-core v0.23.2
[INFO] [stderr]   Downloaded zksync_node_fee_model v0.1.0
[INFO] [stderr]   Downloaded tiny-keccak v1.5.0
[INFO] [stderr]   Downloaded zksync_external_price_api v0.1.0
[INFO] [stderr]   Downloaded secp256k1 v0.27.0
[INFO] [stderr]   Downloaded rustls-native-certs v0.7.3
[INFO] [stderr]   Downloaded jsonrpsee-http-client v0.23.2
[INFO] [stderr]   Downloaded ff_ce v0.14.3
[INFO] [stderr]   Downloaded hashlink v0.8.4
[INFO] [stderr]   Downloaded prost v0.12.6
[INFO] [stderr]   Downloaded derive_more-impl v1.0.0-beta.6
[INFO] [stderr]   Downloaded sqlformat v0.2.6
[INFO] [stderr]   Downloaded zksync_solidity_vk_codegen v0.1.0
[INFO] [stderr]   Downloaded prost-reflect v0.12.0
[INFO] [stderr]   Downloaded prost-build v0.12.6
[INFO] [stderr]   Downloaded cargo_metadata v0.14.2
[INFO] [stderr]   Downloaded backon v0.4.4
[INFO] [stderr]   Downloaded blake2s_const v0.7.0
[INFO] [stderr]   Downloaded quanta v0.9.3
[INFO] [stderr]   Downloaded jsonrpsee-server v0.23.2
[INFO] [stderr]   Downloaded zksync_eth_client v0.1.0
[INFO] [stderr]   Downloaded ff_derive_ce v0.11.2
[INFO] [stderr]   Downloaded tls-listener v0.10.3
[INFO] [stderr]   Downloaded zksync_da_client v0.1.0
[INFO] [stderr]   Downloaded zksync_protobuf v0.1.0-rc.2
[INFO] [stderr]   Downloaded blake2-rfc_bellman_edition v0.0.1
[INFO] [stderr]   Downloaded zksync_contract_verification_server v0.1.0
[INFO] [stderr]   Downloaded google-cloud-storage v0.20.0
[INFO] [stderr]   Downloaded zksync_state v0.1.0
[INFO] [stderr]   Downloaded circuit_sequencer_api v0.150.1
[INFO] [stderr]   Downloaded zksync_base_token_adjuster v0.1.0
[INFO] [stderr]   Downloaded nonzero_ext v0.3.0
[INFO] [stderr]   Downloaded sqlx-mysql v0.7.4
[INFO] [stderr]   Downloaded arr_macro v0.1.3
[INFO] [stderr]   Downloaded zksync_da_dispatcher v0.1.0
[INFO] [stderr]   Downloaded zksync_node_consensus v0.1.0
[INFO] [stderr]   Downloaded arr_macro_impl v0.1.3
[INFO] [stderr]   Downloaded zksync_consensus_network v0.1.0-rc.2
[INFO] [stderr]   Downloaded num-modular v0.5.1
[INFO] [stderr]   Downloaded firestorm v0.5.1
[INFO] [stderr]   Downloaded crossbeam v0.7.3
[INFO] [stderr]   Downloaded zksync_cs_derive v0.32.11
[INFO] [stderr]   Downloaded zksync_node_genesis v0.1.0
[INFO] [stderr]   Downloaded zksync_prover_dal v0.1.0
[INFO] [stderr]   Downloaded governor v0.4.2
[INFO] [stderr]   Downloaded mach v0.3.2
[INFO] [stderr]   Downloaded cs_derive v0.2.0
[INFO] [stderr]   Downloaded zksync_ff v0.32.11
[INFO] [stderr]   Downloaded zksync_env_config v0.1.0
[INFO] [stderr]   Downloaded zksync_node_sync v0.1.0
[INFO] [stderr]   Downloaded rescue_poseidon v0.4.1
[INFO] [stderr]   Downloaded zksync_consensus_bft v0.1.0-rc.2
[INFO] [stderr]   Downloaded zksync_house_keeper v0.1.0
[INFO] [stderr]   Downloaded zksync_eth_watch v0.1.0
[INFO] [stderr]   Downloaded circuit_encodings v0.142.2
[INFO] [stderr]   Downloaded zksync_mempool v0.1.0
[INFO] [stderr]   Downloaded zksync_tee_verifier_input_producer v0.1.0
[INFO] [stderr]   Downloaded zksync_reorg_detector v0.1.0
[INFO] [stderr]   Downloaded zksync_block_reverter v0.1.0
[INFO] [stderr]   Downloaded num-derive v0.2.5
[INFO] [stderr]   Downloaded zksync_commitment_generator v0.1.0
[INFO] [stderr]   Downloaded zksync_circuit_breaker v0.1.0
[INFO] [stderr]   Downloaded circuit_encodings v0.140.3
[INFO] [stderr]   Downloaded circuit_sequencer_api v0.141.0
[INFO] [stderr]   Downloaded zksync_ff_derive v0.32.11
[INFO] [stderr]   Downloaded zksync_snapshots_applier v0.1.0
[INFO] [stderr]   Downloaded handlebars v3.5.5
[INFO] [stderr]   Downloaded blake2 v0.9.2
[INFO] [stderr]   Downloaded zksync_protobuf_config v0.1.0
[INFO] [stderr]   Downloaded zksync_metadata_calculator v0.1.0
[INFO] [stderr]   Downloaded zksync_eth_sender v0.1.0
[INFO] [stderr]   Downloaded zksync_node_api_server v0.1.0
[INFO] [stderr]   Downloaded triomphe v0.1.17
[INFO] [stderr]   Downloaded blake2s_simd v0.5.11
[INFO] [stderr]   Downloaded circuit_sequencer_api v0.140.0
[INFO] [stderr]   Downloaded zksync_state_keeper v0.1.0
[INFO] [stderr]   Downloaded zksync_merkle_tree v0.1.0
[INFO] [stderr]   Downloaded zksync_tee_verifier v0.1.0
[INFO] [stderr]   Downloaded franklin-crypto v0.1.0
[INFO] [stderr]   Downloaded crossbeam-channel v0.4.4
[INFO] [stderr]   Downloaded zksync_queued_job_processor v0.1.0
[INFO] [stderr]   Downloaded zksync_node_storage_init v0.1.0
[INFO] [stderr]   Downloaded zksync_kzg v0.150.1
[INFO] [stderr]   Downloaded build_html v2.8.0
[INFO] [stderr]   Downloaded jsonrpsee-proc-macros v0.23.2
[INFO] [stderr]   Downloaded zksync_eth_signer v0.1.0
[INFO] [stderr]   Downloaded sqlx-core v0.7.4
[INFO] [stderr]   Downloaded sqlx-macros-core v0.7.4
[INFO] [stderr]   Downloaded splitmut v0.2.1
[INFO] [stderr]   Downloaded boojum v0.32.11
[INFO] [stderr]   Downloaded zksync_node_framework v0.1.0
[INFO] [stderr]   Downloaded jsonrpsee-wasm-client v0.23.2
[INFO] [stderr]   Downloaded zk_evm_abstractions v0.141.0
[INFO] [stderr]   Downloaded circuit_sequencer_api v0.133.0
[INFO] [stderr]   Downloaded pulldown-cmark v0.9.6
[INFO] [stderr]   Downloaded rocksdb v0.21.0
[INFO] [stderr]   Downloaded zksync_l1_contract_interface v0.1.0
[INFO] [stderr]   Downloaded addchain v0.2.1
[INFO] [stderr]   Downloaded aws-lc-rs v1.18.2
[INFO] [stderr]   Downloaded zksync_consensus_executor v0.1.0-rc.2
[INFO] [stderr]   Downloaded zksync_db_connection v0.1.0
[INFO] [stderr]   Downloaded zksync_proof_data_handler v0.1.0
[INFO] [stderr]   Downloaded zksync_node_db_pruner v0.1.0
[INFO] [stderr]   Downloaded jni v0.19.0
[INFO] [stderr]   Downloaded rustls-platform-verifier v0.3.4
[INFO] [stderr]   Downloaded zksync_consensus_roles v0.1.0-rc.2
[INFO] [stderr]   Downloaded zk_evm v0.150.0
[INFO] [stderr]   Downloaded zkevm_opcode_defs v0.131.0
[INFO] [stderr]   Downloaded zksync_test_account v0.1.0
[INFO] [stderr]   Downloaded zk_evm v0.131.0-rc.2
[INFO] [stderr]   Downloaded zkevm_opcode_defs v0.150.0
[INFO] [stderr]   Downloaded zksync_pairing v0.32.11
[INFO] [stderr]   Downloaded zksync_consistency_checker v0.1.0
[INFO] [stderr]   Downloaded bindgen v0.65.1
[INFO] [stderr]   Downloaded circuit_encodings v0.141.0
[INFO] [stderr]   Downloaded zksync_prover_interface v0.1.0
[INFO] [stderr]   Downloaded zk_evm v0.140.0
[INFO] [stderr]   Downloaded zksync_node_framework_derive v0.1.0
[INFO] [stderr]   Downloaded zksync_consensus_crypto v0.1.0-rc.2
[INFO] [stderr]   Downloaded zk_evm v0.141.0
[INFO] [stderr]   Downloaded skeptic v0.13.7
[INFO] [stderr]   Downloaded circuit_encodings v0.150.1
[INFO] [stderr]   Downloaded redox_syscall v0.9.5
[INFO] [stderr]   Downloaded zksync_node_test_utils v0.1.0
[INFO] [stderr]   Downloaded sqlx v0.7.4
[INFO] [stderr]   Downloaded zksync_mini_merkle_tree v0.1.0
[INFO] [stderr]   Downloaded zksync_contracts v0.1.0
[INFO] [stderr]   Downloaded zkevm_circuits v0.140.3
[INFO] [stderr]   Downloaded zkevm_circuits v0.150.0
[INFO] [stderr]   Downloaded blst v0.3.17
[INFO] [stderr]   Downloaded zkevm_opcode_defs v0.141.0
[INFO] [stderr]   Downloaded zkevm_circuits v0.141.0
[INFO] [stderr]   Downloaded reqwest-middleware v0.3.3
[INFO] [stderr]   Downloaded jsonrpsee-ws-client v0.23.2
[INFO] [stderr]   Downloaded zksync_health_check v0.1.0
[INFO] [stderr]   Downloaded sha3_ce v0.10.6
[INFO] [stderr]   Downloaded bellman_ce v0.7.0
[INFO] [stderr]   Downloaded pairing_ce v0.28.6
[INFO] [stderr]   Downloaded zksync_vm_utils v0.1.0
[INFO] [stderr]   Downloaded sqlx-sqlite v0.7.4
[INFO] [stderr]   Downloaded zksync_multivm v0.1.0
[INFO] [stderr]   Downloaded circuit_sequencer_api v0.142.0
[INFO] [stderr]   Downloaded unroll v0.1.5
[INFO] [stderr]   Downloaded jsonrpsee-client-transport v0.23.2
[INFO] [stderr]   Downloaded blake2_ce v0.10.6
[INFO] [stderr]   Downloaded mini-moka v0.10.3
[INFO] [stderr]   Downloaded sqlx-postgres v0.7.4
[INFO] [stderr]   Downloaded zk_evm_abstractions v0.150.0
[INFO] [stderr]   Downloaded zksync_dal v0.1.0
[INFO] [stderr]   Downloaded boojum v0.2.0
[INFO] [stderr]   Downloaded secp256k1-sys v0.8.2
[INFO] [stderr]   Downloaded libsqlite3-sys v0.27.0
[INFO] [stderr]   Downloaded librocksdb-sys v0.11.0+8.1.1
[INFO] [stderr]   Downloaded aws-lc-sys v0.46.0
[INFO] running `Command { std: "docker" "create" "-v" "/var/lib/crater-agent-workspace/builds/worker-3-tc1/source:/opt/rustwide/workdir:ro,Z" "-v" "/var/lib/crater-agent-workspace/builds/worker-3-tc1/target:/opt/rustwide/target:rw,Z" "-v" "/var/lib/crater-agent-workspace/cargo-home:/opt/rustwide/cargo-home:ro,Z" "-v" "/var/lib/crater-agent-workspace/rustup-home:/opt/rustwide/rustup-home:ro,Z" "-m" "1610612736" "--network" "none" "ghcr.io/rust-lang/crates-build-env/linux@sha256:77db811e55d90add9212f6832c23229e3de5f1c1f9905e8cb07319ea15df73ac" "sleep" "infinity", kill_on_drop: false }`
[INFO] [stdout] c34215518624e2d35d7b7d7c41f5228e94a365d41b30c17d2ebaa484eb8a6892
[INFO] running `Command { std: "docker" "start" "c34215518624e2d35d7b7d7c41f5228e94a365d41b30c17d2ebaa484eb8a6892", kill_on_drop: false }`
[INFO] running `Command { std: "docker" "inspect" "c34215518624e2d35d7b7d7c41f5228e94a365d41b30c17d2ebaa484eb8a6892", kill_on_drop: false }`
[INFO] running `Command { std: "docker" "exec" "-e" "SOURCE_DIR=/opt/rustwide/workdir" "-e" "CARGO_HOME=/opt/rustwide/cargo-home" "-e" "RUSTUP_HOME=/opt/rustwide/rustup-home" "-e" "CARGO_TARGET_DIR=/opt/rustwide/target" "-w" "/opt/rustwide/workdir" "--user" "0:0" "c34215518624e2d35d7b7d7c41f5228e94a365d41b30c17d2ebaa484eb8a6892" "/opt/rustwide/cargo-home/bin/cargo" "+1.99.0-beta.8" "metadata" "--no-deps" "--format-version=1", kill_on_drop: false }`
[INFO] running `Command { std: "docker" "inspect" "c34215518624e2d35d7b7d7c41f5228e94a365d41b30c17d2ebaa484eb8a6892", kill_on_drop: false }`
[INFO] running `Command { std: "docker" "exec" "-e" "SOURCE_DIR=/opt/rustwide/workdir" "-e" "CARGO_HOME=/opt/rustwide/cargo-home" "-e" "RUSTUP_HOME=/opt/rustwide/rustup-home" "-e" "CARGO_TARGET_DIR=/opt/rustwide/target" "-e" "CARGO_INCREMENTAL=0" "-e" "RUST_BACKTRACE=full" "-e" "RUSTFLAGS=--cap-lints=warn" "-e" "RUSTDOCFLAGS=--cap-lints=warn" "-w" "/opt/rustwide/workdir" "--user" "0:0" "c34215518624e2d35d7b7d7c41f5228e94a365d41b30c17d2ebaa484eb8a6892" "/opt/rustwide/cargo-home/bin/cargo" "+1.99.0-beta.8" "build" "--frozen" "--message-format=json" "--release", kill_on_drop: false }`
[INFO] [stderr]    Compiling libc v0.2.191
[INFO] [stderr]    Compiling serde_core v1.0.229
[INFO] [stderr]    Compiling serde v1.0.229
[INFO] [stderr]    Compiling jobserver v0.1.35
[INFO] [stderr]    Compiling syn v2.0.119
[INFO] [stderr]    Compiling futures-core v0.3.34
[INFO] [stderr]    Compiling futures-io v0.3.34
[INFO] [stderr]    Compiling serde_json v1.0.154
[INFO] [stderr]    Compiling futures-channel v0.3.34
[INFO] [stderr]    Compiling futures-task v0.3.34
[INFO] [stderr]    Compiling syn v1.0.109
[INFO] [stderr]    Compiling num-integer v0.1.47
[INFO] [stderr]    Compiling cc v1.8.0
[INFO] [stderr]    Compiling futures-util v0.3.34
[INFO] [stderr]    Compiling keccak v0.1.6
[INFO] [stderr]    Compiling getrandom v0.2.17
[INFO] [stderr]    Compiling errno v0.3.14
[INFO] [stderr]    Compiling rand_core v0.6.4
[INFO] [stderr]    Compiling signal-hook-registry v1.4.8
[INFO] [stderr]    Compiling rand_chacha v0.3.1
[INFO] [stderr]    Compiling socket2 v0.6.5
[INFO] [stderr]    Compiling mio v1.2.4
[INFO] [stderr]    Compiling rand v0.8.8
[INFO] [stderr]    Compiling either v1.19.0
[INFO] [stderr]    Compiling crunchy v0.2.4
[INFO] [stderr]    Compiling yoke v0.8.3
[INFO] [stderr]    Compiling rustc-hex v2.1.0
[INFO] [stderr]    Compiling rlp v0.5.2
[INFO] [stderr]    Compiling tiny-keccak v2.0.2
[INFO] [stderr]    Compiling fixed-hash v0.8.0
[INFO] [stderr]    Compiling smallvec v1.16.3
[INFO] [stderr]    Compiling num-bigint v0.4.8
[INFO] [stderr]    Compiling zerovec v0.11.8
[INFO] [stderr]    Compiling impl-serde v0.4.0
[INFO] [stderr]    Compiling parking_lot_core v0.9.12
[INFO] [stderr]    Compiling impl-rlp v0.3.0
[INFO] [stderr]    Compiling tinystr v0.8.4
[INFO] [stderr]    Compiling potential_utf v0.1.6
[INFO] [stderr]    Compiling parking_lot v0.12.5
[INFO] [stderr]    Compiling icu_locale_core v2.3.0
[INFO] [stderr]    Compiling zerotrie v0.2.5
[INFO] [stderr]    Compiling tokio v1.53.3
[INFO] [stderr]    Compiling uint v0.9.5
[INFO] [stderr]    Compiling openssl-sys v0.9.117
[INFO] [stderr]    Compiling icu_collections v2.3.0
[INFO] [stderr]    Compiling primitive-types v0.12.2
[INFO] [stderr]    Compiling zeroize_derive v1.5.0
[INFO] [stderr]    Compiling thiserror-impl v1.0.69
[INFO] [stderr]    Compiling zeroize v1.9.1
[INFO] [stderr]    Compiling generic-array v0.14.9
[INFO] [stderr]    Compiling tracing-attributes v0.1.31
[INFO] [stderr]    Compiling icu_provider v2.3.1
[INFO] [stderr]    Compiling thiserror v1.0.69
[INFO] [stderr]    Compiling ethbloom v0.13.0
[INFO] [stderr]    Compiling crypto-common v0.1.6
[INFO] [stderr]    Compiling block-buffer v0.10.4
[INFO] [stderr]    Compiling ethereum-types v0.14.1
[INFO] [stderr]    Compiling icu_properties v2.3.0
[INFO] [stderr]    Compiling digest v0.10.7
[INFO] [stderr]    Compiling sha2 v0.10.8
[INFO] [stderr]    Compiling tracing v0.1.44
[INFO] [stderr]    Compiling hmac v0.12.1
[INFO] [stderr]    Compiling blake2 v0.10.6
[INFO] [stderr]    Compiling icu_normalizer v2.3.0
[INFO] [stderr]    Compiling async-trait v0.1.92
[INFO] [stderr]    Compiling sha3 v0.10.8
[INFO] [stderr]    Compiling idna_adapter v1.2.2
[INFO] [stderr]    Compiling futures-executor v0.3.34
[INFO] [stderr]    Compiling idna v1.1.0
[INFO] [stderr]    Compiling regex-automata v0.4.18
[INFO] [stderr]    Compiling openssl-macros v0.1.1
[INFO] [stderr]    Compiling url v2.5.8
[INFO] [stderr]    Compiling pin-project-internal v1.1.13
[INFO] [stderr]    Compiling itertools v0.12.1
[INFO] [stderr]    Compiling prettyplease v0.2.37
[INFO] [stderr]    Compiling time-macros v0.2.32
[INFO] [stderr]    Compiling pin-project v1.1.13
[INFO] [stderr]    Compiling crossbeam-channel v0.5.17
[INFO] [stderr]    Compiling deranged v0.5.9
[INFO] [stderr]    Compiling prost-derive v0.12.6
[INFO] [stderr]    Compiling tokio-util v0.7.20
[INFO] [stderr]    Compiling regex-syntax v0.8.11
[INFO] [stderr]    Compiling rustls-pki-types v1.15.1
[INFO] [stderr]    Compiling time v0.3.55
[INFO] [stderr]    Compiling tokio-stream v0.1.19
[INFO] [stderr]    Compiling openssl v0.10.81
[INFO] [stderr]    Compiling sha3_ce v0.10.6
[INFO] [stderr]    Compiling indexmap v1.9.3
[INFO] [stderr]    Compiling beef v0.5.2
[INFO] [stderr]    Compiling regex-syntax v0.6.29
[INFO] [stderr]    Compiling toml_datetime v0.6.11
[INFO] [stderr]    Compiling toml_edit v0.19.15
[INFO] [stderr]    Compiling prost v0.12.6
[INFO] [stderr]    Compiling native-tls v0.2.18
[INFO] [stderr]    Compiling http-body-util v0.1.5
[INFO] [stderr]    Compiling logos-codegen v0.13.0
[INFO] [stderr]    Compiling futures v0.3.34
[INFO] [stderr]    Compiling regex v1.13.1
[INFO] [stderr]    Compiling proc-macro-crate v1.3.1
[INFO] [stderr]    Compiling prost-types v0.12.6
[INFO] [stderr]    Compiling miette-derive v5.10.0
[INFO] [stderr]    Compiling num-iter v0.1.46
[INFO] [stderr]    Compiling linkme-impl v0.3.37
[INFO] [stderr]    Compiling num_enum_derive v0.6.1
[INFO] [stderr]    Compiling itertools v0.10.5
[INFO] [stderr]    Compiling logos-derive v0.13.0
[INFO] [stderr]    Compiling logos v0.13.0
[INFO] [stderr]    Compiling ordered-float v2.10.1
[INFO] [stderr]    Compiling linkme v0.3.37
[INFO] [stderr]    Compiling prometheus-client v0.22.3
[INFO] [stderr]    Compiling h2 v0.4.20
[INFO] [stderr]    Compiling serde-value v0.7.0
[INFO] [stderr]    Compiling miette v5.10.0
[INFO] [stderr]    Compiling num_enum v0.6.1
[INFO] [stderr]    Compiling num-rational v0.4.2
[INFO] [stderr]    Compiling prometheus-client-derive-encode v0.4.2
[INFO] [stderr]    Compiling num-complex v0.4.6
[INFO] [stderr]    Compiling fixedbitset v0.4.2
[INFO] [stderr]    Compiling dtoa v1.0.11
[INFO] [stderr]    Compiling petgraph v0.6.5
[INFO] [stderr]    Compiling num v0.4.3
[INFO] [stderr]    Compiling prost-reflect v0.12.0
[INFO] [stderr]    Compiling protox-parse v0.5.0
[INFO] [stderr]    Compiling der v0.6.1
[INFO] [stderr]    Compiling vise-macros v0.1.0
[INFO] [stderr]    Compiling elsa v1.11.2
[INFO] [stderr]    Compiling compile-fmt v0.1.0
[INFO] [stderr]    Compiling multimap v0.10.1
[INFO] [stderr]    Compiling vise v0.1.0
[INFO] [stderr]    Compiling prost-build v0.12.6
[INFO] [stderr]    Compiling spki v0.6.0
[INFO] [stderr]    Compiling der v0.7.10
[INFO] [stderr]    Compiling protox v0.5.1
[INFO] [stderr]    Compiling pkcs8 v0.9.0
[INFO] [stderr]    Compiling zksync_protobuf_build v0.1.0-rc.2
[INFO] [stderr]    Compiling crypto-bigint v0.5.5
[INFO] [stderr]    Compiling hyper v1.12.0
[INFO] [stderr]    Compiling crypto-bigint v0.4.9
[INFO] [stderr]    Compiling ff v0.12.1
[INFO] [stderr]    Compiling base16ct v0.1.1
[INFO] [stderr]    Compiling group v0.12.1
[INFO] [stderr]    Compiling sec1 v0.3.0
[INFO] [stderr]    Compiling tokio-native-tls v0.3.1
[INFO] [stderr]    Compiling spki v0.7.3
[INFO] [stderr]    Compiling h2 v0.3.27
[INFO] [stderr]    Compiling socket2 v0.5.10
[INFO] [stderr]    Compiling rfc6979 v0.3.1
[INFO] [stderr]    Compiling elliptic-curve v0.12.3
[INFO] [stderr]    Compiling hyper-util v0.1.21
[INFO] [stderr]    Compiling pkcs8 v0.10.2
[INFO] [stderr]    Compiling serde_urlencoded v0.7.1
[INFO] [stderr]    Compiling matchers v0.2.0
[INFO] [stderr]    Compiling signature v1.6.4
[INFO] [stderr]    Compiling tracing-serde v0.2.0
[INFO] [stderr]    Compiling tracing-subscriber v0.3.23
[INFO] [stderr]    Compiling ecdsa v0.14.8
[INFO] [stderr]    Compiling num_cpus v1.17.0
[INFO] [stderr]    Compiling winnow v1.0.4
[INFO] [stderr]    Compiling k256 v0.11.6
[INFO] [stderr]    Compiling toml_parser v1.1.5+spec-1.1.0
[INFO] [stderr]    Compiling sha2_ce v0.10.6
[INFO] [stderr]    Compiling uuid v1.28.0
[INFO] [stderr]    Compiling ff v0.13.1
[INFO] [stderr]    Compiling sync_wrapper v1.0.2
[INFO] [stderr]    Compiling toml_datetime v1.1.2+spec-1.1.0
[INFO] [stderr]    Compiling sec1 v0.7.3
[INFO] [stderr]    Compiling toml_edit v0.25.17+spec-1.1.0
[INFO] [stderr]    Compiling hyper v0.14.32
[INFO] [stderr]    Compiling debugid v0.8.0
[INFO] [stderr]    Compiling darling_core v0.13.4
[INFO] [stderr]    Compiling heck v0.4.1
[INFO] [stderr]    Compiling group v0.13.0
[INFO] [stderr]    Compiling opentelemetry_api v0.20.0
[INFO] [stderr]    Compiling tower v0.4.13
[INFO] [stderr]    Compiling signature v2.2.0
[INFO] [stderr]    Compiling rand v0.4.6
[INFO] [stderr]    Compiling chrono v0.4.45
[INFO] [stderr]    Compiling elliptic-curve v0.13.8
[INFO] [stderr]    Compiling proc-macro-crate v3.5.0
[INFO] [stderr]    Compiling sentry-types v0.31.8
[INFO] [stderr]    Compiling tower v0.5.3
[INFO] [stderr]    Compiling darling_macro v0.13.4
[INFO] [stderr]    Compiling zkevm_opcode_defs v0.132.0
[INFO] [stderr]    Compiling bit-vec v0.6.3
[INFO] [stderr]    Compiling axum-core v0.3.4
[INFO] [stderr]    Compiling ordered-float v3.9.2
[INFO] [stderr]    Compiling darling v0.13.4
[INFO] [stderr]    Compiling zksync_protobuf v0.1.0-rc.2
[INFO] [stderr]    Compiling opentelemetry_sdk v0.20.0
[INFO] [stderr]    Compiling ff_derive_ce v0.11.2
[INFO] [stderr]    Compiling rfc6979 v0.4.0
[INFO] [stderr]    Compiling axum v0.6.20
[INFO] [stderr]    Compiling matchit v0.7.3
[INFO] [stderr]    Compiling memchr v2.8.3
[INFO] [stderr]    Compiling sentry-core v0.31.8
[INFO] [stderr]    Compiling prost-derive v0.11.9
[INFO] [stderr]    Compiling ff_ce v0.14.3
[INFO] [stderr]    Compiling hyper-tls v0.5.0
[INFO] [stderr]    Compiling ecdsa v0.16.9
[INFO] [stderr]    Compiling serde_with_macros v1.5.2
[INFO] [stderr]    Compiling zk_evm_abstractions v0.140.0
[INFO] [stderr]    Compiling object v0.37.3
[INFO] [stderr]    Compiling tower-http v0.6.11
[INFO] [stderr]    Compiling hyper-tls v0.6.0
[INFO] [stderr]    Compiling tokio-io-timeout v1.2.1
[INFO] [stderr]    Compiling bigdecimal v0.3.1
[INFO] [stderr]    Compiling findshlibs v0.10.2
[INFO] [stderr]    Compiling rustc-demangle v0.1.28
[INFO] [stderr]    Compiling serde_with v1.14.0
[INFO] [stderr]    Compiling hyper-timeout v0.4.1
[INFO] [stderr]    Compiling reqwest v0.11.27
[INFO] [stderr]    Compiling reqwest v0.12.28
[INFO] [stderr]    Compiling prost v0.11.9
[INFO] [stderr]    Compiling backtrace v0.3.76
[INFO] [stderr]    Compiling opentelemetry v0.20.0
[INFO] [stderr]    Compiling pairing_ce v0.28.6
[INFO] [stderr]    Compiling num_enum_derive v0.7.6
[INFO] [stderr]    Compiling strum_macros v0.24.3
[INFO] [stderr]    Compiling sentry-contexts v0.31.8
[INFO] [stderr]    Compiling hostname v0.3.1
[INFO] [stderr]    Compiling strum v0.24.1
[INFO] [stderr]    Compiling tonic v0.9.2
[INFO] [stderr]    Compiling num_enum v0.7.6
[INFO] [stderr]    Compiling sentry-backtrace v0.31.8
[INFO] [stderr]    Compiling k256 v0.13.4
[INFO] [stderr]    Compiling ethabi v18.0.0
[INFO] [stderr]    Compiling uname v0.1.1
[INFO] [stderr]    Compiling zksync_basic_types v0.1.0
[INFO] [stderr]    Compiling opentelemetry-proto v0.3.0
[INFO] [stderr]    Compiling sentry-debug-images v0.31.8
[INFO] [stderr]    Compiling sentry-panic v0.31.8
[INFO] [stderr]    Compiling opentelemetry-semantic-conventions v0.12.0
[INFO] [stderr]    Compiling opentelemetry-http v0.9.0
[INFO] [stderr]    Compiling crossbeam-queue v0.3.14
[INFO] [stderr]    Compiling tracing-log v0.1.4
[INFO] [stderr]    Compiling zerofrom v0.1.8
[INFO] [stderr]    Compiling opentelemetry-otlp v0.13.0
[INFO] [stderr]    Compiling tracing-opentelemetry v0.21.0
[INFO] [stderr]    Compiling sentry v0.31.8
[INFO] [stderr]    Compiling zk_evm v0.133.0
[INFO] [stderr]    Compiling vise-exporter v0.1.0
[INFO] [stderr]    Compiling zksync_concurrency v0.1.0-rc.2
[INFO] [stderr]    Compiling zksync_consensus_utils v0.1.0-rc.2
[INFO] [stderr]    Compiling zksync_vlog v0.1.0
[INFO] [stderr]    Compiling zksync_utils v0.1.0
[INFO] [stderr]    Compiling secp256k1-sys v0.8.2
[INFO] [stderr]    Compiling serde_yaml v0.9.34+deprecated
[INFO] [stderr]    Compiling quick-protobuf v0.8.1
[INFO] [stderr]    Compiling nom v7.1.3
[INFO] [stderr]    Compiling bincode v1.3.3
[INFO] [stderr]    Compiling zerocopy v0.8.63
[INFO] [stderr]    Compiling rust_decimal v1.43.0
[INFO] [stderr]    Compiling secrecy v0.8.0
[INFO] [stderr]    Compiling envy v0.4.2
[INFO] [stderr]    Compiling ring v0.17.14
[INFO] [stderr]    Compiling subtle v2.6.1
[INFO] [stderr]    Compiling getrandom v0.3.4
[INFO] [stderr]    Compiling derive_more-impl v1.0.0-beta.6
[INFO] [stderr]    Compiling zksync_types v0.1.0
[INFO] [stderr]    Compiling ahash v0.8.12
[INFO] [stderr]    Compiling zksync_contracts v0.1.0
[INFO] [stderr]    Compiling derive_more v1.0.0-beta.6
[INFO] [stderr]    Compiling zksync_system_constants v0.1.0
[INFO] [stderr]    Compiling zksync_consensus_roles v0.1.0-rc.2
[INFO] [stderr]    Compiling curve25519-dalek v4.1.3
[INFO] [stderr]    Compiling hashbrown v0.14.5
[INFO] [stderr]    Compiling crossbeam-utils v0.8.23
[INFO] [stderr]    Compiling curve25519-dalek-derive v0.1.1
[INFO] [stderr]    Compiling futures-sink v0.3.34
[INFO] [stderr]    Compiling form_urlencoded v1.2.2
[INFO] [stderr]    Compiling secp256k1 v0.27.0
[INFO] [stderr]    Compiling zksync_crypto_primitives v0.1.0
[INFO] [stderr]    Compiling zksync_config v0.1.0
[INFO] [stderr]    Compiling zksync_mini_merkle_tree v0.1.0
[INFO] [stderr]    Compiling ppv-lite86 v0.2.21
[INFO] [stderr]    Compiling blst v0.3.17
[INFO] [stderr]    Compiling unicode_categories v0.1.1
[INFO] [stderr]    Compiling crc-catalog v2.5.0
[INFO] [stderr]    Compiling tinyvec v1.13.3
[INFO] [stderr]    Compiling iana-time-zone v0.1.65
[INFO] [stderr]    Compiling arrayvec v0.7.8
[INFO] [stderr]    Compiling unicode-normalization v0.1.26
[INFO] [stderr]    Compiling sqlformat v0.2.6
[INFO] [stderr]    Compiling crc v3.4.0
[INFO] [stderr]    Compiling futures-intrusive v0.5.0
[INFO] [stderr]    Compiling hashlink v0.8.4
[INFO] [stderr]    Compiling ed25519 v2.2.3
[INFO] [stderr]    Compiling threadpool v1.8.1
[INFO] [stderr]    Compiling ipnetwork v0.20.0
[INFO] [stderr]    Compiling atoi v2.0.0
[INFO] [stderr]    Compiling unicode-bidi v0.3.18
[INFO] [stderr]    Compiling hex v0.4.3
[INFO] [stderr]    Compiling unicode-properties v0.1.4
[INFO] [stderr]    Compiling event-listener v2.5.3
[INFO] [stderr]    Compiling byteorder v1.5.0
[INFO] [stderr]    Compiling stringprep v0.1.5
[INFO] [stderr]    Compiling hkdf v0.12.4
[INFO] [stderr]    Compiling ed25519-dalek v2.2.0
[INFO] [stderr]    Compiling md-5 v0.10.6
[INFO] [stderr]    Compiling dotenvy v0.15.7
[INFO] [stderr]    Compiling whoami v1.6.1
[INFO] [stderr]    Compiling sqlx-core v0.7.4
[INFO] [stderr]    Compiling zksync_consensus_storage v0.1.0-rc.2
[INFO] [stderr]    Compiling zksync_consensus_crypto v0.1.0-rc.2
[INFO] [stderr]    Compiling proc-macro-error-attr v1.0.4
[INFO] [stderr]    Compiling cmake v0.1.58
[INFO] [stderr]    Compiling sqlx-postgres v0.7.4
[INFO] [stderr]    Compiling wasm-bindgen-shared v0.2.129
[INFO] [stderr]    Compiling aws-lc-sys v0.46.0
[INFO] [stderr]    Compiling proc-macro-error v1.0.4
[INFO] [stderr]    Compiling crossbeam-utils v0.7.2
[INFO] [stderr]    Compiling konst_macro_rules v0.2.19
[INFO] [stderr]    Compiling konst v0.2.20
[INFO] [stderr]    Compiling rayon v1.12.0
[INFO] [stderr]    Compiling sqlx-macros-core v0.7.4
[INFO] [stderr]    Compiling const_format_proc_macros v0.2.34
[INFO] [stderr]    Compiling zksync_dal v0.1.0
[INFO] [stderr]    Compiling zksync_health_check v0.1.0
[INFO] [stderr]    Compiling derivative v2.2.0
[INFO] [stderr]    Compiling sqlx-macros v0.7.4
[INFO] [stderr]    Compiling convert_case v0.6.0
[INFO] [stderr]    Compiling const_format v0.2.36
[INFO] [stderr]    Compiling crossbeam v0.8.5
[INFO] [stderr]    Compiling unroll v0.1.5
[INFO] [stderr]    Compiling num-modular v0.5.1
[INFO] [stderr]    Compiling memoffset v0.5.6
[INFO] [stderr]    Compiling aws-lc-rs v1.18.2
[INFO] [stderr]    Compiling firestorm v0.5.1
[INFO] [stderr]    Compiling crossbeam-epoch v0.8.2
[INFO] [stderr]    Compiling bumpalo v3.20.3
[INFO] [stderr]    Compiling wasm-bindgen v0.2.129
[INFO] [stderr]    Compiling arrayvec v0.5.2
[INFO] [stderr]    Compiling rustls v0.23.46
[INFO] [stderr]    Compiling wasm-bindgen-macro-support v0.2.129
[INFO] [stderr]    Compiling crossbeam-deque v0.7.4
[INFO] [stderr]    Compiling crossbeam-channel v0.4.4
[INFO] [stderr]    Compiling crossbeam-queue v0.2.3
[INFO] [stderr]    Compiling cs_derive v0.2.0
[INFO] [stderr]    Compiling crossbeam v0.7.3
[INFO] [stderr]    Compiling blake2s_simd v0.5.11
[INFO] [stderr]    Compiling blake2s_const v0.7.0
[INFO] [stderr]    Compiling sqlx v0.7.4
[INFO] [stderr]    Compiling zksync_db_connection v0.1.0
[INFO] [stderr]    Compiling boojum v0.2.0
[INFO] [stderr]    Compiling tiny-keccak v1.5.0
[INFO] [stderr]    Compiling thiserror-impl v2.0.21
[INFO] [stdout] error[E0554]: `#![feature]` may not be used on the beta release channel
[INFO] [stdout]   --> /opt/rustwide/cargo-home/registry/src/index.crates.io-1949cf8c6b5b557f/boojum-0.2.0/src/lib.rs:28:1
[INFO] [stdout]    |
[INFO] [stdout] 28 | #![feature(allocator_api)]
[INFO] [stdout]    | ^^^^^^^^^^^^^^^^^^^^^^^^^^
[INFO] [stdout]    |
[INFO] [stdout]    = help: the feature `const_mut_refs` has been stable since `1.83.0` and no longer requires an attribute to enable
[INFO] [stdout]    = help: the feature `inline_const` has been stable since `1.79.0` and no longer requires an attribute to enable
[INFO] [stdout]    = help: the feature `avx512_target_feature` has been stable since `1.89.0` and no longer requires an attribute to enable
[INFO] [stdout]    = help: the feature `return_position_impl_trait_in_trait` has been stable since `1.75.0` and no longer requires an attribute to enable
[INFO] [stdout] 
[INFO] [stdout] 
[INFO] [stdout] error[E0635]: unknown feature `array_chunks`
[INFO] [stdout]   --> /opt/rustwide/cargo-home/registry/src/index.crates.io-1949cf8c6b5b557f/boojum-0.2.0/src/lib.rs:37:12
[INFO] [stdout]    |
[INFO] [stdout] 37 | #![feature(array_chunks)]
[INFO] [stdout]    |            ^^^^^^^^^^^^
[INFO] [stdout] 
[INFO] [stdout] 
[INFO] [stdout] error[E0635]: unknown feature `const_slice_index`
[INFO] [stdout]   --> /opt/rustwide/cargo-home/registry/src/index.crates.io-1949cf8c6b5b557f/boojum-0.2.0/src/lib.rs:33:12
[INFO] [stdout]    |
[INFO] [stdout] 33 | #![feature(const_slice_index)]
[INFO] [stdout]    |            ^^^^^^^^^^^^^^^^^
[INFO] [stdout]    |
[INFO] [stdout] help: there is a feature with a similar name: `const_slice_len`
[INFO] [stdout]    |
[INFO] [stdout] 33 - #![feature(const_slice_index)]
[INFO] [stdout] 33 + #![feature(const_slice_len)]
[INFO] [stdout]    |
[INFO] [stdout] 
[INFO] [stdout] 
[INFO] [stderr]    Compiling bellman_ce v0.7.0
[INFO] [stderr]    Compiling thiserror v2.0.21
[INFO] [stderr]    Compiling primeorder v0.13.6
[INFO] [stderr]    Compiling bindgen v0.65.1
[INFO] [stderr]    Compiling p256 v0.13.2
[INFO] [stdout] error[E0599]: no method named `array_chunks` found for reference `&[F]` in the current scope
[INFO] [stdout]    --> /opt/rustwide/cargo-home/registry/src/index.crates.io-1949cf8c6b5b557f/boojum-0.2.0/src/algebraic_props/round_function.rs:148:10
[INFO] [stdout]     |
[INFO] [stdout] 147 |       for (chunk, dst) in to_absorb
[INFO] [stdout]     |  _________________________-
[INFO] [stdout] 148 | |         .array_chunks::<AW>()
[INFO] [stdout]     | |         -^^^^^^^^^^^^ `&[F]` is not an iterator
[INFO] [stdout]     | |_________|
[INFO] [stdout]     |
[INFO] [stdout]     |
[INFO] [stdout] help: call `.into_iter()` first
[INFO] [stdout]     |
[INFO] [stdout] 148 |         .into_iter().array_chunks::<AW>()
[INFO] [stdout]     |          ++++++++++++
[INFO] [stdout] 
[INFO] [stdout] 
[INFO] [stdout] error[E0599]: no method named `array_chunks` found for reference `&[F]` in the current scope
[INFO] [stdout]    --> /opt/rustwide/cargo-home/registry/src/index.crates.io-1949cf8c6b5b557f/boojum-0.2.0/src/algebraic_props/round_function.rs:171:28
[INFO] [stdout]     |
[INFO] [stdout] 171 |     for chunk in to_absorb.array_chunks::<AW>() {
[INFO] [stdout]     |                            ^^^^^^^^^^^^ `&[F]` is not an iterator
[INFO] [stdout]     |
[INFO] [stdout] help: call `.into_iter()` first
[INFO] [stdout]     |
[INFO] [stdout] 171 |     for chunk in to_absorb.into_iter().array_chunks::<AW>() {
[INFO] [stdout]     |                            ++++++++++++
[INFO] [stdout] 
[INFO] [stdout] 
[INFO] [stdout] error[E0599]: no method named `array_chunks` found for reference `&[F]` in the current scope
[INFO] [stdout]    --> /opt/rustwide/cargo-home/registry/src/index.crates.io-1949cf8c6b5b557f/boojum-0.2.0/src/algebraic_props/round_function.rs:176:18
[INFO] [stdout]     |
[INFO] [stdout] 176 |     if to_absorb.array_chunks::<AW>().remainder().is_empty() == false {
[INFO] [stdout]     |                  ^^^^^^^^^^^^ `&[F]` is not an iterator
[INFO] [stdout]     |
[INFO] [stdout] help: call `.into_iter()` first
[INFO] [stdout]     |
[INFO] [stdout] 176 |     if to_absorb.into_iter().array_chunks::<AW>().remainder().is_empty() == false {
[INFO] [stdout]     |                  ++++++++++++
[INFO] [stdout] 
[INFO] [stdout] 
[INFO] [stdout] error[E0599]: no method named `array_chunks` found for reference `&[F]` in the current scope
[INFO] [stdout]    --> /opt/rustwide/cargo-home/registry/src/index.crates.io-1949cf8c6b5b557f/boojum-0.2.0/src/algebraic_props/round_function.rs:178:35
[INFO] [stdout]     |
[INFO] [stdout] 178 |         let remainder = to_absorb.array_chunks::<AW>().remainder();
[INFO] [stdout]     |                                   ^^^^^^^^^^^^ `&[F]` is not an iterator
[INFO] [stdout]     |
[INFO] [stdout] help: call `.into_iter()` first
[INFO] [stdout]     |
[INFO] [stdout] 178 |         let remainder = to_absorb.into_iter().array_chunks::<AW>().remainder();
[INFO] [stdout]     |                                   ++++++++++++
[INFO] [stdout] 
[INFO] [stdout] 
[INFO] [stdout] error[E0599]: no method named `array_chunks_mut` found for array `[cs::Variable; N * 2]` in the current scope
[INFO] [stdout]    --> /opt/rustwide/cargo-home/registry/src/index.crates.io-1949cf8c6b5b557f/boojum-0.2.0/src/cs/gates/dot_product_gate.rs:197:34
[INFO] [stdout]     |
[INFO] [stdout] 197 |             .zip(terms_flattened.array_chunks_mut::<2>())
[INFO] [stdout]     |                                  ^^^^^^^^^^^^^^^^
[INFO] [stdout]     |
[INFO] [stdout] help: there is a method `rchunks_mut` with a similar name, but with different arguments
[INFO] [stdout]    --> /rustc/dfb0accb7f508ae8be965d8629557221c889dd98/library/core/src/slice/mod.rs:1739:4
[INFO] [stdout] 
[INFO] [stdout] 
[INFO] [stdout] error[E0599]: `[F; N * 2]` is not an iterator
[INFO] [stdout]    --> /opt/rustwide/cargo-home/registry/src/index.crates.io-1949cf8c6b5b557f/boojum-0.2.0/src/cs/gates/dot_product_gate.rs:207:38
[INFO] [stdout]     |
[INFO] [stdout] 207 |                 for [a, b] in inputs.array_chunks::<2>() {
[INFO] [stdout]     |                                      ^^^^^^^^^^^^ `[F; N * 2]` is not an iterator
[INFO] [stdout]     |
[INFO] [stdout]     = note: the following trait bounds were not satisfied:
[INFO] [stdout]             `[F; N * 2]: Iterator`
[INFO] [stdout]             which is required by `&mut [F; N * 2]: Iterator`
[INFO] [stdout]             `[F]: Iterator`
[INFO] [stdout]             which is required by `&mut [F]: Iterator`
[INFO] [stdout] 
[INFO] [stdout] 
[INFO] [stderr]    Compiling cexpr v0.6.0
[INFO] [stderr]    Compiling zkevm_opcode_defs v0.141.0
[INFO] [stdout] error[E0599]: `[[F; N]]` is not an iterator
[INFO] [stdout]    --> /opt/rustwide/cargo-home/registry/src/index.crates.io-1949cf8c6b5b557f/boojum-0.2.0/src/cs/implementations/fast_serialization.rs:275:39
[INFO] [stdout]     |
[INFO] [stdout] 275 |         let flattened_self = self[..].flatten();
[INFO] [stdout]     |                                       ^^^^^^^ `[[F; N]]` is not an iterator
[INFO] [stdout]     |
[INFO] [stdout]     = note: the following trait bounds were not satisfied:
[INFO] [stdout]             `[[F; N]]: Iterator`
[INFO] [stdout]             which is required by `&mut [[F; N]]: Iterator`
[INFO] [stdout] 
[INFO] [stdout] 
[INFO] [stdout] error[E0599]: `[[u8; N]]` is not an iterator
[INFO] [stdout]    --> /opt/rustwide/cargo-home/registry/src/index.crates.io-1949cf8c6b5b557f/boojum-0.2.0/src/cs/implementations/fast_serialization.rs:349:39
[INFO] [stdout]     |
[INFO] [stdout] 349 |         let flattened_self = self[..].flatten();
[INFO] [stdout]     |                                       ^^^^^^^ `[[u8; N]]` is not an iterator
[INFO] [stdout]     |
[INFO] [stdout]     = note: the following trait bounds were not satisfied:
[INFO] [stdout]             `[[u8; N]]: Iterator`
[INFO] [stdout]             which is required by `&mut [[u8; N]]: Iterator`
[INFO] [stdout] 
[INFO] [stdout] 
[INFO] [stdout] error[E0599]: no method named `array_chunks` found for reference `&[F]` in the current scope
[INFO] [stdout]    --> /opt/rustwide/cargo-home/registry/src/index.crates.io-1949cf8c6b5b557f/boojum-0.2.0/src/cs/implementations/fri/mod.rs:380:38
[INFO] [stdout]     |
[INFO] [stdout] 380 |     let mut src_c0_chunks = c0_chunk.array_chunks::<32>();
[INFO] [stdout]     |                                      ^^^^^^^^^^^^ `&[F]` is not an iterator
[INFO] [stdout]     |
[INFO] [stdout] help: call `.into_iter()` first
[INFO] [stdout]     |
[INFO] [stdout] 380 |     let mut src_c0_chunks = c0_chunk.into_iter().array_chunks::<32>();
[INFO] [stdout]     |                                      ++++++++++++
[INFO] [stdout] 
[INFO] [stdout] 
[INFO] [stdout] error[E0599]: no method named `array_chunks` found for reference `&[F]` in the current scope
[INFO] [stdout]    --> /opt/rustwide/cargo-home/registry/src/index.crates.io-1949cf8c6b5b557f/boojum-0.2.0/src/cs/implementations/fri/mod.rs:381:38
[INFO] [stdout]     |
[INFO] [stdout] 381 |     let mut src_c1_chunks = c1_chunk.array_chunks::<32>();
[INFO] [stdout]     |                                      ^^^^^^^^^^^^ `&[F]` is not an iterator
[INFO] [stdout]     |
[INFO] [stdout] help: call `.into_iter()` first
[INFO] [stdout]     |
[INFO] [stdout] 381 |     let mut src_c1_chunks = c1_chunk.into_iter().array_chunks::<32>();
[INFO] [stdout]     |                                      ++++++++++++
[INFO] [stdout] 
[INFO] [stdout] 
[INFO] [stdout] error[E0599]: no method named `array_chunks_mut` found for mutable reference `&mut [MaybeUninit<F>]` in the current scope
[INFO] [stdout]    --> /opt/rustwide/cargo-home/registry/src/index.crates.io-1949cf8c6b5b557f/boojum-0.2.0/src/cs/implementations/fri/mod.rs:383:36
[INFO] [stdout]     |
[INFO] [stdout] 383 |     let mut dst_c0_chunks = dst_c0.array_chunks_mut::<16>();
[INFO] [stdout]     |                                    ^^^^^^^^^^^^^^^^
[INFO] [stdout]     |
[INFO] [stdout] help: there is a method `rchunks_mut` with a similar name, but with different arguments
[INFO] [stdout]    --> /rustc/dfb0accb7f508ae8be965d8629557221c889dd98/library/core/src/slice/mod.rs:1739:4
[INFO] [stdout] 
[INFO] [stdout] 
[INFO] [stdout] error[E0599]: no method named `array_chunks_mut` found for mutable reference `&mut [MaybeUninit<F>]` in the current scope
[INFO] [stdout]    --> /opt/rustwide/cargo-home/registry/src/index.crates.io-1949cf8c6b5b557f/boojum-0.2.0/src/cs/implementations/fri/mod.rs:384:36
[INFO] [stdout]     |
[INFO] [stdout] 384 |     let mut dst_c1_chunks = dst_c1.array_chunks_mut::<16>();
[INFO] [stdout]     |                                    ^^^^^^^^^^^^^^^^
[INFO] [stdout]     |
[INFO] [stdout] help: there is a method `rchunks_mut` with a similar name, but with different arguments
[INFO] [stdout]    --> /rustc/dfb0accb7f508ae8be965d8629557221c889dd98/library/core/src/slice/mod.rs:1739:4
[INFO] [stdout] 
[INFO] [stdout] 
[INFO] [stdout] error[E0599]: no method named `array_chunks` found for reference `&[F]` in the current scope
[INFO] [stdout]    --> /opt/rustwide/cargo-home/registry/src/index.crates.io-1949cf8c6b5b557f/boojum-0.2.0/src/cs/implementations/fri/mod.rs:386:34
[INFO] [stdout]     |
[INFO] [stdout] 386 |     let mut roots_chunks = roots.array_chunks::<16>();
[INFO] [stdout]     |                                  ^^^^^^^^^^^^ `&[F]` is not an iterator
[INFO] [stdout]     |
[INFO] [stdout] help: call `.into_iter()` first
[INFO] [stdout]     |
[INFO] [stdout] 386 |     let mut roots_chunks = roots.into_iter().array_chunks::<16>();
[INFO] [stdout]     |                                  ++++++++++++
[INFO] [stdout] 
[INFO] [stdout] 
[INFO] [stderr]    Compiling libz-sys v1.1.30
[INFO] [stderr]    Compiling zstd-sys v2.1.2+zstd.1.5.7
[INFO] [stderr]    Compiling bzip2-sys v0.1.13+1.0.8
[INFO] [stderr]    Compiling lz4-sys v1.11.1+lz4-1.10.0
[INFO] [stdout] error[E0599]: no method named `array_chunks` found for struct `Vec<lde::ArcGenericLdeStorage<F, P>>` in the current scope
[INFO] [stdout]     --> /opt/rustwide/cargo-home/registry/src/index.crates.io-1949cf8c6b5b557f/boojum-0.2.0/src/cs/implementations/prover.rs:1674:18
[INFO] [stdout]      |
[INFO] [stdout] 1673 | /             quotient_chunks_ldes
[INFO] [stdout] 1674 | |                 .array_chunks::<2>()
[INFO] [stdout]      | |                 -^^^^^^^^^^^^ `Vec<lde::ArcGenericLdeStorage<F, P>>` is not an iterator
[INFO] [stdout]      | |_________________|
[INFO] [stdout]      |
[INFO] [stdout]      |
[INFO] [stdout] help: call `.into_iter()` first
[INFO] [stdout]      |
[INFO] [stdout] 1674 |                 .into_iter().array_chunks::<2>()
[INFO] [stdout]      |                  ++++++++++++
[INFO] [stdout] 
[INFO] [stdout] 
[INFO] [stdout] error[E0599]: no method named `array_chunks` found for struct `Vec<lde::ArcGenericLdeStorage<F, P>>` in the current scope
[INFO] [stdout]     --> /opt/rustwide/cargo-home/registry/src/index.crates.io-1949cf8c6b5b557f/boojum-0.2.0/src/cs/implementations/prover.rs:1918:55
[INFO] [stdout]      |
[INFO] [stdout] 1918 |         let quotinents: Vec<_> = quotient_chunks_ldes.array_chunks::<2>().cloned().collect();
[INFO] [stdout]      |                                                       ^^^^^^^^^^^^ `Vec<lde::ArcGenericLdeStorage<F, P>>` is not an iterator
[INFO] [stdout]      |
[INFO] [stdout] help: call `.into_iter()` first
[INFO] [stdout]      |
[INFO] [stdout] 1918 |         let quotinents: Vec<_> = quotient_chunks_ldes.into_iter().array_chunks::<2>().cloned().collect();
[INFO] [stdout]      |                                                       ++++++++++++
[INFO] [stdout] 
[INFO] [stdout] 
[INFO] [stdout] error[E0599]: no method named `array_chunks` found for struct `Vec<F>` in the current scope
[INFO] [stdout]    --> /opt/rustwide/cargo-home/registry/src/index.crates.io-1949cf8c6b5b557f/boojum-0.2.0/src/cs/implementations/transcript.rs:118:32
[INFO] [stdout]     |
[INFO] [stdout] 118 |         for chunk in to_absorb.array_chunks::<AW>() {
[INFO] [stdout]     |                                ^^^^^^^^^^^^ `Vec<F>` is not an iterator
[INFO] [stdout]     |
[INFO] [stdout] help: call `.into_iter()` first
[INFO] [stdout]     |
[INFO] [stdout] 118 |         for chunk in to_absorb.into_iter().array_chunks::<AW>() {
[INFO] [stdout]     |                                ++++++++++++
[INFO] [stdout] 
[INFO] [stdout] 
[INFO] [stdout] error[E0599]: no method named `array_chunks` found for reference `&[F]` in the current scope
[INFO] [stdout]     --> /opt/rustwide/cargo-home/registry/src/index.crates.io-1949cf8c6b5b557f/boojum-0.2.0/src/cs/implementations/verifier.rs:2228:24
[INFO] [stdout]      |
[INFO] [stdout] 2228 |                     el.array_chunks::<2>()
[INFO] [stdout]      |                        ^^^^^^^^^^^^ `&[F]` is not an iterator
[INFO] [stdout]      |
[INFO] [stdout] help: call `.into_iter()` first
[INFO] [stdout]      |
[INFO] [stdout] 2228 |                     el.into_iter().array_chunks::<2>()
[INFO] [stdout]      |                        ++++++++++++
[INFO] [stdout] 
[INFO] [stdout] 
[INFO] [stdout] error[E0599]: no method named `array_chunks` found for struct `Vec<field::traits::field::ExtensionField<F, 2, EXT>>` in the current scope
[INFO] [stdout]     --> /opt/rustwide/cargo-home/registry/src/index.crates.io-1949cf8c6b5b557f/boojum-0.2.0/src/cs/implementations/verifier.rs:2466:64
[INFO] [stdout]      |
[INFO] [stdout] 2466 |                     for (i, [a, b]) in elements_to_interpolate.array_chunks::<2>().enumerate() {
[INFO] [stdout]      |                                                                ^^^^^^^^^^^^ `Vec<field::traits::field::ExtensionField<F, 2, EXT>>` is not an iterator
[INFO] [stdout]      |
[INFO] [stdout] help: call `.into_iter()` first
[INFO] [stdout]      |
[INFO] [stdout] 2466 |                     for (i, [a, b]) in elements_to_interpolate.into_iter().array_chunks::<2>().enumerate() {
[INFO] [stdout]      |                                                                ++++++++++++
[INFO] [stdout] 
[INFO] [stdout] 
[INFO] [stdout] error[E0599]: no method named `array_chunks` found for reference `&[<H as cs::oracle::TreeHasher<F>>::Output]` in the current scope
[INFO] [stdout]    --> /opt/rustwide/cargo-home/registry/src/index.crates.io-1949cf8c6b5b557f/boojum-0.2.0/src/cs/oracle/merkle_tree.rs:422:66
[INFO] [stdout]     |
[INFO] [stdout] 422 |                         for (dst, src) in dst.iter_mut().zip(src.array_chunks::<2>()) {
[INFO] [stdout]     |                                                                  ^^^^^^^^^^^^ `&[<H as cs::oracle::TreeHasher<F>>::Output]` is not an iterator
[INFO] [stdout]     |
[INFO] [stdout] help: call `.into_iter()` first
[INFO] [stdout]     |
[INFO] [stdout] 422 |                         for (dst, src) in dst.iter_mut().zip(src.into_iter().array_chunks::<2>()) {
[INFO] [stdout]     |                                                                  ++++++++++++
[INFO] [stdout] 
[INFO] [stdout] 
[INFO] [stderr]    Compiling wasm-bindgen-macro v0.2.129
[INFO] [stdout] error[E0308]: mismatched types
[INFO] [stdout]   --> /opt/rustwide/cargo-home/registry/src/index.crates.io-1949cf8c6b5b557f/boojum-0.2.0/src/gadgets/boolean/mod.rs:66:9
[INFO] [stdout]    |
[INFO] [stdout] 66 |         [self.variable]
[INFO] [stdout]    |         ^^^^^^^^^^^^^^^ expected `Self::INTERNAL_STRUCT_LEN`, found `1`
[INFO] [stdout]    |
[INFO] [stdout]    = note: expected constant `Self::INTERNAL_STRUCT_LEN`
[INFO] [stdout]               found constant `1`
[INFO] [stdout] 
[INFO] [stdout] 
[INFO] [stdout] error[E0599]: `&[gadgets::num::Num<F>; N]` is not an iterator
[INFO] [stdout]    --> /opt/rustwide/cargo-home/registry/src/index.crates.io-1949cf8c6b5b557f/boojum-0.2.0/src/gadgets/num/mod.rs:162:27
[INFO] [stdout]     |
[INFO] [stdout] 162 |             let mut a = a.array_chunks::<4>();
[INFO] [stdout]     |                           ^^^^^^^^^^^^ `&[gadgets::num::Num<F>; N]` is not an iterator
[INFO] [stdout]     |
[INFO] [stdout]     = note: the following trait bounds were not satisfied:
[INFO] [stdout]             `&[gadgets::num::Num<F>; N]: Iterator`
[INFO] [stdout]             which is required by `&mut &[gadgets::num::Num<F>; N]: Iterator`
[INFO] [stdout]             `[gadgets::num::Num<F>; N]: Iterator`
[INFO] [stdout]             which is required by `&mut [gadgets::num::Num<F>; N]: Iterator`
[INFO] [stdout]             `[gadgets::num::Num<F>]: Iterator`
[INFO] [stdout]             which is required by `&mut [gadgets::num::Num<F>]: Iterator`
[INFO] [stdout] 
[INFO] [stdout] 
[INFO] [stdout] error[E0599]: `&[gadgets::num::Num<F>; N]` is not an iterator
[INFO] [stdout]    --> /opt/rustwide/cargo-home/registry/src/index.crates.io-1949cf8c6b5b557f/boojum-0.2.0/src/gadgets/num/mod.rs:163:27
[INFO] [stdout]     |
[INFO] [stdout] 163 |             let mut b = b.array_chunks::<4>();
[INFO] [stdout]     |                           ^^^^^^^^^^^^ `&[gadgets::num::Num<F>; N]` is not an iterator
[INFO] [stdout]     |
[INFO] [stdout]     = note: the following trait bounds were not satisfied:
[INFO] [stdout]             `&[gadgets::num::Num<F>; N]: Iterator`
[INFO] [stdout]             which is required by `&mut &[gadgets::num::Num<F>; N]: Iterator`
[INFO] [stdout]             `[gadgets::num::Num<F>; N]: Iterator`
[INFO] [stdout]             which is required by `&mut [gadgets::num::Num<F>; N]: Iterator`
[INFO] [stdout]             `[gadgets::num::Num<F>]: Iterator`
[INFO] [stdout]             which is required by `&mut [gadgets::num::Num<F>]: Iterator`
[INFO] [stdout] 
[INFO] [stdout] 
[INFO] [stdout] error[E0599]: no method named `array_chunks_mut` found for array `[cs::Variable; N]` in the current scope
[INFO] [stdout]    --> /opt/rustwide/cargo-home/registry/src/index.crates.io-1949cf8c6b5b557f/boojum-0.2.0/src/gadgets/num/mod.rs:164:34
[INFO] [stdout]     |
[INFO] [stdout] 164 |             let mut dst = result.array_chunks_mut::<4>();
[INFO] [stdout]     |                                  ^^^^^^^^^^^^^^^^
[INFO] [stdout]     |
[INFO] [stdout] help: there is a method `rchunks_mut` with a similar name, but with different arguments
[INFO] [stdout]    --> /rustc/dfb0accb7f508ae8be965d8629557221c889dd98/library/core/src/slice/mod.rs:1739:4
[INFO] [stdout] 
[INFO] [stdout] 
[INFO] [stdout] error[E0308]: mismatched types
[INFO] [stdout]    --> /opt/rustwide/cargo-home/registry/src/index.crates.io-1949cf8c6b5b557f/boojum-0.2.0/src/gadgets/num/mod.rs:172:44
[INFO] [stdout]     |
[INFO] [stdout] 125 | impl<F: SmallField> Selectable<F> for Num<F> {
[INFO] [stdout]     |      - expected this type parameter
[INFO] [stdout] ...
[INFO] [stdout] 172 |             if a.remainder().is_empty() == false {
[INFO] [stdout]     |                                            ^^^^^ expected type parameter `F`, found `bool`
[INFO] [stdout]     |
[INFO] [stdout]     = note: expected type parameter `F`
[INFO] [stdout]                          found type `bool`
[INFO] [stdout]     = note: `bool` implements `PartialEq<{type error}>`
[INFO] [stdout] help: consider swapping the equality
[INFO] [stdout]     |
[INFO] [stdout] 172 -             if a.remainder().is_empty() == false {
[INFO] [stdout] 172 +             if false == a.remainder().is_empty() {
[INFO] [stdout]     |
[INFO] [stdout] 
[INFO] [stdout] 
[INFO] [stdout] error[E0599]: no method named `array_chunks` found for struct `arrayvec::ArrayVec<cs::Variable, LIMIT>` in the current scope
[INFO] [stdout]    --> /opt/rustwide/cargo-home/registry/src/index.crates.io-1949cf8c6b5b557f/boojum-0.2.0/src/gadgets/num/mod.rs:367:49
[INFO] [stdout]     |
[INFO] [stdout] 367 |                 let mut chunks = vars_array_vec.array_chunks::<4>();
[INFO] [stdout]     |                                                 ^^^^^^^^^^^^ `arrayvec::ArrayVec<cs::Variable, LIMIT>` is not an iterator
[INFO] [stdout]     |
[INFO] [stdout] help: call `.into_iter()` first
[INFO] [stdout]     |
[INFO] [stdout] 367 |                 let mut chunks = vars_array_vec.into_iter().array_chunks::<4>();
[INFO] [stdout]     |                                                 ++++++++++++
[INFO] [stdout] 
[INFO] [stdout] 
[INFO] [stdout] error[E0308]: mismatched types
[INFO] [stdout]    --> /opt/rustwide/cargo-home/registry/src/index.crates.io-1949cf8c6b5b557f/boojum-0.2.0/src/gadgets/num/mod.rs:375:37
[INFO] [stdout]     |
[INFO] [stdout] 193 | impl<F: SmallField> Num<F> {
[INFO] [stdout]     |      - expected this type parameter
[INFO] [stdout] ...
[INFO] [stdout] 375 |                 if remainder_len != 0 {
[INFO] [stdout]     |                                     ^ expected type parameter `F`, found integer
[INFO] [stdout]     |
[INFO] [stdout]     = note: expected type parameter `F`
[INFO] [stdout]                          found type `{integer}`
[INFO] [stdout] 
[INFO] [stdout] 
[INFO] [stdout] error[E0599]: no method named `array_chunks_mut` found for array `[cs::Variable; N * 2]` in the current scope
[INFO] [stdout]    --> /opt/rustwide/cargo-home/registry/src/index.crates.io-1949cf8c6b5b557f/boojum-0.2.0/src/gadgets/num/mod.rs:811:37
[INFO] [stdout]     |
[INFO] [stdout] 811 |                     .zip(gate.terms.array_chunks_mut::<2>())
[INFO] [stdout]     |                                     ^^^^^^^^^^^^^^^^
[INFO] [stdout]     |
[INFO] [stdout] help: there is a method `rchunks_mut` with a similar name, but with different arguments
[INFO] [stdout]    --> /rustc/dfb0accb7f508ae8be965d8629557221c889dd98/library/core/src/slice/mod.rs:1739:4
[INFO] [stdout] 
[INFO] [stdout] 
[INFO] [stdout] error[E0599]: no method named `array_chunks` found for reference `&[(cs::Variable, F)]` in the current scope
[INFO] [stdout]    --> /opt/rustwide/cargo-home/registry/src/index.crates.io-1949cf8c6b5b557f/boojum-0.2.0/src/gadgets/num/mod.rs:822:44
[INFO] [stdout]     |
[INFO] [stdout] 822 |                     let mut chunks = input.array_chunks::<4>();
[INFO] [stdout]     |                                            ^^^^^^^^^^^^ `&[(cs::Variable, F)]` is not an iterator
[INFO] [stdout]     |
[INFO] [stdout] help: call `.into_iter()` first
[INFO] [stdout]     |
[INFO] [stdout] 822 |                     let mut chunks = input.into_iter().array_chunks::<4>();
[INFO] [stdout]     |                                            ++++++++++++
[INFO] [stdout] 
[INFO] [stdout] 
[INFO] [stdout] error[E0599]: no method named `array_chunks_mut` found for array `[cs::Variable; N * 2]` in the current scope
[INFO] [stdout]    --> /opt/rustwide/cargo-home/registry/src/index.crates.io-1949cf8c6b5b557f/boojum-0.2.0/src/gadgets/num/mod.rs:856:41
[INFO] [stdout]     |
[INFO] [stdout] 856 |                         .zip(gate.terms.array_chunks_mut::<2>())
[INFO] [stdout]     |                                         ^^^^^^^^^^^^^^^^
[INFO] [stdout]     |
[INFO] [stdout] help: there is a method `rchunks_mut` with a similar name, but with different arguments
[INFO] [stdout]    --> /rustc/dfb0accb7f508ae8be965d8629557221c889dd98/library/core/src/slice/mod.rs:1739:4
[INFO] [stdout] 
[INFO] [stdout] 
[INFO] [stdout] error[E0599]: no method named `array_chunks` found for reference `&[(cs::Variable, F)]` in the current scope
[INFO] [stdout]    --> /opt/rustwide/cargo-home/registry/src/index.crates.io-1949cf8c6b5b557f/boojum-0.2.0/src/gadgets/num/mod.rs:874:44
[INFO] [stdout]     |
[INFO] [stdout] 874 |                     let mut chunks = input.array_chunks::<3>();
[INFO] [stdout]     |                                            ^^^^^^^^^^^^ `&[(cs::Variable, F)]` is not an iterator
[INFO] [stdout]     |
[INFO] [stdout] help: call `.into_iter()` first
[INFO] [stdout]     |
[INFO] [stdout] 874 |                     let mut chunks = input.into_iter().array_chunks::<3>();
[INFO] [stdout]     |                                            ++++++++++++
[INFO] [stdout] 
[INFO] [stdout] 
[INFO] [stdout] error[E0599]: no method named `array_chunks_mut` found for array `[cs::Variable; N * 2]` in the current scope
[INFO] [stdout]    --> /opt/rustwide/cargo-home/registry/src/index.crates.io-1949cf8c6b5b557f/boojum-0.2.0/src/gadgets/num/mod.rs:911:41
[INFO] [stdout]     |
[INFO] [stdout] 911 |                         .zip(gate.terms.array_chunks_mut::<2>())
[INFO] [stdout]     |                                         ^^^^^^^^^^^^^^^^
[INFO] [stdout]     |
[INFO] [stdout] help: there is a method `rchunks_mut` with a similar name, but with different arguments
[INFO] [stdout]    --> /rustc/dfb0accb7f508ae8be965d8629557221c889dd98/library/core/src/slice/mod.rs:1739:4
[INFO] [stdout] 
[INFO] [stdout] 
[INFO] [stdout] error[E0308]: mismatched types
[INFO] [stdout]     --> /opt/rustwide/cargo-home/registry/src/index.crates.io-1949cf8c6b5b557f/boojum-0.2.0/src/gadgets/num/mod.rs:1247:9
[INFO] [stdout]      |
[INFO] [stdout] 1247 |         [self.variable]
[INFO] [stdout]      |         ^^^^^^^^^^^^^^^ expected `Self::INTERNAL_STRUCT_LEN`, found `1`
[INFO] [stdout]      |
[INFO] [stdout]      = note: expected constant `Self::INTERNAL_STRUCT_LEN`
[INFO] [stdout]                 found constant `1`
[INFO] [stdout] 
[INFO] [stdout] 
[INFO] [stdout] error[E0599]: no method named `array_chunks_mut` found for array `[cs::Variable; 8]` in the current scope
[INFO] [stdout]   --> /opt/rustwide/cargo-home/registry/src/index.crates.io-1949cf8c6b5b557f/boojum-0.2.0/src/gadgets/blake2s/mixing_function.rs:80:10
[INFO] [stdout]    |
[INFO] [stdout] 79 |       for (dst, src) in not_shifted_b_chunks
[INFO] [stdout]    |  _______________________-
[INFO] [stdout] 80 | |         .array_chunks_mut::<2>()
[INFO] [stdout]    | |_________-^^^^^^^^^^^^^^^^
[INFO] [stdout]    |
[INFO] [stdout] help: there is a method `rchunks_mut` with a similar name, but with different arguments
[INFO] [stdout]   --> /rustc/dfb0accb7f508ae8be965d8629557221c889dd98/library/core/src/slice/mod.rs:1739:4
[INFO] [stdout] 
[INFO] [stdout] 
[INFO] [stdout] error[E0599]: no method named `array_chunks_mut` found for array `[cs::Variable; 8]` in the current scope
[INFO] [stdout]    --> /opt/rustwide/cargo-home/registry/src/index.crates.io-1949cf8c6b5b557f/boojum-0.2.0/src/gadgets/blake2s/mixing_function.rs:136:10
[INFO] [stdout]     |
[INFO] [stdout] 135 |       for (dst, src) in not_shifted_b_chunks
[INFO] [stdout]     |  _______________________-
[INFO] [stdout] 136 | |         .array_chunks_mut::<2>()
[INFO] [stdout]     | |_________-^^^^^^^^^^^^^^^^
[INFO] [stdout]     |
[INFO] [stdout] help: there is a method `rchunks_mut` with a similar name, but with different arguments
[INFO] [stdout]    --> /rustc/dfb0accb7f508ae8be965d8629557221c889dd98/library/core/src/slice/mod.rs:1739:4
[INFO] [stdout] 
[INFO] [stdout] 
[INFO] [stdout] error[E0599]: no method named `array_chunks` found for reference `&[gadgets::u8::UInt8<F>]` in the current scope
[INFO] [stdout]   --> /opt/rustwide/cargo-home/registry/src/index.crates.io-1949cf8c6b5b557f/boojum-0.2.0/src/gadgets/blake2s/mod.rs:69:34
[INFO] [stdout]    |
[INFO] [stdout] 69 |     let mut input_chunks = input.array_chunks::<BLAKE2S_BLOCK_SIZE>();
[INFO] [stdout]    |                                  ^^^^^^^^^^^^ `&[gadgets::u8::UInt8<F>]` is not an iterator
[INFO] [stdout]    |
[INFO] [stdout] help: call `.into_iter()` first
[INFO] [stdout]    |
[INFO] [stdout] 69 |     let mut input_chunks = input.into_iter().array_chunks::<BLAKE2S_BLOCK_SIZE>();
[INFO] [stdout]    |                                  ++++++++++++
[INFO] [stdout] 
[INFO] [stdout] 
[INFO] [stdout] error[E0308]: mismatched types
[INFO] [stdout]    --> /opt/rustwide/cargo-home/registry/src/index.crates.io-1949cf8c6b5b557f/boojum-0.2.0/src/gadgets/blake2s/mod.rs:103:23
[INFO] [stdout]     |
[INFO] [stdout]  35 | pub fn blake2s<F: SmallField, CS: ConstraintSystem<F>>(
[INFO] [stdout]     |                - expected this type parameter
[INFO] [stdout] ...
[INFO] [stdout] 103 |         assert!(len > 0);
[INFO] [stdout]     |                       ^ expected type parameter `F`, found integer
[INFO] [stdout]     |
[INFO] [stdout]     = note: expected type parameter `F`
[INFO] [stdout]                          found type `{integer}`
[INFO] [stdout] 
[INFO] [stdout] 
[INFO] [stdout] error[E0308]: mismatched types
[INFO] [stdout]    --> /opt/rustwide/cargo-home/registry/src/index.crates.io-1949cf8c6b5b557f/boojum-0.2.0/src/gadgets/blake2s/mod.rs:104:23
[INFO] [stdout]     |
[INFO] [stdout]  35 | pub fn blake2s<F: SmallField, CS: ConstraintSystem<F>>(
[INFO] [stdout]     |                - expected this type parameter
[INFO] [stdout] ...
[INFO] [stdout] 104 |         assert!(len < BLAKE2S_BLOCK_SIZE);
[INFO] [stdout]     |                       ^^^^^^^^^^^^^^^^^^ expected type parameter `F`, found `usize`
[INFO] [stdout]     |
[INFO] [stdout]     = note: expected type parameter `F`
[INFO] [stdout]                          found type `usize`
[INFO] [stdout] 
[INFO] [stdout] 
[INFO] [stdout] error[E0599]: no method named `array_chunks_mut` found for array `[MaybeUninit<gadgets::u8::UInt8<F>>; 32]` in the current scope
[INFO] [stdout]    --> /opt/rustwide/cargo-home/registry/src/index.crates.io-1949cf8c6b5b557f/boojum-0.2.0/src/gadgets/blake2s/mod.rs:128:30
[INFO] [stdout]     |
[INFO] [stdout] 128 |     for (dst, src) in result.array_chunks_mut::<4>().zip(state[..8].iter()) {
[INFO] [stdout]     |                              ^^^^^^^^^^^^^^^^
[INFO] [stdout]     |
[INFO] [stdout] help: there is a method `rchunks_mut` with a similar name, but with different arguments
[INFO] [stdout]    --> /rustc/dfb0accb7f508ae8be965d8629557221c889dd98/library/core/src/slice/mod.rs:1739:4
[INFO] [stdout] 
[INFO] [stdout] 
[INFO] [stdout] error[E0599]: `&[cs::Variable; BYTES_PER_WORD]` is not an iterator
[INFO] [stdout]    --> /opt/rustwide/cargo-home/registry/src/index.crates.io-1949cf8c6b5b557f/boojum-0.2.0/src/gadgets/keccak256/round_function.rs:179:23
[INFO] [stdout]     |
[INFO] [stdout] 179 |     let mut it = word.array_chunks::<4>();
[INFO] [stdout]     |                       ^^^^^^^^^^^^ `&[cs::Variable; BYTES_PER_WORD]` is not an iterator
[INFO] [stdout]     |
[INFO] [stdout]     = note: the following trait bounds were not satisfied:
[INFO] [stdout]             `&[cs::Variable; BYTES_PER_WORD]: Iterator`
[INFO] [stdout]             which is required by `&mut &[cs::Variable; BYTES_PER_WORD]: Iterator`
[INFO] [stdout]             `[cs::Variable; BYTES_PER_WORD]: Iterator`
[INFO] [stdout]             which is required by `&mut [cs::Variable; BYTES_PER_WORD]: Iterator`
[INFO] [stdout]             `[cs::Variable]: Iterator`
[INFO] [stdout]             which is required by `&mut [cs::Variable]: Iterator`
[INFO] [stdout] 
[INFO] [stdout] 
[INFO] [stdout] error[E0599]: no method named `array_chunks` found for struct `Vec<cs::Variable>` in the current scope
[INFO] [stdout]   --> /opt/rustwide/cargo-home/registry/src/index.crates.io-1949cf8c6b5b557f/boojum-0.2.0/src/gadgets/keccak256/mod.rs:83:33
[INFO] [stdout]    |
[INFO] [stdout] 83 |     for block in padded_message.array_chunks::<KECCAK_RATE_BYTES>() {
[INFO] [stdout]    |                                 ^^^^^^^^^^^^ `Vec<cs::Variable>` is not an iterator
[INFO] [stdout]    |
[INFO] [stdout] help: call `.into_iter()` first
[INFO] [stdout]    |
[INFO] [stdout] 83 |     for block in padded_message.into_iter().array_chunks::<KECCAK_RATE_BYTES>() {
[INFO] [stdout]    |                                 ++++++++++++
[INFO] [stdout] 
[INFO] [stdout] 
[INFO] [stdout] error[E0599]: no method named `array_chunks_mut` found for array `[MaybeUninit<gadgets::u8::UInt8<F>>; 32]` in the current scope
[INFO] [stdout]    --> /opt/rustwide/cargo-home/registry/src/index.crates.io-1949cf8c6b5b557f/boojum-0.2.0/src/gadgets/keccak256/mod.rs:102:28
[INFO] [stdout]     |
[INFO] [stdout] 102 |     for (i, dst) in result.array_chunks_mut::<8>().enumerate() {
[INFO] [stdout]     |                            ^^^^^^^^^^^^^^^^
[INFO] [stdout]     |
[INFO] [stdout] help: there is a method `rchunks_mut` with a similar name, but with different arguments
[INFO] [stdout]    --> /rustc/dfb0accb7f508ae8be965d8629557221c889dd98/library/core/src/slice/mod.rs:1739:4
[INFO] [stdout] 
[INFO] [stdout] 
[INFO] [stdout] error[E0599]: no method named `array_chunks_mut` found for array `[&mut non_native_field::implementations::NonNativeFieldOverU16<F, T, N>; M]` in the current scope
[INFO] [stdout]    --> /opt/rustwide/cargo-home/registry/src/index.crates.io-1949cf8c6b5b557f/boojum-0.2.0/src/gadgets/non_native_field/implementations/implementation_u16.rs:346:29
[INFO] [stdout]     |
[INFO] [stdout] 346 |         let [a, b] = inputs.array_chunks_mut::<2>().next().unwrap();
[INFO] [stdout]     |                             ^^^^^^^^^^^^^^^^
[INFO] [stdout]     |
[INFO] [stdout] help: there is a method `rchunks_mut` with a similar name, but with different arguments
[INFO] [stdout]    --> /rustc/dfb0accb7f508ae8be965d8629557221c889dd98/library/core/src/slice/mod.rs:1739:4
[INFO] [stdout] 
[INFO] [stdout] 
[INFO] [stdout] error[E0599]: no method named `array_chunks` found for reference `&[u16]` in the current scope
[INFO] [stdout]   --> /opt/rustwide/cargo-home/registry/src/index.crates.io-1949cf8c6b5b557f/boojum-0.2.0/src/gadgets/non_native_field/implementations/utils.rs:49:24
[INFO] [stdout]    |
[INFO] [stdout] 49 |     let mut it = words.array_chunks::<4>();
[INFO] [stdout]    |                        ^^^^^^^^^^^^ `&[u16]` is not an iterator
[INFO] [stdout]    |
[INFO] [stdout] help: call `.into_iter()` first
[INFO] [stdout]    |
[INFO] [stdout] 49 |     let mut it = words.into_iter().array_chunks::<4>();
[INFO] [stdout]    |                        ++++++++++++
[INFO] [stdout] 
[INFO] [stdout] 
[INFO] [stdout] error[E0599]: no method named `array_chunks` found for reference `&[F]` in the current scope
[INFO] [stdout]   --> /opt/rustwide/cargo-home/registry/src/index.crates.io-1949cf8c6b5b557f/boojum-0.2.0/src/gadgets/non_native_field/implementations/utils.rs:93:24
[INFO] [stdout]    |
[INFO] [stdout] 93 |     let mut it = words.array_chunks::<4>();
[INFO] [stdout]    |                        ^^^^^^^^^^^^ `&[F]` is not an iterator
[INFO] [stdout]    |
[INFO] [stdout] help: call `.into_iter()` first
[INFO] [stdout]    |
[INFO] [stdout] 93 |     let mut it = words.into_iter().array_chunks::<4>();
[INFO] [stdout]    |                        ++++++++++++
[INFO] [stdout] 
[INFO] [stdout] 
[INFO] [stdout] error[E0308]: mismatched types
[INFO] [stdout]    --> /opt/rustwide/cargo-home/registry/src/index.crates.io-1949cf8c6b5b557f/boojum-0.2.0/src/gadgets/non_native_field/implementations/utils.rs:108:32
[INFO] [stdout]     |
[INFO] [stdout]  90 | pub fn u16_field_words_to_u1024<F: SmallField>(words: &[F]) -> U1024 {
[INFO] [stdout]     |                                 - expected this type parameter
[INFO] [stdout] ...
[INFO] [stdout] 108 |     if remainder.is_empty() == false {
[INFO] [stdout]     |                                ^^^^^ expected type parameter `F`, found `bool`
[INFO] [stdout]     |
[INFO] [stdout]     = note: expected type parameter `F`
[INFO] [stdout]                          found type `bool`
[INFO] [stdout]     = note: `bool` implements `PartialEq<{type error}>`
[INFO] [stdout] help: consider swapping the equality
[INFO] [stdout]     |
[INFO] [stdout] 108 -     if remainder.is_empty() == false {
[INFO] [stdout] 108 +     if false == remainder.is_empty() {
[INFO] [stdout]     |
[INFO] [stdout] 
[INFO] [stdout] 
[INFO] [stdout] error[E0599]: `[cs::Variable; 12]` is not an iterator
[INFO] [stdout]   --> /opt/rustwide/cargo-home/registry/src/index.crates.io-1949cf8c6b5b557f/boojum-0.2.0/src/gadgets/poseidon2/mod.rs:24:27
[INFO] [stdout]    |
[INFO] [stdout] 24 |             let a = state.array_chunks::<8>().next().copied().unwrap();
[INFO] [stdout]    |                           ^^^^^^^^^^^^ `[cs::Variable; 12]` is not an iterator
[INFO] [stdout]    |
[INFO] [stdout]    = note: the following trait bounds were not satisfied:
[INFO] [stdout]            `[cs::Variable; 12]: Iterator`
[INFO] [stdout]            which is required by `&mut [cs::Variable; 12]: Iterator`
[INFO] [stdout]            `[cs::Variable]: Iterator`
[INFO] [stdout]            which is required by `&mut [cs::Variable]: Iterator`
[INFO] [stdout] 
[INFO] [stdout] 
[INFO] [stdout] error[E0599]: `[cs::Variable]` is not an iterator
[INFO] [stdout]   --> /opt/rustwide/cargo-home/registry/src/index.crates.io-1949cf8c6b5b557f/boojum-0.2.0/src/gadgets/poseidon2/mod.rs:25:32
[INFO] [stdout]    |
[INFO] [stdout] 25 |             let b = state[8..].array_chunks::<4>().next().copied().unwrap();
[INFO] [stdout]    |                                ^^^^^^^^^^^^ `[cs::Variable]` is not an iterator
[INFO] [stdout]    |
[INFO] [stdout]    = note: the following trait bounds were not satisfied:
[INFO] [stdout]            `[cs::Variable]: Iterator`
[INFO] [stdout]            which is required by `&mut [cs::Variable]: Iterator`
[INFO] [stdout] 
[INFO] [stdout] 
[INFO] [stdout] error[E0599]: no method named `array_chunks_mut` found for array `[cs::Variable; 12]` in the current scope
[INFO] [stdout]    --> /opt/rustwide/cargo-home/registry/src/index.crates.io-1949cf8c6b5b557f/boojum-0.2.0/src/gadgets/poseidon2/mod.rs:173:31
[INFO] [stdout]     |
[INFO] [stdout] 173 |         for (dst, src) in tmp.array_chunks_mut::<4>().zip(state.array_chunks::<4>()) {
[INFO] [stdout]     |                               ^^^^^^^^^^^^^^^^
[INFO] [stdout]     |
[INFO] [stdout] help: there is a method `rchunks_mut` with a similar name, but with different arguments
[INFO] [stdout]    --> /rustc/dfb0accb7f508ae8be965d8629557221c889dd98/library/core/src/slice/mod.rs:1739:4
[INFO] [stdout] 
[INFO] [stdout] 
[INFO] [stdout] error[E0599]: `&mut [cs::Variable; 12]` is not an iterator
[INFO] [stdout]    --> /opt/rustwide/cargo-home/registry/src/index.crates.io-1949cf8c6b5b557f/boojum-0.2.0/src/gadgets/poseidon2/mod.rs:173:65
[INFO] [stdout]     |
[INFO] [stdout] 173 |         for (dst, src) in tmp.array_chunks_mut::<4>().zip(state.array_chunks::<4>()) {
[INFO] [stdout]     |                                                                 ^^^^^^^^^^^^ `&mut [cs::Variable; 12]` is not an iterator
[INFO] [stdout]     |
[INFO] [stdout]     = note: the following trait bounds were not satisfied:
[INFO] [stdout]             `[cs::Variable; 12]: Iterator`
[INFO] [stdout]             which is required by `&mut [cs::Variable; 12]: Iterator`
[INFO] [stdout]             `&mut [cs::Variable; 12]: Iterator`
[INFO] [stdout]             which is required by `&mut &mut [cs::Variable; 12]: Iterator`
[INFO] [stdout]             `[cs::Variable]: Iterator`
[INFO] [stdout]             which is required by `&mut [cs::Variable]: Iterator`
[INFO] [stdout] 
[INFO] [stdout] 
[INFO] [stdout] error[E0599]: `[F]` is not an iterator
[INFO] [stdout]    --> /opt/rustwide/cargo-home/registry/src/index.crates.io-1949cf8c6b5b557f/boojum-0.2.0/src/gadgets/queue/full_state_queue.rs:173:26
[INFO] [stdout]     |
[INFO] [stdout] 172 |                       let raw_values = ins[offset..]
[INFO] [stdout]     |  ______________________________________-
[INFO] [stdout] 173 | |                         .array_chunks::<{ <EL as CSAllocatableExt<F>>::INTERNAL_STRUCT_LEN }>()
[INFO] [stdout]     | |                         -^^^^^^^^^^^^ `[F]` is not an iterator
[INFO] [stdout]     | |_________________________|
[INFO] [stdout]     |
[INFO] [stdout]     |
[INFO] [stdout]     = note: the following trait bounds were not satisfied:
[INFO] [stdout]             `[F]: Iterator`
[INFO] [stdout]             which is required by `&mut [F]: Iterator`
[INFO] [stdout] 
[INFO] [stdout] 
[INFO] [stdout] error[E0599]: `[F]` is not an iterator
[INFO] [stdout]    --> /opt/rustwide/cargo-home/registry/src/index.crates.io-1949cf8c6b5b557f/boojum-0.2.0/src/gadgets/queue/full_state_queue.rs:182:26
[INFO] [stdout]     |
[INFO] [stdout] 181 |                       let previous_tail = ins[(N + 1)..]
[INFO] [stdout]     |  _________________________________________-
[INFO] [stdout] 182 | |                         .array_chunks::<SW>()
[INFO] [stdout]     | |                         -^^^^^^^^^^^^ `[F]` is not an iterator
[INFO] [stdout]     | |_________________________|
[INFO] [stdout]     |
[INFO] [stdout]     |
[INFO] [stdout]     = note: the following trait bounds were not satisfied:
[INFO] [stdout]             `[F]: Iterator`
[INFO] [stdout]             which is required by `&mut [F]: Iterator`
[INFO] [stdout] 
[INFO] [stdout] 
[INFO] [stdout] error[E0599]: `[gadgets::num::Num<F>]` is not an iterator
[INFO] [stdout]    --> /opt/rustwide/cargo-home/registry/src/index.crates.io-1949cf8c6b5b557f/boojum-0.2.0/src/gadgets/queue/full_state_queue.rs:218:14
[INFO] [stdout]     |
[INFO] [stdout] 217 |           let mut capacity_elements = self.tail[AW..]
[INFO] [stdout]     |  _____________________________________-
[INFO] [stdout] 218 | |             .array_chunks::<CW>()
[INFO] [stdout]     | |             -^^^^^^^^^^^^ `[gadgets::num::Num<F>]` is not an iterator
[INFO] [stdout]     | |_____________|
[INFO] [stdout]     |
[INFO] [stdout]     |
[INFO] [stdout]     = note: the following trait bounds were not satisfied:
[INFO] [stdout]             `[gadgets::num::Num<F>]: Iterator`
[INFO] [stdout]             which is required by `&mut [gadgets::num::Num<F>]: Iterator`
[INFO] [stdout] 
[INFO] [stdout] 
[INFO] [stdout] error[E0599]: `[cs::Variable; N]` is not an iterator
[INFO] [stdout]    --> /opt/rustwide/cargo-home/registry/src/index.crates.io-1949cf8c6b5b557f/boojum-0.2.0/src/gadgets/queue/full_state_queue.rs:226:35
[INFO] [stdout]     |
[INFO] [stdout] 226 |         for to_absorb in encoding.array_chunks::<AW>() {
[INFO] [stdout]     |                                   ^^^^^^^^^^^^ `[cs::Variable; N]` is not an iterator
[INFO] [stdout]     |
[INFO] [stdout]     = note: the following trait bounds were not satisfied:
[INFO] [stdout]             `[cs::Variable; N]: Iterator`
[INFO] [stdout]             which is required by `&mut [cs::Variable; N]: Iterator`
[INFO] [stdout]             `[cs::Variable]: Iterator`
[INFO] [stdout]             which is required by `&mut [cs::Variable]: Iterator`
[INFO] [stdout] 
[INFO] [stdout] 
[INFO] [stdout] error[E0599]: `[cs::Variable]` is not an iterator
[INFO] [stdout]    --> /opt/rustwide/cargo-home/registry/src/index.crates.io-1949cf8c6b5b557f/boojum-0.2.0/src/gadgets/queue/full_state_queue.rs:230:18
[INFO] [stdout]     |
[INFO] [stdout] 229 |               capacity_elements = result_state[AW..]
[INFO] [stdout]     |  _________________________________-
[INFO] [stdout] 230 | |                 .array_chunks::<CW>()
[INFO] [stdout]     | |                 -^^^^^^^^^^^^ `[cs::Variable]` is not an iterator
[INFO] [stdout]     | |_________________|
[INFO] [stdout]     |
[INFO] [stdout]     |
[INFO] [stdout]     = note: the following trait bounds were not satisfied:
[INFO] [stdout]             `[cs::Variable]: Iterator`
[INFO] [stdout]             which is required by `&mut [cs::Variable]: Iterator`
[INFO] [stdout] 
[INFO] [stdout] 
[INFO] [stdout] error[E0599]: `[gadgets::num::Num<F>]` is not an iterator
[INFO] [stdout]    --> /opt/rustwide/cargo-home/registry/src/index.crates.io-1949cf8c6b5b557f/boojum-0.2.0/src/gadgets/queue/full_state_queue.rs:354:14
[INFO] [stdout]     |
[INFO] [stdout] 353 |           let mut capacity_elements = self.head[AW..]
[INFO] [stdout]     |  _____________________________________-
[INFO] [stdout] 354 | |             .array_chunks::<CW>()
[INFO] [stdout]     | |             -^^^^^^^^^^^^ `[gadgets::num::Num<F>]` is not an iterator
[INFO] [stdout]     | |_____________|
[INFO] [stdout]     |
[INFO] [stdout]     |
[INFO] [stdout]     = note: the following trait bounds were not satisfied:
[INFO] [stdout]             `[gadgets::num::Num<F>]: Iterator`
[INFO] [stdout]             which is required by `&mut [gadgets::num::Num<F>]: Iterator`
[INFO] [stdout] 
[INFO] [stdout] 
[INFO] [stdout] error[E0599]: `[cs::Variable; N]` is not an iterator
[INFO] [stdout]    --> /opt/rustwide/cargo-home/registry/src/index.crates.io-1949cf8c6b5b557f/boojum-0.2.0/src/gadgets/queue/full_state_queue.rs:362:35
[INFO] [stdout]     |
[INFO] [stdout] 362 |         for to_absorb in encoding.array_chunks::<AW>() {
[INFO] [stdout]     |                                   ^^^^^^^^^^^^ `[cs::Variable; N]` is not an iterator
[INFO] [stdout]     |
[INFO] [stdout]     = note: the following trait bounds were not satisfied:
[INFO] [stdout]             `[cs::Variable; N]: Iterator`
[INFO] [stdout]             which is required by `&mut [cs::Variable; N]: Iterator`
[INFO] [stdout]             `[cs::Variable]: Iterator`
[INFO] [stdout]             which is required by `&mut [cs::Variable]: Iterator`
[INFO] [stdout] 
[INFO] [stdout] 
[INFO] [stdout] error[E0599]: `[cs::Variable]` is not an iterator
[INFO] [stdout]    --> /opt/rustwide/cargo-home/registry/src/index.crates.io-1949cf8c6b5b557f/boojum-0.2.0/src/gadgets/queue/full_state_queue.rs:366:18
[INFO] [stdout]     |
[INFO] [stdout] 365 |               capacity_elements = result_state[AW..]
[INFO] [stdout]     |  _________________________________-
[INFO] [stdout] 366 | |                 .array_chunks::<CW>()
[INFO] [stdout]     | |                 -^^^^^^^^^^^^ `[cs::Variable]` is not an iterator
[INFO] [stdout]     | |_________________|
[INFO] [stdout]     |
[INFO] [stdout]     |
[INFO] [stdout]     = note: the following trait bounds were not satisfied:
[INFO] [stdout]             `[cs::Variable]: Iterator`
[INFO] [stdout]             which is required by `&mut [cs::Variable]: Iterator`
[INFO] [stdout] 
[INFO] [stdout] 
[INFO] [stdout] error[E0599]: `[F]` is not an iterator
[INFO] [stdout]    --> /opt/rustwide/cargo-home/registry/src/index.crates.io-1949cf8c6b5b557f/boojum-0.2.0/src/gadgets/queue/full_state_queue.rs:529:50
[INFO] [stdout]     |
[INFO] [stdout] 529 |                 let mut current_state = ins[1..].array_chunks::<SW>().next().copied().unwrap();
[INFO] [stdout]     |                                                  ^^^^^^^^^^^^ `[F]` is not an iterator
[INFO] [stdout]     |
[INFO] [stdout]     = note: the following trait bounds were not satisfied:
[INFO] [stdout]             `[F]: Iterator`
[INFO] [stdout]             which is required by `&mut [F]: Iterator`
[INFO] [stdout] 
[INFO] [stdout] 
[INFO] [stdout] error[E0599]: no method named `array_chunks` found for reference `&[gadgets::num::Num<F>]` in the current scope
[INFO] [stdout]   --> /opt/rustwide/cargo-home/registry/src/index.crates.io-1949cf8c6b5b557f/boojum-0.2.0/src/gadgets/queue/queue_optimizer/mod.rs:81:24
[INFO] [stdout]    |
[INFO] [stdout] 81 |         let it = input.array_chunks::<AW>();
[INFO] [stdout]    |                        ^^^^^^^^^^^^ `&[gadgets::num::Num<F>]` is not an iterator
[INFO] [stdout]    |
[INFO] [stdout] help: call `.into_iter()` first
[INFO] [stdout]    |
[INFO] [stdout] 81 |         let it = input.into_iter().array_chunks::<AW>();
[INFO] [stdout]    |                        ++++++++++++
[INFO] [stdout] 
[INFO] [stdout] 
[INFO] [stdout] error[E0308]: mismatched types
[INFO] [stdout]    --> /opt/rustwide/cargo-home/registry/src/index.crates.io-1949cf8c6b5b557f/boojum-0.2.0/src/gadgets/queue/queue_optimizer/mod.rs:100:36
[INFO] [stdout]     |
[INFO] [stdout]  57 |     F: SmallField,
[INFO] [stdout]     |     - expected this type parameter
[INFO] [stdout] ...
[INFO] [stdout] 100 |     assert_eq!(input_chunks.len(), num_rounds);
[INFO] [stdout]     |                                    ^^^^^^^^^^ expected type parameter `F`, found `usize`
[INFO] [stdout]     |
[INFO] [stdout]     = note: expected type parameter `F`
[INFO] [stdout]                          found type `usize`
[INFO] [stdout] 
[INFO] [stdout] 
[INFO] [stdout] error[E0599]: `[F]` is not an iterator
[INFO] [stdout]    --> /opt/rustwide/cargo-home/registry/src/index.crates.io-1949cf8c6b5b557f/boojum-0.2.0/src/gadgets/queue/queue_optimizer/mod.rs:108:51
[INFO] [stdout]     |
[INFO] [stdout] 108 |                     let mut state = *inputs[..SW].array_chunks::<SW>().next().unwrap();
[INFO] [stdout]     |                                                   ^^^^^^^^^^^^ `[F]` is not an iterator
[INFO] [stdout]     |
[INFO] [stdout]     = note: the following trait bounds were not satisfied:
[INFO] [stdout]             `[F]: Iterator`
[INFO] [stdout]             which is required by `&mut [F]: Iterator`
[INFO] [stdout] 
[INFO] [stdout] 
[INFO] [stdout] error[E0599]: `[F]` is not an iterator
[INFO] [stdout]    --> /opt/rustwide/cargo-home/registry/src/index.crates.io-1949cf8c6b5b557f/boojum-0.2.0/src/gadgets/queue/queue_optimizer/mod.rs:109:57
[INFO] [stdout]     |
[INFO] [stdout] 109 |                     let to_absorb = inputs[SW..AW + SW].array_chunks::<AW>().next().unwrap();
[INFO] [stdout]     |                                                         ^^^^^^^^^^^^ `[F]` is not an iterator
[INFO] [stdout]     |
[INFO] [stdout]     = note: the following trait bounds were not satisfied:
[INFO] [stdout]             `[F]: Iterator`
[INFO] [stdout]             which is required by `&mut [F]: Iterator`
[INFO] [stdout] 
[INFO] [stdout] 
[INFO] [stdout] error[E0599]: `[F]` is not an iterator
[INFO] [stdout]    --> /opt/rustwide/cargo-home/registry/src/index.crates.io-1949cf8c6b5b557f/boojum-0.2.0/src/gadgets/queue/mod.rs:203:26
[INFO] [stdout]     |
[INFO] [stdout] 202 |                       let raw_values = ins[offset..]
[INFO] [stdout]     |  ______________________________________-
[INFO] [stdout] 203 | |                         .array_chunks::<{ <EL as CSAllocatableExt<F>>::INTERNAL_STRUCT_LEN }>()
[INFO] [stdout]     | |                         -^^^^^^^^^^^^ `[F]` is not an iterator
[INFO] [stdout]     | |_________________________|
[INFO] [stdout]     |
[INFO] [stdout]     |
[INFO] [stdout]     = note: the following trait bounds were not satisfied:
[INFO] [stdout]             `[F]: Iterator`
[INFO] [stdout]             which is required by `&mut [F]: Iterator`
[INFO] [stdout] 
[INFO] [stdout] 
[INFO] [stdout] error[E0599]: `[F]` is not an iterator
[INFO] [stdout]    --> /opt/rustwide/cargo-home/registry/src/index.crates.io-1949cf8c6b5b557f/boojum-0.2.0/src/gadgets/queue/mod.rs:212:26
[INFO] [stdout]     |
[INFO] [stdout] 211 |                       let previous_tail = ins[(N + 1)..]
[INFO] [stdout]     |  _________________________________________-
[INFO] [stdout] 212 | |                         .array_chunks::<T>()
[INFO] [stdout]     | |                         -^^^^^^^^^^^^ `[F]` is not an iterator
[INFO] [stdout]     | |_________________________|
[INFO] [stdout]     |
[INFO] [stdout]     |
[INFO] [stdout]     = note: the following trait bounds were not satisfied:
[INFO] [stdout]             `[F]: Iterator`
[INFO] [stdout]             which is required by `&mut [F]: Iterator`
[INFO] [stdout] 
[INFO] [stdout] 
[INFO] [stdout] error[E0599]: no method named `array_chunks` found for struct `Vec<gadgets::num::Num<F>>` in the current scope
[INFO] [stdout]    --> /opt/rustwide/cargo-home/registry/src/index.crates.io-1949cf8c6b5b557f/boojum-0.2.0/src/gadgets/recursion/recursive_transcript.rs:219:32
[INFO] [stdout]     |
[INFO] [stdout] 219 |         for chunk in to_absorb.array_chunks::<AW>() {
[INFO] [stdout]     |                                ^^^^^^^^^^^^ `Vec<gadgets::num::Num<F>>` is not an iterator
[INFO] [stdout]     |
[INFO] [stdout] help: call `.into_iter()` first
[INFO] [stdout]     |
[INFO] [stdout] 219 |         for chunk in to_absorb.into_iter().array_chunks::<AW>() {
[INFO] [stdout]     |                                ++++++++++++
[INFO] [stdout] 
[INFO] [stdout] 
[INFO] [stdout] error[E0599]: no method named `array_chunks` found for reference `&[gadgets::num::Num<F>]` in the current scope
[INFO] [stdout]     --> /opt/rustwide/cargo-home/registry/src/index.crates.io-1949cf8c6b5b557f/boojum-0.2.0/src/gadgets/recursion/recursive_verifier.rs:1724:24
[INFO] [stdout]      |
[INFO] [stdout] 1724 |                     el.array_chunks::<2>()
[INFO] [stdout]      |                        ^^^^^^^^^^^^ `&[gadgets::num::Num<F>]` is not an iterator
[INFO] [stdout]      |
[INFO] [stdout] help: call `.into_iter()` first
[INFO] [stdout]      |
[INFO] [stdout] 1724 |                     el.into_iter().array_chunks::<2>()
[INFO] [stdout]      |                        ++++++++++++
[INFO] [stdout] 
[INFO] [stdout] 
[INFO] [stdout] error[E0599]: no method named `array_chunks` found for struct `Vec<prime_field_like::NumExtAsFieldWrapper<F, EXT, CS>>` in the current scope
[INFO] [stdout]     --> /opt/rustwide/cargo-home/registry/src/index.crates.io-1949cf8c6b5b557f/boojum-0.2.0/src/gadgets/recursion/recursive_verifier.rs:1966:64
[INFO] [stdout]      |
[INFO] [stdout] 1966 |                     for (i, [a, b]) in elements_to_interpolate.array_chunks::<2>().enumerate() {
[INFO] [stdout]      |                                                                ^^^^^^^^^^^^ `Vec<prime_field_like::NumExtAsFieldWrapper<F, EXT, CS>>` is not an iterator
[INFO] [stdout]      |
[INFO] [stdout] help: call `.into_iter()` first
[INFO] [stdout]      |
[INFO] [stdout] 1966 |                     for (i, [a, b]) in elements_to_interpolate.into_iter().array_chunks::<2>().enumerate() {
[INFO] [stdout]      |                                                                ++++++++++++
[INFO] [stdout] 
[INFO] [stdout] 
[INFO] [stdout] error[E0599]: no method named `array_chunks` found for reference `&[T]` in the current scope
[INFO] [stdout]     --> /opt/rustwide/cargo-home/registry/src/index.crates.io-1949cf8c6b5b557f/boojum-0.2.0/src/gadgets/recursion/recursive_verifier.rs:2179:24
[INFO] [stdout]      |
[INFO] [stdout] 2179 |         for src in src.array_chunks::<2>() {
[INFO] [stdout]      |                        ^^^^^^^^^^^^ `&[T]` is not an iterator
[INFO] [stdout]      |
[INFO] [stdout] help: call `.into_iter()` first
[INFO] [stdout]      |
[INFO] [stdout] 2179 |         for src in src.into_iter().array_chunks::<2>() {
[INFO] [stdout]      |                        ++++++++++++
[INFO] [stdout] 
[INFO] [stdout] 
[INFO] [stdout] error[E0599]: `[cs::Variable; 64]` is not an iterator
[INFO] [stdout]   --> /opt/rustwide/cargo-home/registry/src/index.crates.io-1949cf8c6b5b557f/boojum-0.2.0/src/gadgets/sha256/round_function.rs:35:55
[INFO] [stdout]    |
[INFO] [stdout] 35 |     for (dst, src) in result.iter_mut().zip(u4_pieces.array_chunks::<2>()) {
[INFO] [stdout]    |                                                       ^^^^^^^^^^^^ `[cs::Variable; 64]` is not an iterator
[INFO] [stdout]    |
[INFO] [stdout]    = note: the following trait bounds were not satisfied:
[INFO] [stdout]            `[cs::Variable; 64]: Iterator`
[INFO] [stdout]            which is required by `&mut [cs::Variable; 64]: Iterator`
[INFO] [stdout]            `[cs::Variable]: Iterator`
[INFO] [stdout]            which is required by `&mut [cs::Variable]: Iterator`
[INFO] [stdout] 
[INFO] [stdout] 
[INFO] [stdout] error[E0599]: no method named `array_chunks_mut` found for array `[cs::Variable; 64]` in the current scope
[INFO] [stdout]    --> /opt/rustwide/cargo-home/registry/src/index.crates.io-1949cf8c6b5b557f/boojum-0.2.0/src/gadgets/sha256/round_function.rs:268:33
[INFO] [stdout]     |
[INFO] [stdout] 268 |             .zip(le_4bit_chunks.array_chunks_mut::<8>())
[INFO] [stdout]     |                                 ^^^^^^^^^^^^^^^^
[INFO] [stdout]     |
[INFO] [stdout] help: there is a method `rchunks_mut` with a similar name, but with different arguments
[INFO] [stdout]    --> /rustc/dfb0accb7f508ae8be965d8629557221c889dd98/library/core/src/slice/mod.rs:1739:4
[INFO] [stdout] 
[INFO] [stdout] 
[INFO] [stdout] error[E0599]: no method named `array_chunks` found for struct `Vec<gadgets::u8::UInt8<F>>` in the current scope
[INFO] [stdout]   --> /opt/rustwide/cargo-home/registry/src/index.crates.io-1949cf8c6b5b557f/boojum-0.2.0/src/gadgets/sha256/mod.rs:66:46
[INFO] [stdout]    |
[INFO] [stdout] 66 |     for (round, input_bytes) in full_message.array_chunks::<SHA256_BLOCK_SIZE>().enumerate() {
[INFO] [stdout]    |                                              ^^^^^^^^^^^^ `Vec<gadgets::u8::UInt8<F>>` is not an iterator
[INFO] [stdout]    |
[INFO] [stdout] help: call `.into_iter()` first
[INFO] [stdout]    |
[INFO] [stdout] 66 |     for (round, input_bytes) in full_message.into_iter().array_chunks::<SHA256_BLOCK_SIZE>().enumerate() {
[INFO] [stdout]    |                                              ++++++++++++
[INFO] [stdout] 
[INFO] [stdout] 
[INFO] [stdout] error[E0599]: `[cs::Variable; 64]` is not an iterator
[INFO] [stdout]   --> /opt/rustwide/cargo-home/registry/src/index.crates.io-1949cf8c6b5b557f/boojum-0.2.0/src/gadgets/sha256/mod.rs:87:10
[INFO] [stdout]    |
[INFO] [stdout] 86 |       for (le_4bit_chunks, dst) in final_4bit_chunks
[INFO] [stdout]    |  __________________________________-
[INFO] [stdout] 87 | |         .array_chunks::<8>()
[INFO] [stdout]    | |         -^^^^^^^^^^^^ `[cs::Variable; 64]` is not an iterator
[INFO] [stdout]    | |_________|
[INFO] [stdout]    |
[INFO] [stdout]    |
[INFO] [stdout]    = note: the following trait bounds were not satisfied:
[INFO] [stdout]            `[cs::Variable; 64]: Iterator`
[INFO] [stdout]            which is required by `&mut [cs::Variable; 64]: Iterator`
[INFO] [stdout]            `[cs::Variable]: Iterator`
[INFO] [stdout]            which is required by `&mut [cs::Variable]: Iterator`
[INFO] [stdout] 
[INFO] [stdout] 
[INFO] [stdout] error[E0599]: no method named `array_chunks_mut` found for array `[cs::Variable; 32]` in the current scope
[INFO] [stdout]   --> /opt/rustwide/cargo-home/registry/src/index.crates.io-1949cf8c6b5b557f/boojum-0.2.0/src/gadgets/sha256/mod.rs:88:21
[INFO] [stdout]    |
[INFO] [stdout] 88 |         .zip(output.array_chunks_mut::<4>())
[INFO] [stdout]    |                     ^^^^^^^^^^^^^^^^
[INFO] [stdout]    |
[INFO] [stdout] help: there is a method `rchunks_mut` with a similar name, but with different arguments
[INFO] [stdout]   --> /rustc/dfb0accb7f508ae8be965d8629557221c889dd98/library/core/src/slice/mod.rs:1739:4
[INFO] [stdout] 
[INFO] [stdout] 
[INFO] [stdout] error[E0308]: mismatched types
[INFO] [stdout]    --> /opt/rustwide/cargo-home/registry/src/index.crates.io-1949cf8c6b5b557f/boojum-0.2.0/src/gadgets/traits/selectable.rs:125:16
[INFO] [stdout]     |
[INFO] [stdout] 125 |         if let Some(rest) = it.into_remainder() {
[INFO] [stdout]     |                ^^^^^^^^^^   ------------------- this expression has type `std::array::IntoIter<((cs::Variable, cs::Variable), &mut cs::Variable), 4>`
[INFO] [stdout]     |                |
[INFO] [stdout]     |                expected `IntoIter<((Variable, Variable), _), 4>`, found `Option<_>`
[INFO] [stdout]     |
[INFO] [stdout]     = note: expected struct `std::array::IntoIter<((cs::Variable, cs::Variable), &mut cs::Variable), 4>`
[INFO] [stdout]                  found enum `std::option::Option<_>`
[INFO] [stdout] 
[INFO] [stdout] 
[INFO] [stdout] error[E0308]: mismatched types
[INFO] [stdout]   --> /opt/rustwide/cargo-home/registry/src/index.crates.io-1949cf8c6b5b557f/boojum-0.2.0/src/gadgets/u16/mod.rs:68:9
[INFO] [stdout]    |
[INFO] [stdout] 68 |         [self.variable]
[INFO] [stdout]    |         ^^^^^^^^^^^^^^^ expected `Self::INTERNAL_STRUCT_LEN`, found `1`
[INFO] [stdout]    |
[INFO] [stdout]    = note: expected constant `Self::INTERNAL_STRUCT_LEN`
[INFO] [stdout]               found constant `1`
[INFO] [stdout] 
[INFO] [stdout] 
[INFO] [stdout] error[E0308]: mismatched types
[INFO] [stdout]   --> /opt/rustwide/cargo-home/registry/src/index.crates.io-1949cf8c6b5b557f/boojum-0.2.0/src/gadgets/u160/mod.rs:80:13
[INFO] [stdout]    |
[INFO] [stdout] 80 |             values.map(|el| <u32 as WitnessCastable<F, F>>::cast_from_source(el)),
[INFO] [stdout]    |             ^^^^^^^^^^^^^^^^^^^^^^^^^^^^^^^^^^^^^^^^^^^^^^^^^^^^^^^^^^^^^^^^^^^^^ expected `5`, found `Self::INTERNAL_STRUCT_LEN`
[INFO] [stdout]    |
[INFO] [stdout]    = note: expected constant `5`
[INFO] [stdout]               found constant `Self::INTERNAL_STRUCT_LEN`
[INFO] [stdout] 
[INFO] [stdout] 
[INFO] [stdout] error[E0308]: mismatched types
[INFO] [stdout]   --> /opt/rustwide/cargo-home/registry/src/index.crates.io-1949cf8c6b5b557f/boojum-0.2.0/src/gadgets/u160/mod.rs:93:9
[INFO] [stdout]    |
[INFO] [stdout] 93 |         self.inner.map(|el| el.get_variable())
[INFO] [stdout]    |         ^^^^^^^^^^^^^^^^^^^^^^^^^^^^^^^^^^^^^^ expected `Self::INTERNAL_STRUCT_LEN`, found `5`
[INFO] [stdout]    |
[INFO] [stdout]    = note: expected constant `Self::INTERNAL_STRUCT_LEN`
[INFO] [stdout]               found constant `5`
[INFO] [stdout] 
[INFO] [stdout] 
[INFO] [stdout] error[E0308]: mismatched types
[INFO] [stdout]   --> /opt/rustwide/cargo-home/registry/src/index.crates.io-1949cf8c6b5b557f/boojum-0.2.0/src/gadgets/u256/mod.rs:82:13
[INFO] [stdout]    |
[INFO] [stdout] 82 |             values.map(|el| <u32 as WitnessCastable<F, F>>::cast_from_source(el)),
[INFO] [stdout]    |             ^^^^^^^^^^^^^^^^^^^^^^^^^^^^^^^^^^^^^^^^^^^^^^^^^^^^^^^^^^^^^^^^^^^^^ expected `8`, found `Self::INTERNAL_STRUCT_LEN`
[INFO] [stdout]    |
[INFO] [stdout]    = note: expected constant `8`
[INFO] [stdout]               found constant `Self::INTERNAL_STRUCT_LEN`
[INFO] [stdout] 
[INFO] [stdout] 
[INFO] [stdout] error[E0308]: mismatched types
[INFO] [stdout]   --> /opt/rustwide/cargo-home/registry/src/index.crates.io-1949cf8c6b5b557f/boojum-0.2.0/src/gadgets/u256/mod.rs:95:9
[INFO] [stdout]    |
[INFO] [stdout] 95 |         self.inner.map(|el| el.get_variable())
[INFO] [stdout]    |         ^^^^^^^^^^^^^^^^^^^^^^^^^^^^^^^^^^^^^^ expected `Self::INTERNAL_STRUCT_LEN`, found `8`
[INFO] [stdout]    |
[INFO] [stdout]    = note: expected constant `Self::INTERNAL_STRUCT_LEN`
[INFO] [stdout]               found constant `8`
[INFO] [stdout] 
[INFO] [stdout] 
[INFO] [stdout] error[E0599]: `[gadgets::u8::UInt8<F>; 32]` is not an iterator
[INFO] [stdout]    --> /opt/rustwide/cargo-home/registry/src/index.crates.io-1949cf8c6b5b557f/boojum-0.2.0/src/gadgets/u256/mod.rs:279:54
[INFO] [stdout]     |
[INFO] [stdout] 279 |         for (dst, src) in inner.iter_mut().zip(bytes.array_chunks::<4>()) {
[INFO] [stdout]     |                                                      ^^^^^^^^^^^^ `[gadgets::u8::UInt8<F>; 32]` is not an iterator
[INFO] [stdout]     |
[INFO] [stdout]     = note: the following trait bounds were not satisfied:
[INFO] [stdout]             `[gadgets::u8::UInt8<F>; 32]: Iterator`
[INFO] [stdout]             which is required by `&mut [gadgets::u8::UInt8<F>; 32]: Iterator`
[INFO] [stdout]             `[gadgets::u8::UInt8<F>]: Iterator`
[INFO] [stdout]             which is required by `&mut [gadgets::u8::UInt8<F>]: Iterator`
[INFO] [stdout] 
[INFO] [stdout] 
[INFO] [stdout] error[E0599]: `[gadgets::u8::UInt8<F>; 32]` is not an iterator
[INFO] [stdout]    --> /opt/rustwide/cargo-home/registry/src/index.crates.io-1949cf8c6b5b557f/boojum-0.2.0/src/gadgets/u256/mod.rs:291:60
[INFO] [stdout]     |
[INFO] [stdout] 291 |         for (dst, src) in inner.iter_mut().rev().zip(bytes.array_chunks::<4>()) {
[INFO] [stdout]     |                                                            ^^^^^^^^^^^^ `[gadgets::u8::UInt8<F>; 32]` is not an iterator
[INFO] [stdout]     |
[INFO] [stdout]     = note: the following trait bounds were not satisfied:
[INFO] [stdout]             `[gadgets::u8::UInt8<F>; 32]: Iterator`
[INFO] [stdout]             which is required by `&mut [gadgets::u8::UInt8<F>; 32]: Iterator`
[INFO] [stdout]             `[gadgets::u8::UInt8<F>]: Iterator`
[INFO] [stdout]             which is required by `&mut [gadgets::u8::UInt8<F>]: Iterator`
[INFO] [stdout] 
[INFO] [stdout] 
[INFO] [stdout] error[E0308]: mismatched types
[INFO] [stdout]   --> /opt/rustwide/cargo-home/registry/src/index.crates.io-1949cf8c6b5b557f/boojum-0.2.0/src/gadgets/u32/mod.rs:77:9
[INFO] [stdout]    |
[INFO] [stdout] 77 |         [self.variable]
[INFO] [stdout]    |         ^^^^^^^^^^^^^^^ expected `Self::INTERNAL_STRUCT_LEN`, found `1`
[INFO] [stdout]    |
[INFO] [stdout]    = note: expected constant `Self::INTERNAL_STRUCT_LEN`
[INFO] [stdout]               found constant `1`
[INFO] [stdout] 
[INFO] [stdout] 
[INFO] [stdout] error[E0308]: mismatched types
[INFO] [stdout]   --> /opt/rustwide/cargo-home/registry/src/index.crates.io-1949cf8c6b5b557f/boojum-0.2.0/src/gadgets/u512/mod.rs:89:13
[INFO] [stdout]    |
[INFO] [stdout] 89 |             values.map(|el| <u32 as WitnessCastable<F, F>>::cast_from_source(el)),
[INFO] [stdout]    |             ^^^^^^^^^^^^^^^^^^^^^^^^^^^^^^^^^^^^^^^^^^^^^^^^^^^^^^^^^^^^^^^^^^^^^ expected `16`, found `Self::INTERNAL_STRUCT_LEN`
[INFO] [stdout]    |
[INFO] [stdout]    = note: expected constant `16`
[INFO] [stdout]               found constant `Self::INTERNAL_STRUCT_LEN`
[INFO] [stdout] 
[INFO] [stdout] 
[INFO] [stdout] error[E0308]: mismatched types
[INFO] [stdout]    --> /opt/rustwide/cargo-home/registry/src/index.crates.io-1949cf8c6b5b557f/boojum-0.2.0/src/gadgets/u512/mod.rs:102:9
[INFO] [stdout]     |
[INFO] [stdout] 102 |         self.inner.map(|el| el.get_variable())
[INFO] [stdout]     |         ^^^^^^^^^^^^^^^^^^^^^^^^^^^^^^^^^^^^^^ expected `Self::INTERNAL_STRUCT_LEN`, found `16`
[INFO] [stdout]     |
[INFO] [stdout]     = note: expected constant `Self::INTERNAL_STRUCT_LEN`
[INFO] [stdout]                found constant `16`
[INFO] [stdout] 
[INFO] [stdout] 
[INFO] [stdout] error[E0599]: `[gadgets::u8::UInt8<F>; 64]` is not an iterator
[INFO] [stdout]    --> /opt/rustwide/cargo-home/registry/src/index.crates.io-1949cf8c6b5b557f/boojum-0.2.0/src/gadgets/u512/mod.rs:248:54
[INFO] [stdout]     |
[INFO] [stdout] 248 |         for (dst, src) in inner.iter_mut().zip(bytes.array_chunks::<4>()) {
[INFO] [stdout]     |                                                      ^^^^^^^^^^^^ `[gadgets::u8::UInt8<F>; 64]` is not an iterator
[INFO] [stdout]     |
[INFO] [stdout]     = note: the following trait bounds were not satisfied:
[INFO] [stdout]             `[gadgets::u8::UInt8<F>; 64]: Iterator`
[INFO] [stdout]             which is required by `&mut [gadgets::u8::UInt8<F>; 64]: Iterator`
[INFO] [stdout]             `[gadgets::u8::UInt8<F>]: Iterator`
[INFO] [stdout]             which is required by `&mut [gadgets::u8::UInt8<F>]: Iterator`
[INFO] [stdout] 
[INFO] [stdout] 
[INFO] [stdout] error[E0599]: `[gadgets::u8::UInt8<F>; 64]` is not an iterator
[INFO] [stdout]    --> /opt/rustwide/cargo-home/registry/src/index.crates.io-1949cf8c6b5b557f/boojum-0.2.0/src/gadgets/u512/mod.rs:260:60
[INFO] [stdout]     |
[INFO] [stdout] 260 |         for (dst, src) in inner.iter_mut().rev().zip(bytes.array_chunks::<4>()) {
[INFO] [stdout]     |                                                            ^^^^^^^^^^^^ `[gadgets::u8::UInt8<F>; 64]` is not an iterator
[INFO] [stdout]     |
[INFO] [stdout]     = note: the following trait bounds were not satisfied:
[INFO] [stdout]             `[gadgets::u8::UInt8<F>; 64]: Iterator`
[INFO] [stdout]             which is required by `&mut [gadgets::u8::UInt8<F>; 64]: Iterator`
[INFO] [stdout]             `[gadgets::u8::UInt8<F>]: Iterator`
[INFO] [stdout]             which is required by `&mut [gadgets::u8::UInt8<F>]: Iterator`
[INFO] [stdout] 
[INFO] [stdout] 
[INFO] [stdout] error[E0308]: mismatched types
[INFO] [stdout]    --> /opt/rustwide/cargo-home/registry/src/index.crates.io-1949cf8c6b5b557f/boojum-0.2.0/src/gadgets/u8/mod.rs:169:9
[INFO] [stdout]     |
[INFO] [stdout] 169 |         [self.variable]
[INFO] [stdout]     |         ^^^^^^^^^^^^^^^ expected `Self::INTERNAL_STRUCT_LEN`, found `1`
[INFO] [stdout]     |
[INFO] [stdout]     = note: expected constant `Self::INTERNAL_STRUCT_LEN`
[INFO] [stdout]                found constant `1`
[INFO] [stdout] 
[INFO] [stdout] 
[INFO] [stderr]    Compiling js-sys v0.3.106
[INFO] [stderr] error: could not compile `boojum` (lib) due to 90 previous errors
[INFO] [stderr] 
[INFO] [stderr] Caused by:
[INFO] [stderr]   process didn't exit successfully: `/opt/rustwide/rustup-home/toolchains/1.99.0-beta.8-x86_64-unknown-linux-gnu/bin/rustc --crate-name boojum --edition=2021 /opt/rustwide/cargo-home/registry/src/index.crates.io-1949cf8c6b5b557f/boojum-0.2.0/src/lib.rs --error-format=json --json=diagnostic-rendered-ansi,artifacts,future-incompat --crate-type lib --emit=dep-info,metadata,link -C opt-level=3 -C embed-bitcode=no --check-cfg 'cfg(docsrs,test)' --check-cfg 'cfg(feature, values("cr_paranoia_mode", "debug_track", "include_packed_simd", "log_tracing", "packed_simd", "tracing"))' -C metadata=49b2637f38842ab0 -C extra-filename=-43ee408b3ffda073 --out-dir /opt/rustwide/target/release/deps -C strip=debuginfo -L dependency=/opt/rustwide/target/release/deps --extern arrayvec=/opt/rustwide/target/release/deps/libarrayvec-7b16f5b8f4b288d5.rmeta --extern bincode=/opt/rustwide/target/release/deps/libbincode-6eff67ac7be6aa17.rmeta --extern blake2=/opt/rustwide/target/release/deps/libblake2-009a00de13bbe96d.rmeta --extern const_format=/opt/rustwide/target/release/deps/libconst_format-1aac71b1506f291a.rmeta --extern convert_case=/opt/rustwide/target/release/deps/libconvert_case-fca0efcdf45d912b.rmeta --extern crossbeam=/opt/rustwide/target/release/deps/libcrossbeam-4aab8e917e14cf47.rmeta --extern crypto_bigint=/opt/rustwide/target/release/deps/libcrypto_bigint-0ac27b6c179da45c.rmeta --extern cs_derive=/opt/rustwide/target/release/deps/libcs_derive-ab1d8528dc1384b5.so --extern derivative=/opt/rustwide/target/release/deps/libderivative-f3b1808fa9c62550.so --extern ethereum_types=/opt/rustwide/target/release/deps/libethereum_types-700e63e446123aeb.rmeta --extern firestorm=/opt/rustwide/target/release/deps/libfirestorm-1f47fe1bd01aa8bd.rmeta --extern itertools=/opt/rustwide/target/release/deps/libitertools-881bb8e250228523.rmeta --extern lazy_static=/opt/rustwide/target/release/deps/liblazy_static-149e86038c126fb0.rmeta --extern num_modular=/opt/rustwide/target/release/deps/libnum_modular-4898ade661082232.rmeta --extern num_cpus=/opt/rustwide/target/release/deps/libnum_cpus-f855bf4eca8088fc.rmeta --extern pairing=/opt/rustwide/target/release/deps/libpairing_ce-e5ed39f3c515d18f.rmeta --extern rand=/opt/rustwide/target/release/deps/librand-b37e7eb26ad1837f.rmeta --extern rayon=/opt/rustwide/target/release/deps/librayon-4214af688e78ab25.rmeta --extern serde=/opt/rustwide/target/release/deps/libserde-8cf94e0d224a4c8f.rmeta --extern sha2=/opt/rustwide/target/release/deps/libsha2-180e9192c8c0d730.rmeta --extern sha3=/opt/rustwide/target/release/deps/libsha3_ce-42e475441d572afd.rmeta --extern smallvec=/opt/rustwide/target/release/deps/libsmallvec-8843ada7e6ca0bf7.rmeta --extern unroll=/opt/rustwide/target/release/deps/libunroll-0db5bd1ba4250cff.so --cap-lints allow --cap-lints=warn` (signal: 9, SIGKILL: kill)
[INFO] [stderr] warning: build failed, waiting for other jobs to finish...
[INFO] [stderr] error: could not compile `zksync_dal` (lib)
[INFO] [stderr] 
[INFO] [stderr] Caused by:
[INFO] [stderr]   process didn't exit successfully: `/opt/rustwide/rustup-home/toolchains/1.99.0-beta.8-x86_64-unknown-linux-gnu/bin/rustc --crate-name zksync_dal --edition=2021 /opt/rustwide/cargo-home/registry/src/index.crates.io-1949cf8c6b5b557f/zksync_dal-0.1.0/src/lib.rs --error-format=json --json=diagnostic-rendered-ansi,artifacts,future-incompat --crate-type lib --emit=dep-info,metadata,link -C opt-level=3 -C embed-bitcode=no --check-cfg 'cfg(docsrs,test)' --check-cfg 'cfg(feature, values())' -C metadata=595e1169e6135f4f -C extra-filename=-0cba173f65e8b2f8 --out-dir /opt/rustwide/target/release/deps -C strip=debuginfo -L dependency=/opt/rustwide/target/release/deps --extern anyhow=/opt/rustwide/target/release/deps/libanyhow-d9d662e7f67d1b3f.rmeta --extern bigdecimal=/opt/rustwide/target/release/deps/libbigdecimal-de0805d6beafbcb5.rmeta --extern bincode=/opt/rustwide/target/release/deps/libbincode-6eff67ac7be6aa17.rmeta --extern chrono=/opt/rustwide/target/release/deps/libchrono-bc6a13a31abf0740.rmeta --extern hex=/opt/rustwide/target/release/deps/libhex-ffa975566df5dac7.rmeta --extern itertools=/opt/rustwide/target/release/deps/libitertools-881bb8e250228523.rmeta --extern prost=/opt/rustwide/target/release/deps/libprost-3ab20653054dee48.rmeta --extern rand=/opt/rustwide/target/release/deps/librand-b37e7eb26ad1837f.rmeta --extern serde=/opt/rustwide/target/release/deps/libserde-8cf94e0d224a4c8f.rmeta --extern serde_json=/opt/rustwide/target/release/deps/libserde_json-ec0c5810256467b8.rmeta --extern sqlx=/opt/rustwide/target/release/deps/libsqlx-5b0524b5d6ef79d9.rmeta --extern strum=/opt/rustwide/target/release/deps/libstrum-77dc3b06003ca66c.rmeta --extern thiserror=/opt/rustwide/target/release/deps/libthiserror-064a78f4e0678957.rmeta --extern tokio=/opt/rustwide/target/release/deps/libtokio-056551c6ee1b7c3f.rmeta --extern tracing=/opt/rustwide/target/release/deps/libtracing-9b25af80057d0a0e.rmeta --extern vise=/opt/rustwide/target/release/deps/libvise-e4fa55e3aad4f473.rmeta --extern zksync_consensus_roles=/opt/rustwide/target/release/deps/libzksync_consensus_roles-d24e4d8a4479285c.rmeta --extern zksync_consensus_storage=/opt/rustwide/target/release/deps/libzksync_consensus_storage-d8b5ab7e9f315785.rmeta --extern zksync_contracts=/opt/rustwide/target/release/deps/libzksync_contracts-8317abf9e96bac67.rmeta --extern zksync_db_connection=/opt/rustwide/target/release/deps/libzksync_db_connection-5b0857fa4c976a4a.rmeta --extern zksync_protobuf=/opt/rustwide/target/release/deps/libzksync_protobuf-e416693201368e1e.rmeta --extern zksync_system_constants=/opt/rustwide/target/release/deps/libzksync_system_constants-f80ee36ca199f240.rmeta --extern zksync_types=/opt/rustwide/target/release/deps/libzksync_types-58b510e4dc93269d.rmeta --extern zksync_utils=/opt/rustwide/target/release/deps/libzksync_utils-3f545b546f0c2efa.rmeta --cap-lints allow --cap-lints=warn -L native=/opt/rustwide/target/release/build/blst-badba05250f28d25/out -L native=/opt/rustwide/target/release/build/secp256k1-sys-81fdbd41021fe859/out` (signal: 9, SIGKILL: kill)
[INFO] [stderr] error: could not compile `bindgen` (lib)
[INFO] [stderr] 
[INFO] [stderr] Caused by:
[INFO] [stderr]   process didn't exit successfully: `/opt/rustwide/rustup-home/toolchains/1.99.0-beta.8-x86_64-unknown-linux-gnu/bin/rustc --crate-name bindgen --edition=2018 /opt/rustwide/cargo-home/registry/src/index.crates.io-1949cf8c6b5b557f/bindgen-0.65.1/lib.rs --error-format=json --json=diagnostic-rendered-ansi,artifacts,future-incompat --crate-type lib --emit=dep-info,metadata,link -C embed-bitcode=no -C debug-assertions=off --cfg 'feature="runtime"' --check-cfg 'cfg(docsrs,test)' --check-cfg 'cfg(feature, values("__cli", "annotate-snippets", "default", "experimental", "log", "logging", "runtime", "static", "testing_only_extra_assertions", "testing_only_libclang_5", "testing_only_libclang_9", "which", "which-rustfmt"))' -C metadata=3a41faf079554ebe -C extra-filename=-ec3a56e87bf28785 --out-dir /opt/rustwide/target/release/deps -C strip=debuginfo -L dependency=/opt/rustwide/target/release/deps --extern bitflags=/opt/rustwide/target/release/deps/libbitflags-f377b9b78cdfe9db.rmeta --extern cexpr=/opt/rustwide/target/release/deps/libcexpr-3d46e27b6911ebed.rmeta --extern clang_sys=/opt/rustwide/target/release/deps/libclang_sys-a2fabacb52978fb2.rmeta --extern lazy_static=/opt/rustwide/target/release/deps/liblazy_static-fbccac81234bff50.rmeta --extern lazycell=/opt/rustwide/target/release/deps/liblazycell-4685a568e3456c9e.rmeta --extern peeking_take_while=/opt/rustwide/target/release/deps/libpeeking_take_while-9bde19e3ac0f3998.rmeta --extern prettyplease=/opt/rustwide/target/release/deps/libprettyplease-5314ac6dc2ca2ce2.rmeta --extern proc_macro2=/opt/rustwide/target/release/deps/libproc_macro2-bfa7a6aafdfba675.rmeta --extern quote=/opt/rustwide/target/release/deps/libquote-44c84b9315bcd971.rmeta --extern regex=/opt/rustwide/target/release/deps/libregex-51310ae527e709c6.rmeta --extern rustc_hash=/opt/rustwide/target/release/deps/librustc_hash-8af6998ce2827818.rmeta --extern shlex=/opt/rustwide/target/release/deps/libshlex-b2b7ae8fd64e7130.rmeta --extern syn=/opt/rustwide/target/release/deps/libsyn-3d4db98698ef7de7.rmeta --cap-lints allow --cap-lints=warn` (signal: 9, SIGKILL: kill)
[INFO] [stderr] error: could not compile `bellman_ce` (lib)
[INFO] [stderr] 
[INFO] [stderr] Caused by:
[INFO] [stderr]   process didn't exit successfully: `/opt/rustwide/rustup-home/toolchains/1.99.0-beta.8-x86_64-unknown-linux-gnu/bin/rustc --crate-name bellman_ce --edition=2018 /opt/rustwide/cargo-home/registry/src/index.crates.io-1949cf8c6b5b557f/bellman_ce-0.7.0/src/lib.rs --error-format=json --json=diagnostic-rendered-ansi,artifacts,future-incompat --crate-type cdylib --crate-type lib --crate-type staticlib --emit=dep-info,link -C opt-level=3 -C embed-bitcode=no --cfg 'feature="blake2s_const"' --cfg 'feature="crossbeam"' --cfg 'feature="default"' --cfg 'feature="lazy_static"' --cfg 'feature="multicore"' --cfg 'feature="plonk"' --cfg 'feature="tiny-keccak"' --check-cfg 'cfg(docsrs,test)' --check-cfg 'cfg(feature, values("allocator", "asm", "blake2-rfc", "blake2s_const", "crossbeam", "default", "gm17", "lazy_static", "marlin", "multicore", "nolog", "plonk", "prefetch", "redshift", "sonic", "tiny-keccak", "wasm", "web-sys"))' -C metadata=5020c6386ad9fc10 -C extra-filename=-21e8b099171a190a --out-dir /opt/rustwide/target/release/deps -C strip=debuginfo -L dependency=/opt/rustwide/target/release/deps --extern arrayvec=/opt/rustwide/target/release/deps/libarrayvec-7b16f5b8f4b288d5.rlib --extern bit_vec=/opt/rustwide/target/release/deps/libbit_vec-199f7d99ea771ec4.rlib --extern blake2s_const=/opt/rustwide/target/release/deps/libblake2s_const-f6d643301418c7fc.rlib --extern blake2s_simd=/opt/rustwide/target/release/deps/libblake2s_simd-86ac219002a40303.rlib --extern byteorder=/opt/rustwide/target/release/deps/libbyteorder-612182941aaee0f7.rlib --extern cfg_if=/opt/rustwide/target/release/deps/libcfg_if-aebc73b2fc35ea49.rlib --extern crossbeam=/opt/rustwide/target/release/deps/libcrossbeam-c5215408cb4b66a7.rlib --extern futures=/opt/rustwide/target/release/deps/libfutures-8e20e08a619ee3da.rlib --extern hex=/opt/rustwide/target/release/deps/libhex-ffa975566df5dac7.rlib --extern lazy_static=/opt/rustwide/target/release/deps/liblazy_static-149e86038c126fb0.rlib --extern num_cpus=/opt/rustwide/target/release/deps/libnum_cpus-f855bf4eca8088fc.rlib --extern pairing=/opt/rustwide/target/release/deps/libpairing_ce-e5ed39f3c515d18f.rlib --extern rand=/opt/rustwide/target/release/deps/librand-c3c7483340420a43.rlib --extern serde=/opt/rustwide/target/release/deps/libserde-8cf94e0d224a4c8f.rlib --extern smallvec=/opt/rustwide/target/release/deps/libsmallvec-8843ada7e6ca0bf7.rlib --extern tiny_keccak=/opt/rustwide/target/release/deps/libtiny_keccak-661dd618c6851731.rlib --cap-lints allow --cap-lints=warn` (signal: 9, SIGKILL: kill)
[INFO] running `Command { std: "docker" "inspect" "c34215518624e2d35d7b7d7c41f5228e94a365d41b30c17d2ebaa484eb8a6892", kill_on_drop: false }`
[INFO] running `Command { std: "docker" "rm" "-f" "c34215518624e2d35d7b7d7c41f5228e94a365d41b30c17d2ebaa484eb8a6892", kill_on_drop: false }`
[INFO] [stdout] c34215518624e2d35d7b7d7c41f5228e94a365d41b30c17d2ebaa484eb8a6892
