[INFO] fetching crate zinder-client 0.6.0...
[INFO] testing zinder-client-0.6.0 against 1.99.0-beta.8+cargoflags=--release for beta-release-1.100-2
[INFO] extracting crate zinder-client 0.6.0 into /workspace/builds/worker-1-tc1/source
[INFO] started tweaking crates.io crate zinder-client 0.6.0
[INFO] removed 0 missing examples
[INFO] finished tweaking crates.io crate zinder-client 0.6.0
[INFO] tweaked toml for crates.io crate zinder-client 0.6.0 written to /workspace/builds/worker-1-tc1/source/Cargo.toml
[INFO] validating manifest of crates.io crate zinder-client 0.6.0 on toolchain 1.99.0-beta.8
[INFO] running `Command { std: CARGO_HOME="/workspace/cargo-home" RUSTUP_HOME="/workspace/rustup-home" "/workspace/cargo-home/bin/cargo" "+1.99.0-beta.8" "metadata" "--manifest-path" "Cargo.toml" "--no-deps", kill_on_drop: false }`
[INFO] crate crates.io crate zinder-client 0.6.0 already has a lockfile, it will not be regenerated
[INFO] running `Command { std: CARGO_HOME="/workspace/cargo-home" RUSTUP_HOME="/workspace/rustup-home" "/workspace/cargo-home/bin/cargo" "+1.99.0-beta.8" "fetch" "--manifest-path" "Cargo.toml", kill_on_drop: false }`
[INFO] [stderr]     Updating crates.io index
[INFO] [stderr]  Downloading crates ...
[INFO] [stderr]   Downloaded visibility v0.1.1
[INFO] [stderr]   Downloaded nonempty v0.11.0
[INFO] [stderr]   Downloaded tonic-prost v0.14.6
[INFO] [stderr]   Downloaded crypto-common v0.2.0-rc.1
[INFO] [stderr]   Downloaded zcash_transparent v0.9.0
[INFO] [stderr]   Downloaded halo2_legacy_pdqsort v0.1.0
[INFO] [stderr]   Downloaded bitflags-serde-legacy v0.1.1
[INFO] [stderr]   Downloaded bounded-vec v0.9.0
[INFO] [stderr]   Downloaded frost-rerandomized v3.0.0
[INFO] [stderr]   Downloaded incrementalmerkletree v0.8.2
[INFO] [stderr]   Downloaded const-crc32-nostd v1.3.1
[INFO] [stderr]   Downloaded zcash_encoding v0.4.0
[INFO] [stderr]   Downloaded sha2 v0.11.0-pre.4
[INFO] [stderr]   Downloaded ripemd v0.2.0-pre.4
[INFO] [stderr]   Downloaded hmac v0.13.0-pre.4
[INFO] [stderr]   Downloaded tonic v0.14.6
[INFO] [stderr]   Downloaded tonic-types v0.14.6
[INFO] [stderr]   Downloaded hybrid-array v0.2.3
[INFO] [stderr]   Downloaded jubjub v0.10.0
[INFO] [stderr]   Downloaded zip32 v0.2.1
[INFO] [stderr]   Downloaded redjubjub v0.8.0
[INFO] [stderr]   Downloaded blake2s_simd v1.0.4
[INFO] [stderr]   Downloaded corez v0.1.1
[INFO] [stderr]   Downloaded async-trait v0.1.91
[INFO] [stderr]   Downloaded bip32 v0.6.0-pre.1
[INFO] [stderr]   Downloaded ed25519-zebra v4.2.0
[INFO] [stderr]   Downloaded zinder-core v0.6.0
[INFO] [stderr]   Downloaded zcash_note_encryption v0.4.2
[INFO] [stderr]   Downloaded equihash v0.3.0
[INFO] [stderr]   Downloaded zcash_protocol v0.10.1
[INFO] [stderr]   Downloaded blake2b_simd v1.0.4
[INFO] [stderr]   Downloaded zcash_history v0.5.0
[INFO] [stderr]   Downloaded sinsemilla v0.1.0
[INFO] [stderr]   Downloaded f4jumble v0.1.1
[INFO] [stderr]   Downloaded secp256k1 v0.29.1
[INFO] [stderr]   Downloaded sapling-crypto v0.7.0
[INFO] [stderr]   Downloaded reddsa v0.5.2
[INFO] [stderr]   Downloaded halo2_proofs v0.3.4
[INFO] [stderr]   Downloaded digest v0.11.0-pre.9
[INFO] [stderr]   Downloaded uint v0.10.0
[INFO] [stderr]   Downloaded memuse v0.2.2
[INFO] [stderr]   Downloaded halo2_poseidon v0.1.0
[INFO] [stderr]   Downloaded zcash_spec v0.2.1
[INFO] [stderr]   Downloaded halo2_gadgets v0.5.0
[INFO] [stderr]   Downloaded zinder-proto v0.6.0
[INFO] [stderr]   Downloaded frost-core v3.0.0
[INFO] [stderr]   Downloaded time v0.3.54
[INFO] [stderr]   Downloaded rand v0.8.7
[INFO] [stderr]   Downloaded pasta_curves v0.5.2
[INFO] [stderr]   Downloaded bellman v0.14.0
[INFO] [stderr]   Downloaded bls12_381 v0.8.0
[INFO] [stderr]   Downloaded orchard v0.15.4
[INFO] [stderr]   Downloaded block-buffer v0.11.0-rc.3
[INFO] [stderr]   Downloaded pairing v0.23.0
[INFO] [stderr]   Downloaded derive-getters v0.5.0
[INFO] [stderr]   Downloaded zebra-chain v11.2.0
[INFO] [stderr]   Downloaded fpe v0.6.1
[INFO] [stderr]   Downloaded prost-types v0.14.4
[INFO] [stderr]   Downloaded zcash_address v0.13.0
[INFO] [stderr]   Downloaded zcash_script v0.4.5
[INFO] [stderr]   Downloaded zcash_primitives v0.29.0
[INFO] running `Command { std: "docker" "create" "-v" "/var/lib/crater-agent-workspace/builds/worker-1-tc1/source:/opt/rustwide/workdir:ro,Z" "-v" "/var/lib/crater-agent-workspace/builds/worker-1-tc1/target:/opt/rustwide/target:rw,Z" "-v" "/var/lib/crater-agent-workspace/cargo-home:/opt/rustwide/cargo-home:ro,Z" "-v" "/var/lib/crater-agent-workspace/rustup-home:/opt/rustwide/rustup-home:ro,Z" "-m" "1610612736" "--network" "none" "ghcr.io/rust-lang/crates-build-env/linux@sha256:77db811e55d90add9212f6832c23229e3de5f1c1f9905e8cb07319ea15df73ac" "sleep" "infinity", kill_on_drop: false }`
[INFO] [stdout] e16ee84f8e2b002667eb42aeb3650544c508b6237ded08009977ccd09c3ffda4
[INFO] running `Command { std: "docker" "start" "e16ee84f8e2b002667eb42aeb3650544c508b6237ded08009977ccd09c3ffda4", kill_on_drop: false }`
[INFO] running `Command { std: "docker" "inspect" "e16ee84f8e2b002667eb42aeb3650544c508b6237ded08009977ccd09c3ffda4", kill_on_drop: false }`
[INFO] running `Command { std: "docker" "exec" "-e" "SOURCE_DIR=/opt/rustwide/workdir" "-e" "CARGO_HOME=/opt/rustwide/cargo-home" "-e" "RUSTUP_HOME=/opt/rustwide/rustup-home" "-e" "CARGO_TARGET_DIR=/opt/rustwide/target" "-w" "/opt/rustwide/workdir" "--user" "0:0" "e16ee84f8e2b002667eb42aeb3650544c508b6237ded08009977ccd09c3ffda4" "/opt/rustwide/cargo-home/bin/cargo" "+1.99.0-beta.8" "metadata" "--no-deps" "--format-version=1", kill_on_drop: false }`
[INFO] running `Command { std: "docker" "inspect" "e16ee84f8e2b002667eb42aeb3650544c508b6237ded08009977ccd09c3ffda4", kill_on_drop: false }`
[INFO] running `Command { std: "docker" "exec" "-e" "SOURCE_DIR=/opt/rustwide/workdir" "-e" "CARGO_HOME=/opt/rustwide/cargo-home" "-e" "RUSTUP_HOME=/opt/rustwide/rustup-home" "-e" "CARGO_TARGET_DIR=/opt/rustwide/target" "-e" "CARGO_INCREMENTAL=0" "-e" "RUST_BACKTRACE=full" "-e" "RUSTFLAGS=--cap-lints=warn" "-e" "RUSTDOCFLAGS=--cap-lints=warn" "-w" "/opt/rustwide/workdir" "--user" "0:0" "e16ee84f8e2b002667eb42aeb3650544c508b6237ded08009977ccd09c3ffda4" "/opt/rustwide/cargo-home/bin/cargo" "+1.99.0-beta.8" "build" "--frozen" "--message-format=json" "--release", kill_on_drop: false }`
[INFO] [stderr]    Compiling futures-core v0.3.33
[INFO] [stderr]    Compiling http v1.4.2
[INFO] [stderr]    Compiling futures-sink v0.3.33
[INFO] [stderr]    Compiling cc v1.4.0
[INFO] [stderr]    Compiling syn v2.0.119
[INFO] [stderr]    Compiling errno v0.3.14
[INFO] [stderr]    Compiling mio v1.2.2
[INFO] [stderr]    Compiling socket2 v0.6.5
[INFO] [stderr]    Compiling futures-task v0.3.33
[INFO] [stderr]    Compiling zeroize v1.9.0
[INFO] [stderr]    Compiling signal-hook-registry v1.4.8
[INFO] [stderr]    Compiling futures-util v0.3.33
[INFO] [stderr]    Compiling rustls-pki-types v1.15.1
[INFO] [stderr]    Compiling syn v3.0.3
[INFO] [stderr]    Compiling getrandom v0.2.17
[INFO] [stderr]    Compiling http-body v1.1.0
[INFO] [stderr]    Compiling either v1.17.0
[INFO] [stderr]    Compiling futures-channel v0.3.33
[INFO] [stderr]    Compiling rustls v0.23.42
[INFO] [stderr]    Compiling itertools v0.14.0
[INFO] [stderr]    Compiling sync_wrapper v1.0.2
[INFO] [stderr]    Compiling serde_core v1.0.229
[INFO] [stderr]    Compiling http-body-util v0.1.4
[INFO] [stderr]    Compiling ring v0.17.14
[INFO] [stderr]    Compiling mime v0.3.17
[INFO] [stderr]    Compiling axum-core v0.5.6
[INFO] [stderr]    Compiling corez v0.1.1
[INFO] [stderr]    Compiling nonempty v0.11.0
[INFO] [stderr]    Compiling matchit v0.8.4
[INFO] [stderr]    Compiling litrs v1.0.0
[INFO] [stderr]    Compiling zcash_encoding v0.4.0
[INFO] [stderr]    Compiling blake2b_simd v1.0.4
[INFO] [stderr]    Compiling rustls-native-certs v0.8.4
[INFO] [stderr]    Compiling document-features v0.2.12
[INFO] [stderr]    Compiling memuse v0.2.2
[INFO] [stderr]    Compiling thiserror v2.0.19
[INFO] [stderr]    Compiling zcash_protocol v0.10.1
[INFO] [stderr]    Compiling f4jumble v0.1.1
[INFO] [stderr]    Compiling bs58 v0.5.1
[INFO] [stderr]    Compiling bech32 v0.11.1
[INFO] [stderr]    Compiling zcash_address v0.13.0
[INFO] [stderr]    Compiling async-trait v0.1.91
[INFO] [stderr]    Compiling thiserror-impl v2.0.19
[INFO] [stderr]    Compiling tokio-macros v2.7.1
[INFO] [stderr]    Compiling tracing-attributes v0.1.31
[INFO] [stderr]    Compiling prost-derive v0.14.4
[INFO] [stderr]    Compiling pin-project-internal v1.1.13
[INFO] [stderr]    Compiling tokio v1.53.1
[INFO] [stderr]    Compiling tracing v0.1.44
[INFO] [stderr]    Compiling pin-project v1.1.13
[INFO] [stderr]    Compiling prost v0.14.4
[INFO] [stderr]    Compiling prost-types v0.14.4
[INFO] [stderr]    Compiling zinder-core v0.6.0
[INFO] [stderr]    Compiling tokio-util v0.7.19
[INFO] [stderr]    Compiling h2 v0.4.15
[INFO] [stderr]    Compiling tower v0.5.3
[INFO] [stderr]    Compiling tokio-stream v0.1.19
[INFO] [stderr]    Compiling axum v0.8.9
[INFO] [stderr]    Compiling rustls-webpki v0.103.13
[INFO] [stderr]    Compiling hyper v1.11.0
[INFO] [stderr]    Compiling hyper-util v0.1.20
[INFO] [stderr]    Compiling hyper-timeout v0.5.2
[INFO] [stderr]    Compiling tokio-rustls v0.26.4
[INFO] [stderr]    Compiling tonic v0.14.6
[INFO] [stderr]    Compiling tonic-prost v0.14.6
[INFO] [stderr]    Compiling tonic-types v0.14.6
[INFO] [stderr]    Compiling zinder-proto v0.6.0
[INFO] [stderr]    Compiling zinder-client v0.6.0 (/opt/rustwide/workdir)
[INFO] [stderr]     Finished `release` profile [optimized] target(s) in 39.85s
[INFO] running `Command { std: "docker" "inspect" "e16ee84f8e2b002667eb42aeb3650544c508b6237ded08009977ccd09c3ffda4", kill_on_drop: false }`
[INFO] running `Command { std: "docker" "exec" "-e" "SOURCE_DIR=/opt/rustwide/workdir" "-e" "CARGO_HOME=/opt/rustwide/cargo-home" "-e" "RUSTUP_HOME=/opt/rustwide/rustup-home" "-e" "CARGO_TARGET_DIR=/opt/rustwide/target" "-e" "CARGO_INCREMENTAL=0" "-e" "RUST_BACKTRACE=full" "-e" "RUSTFLAGS=--cap-lints=warn" "-e" "RUSTDOCFLAGS=--cap-lints=warn" "-w" "/opt/rustwide/workdir" "--user" "0:0" "e16ee84f8e2b002667eb42aeb3650544c508b6237ded08009977ccd09c3ffda4" "/opt/rustwide/cargo-home/bin/cargo" "+1.99.0-beta.8" "test" "--frozen" "--no-run" "--message-format=json" "--release", kill_on_drop: false }`
[INFO] [stderr]    Compiling serde_core v1.0.229
[INFO] [stderr]    Compiling serde v1.0.229
[INFO] [stderr]    Compiling arrayvec v0.7.8
[INFO] [stderr]    Compiling memuse v0.2.2
[INFO] [stderr]    Compiling getrandom v0.2.17
[INFO] [stderr]    Compiling serde_derive v1.0.229
[INFO] [stderr]    Compiling zeroize_derive v1.5.0
[INFO] [stderr]    Compiling radium v0.7.0
[INFO] [stderr]    Compiling rand_core v0.6.4
[INFO] [stderr]    Compiling tap v1.0.1
[INFO] [stderr]    Compiling zerocopy v0.8.55
[INFO] [stderr]    Compiling blake2b_simd v1.0.4
[INFO] [stderr]    Compiling wyz v0.5.1
[INFO] [stderr]    Compiling tracing-attributes v0.1.31
[INFO] [stderr]    Compiling funty v2.0.0
[INFO] [stderr]    Compiling tokio-macros v2.7.1
[INFO] [stderr]    Compiling zeroize v1.9.0
[INFO] [stderr]    Compiling futures-channel v0.3.33
[INFO] [stderr]    Compiling futures-macro v0.3.33
[INFO] [stderr]    Compiling bitvec v1.1.1
[INFO] [stderr]    Compiling tracing v0.1.44
[INFO] [stderr]    Compiling tokio v1.53.1
[INFO] [stderr]    Compiling futures-io v0.3.33
[INFO] [stderr]    Compiling spin v0.9.9
[INFO] [stderr]    Compiling futures-util v0.3.33
[INFO] [stderr]    Compiling lazy_static v1.5.0
[INFO] [stderr]    Compiling sha2 v0.10.9
[INFO] [stderr]    Compiling hybrid-array v0.2.3
[INFO] [stderr]    Compiling either v1.17.0
[INFO] [stderr]    Compiling cipher v0.4.4
[INFO] [stderr]    Compiling crunchy v0.2.4
[INFO] [stderr]    Compiling crypto-common v0.2.0-rc.1
[INFO] [stderr]    Compiling block-buffer v0.11.0-rc.3
[INFO] [stderr]    Compiling bs58 v0.5.1
[INFO] [stderr]    Compiling hex v0.4.3
[INFO] [stderr]    Compiling ff v0.13.1
[INFO] [stderr]    Compiling rustls-pki-types v1.15.1
[INFO] [stderr]    Compiling group v0.13.0
[INFO] [stderr]    Compiling zcash_encoding v0.4.0
[INFO] [stderr]    Compiling ring v0.17.14
[INFO] [stderr]    Compiling pairing v0.23.0
[INFO] [stderr]    Compiling rayon v1.12.0
[INFO] [stderr]    Compiling digest v0.11.0-pre.9
[INFO] [stderr]    Compiling secp256k1-sys v0.10.1
[INFO] [stderr]    Compiling ppv-lite86 v0.2.21
[INFO] [stderr]    Compiling prost-derive v0.14.4
[INFO] [stderr]    Compiling bls12_381 v0.8.0
[INFO] [stderr]    Compiling zcash_protocol v0.10.1
[INFO] [stderr]    Compiling rand_chacha v0.3.1
[INFO] [stderr]    Compiling rand v0.8.7
[INFO] [stderr]    Compiling rustls-webpki v0.103.13
[INFO] [stderr]    Compiling pasta_curves v0.5.2
[INFO] [stderr]    Compiling f4jumble v0.1.1
[INFO] [stderr]    Compiling tokio-util v0.7.19
[INFO] [stderr]    Compiling h2 v0.4.15
[INFO] [stderr]    Compiling indexmap v1.9.3
[INFO] [stderr]    Compiling universal-hash v0.5.1
[INFO] [stderr]    Compiling poly1305 v0.8.0
[INFO] [stderr]    Compiling tower v0.5.3
[INFO] [stderr]    Compiling rustls v0.23.42
[INFO] [stderr]    Compiling zcash_address v0.13.0
[INFO] [stderr]    Compiling prost v0.14.4
[INFO] [stderr]    Compiling hyper v1.11.0
[INFO] [stderr]    Compiling jubjub v0.10.0
[INFO] [stderr]    Compiling uint v0.9.5
[INFO] [stderr]    Compiling num-integer v0.1.46
[INFO] [stderr]    Compiling chacha20 v0.9.1
[INFO] [stderr]    Compiling zcash_spec v0.2.1
[INFO] [stderr]    Compiling hyper-util v0.1.20
[INFO] [stderr]    Compiling aead v0.5.2
[INFO] [stderr]    Compiling pin-project-internal v1.1.13
[INFO] [stderr]    Compiling hashbrown v0.12.3
[INFO] [stderr]    Compiling axum v0.8.9
[INFO] [stderr]    Compiling hyper-timeout v0.5.2
[INFO] [stderr]    Compiling rustls-native-certs v0.8.4
[INFO] [stderr]    Compiling darling_core v0.23.0
[INFO] [stderr]    Compiling pin-project v1.1.13
[INFO] [stderr]    Compiling tokio-rustls v0.26.4
[INFO] [stderr]    Compiling chacha20poly1305 v0.10.1
[INFO] [stderr]    Compiling zip32 v0.2.1
[INFO] [stderr]    Compiling secp256k1 v0.29.1
[INFO] [stderr]    Compiling num-bigint v0.4.8
[INFO] [stderr]    Compiling reddsa v0.5.2
[INFO] [stderr]    Compiling curve25519-dalek v4.1.3
[INFO] [stderr]    Compiling tokio-stream v0.1.19
[INFO] [stderr]    Compiling maybe-rayon v0.1.1
[INFO] [stderr]    Compiling sha2 v0.11.0-pre.4
[INFO] [stderr]    Compiling ripemd v0.2.0-pre.4
[INFO] [stderr]    Compiling hmac v0.13.0-pre.4
[INFO] [stderr]    Compiling cbc v0.1.2
[INFO] [stderr]    Compiling thiserror-impl v1.0.69
[INFO] [stderr]    Compiling getset v0.1.7
[INFO] [stderr]    Compiling halo2_legacy_pdqsort v0.1.0
[INFO] [stderr]    Compiling halo2_proofs v0.3.4
[INFO] [stderr]    Compiling thiserror v1.0.69
[INFO] [stderr]    Compiling tonic v0.14.6
[INFO] [stderr]    Compiling darling_macro v0.23.0
[INFO] [stderr]    Compiling bip32 v0.6.0-pre.1
[INFO] [stderr]    Compiling fpe v0.6.1
[INFO] [stderr]    Compiling zcash_note_encryption v0.4.2
[INFO] [stderr]    Compiling sinsemilla v0.1.0
[INFO] [stderr]    Compiling halo2_poseidon v0.1.0
[INFO] [stderr]    Compiling bounded-vec v0.9.0
[INFO] [stderr]    Compiling aes v0.8.4
[INFO] [stderr]    Compiling incrementalmerkletree v0.8.2
[INFO] [stderr]    Compiling ripemd v0.1.3
[INFO] [stderr]    Compiling sha1 v0.10.7
[INFO] [stderr]    Compiling blake2s_simd v1.0.4
[INFO] [stderr]    Compiling curve25519-dalek-derive v0.1.1
[INFO] [stderr]    Compiling num_cpus v1.17.0
[INFO] [stderr]    Compiling ref-cast v1.0.26
[INFO] [stderr]    Compiling equihash v0.3.0
[INFO] [stderr]    Compiling serde_json v1.0.151
[INFO] [stderr]    Compiling fixed-hash v0.8.0
[INFO] [stderr]    Compiling bellman v0.14.0
[INFO] [stderr]    Compiling zcash_script v0.4.5
[INFO] [stderr]    Compiling halo2_gadgets v0.5.0
[INFO] [stderr]    Compiling darling v0.23.0
[INFO] [stderr]    Compiling redjubjub v0.8.0
[INFO] [stderr]    Compiling prost-types v0.14.4
[INFO] [stderr]    Compiling serde_derive_internals v0.29.1
[INFO] [stderr]    Compiling visibility v0.1.1
[INFO] [stderr]    Compiling ref-cast-impl v1.0.26
[INFO] [stderr]    Compiling strum_macros v0.27.2
[INFO] [stderr]    Compiling ed25519 v2.2.3
[INFO] [stderr]    Compiling schemars_derive v1.2.1
[INFO] [stderr]    Compiling tonic-types v0.14.6
[INFO] [stderr]    Compiling sapling-crypto v0.7.0
[INFO] [stderr]    Compiling serde_with_macros v3.21.0
[INFO] [stderr]    Compiling zcash_transparent v0.9.0
[INFO] [stderr]    Compiling orchard v0.15.4
[INFO] [stderr]    Compiling primitive-types v0.12.2
[INFO] [stderr]    Compiling tonic-prost v0.14.6
[INFO] [stderr]    Compiling zinder-core v0.6.0
[INFO] [stderr]    Compiling futures-executor v0.3.33
[INFO] [stderr]    Compiling eyre v0.6.12
[INFO] [stderr]    Compiling winnow v1.0.4
[INFO] [stderr]    Compiling schemars v1.2.1
[INFO] [stderr]    Compiling futures v0.3.33
[INFO] [stderr]    Compiling toml_parser v1.1.2+spec-1.1.0
[INFO] [stderr]    Compiling chrono v0.4.45
[INFO] [stderr]    Compiling zcash_history v0.5.0
[INFO] [stderr]    Compiling serde_with v3.21.0
[INFO] [stderr]    Compiling zcash_primitives v0.29.0
[INFO] [stderr]    Compiling zinder-proto v0.6.0
[INFO] [stderr]    Compiling strum v0.27.2
[INFO] [stderr]    Compiling ed25519-zebra v4.2.0
[INFO] [stderr]    Compiling x25519-dalek v2.0.1
[INFO] [stderr]    Compiling bitflags-serde-legacy v0.1.1
[INFO] [stderr]    Compiling uint v0.10.0
[INFO] [stderr]    Compiling serde-big-array v0.5.1
[INFO] [stderr]    Compiling itertools v0.14.0
[INFO] [stderr]    Compiling toml_datetime v1.1.1+spec-1.1.0
[INFO] [stderr]    Compiling serde_spanned v1.1.1
[INFO] [stderr]    Compiling derive-getters v0.5.0
[INFO] [stderr]    Compiling indenter v0.3.4
[INFO] [stderr]    Compiling toml_writer v1.1.2+spec-1.1.0
[INFO] [stderr]    Compiling toml v1.1.3+spec-1.1.0
[INFO] [stderr]    Compiling secrecy v0.10.3
[INFO] [stderr]    Compiling zebra-chain v11.2.0
[INFO] [stderr]    Compiling zinder-client v0.6.0 (/opt/rustwide/workdir)
[INFO] [stdout] error[E0433]: cannot find module or crate `zinder_query` in this scope
[INFO] [stdout]    --> src/error.rs:399:52
[INFO] [stdout]     |
[INFO] [stdout] 399 |             zinder_query::status_from_query_error(&zinder_query::QueryError::BlockNotInBestChain);
[INFO] [stdout]     |                                                    ^^^^^^^^^^^^ use of unresolved module or unlinked crate `zinder_query`
[INFO] [stdout]     |
[INFO] [stdout] help: there is a crate or module with a similar name
[INFO] [stdout]     |
[INFO] [stdout] 399 -             zinder_query::status_from_query_error(&zinder_query::QueryError::BlockNotInBestChain);
[INFO] [stdout] 399 +             zinder_query::status_from_query_error(&zinder_core::QueryError::BlockNotInBestChain);
[INFO] [stdout]     |
[INFO] [stdout] 
[INFO] [stdout] 
[INFO] [stdout] error[E0433]: cannot find module or crate `zinder_query` in this scope
[INFO] [stdout]    --> src/error.rs:428:14
[INFO] [stdout]     |
[INFO] [stdout] 428 |             &zinder_query::QueryError::ChainEventCursorExpired {
[INFO] [stdout]     |              ^^^^^^^^^^^^ use of unresolved module or unlinked crate `zinder_query`
[INFO] [stdout]     |
[INFO] [stdout] help: there is a crate or module with a similar name
[INFO] [stdout]     |
[INFO] [stdout] 428 -             &zinder_query::QueryError::ChainEventCursorExpired {
[INFO] [stdout] 428 +             &zinder_core::QueryError::ChainEventCursorExpired {
[INFO] [stdout]     |
[INFO] [stdout] 
[INFO] [stdout] 
[INFO] [stdout] error[E0433]: cannot find module or crate `zinder_query` in this scope
[INFO] [stdout]    --> src/error.rs:471:14
[INFO] [stdout]     |
[INFO] [stdout] 471 |             &zinder_query::QueryError::SubtreeRootRangeTooLarge {
[INFO] [stdout]     |              ^^^^^^^^^^^^ use of unresolved module or unlinked crate `zinder_query`
[INFO] [stdout]     |
[INFO] [stdout] help: there is a crate or module with a similar name
[INFO] [stdout]     |
[INFO] [stdout] 471 -             &zinder_query::QueryError::SubtreeRootRangeTooLarge {
[INFO] [stdout] 471 +             &zinder_core::QueryError::SubtreeRootRangeTooLarge {
[INFO] [stdout]     |
[INFO] [stdout] 
[INFO] [stdout] 
[INFO] [stdout] error[E0433]: cannot find module or crate `zinder_query` in this scope
[INFO] [stdout]    --> src/error.rs:399:13
[INFO] [stdout]     |
[INFO] [stdout] 399 |             zinder_query::status_from_query_error(&zinder_query::QueryError::BlockNotInBestChain);
[INFO] [stdout]     |             ^^^^^^^^^^^^ use of unresolved module or unlinked crate `zinder_query`
[INFO] [stdout]     |
[INFO] [stdout] help: there is a crate or module with a similar name
[INFO] [stdout]     |
[INFO] [stdout] 399 -             zinder_query::status_from_query_error(&zinder_query::QueryError::BlockNotInBestChain);
[INFO] [stdout] 399 +             zinder_core::status_from_query_error(&zinder_query::QueryError::BlockNotInBestChain);
[INFO] [stdout]     |
[INFO] [stdout] 
[INFO] [stdout] 
[INFO] [stdout] error[E0433]: cannot find module or crate `zinder_query` in this scope
[INFO] [stdout]    --> src/error.rs:427:22
[INFO] [stdout]     |
[INFO] [stdout] 427 |         let status = zinder_query::status_from_query_error(
[INFO] [stdout]     |                      ^^^^^^^^^^^^ use of unresolved module or unlinked crate `zinder_query`
[INFO] [stdout]     |
[INFO] [stdout] help: there is a crate or module with a similar name
[INFO] [stdout]     |
[INFO] [stdout] 427 -         let status = zinder_query::status_from_query_error(
[INFO] [stdout] 427 +         let status = zinder_core::status_from_query_error(
[INFO] [stdout]     |
[INFO] [stdout] 
[INFO] [stdout] 
[INFO] [stdout] error[E0433]: cannot find module or crate `zinder_query` in this scope
[INFO] [stdout]    --> src/error.rs:470:22
[INFO] [stdout]     |
[INFO] [stdout] 470 |         let status = zinder_query::status_from_query_error(
[INFO] [stdout]     |                      ^^^^^^^^^^^^ use of unresolved module or unlinked crate `zinder_query`
[INFO] [stdout]     |
[INFO] [stdout] help: there is a crate or module with a similar name
[INFO] [stdout]     |
[INFO] [stdout] 470 -         let status = zinder_query::status_from_query_error(
[INFO] [stdout] 470 +         let status = zinder_core::status_from_query_error(
[INFO] [stdout]     |
[INFO] [stdout] 
[INFO] [stdout] 
[INFO] [stdout] For more information about this error, try `rustc --explain E0433`.
[INFO] [stdout] 
[INFO] [stderr] error: could not compile `zinder-client` (lib test) due to 6 previous errors
[INFO] [stderr] warning: build failed, waiting for other jobs to finish...
[INFO] running `Command { std: "docker" "inspect" "e16ee84f8e2b002667eb42aeb3650544c508b6237ded08009977ccd09c3ffda4", kill_on_drop: false }`
[INFO] running `Command { std: "docker" "rm" "-f" "e16ee84f8e2b002667eb42aeb3650544c508b6237ded08009977ccd09c3ffda4", kill_on_drop: false }`
[INFO] [stdout] e16ee84f8e2b002667eb42aeb3650544c508b6237ded08009977ccd09c3ffda4
