[INFO] fetching crate zhihu-link 0.0.0...
[INFO] testing zhihu-link-0.0.0 against 1.99.0-beta.8+cargoflags=--release for beta-release-1.100-2
[INFO] extracting crate zhihu-link 0.0.0 into /workspace/builds/worker-0-tc1/source
[INFO] started tweaking crates.io crate zhihu-link 0.0.0
[INFO] finished tweaking crates.io crate zhihu-link 0.0.0
[INFO] tweaked toml for crates.io crate zhihu-link 0.0.0 written to /workspace/builds/worker-0-tc1/source/Cargo.toml
[INFO] validating manifest of crates.io crate zhihu-link 0.0.0 on toolchain 1.99.0-beta.8
[INFO] running `Command { std: CARGO_HOME="/workspace/cargo-home" RUSTUP_HOME="/workspace/rustup-home" "/workspace/cargo-home/bin/cargo" "+1.99.0-beta.8" "metadata" "--manifest-path" "Cargo.toml" "--no-deps", kill_on_drop: false }`
[INFO] running `Command { std: CARGO_HOME="/workspace/cargo-home" RUSTUP_HOME="/workspace/rustup-home" "/workspace/cargo-home/bin/cargo" "+1.99.0-beta.8" "generate-lockfile" "--manifest-path" "Cargo.toml", kill_on_drop: false }`
[INFO] [stderr]     Updating crates.io index
[INFO] [stderr]     Blocking waiting for file lock on package cache
[INFO] [stderr]      Locking 196 packages to highest compatible versions
[INFO] [stderr]       Adding ego-tree v0.6.3 (available: v0.11.0)
[INFO] [stderr]       Adding reqwest v0.11.27 (available: v0.13.5)
[INFO] running `Command { std: CARGO_HOME="/workspace/cargo-home" RUSTUP_HOME="/workspace/rustup-home" "/workspace/cargo-home/bin/cargo" "+1.99.0-beta.8" "fetch" "--manifest-path" "Cargo.toml", kill_on_drop: false }`
[INFO] [stderr]     Blocking waiting for file lock on package cache
[INFO] [stderr]     Blocking waiting for file lock on package cache
[INFO] [stderr]  Downloading crates ...
[INFO] [stderr]   Downloaded unicode-ident v1.0.27
[INFO] [stderr]   Downloaded fxhash v0.2.1
[INFO] [stderr]   Downloaded quote v1.0.47
[INFO] [stderr]   Downloaded synstructure v0.14.0
[INFO] [stderr]   Downloaded syn v3.0.9
[INFO] [stderr]   Downloaded want v0.3.2
[INFO] [stderr]   Downloaded tokio-macros v2.7.2
[INFO] [stderr]   Downloaded windows-targets v0.48.5
[INFO] [stderr]   Downloaded wasm-bindgen-futures v0.4.79
[INFO] [stderr]   Downloaded system-configuration v0.5.1
[INFO] [stderr]   Downloaded indexmap v2.14.2
[INFO] [stderr]   Downloaded smallvec v1.16.3
[INFO] [stderr]   Downloaded httpdate v1.0.3
[INFO] [stderr]   Downloaded utf-8 v0.7.6
[INFO] [stderr]   Downloaded siphasher v0.3.11
[INFO] [stderr]   Downloaded phf v0.10.1
[INFO] [stderr]   Downloaded multiversion_no_op v1.0.0
[INFO] [stderr]   Downloaded futf v0.1.5
[INFO] [stderr]   Downloaded servo_arc v0.3.0
[INFO] [stderr]   Downloaded precomputed-hash v0.1.1
[INFO] [stderr]   Downloaded phf_shared v0.10.0
[INFO] [stderr]   Downloaded dtoa-short v0.3.5
[INFO] [stderr]   Downloaded string_cache_codegen v0.5.4
[INFO] [stderr]   Downloaded ego-tree v0.6.3
[INFO] [stderr]   Downloaded wasm-bindgen-macro v0.2.129
[INFO] [stderr]   Downloaded zerofrom-derive v0.1.8
[INFO] [stderr]   Downloaded writeable v0.6.4
[INFO] [stderr]   Downloaded tinystr v0.8.4
[INFO] [stderr]   Downloaded pkg-config v0.3.34
[INFO] [stderr]   Downloaded sync_wrapper v0.1.2
[INFO] [stderr]   Downloaded hyper-tls v0.5.0
[INFO] [stderr]   Downloaded core_detect v1.0.0
[INFO] [stderr]   Downloaded derive_more v0.99.20
[INFO] [stderr]   Downloaded siphasher v1.0.4
[INFO] [stderr]   Downloaded cssparser-macros v0.6.1
[INFO] [stderr]   Downloaded string_cache v0.8.9
[INFO] [stderr]   Downloaded bitflags v2.13.2
[INFO] [stderr]   Downloaded serde_derive v1.0.229
[INFO] [stderr]   Downloaded yoke v0.8.3
[INFO] [stderr]   Downloaded displaydoc v0.2.7
[INFO] [stderr]   Downloaded icu_provider v2.3.1
[INFO] [stderr]   Downloaded getrandom v0.4.3
[INFO] [stderr]   Downloaded openssl-sys v0.9.117
[INFO] [stderr]   Downloaded find-msvc-tools v0.1.14
[INFO] [stderr]   Downloaded log v0.4.34
[INFO] [stderr]   Downloaded zmij v1.0.23
[INFO] [stderr]   Downloaded rustls-pemfile v1.0.4
[INFO] [stderr]   Downloaded rand v0.8.8
[INFO] [stderr]   Downloaded dtoa v1.0.11
[INFO] [stderr]   Downloaded markup5ever v0.11.0
[INFO] [stderr]   Downloaded socket2 v0.6.5
[INFO] [stderr]   Downloaded bytes v1.12.1
[INFO] [stderr]   Downloaded wasm-bindgen v0.2.129
[INFO] [stderr]   Downloaded rustversion v1.0.23
[INFO] [stderr]   Downloaded icu_properties v2.3.0
[INFO] [stderr]   Downloaded zerovec-derive v0.11.6
[INFO] [stderr]   Downloaded zerotrie v0.2.5
[INFO] [stderr]   Downloaded icu_collections v2.3.0
[INFO] [stderr]   Downloaded fastrand v2.5.0
[INFO] [stderr]   Downloaded memchr v2.8.3
[INFO] [stderr]   Downloaded base64 v0.21.7
[INFO] [stderr]   Downloaded proc-macro2 v1.0.107
[INFO] [stderr]   Downloaded mio v1.2.4
[INFO] [stderr]   Downloaded zerovec v0.11.8
[INFO] [stderr]   Downloaded icu_properties_data v2.3.0
[INFO] [stderr]   Downloaded cc v1.8.0
[INFO] [stderr]   Downloaded hyper v0.14.32
[INFO] [stderr]   Downloaded tokio-util v0.7.20
[INFO] [stderr]   Downloaded indexmap v1.9.3
[INFO] [stderr]   Downloaded reqwest v0.11.27
[INFO] [stderr]   Downloaded yoke-derive v0.8.4
[INFO] [stderr]   Downloaded zerocopy-derive v0.8.63
[INFO] [stderr]   Downloaded cssparser v0.31.2
[INFO] [stderr]   Downloaded html5ever v0.26.0
[INFO] [stderr]   Downloaded phf_generator v0.10.0
[INFO] [stderr]   Downloaded hashbrown v0.12.3
[INFO] [stderr]   Downloaded potential_utf v0.1.6
[INFO] [stderr]   Downloaded windows_x86_64_gnullvm v0.48.5
[INFO] [stderr]   Downloaded windows_aarch64_gnullvm v0.48.5
[INFO] [stderr]   Downloaded wasm-bindgen-shared v0.2.129
[INFO] [stderr]   Downloaded rustix v1.1.5
[INFO] [stderr]   Downloaded selectors v0.25.0
[INFO] [stderr]   Downloaded zerocopy v0.8.63
[INFO] [stderr]   Downloaded encoding_rs v0.8.42
[INFO] [stderr]   Downloaded web-sys v0.3.106
[INFO] [stderr]   Downloaded windows_x86_64_msvc v0.48.5
[INFO] [stderr]   Downloaded windows_aarch64_msvc v0.48.5
[INFO] [stderr]   Downloaded serde v1.0.229
[INFO] [stderr]   Downloaded phf_codegen v0.10.0
[INFO] [stderr]   Downloaded libc v0.2.191
[INFO] [stderr]   Downloaded windows_i686_msvc v0.48.5
[INFO] [stderr]   Downloaded windows_i686_gnu v0.48.5
[INFO] [stderr]   Downloaded http-body v0.4.6
[INFO] [stderr]   Downloaded tendril v0.4.3
[INFO] [stderr]   Downloaded js-sys v0.3.106
[INFO] [stderr]   Downloaded syn v2.0.119
[INFO] [stderr]   Downloaded icu_normalizer v2.3.0
[INFO] [stderr]   Downloaded ipnet v2.12.2
[INFO] [stderr]   Downloaded windows-sys v0.48.0
[INFO] [stderr]   Downloaded openssl v0.10.81
[INFO] [stderr]   Downloaded schannel v0.1.30
[INFO] [stderr]   Downloaded system-configuration-sys v0.5.0
[INFO] [stderr]   Downloaded htmler v0.1.1
[INFO] [stderr]   Downloaded mac v0.1.1
[INFO] [stderr]   Downloaded tokio v1.53.3
[INFO] [stderr]   Downloaded equivalent v1.0.3
[INFO] [stderr]   Downloaded cfg-if v1.0.5
[INFO] [stderr]   Downloaded wasm-bindgen-macro-support v0.2.129
[INFO] [stderr]   Downloaded socket2 v0.5.10
[INFO] [stderr]   Downloaded serde_core v1.0.229
[INFO] [stderr]   Downloaded serde_json v1.0.154
[INFO] [stderr]   Downloaded h2 v0.3.27
[INFO] [stderr]   Downloaded icu_normalizer_data v2.3.0
[INFO] [stderr]   Downloaded icu_locale_core v2.3.0
[INFO] [stderr]   Downloaded winreg v0.50.0
[INFO] [stderr]   Downloaded windows_x86_64_gnu v0.48.5
[INFO] [stderr]   Downloaded litemap v0.8.3
[INFO] running `Command { std: "docker" "create" "-v" "/var/lib/crater-agent-workspace/builds/worker-0-tc1/source:/opt/rustwide/workdir:ro,Z" "-v" "/var/lib/crater-agent-workspace/builds/worker-0-tc1/target:/opt/rustwide/target:rw,Z" "-v" "/var/lib/crater-agent-workspace/cargo-home:/opt/rustwide/cargo-home:ro,Z" "-v" "/var/lib/crater-agent-workspace/rustup-home:/opt/rustwide/rustup-home:ro,Z" "-m" "1610612736" "--network" "none" "ghcr.io/rust-lang/crates-build-env/linux@sha256:77db811e55d90add9212f6832c23229e3de5f1c1f9905e8cb07319ea15df73ac" "sleep" "infinity", kill_on_drop: false }`
[INFO] [stdout] 85e426043ba00d9fb2da39b5ab6f30fc156864df8d3df730d8d2709038004a65
[INFO] running `Command { std: "docker" "start" "85e426043ba00d9fb2da39b5ab6f30fc156864df8d3df730d8d2709038004a65", kill_on_drop: false }`
[INFO] running `Command { std: "docker" "inspect" "85e426043ba00d9fb2da39b5ab6f30fc156864df8d3df730d8d2709038004a65", kill_on_drop: false }`
[INFO] running `Command { std: "docker" "exec" "-e" "SOURCE_DIR=/opt/rustwide/workdir" "-e" "CARGO_HOME=/opt/rustwide/cargo-home" "-e" "RUSTUP_HOME=/opt/rustwide/rustup-home" "-e" "CARGO_TARGET_DIR=/opt/rustwide/target" "-w" "/opt/rustwide/workdir" "--user" "0:0" "85e426043ba00d9fb2da39b5ab6f30fc156864df8d3df730d8d2709038004a65" "/opt/rustwide/cargo-home/bin/cargo" "+1.99.0-beta.8" "metadata" "--no-deps" "--format-version=1", kill_on_drop: false }`
[INFO] running `Command { std: "docker" "inspect" "85e426043ba00d9fb2da39b5ab6f30fc156864df8d3df730d8d2709038004a65", kill_on_drop: false }`
[INFO] running `Command { std: "docker" "exec" "-e" "SOURCE_DIR=/opt/rustwide/workdir" "-e" "CARGO_HOME=/opt/rustwide/cargo-home" "-e" "RUSTUP_HOME=/opt/rustwide/rustup-home" "-e" "CARGO_TARGET_DIR=/opt/rustwide/target" "-e" "CARGO_INCREMENTAL=0" "-e" "RUST_BACKTRACE=full" "-e" "RUSTFLAGS=--cap-lints=warn" "-e" "RUSTDOCFLAGS=--cap-lints=warn" "-w" "/opt/rustwide/workdir" "--user" "0:0" "85e426043ba00d9fb2da39b5ab6f30fc156864df8d3df730d8d2709038004a65" "/opt/rustwide/cargo-home/bin/cargo" "+1.99.0-beta.8" "build" "--frozen" "--message-format=json" "--release", kill_on_drop: false }`
[INFO] [stderr]    Compiling proc-macro2 v1.0.107
[INFO] [stderr]    Compiling quote v1.0.47
[INFO] [stderr]    Compiling unicode-ident v1.0.27
[INFO] [stderr]    Compiling libc v0.2.191
[INFO] [stderr]    Compiling zerocopy v0.8.63
[INFO] [stderr]    Compiling smallvec v1.16.3
[INFO] [stderr]    Compiling cfg-if v1.0.5
[INFO] [stderr]    Compiling stable_deref_trait v1.2.1
[INFO] [stderr]    Compiling scopeguard v1.2.0
[INFO] [stderr]    Compiling parking_lot_core v0.9.12
[INFO] [stderr]    Compiling siphasher v1.0.4
[INFO] [stderr]    Compiling lock_api v0.4.14
[INFO] [stderr]    Compiling siphasher v0.3.11
[INFO] [stderr]    Compiling phf_shared v0.11.3
[INFO] [stderr]    Compiling find-msvc-tools v0.1.14
[INFO] [stderr]    Compiling shlex v2.0.1
[INFO] [stderr]    Compiling itoa v1.0.18
[INFO] [stderr]    Compiling phf_shared v0.10.0
[INFO] [stderr]    Compiling pkg-config v0.3.34
[INFO] [stderr]    Compiling cc v1.8.0
[INFO] [stderr]    Compiling pin-project-lite v0.2.17
[INFO] [stderr]    Compiling vcpkg v0.2.15
[INFO] [stderr]    Compiling serde_core v1.0.229
[INFO] [stderr]    Compiling bytes v1.12.1
[INFO] [stderr]    Compiling writeable v0.6.4
[INFO] [stderr]    Compiling syn v3.0.9
[INFO] [stderr]    Compiling syn v2.0.119
[INFO] [stderr]    Compiling litemap v0.8.3
[INFO] [stderr]    Compiling serde v1.0.229
[INFO] [stderr]    Compiling log v0.4.34
[INFO] [stderr]    Compiling getrandom v0.2.17
[INFO] [stderr]    Compiling rand_core v0.6.4
[INFO] [stderr]    Compiling errno v0.3.14
[INFO] [stderr]    Compiling signal-hook-registry v1.4.8
[INFO] [stderr]    Compiling mio v1.2.4
[INFO] [stderr]    Compiling parking_lot v0.12.5
[INFO] [stderr]    Compiling socket2 v0.6.5
[INFO] [stderr]    Compiling new_debug_unreachable v1.0.6
[INFO] [stderr]    Compiling utf8_iter v1.0.4
[INFO] [stderr]    Compiling openssl-sys v0.9.117
[INFO] [stderr]    Compiling futures-core v0.3.34
[INFO] [stderr]    Compiling icu_properties_data v2.3.0
[INFO] [stderr]    Compiling bitflags v2.13.2
[INFO] [stderr]    Compiling icu_normalizer_data v2.3.0
[INFO] [stderr]    Compiling rustversion v1.0.23
[INFO] [stderr]    Compiling once_cell v1.21.4
[INFO] [stderr]    Compiling fnv v1.0.7
[INFO] [stderr]    Compiling openssl v0.10.81
[INFO] [stderr]    Compiling foreign-types-shared v0.1.1
[INFO] [stderr]    Compiling syn v1.0.109
[INFO] [stderr]    Compiling foreign-types v0.3.2
[INFO] [stderr]    Compiling http v0.2.12
[INFO] [stderr]    Compiling tracing-core v0.1.36
[INFO] [stderr]    Compiling hashbrown v0.17.1
[INFO] [stderr]    Compiling native-tls v0.2.18
[INFO] [stderr]    Compiling equivalent v1.0.3
[INFO] [stderr]    Compiling precomputed-hash v0.1.1
[INFO] [stderr]    Compiling httparse v1.10.1
[INFO] [stderr]    Compiling futures-sink v0.3.34
[INFO] [stderr]    Compiling mac v0.1.1
[INFO] [stderr]    Compiling futures-task v0.3.34
[INFO] [stderr]    Compiling slab v0.4.12
[INFO] [stderr]    Compiling futf v0.1.5
[INFO] [stderr]    Compiling futures-util v0.3.34
[INFO] [stderr]    Compiling indexmap v2.14.2
[INFO] [stderr]    Compiling tracing v0.1.44
[INFO] [stderr]    Compiling phf v0.10.1
[INFO] [stderr]    Compiling ppv-lite86 v0.2.21
[INFO] [stderr]    Compiling dtoa v1.0.11
[INFO] [stderr]    Compiling utf-8 v0.7.6
[INFO] [stderr]    Compiling synstructure v0.14.0
[INFO] [stderr]    Compiling rand_chacha v0.3.1
[INFO] [stderr]    Compiling autocfg v1.5.1
[INFO] [stderr]    Compiling try-lock v0.2.5
[INFO] [stderr]    Compiling percent-encoding v2.3.2
[INFO] [stderr]    Compiling rand v0.8.8
[INFO] [stderr]    Compiling openssl-probe v0.2.1
[INFO] [stderr]    Compiling indexmap v1.9.3
[INFO] [stderr]    Compiling openssl-macros v0.1.1
[INFO] [stderr]    Compiling cssparser-macros v0.6.1
[INFO] [stderr]    Compiling form_urlencoded v1.2.2
[INFO] [stderr]    Compiling want v0.3.2
[INFO] [stderr]    Compiling dtoa-short v0.3.5
[INFO] [stderr]    Compiling encoding_rs v0.8.42
[INFO] [stderr]    Compiling tendril v0.4.3
[INFO] [stderr]    Compiling string_cache v0.8.9
[INFO] [stderr]    Compiling http-body v0.4.6
[INFO] [stderr]    Compiling futures-channel v0.3.34
[INFO] [stderr]    Compiling phf_generator v0.11.3
[INFO] [stderr]    Compiling phf_generator v0.10.0
[INFO] [stderr]    Compiling socket2 v0.5.10
[INFO] [stderr]    Compiling httpdate v1.0.3
[INFO] [stderr]    Compiling phf_codegen v0.10.0
[INFO] [stderr]    Compiling string_cache_codegen v0.5.4
[INFO] [stderr]    Compiling phf_macros v0.11.3
[INFO] [stderr]    Compiling selectors v0.25.0
[INFO] [stderr]    Compiling tower-service v0.3.3
[INFO] [stderr]    Compiling markup5ever v0.11.0
[INFO] [stderr]    Compiling byteorder v1.5.0
[INFO] [stderr]    Compiling phf v0.11.3
[INFO] [stderr]    Compiling fxhash v0.2.1
[INFO] [stderr]    Compiling cssparser v0.31.2
[INFO] [stderr]    Compiling zerofrom-derive v0.1.8
[INFO] [stderr]    Compiling yoke-derive v0.8.4
[INFO] [stderr]    Compiling zerovec-derive v0.11.6
[INFO] [stderr]    Compiling displaydoc v0.2.7
[INFO] [stderr]    Compiling tokio-macros v2.7.2
[INFO] [stderr]    Compiling derive_more v0.99.20
[INFO] [stderr]    Compiling tokio v1.53.3
[INFO] [stderr]    Compiling zerofrom v0.1.8
[INFO] [stderr]    Compiling servo_arc v0.3.0
[INFO] [stderr]    Compiling yoke v0.8.3
[INFO] [stderr]    Compiling core_detect v1.0.0
[INFO] [stderr]    Compiling zerovec v0.11.8
[INFO] [stderr]    Compiling zerotrie v0.2.5
[INFO] [stderr]    Compiling simdutf8 v0.1.5
[INFO] [stderr]    Compiling hashbrown v0.12.3
[INFO] [stderr]    Compiling multiversion_no_op v1.0.0
[INFO] [stderr]    Compiling base64 v0.21.7
[INFO] [stderr]    Compiling tinystr v0.8.4
[INFO] [stderr]    Compiling icu_locale_core v2.3.0
[INFO] [stderr]    Compiling potential_utf v0.1.6
[INFO] [stderr]    Compiling ryu v1.0.23
[INFO] [stderr]    Compiling icu_collections v2.3.0
[INFO] [stderr]    Compiling serde_urlencoded v0.7.1
[INFO] [stderr]    Compiling rustls-pemfile v1.0.4
[INFO] [stderr]    Compiling sync_wrapper v0.1.2
[INFO] [stderr]    Compiling ipnet v2.12.2
[INFO] [stderr]    Compiling html5ever v0.26.0
[INFO] [stderr]    Compiling icu_provider v2.3.1
[INFO] [stderr]    Compiling icu_normalizer v2.3.0
[INFO] [stderr]    Compiling icu_properties v2.3.0
[INFO] [stderr]    Compiling ego-tree v0.6.3
[INFO] [stderr]    Compiling mime v0.3.17
[INFO] [stderr]    Compiling htmler v0.1.1
[INFO] [stderr]    Compiling idna_adapter v1.2.2
[INFO] [stderr]    Compiling idna v1.1.0
[INFO] [stderr]    Compiling url v2.5.8
[INFO] [stderr]    Compiling tokio-util v0.7.20
[INFO] [stderr]    Compiling tokio-native-tls v0.3.1
[INFO] [stderr]    Compiling h2 v0.3.27
[INFO] [stderr]    Compiling hyper v0.14.32
[INFO] [stderr]    Compiling hyper-tls v0.5.0
[INFO] [stderr]    Compiling reqwest v0.11.27
[INFO] [stderr]    Compiling zhihu-link v0.0.0 (/opt/rustwide/workdir)
[INFO] [stdout] error[E0554]: `#![feature]` may not be used on the beta release channel
[INFO] [stdout]  --> src/lib.rs:1:1
[INFO] [stdout]   |
[INFO] [stdout] 1 | #![feature(try_blocks)]
[INFO] [stdout]   | ^^^^^^^^^^^^^^^^^^^^^^^
[INFO] [stdout] 
[INFO] [stdout] 
[INFO] [stdout] error[E0599]: no associated function or constant named `new` found for struct `Selector` in the current scope
[INFO] [stdout]   --> src/answers/mod.rs:72:34
[INFO] [stdout]    |
[INFO] [stdout] 72 |         let selector = Selector::new("h1.QuestionHeader-title");
[INFO] [stdout]    |                                  ^^^ associated function or constant not found in `Selector`
[INFO] [stdout]    |
[INFO] [stdout] note: if you're trying to build a new `Selector`, consider using `Selector::parse` which returns `Result<Selector, SelectorErrorKind<'_>>`
[INFO] [stdout]   --> /opt/rustwide/cargo-home/registry/src/index.crates.io-1949cf8c6b5b557f/htmler-0.1.1/src/selector/mod.rs:27:5
[INFO] [stdout]    |
[INFO] [stdout] 27 |     pub fn parse(selectors: &'_ str) -> Result<Self, SelectorErrorKind> {
[INFO] [stdout]    |     ^^^^^^^^^^^^^^^^^^^^^^^^^^^^^^^^^^^^^^^^^^^^^^^^^^^^^^^^^^^^^^^^^^^
[INFO] [stdout] help: there is a method `ne` with a similar name
[INFO] [stdout]    |
[INFO] [stdout] 72 -         let selector = Selector::new("h1.QuestionHeader-title");
[INFO] [stdout] 72 +         let selector = Selector::ne("h1.QuestionHeader-title");
[INFO] [stdout]    |
[INFO] [stdout] 
[INFO] [stdout] 
[INFO] [stdout] error[E0599]: no associated function or constant named `new` found for struct `Selector` in the current scope
[INFO] [stdout]   --> src/answers/mod.rs:81:34
[INFO] [stdout]    |
[INFO] [stdout] 81 |         let selector = Selector::new("div.QuestionRichText");
[INFO] [stdout]    |                                  ^^^ associated function or constant not found in `Selector`
[INFO] [stdout]    |
[INFO] [stdout] note: if you're trying to build a new `Selector`, consider using `Selector::parse` which returns `Result<Selector, SelectorErrorKind<'_>>`
[INFO] [stdout]   --> /opt/rustwide/cargo-home/registry/src/index.crates.io-1949cf8c6b5b557f/htmler-0.1.1/src/selector/mod.rs:27:5
[INFO] [stdout]    |
[INFO] [stdout] 27 |     pub fn parse(selectors: &'_ str) -> Result<Self, SelectorErrorKind> {
[INFO] [stdout]    |     ^^^^^^^^^^^^^^^^^^^^^^^^^^^^^^^^^^^^^^^^^^^^^^^^^^^^^^^^^^^^^^^^^^^
[INFO] [stdout] help: there is a method `ne` with a similar name
[INFO] [stdout]    |
[INFO] [stdout] 81 -         let selector = Selector::new("div.QuestionRichText");
[INFO] [stdout] 81 +         let selector = Selector::ne("div.QuestionRichText");
[INFO] [stdout]    |
[INFO] [stdout] 
[INFO] [stdout] 
[INFO] [stdout] error[E0599]: no associated function or constant named `new` found for struct `Selector` in the current scope
[INFO] [stdout]   --> src/answers/mod.rs:92:34
[INFO] [stdout]    |
[INFO] [stdout] 92 |         let selector = Selector::new("span.CopyrightRichText-richText");
[INFO] [stdout]    |                                  ^^^ associated function or constant not found in `Selector`
[INFO] [stdout]    |
[INFO] [stdout] note: if you're trying to build a new `Selector`, consider using `Selector::parse` which returns `Result<Selector, SelectorErrorKind<'_>>`
[INFO] [stdout]   --> /opt/rustwide/cargo-home/registry/src/index.crates.io-1949cf8c6b5b557f/htmler-0.1.1/src/selector/mod.rs:27:5
[INFO] [stdout]    |
[INFO] [stdout] 27 |     pub fn parse(selectors: &'_ str) -> Result<Self, SelectorErrorKind> {
[INFO] [stdout]    |     ^^^^^^^^^^^^^^^^^^^^^^^^^^^^^^^^^^^^^^^^^^^^^^^^^^^^^^^^^^^^^^^^^^^
[INFO] [stdout] help: there is a method `ne` with a similar name
[INFO] [stdout]    |
[INFO] [stdout] 92 -         let selector = Selector::new("span.CopyrightRichText-richText");
[INFO] [stdout] 92 +         let selector = Selector::ne("span.CopyrightRichText-richText");
[INFO] [stdout]    |
[INFO] [stdout] 
[INFO] [stdout] 
[INFO] [stdout] Some errors have detailed explanations: E0554, E0599.
[INFO] [stdout] 
[INFO] [stdout] For more information about an error, try `rustc --explain E0554`.
[INFO] [stdout] 
[INFO] [stderr] error: could not compile `zhihu-link` (lib) due to 4 previous errors
[INFO] [stderr] warning: build failed, waiting for other jobs to finish...
[INFO] running `Command { std: "docker" "inspect" "85e426043ba00d9fb2da39b5ab6f30fc156864df8d3df730d8d2709038004a65", kill_on_drop: false }`
[INFO] running `Command { std: "docker" "rm" "-f" "85e426043ba00d9fb2da39b5ab6f30fc156864df8d3df730d8d2709038004a65", kill_on_drop: false }`
[INFO] [stdout] 85e426043ba00d9fb2da39b5ab6f30fc156864df8d3df730d8d2709038004a65
