[INFO] fetching crate zeughaus-termwiz 0.24.0...
[INFO] testing zeughaus-termwiz-0.24.0 against 1.99.0-beta.8+cargoflags=--release for beta-release-1.100-2
[INFO] extracting crate zeughaus-termwiz 0.24.0 into /workspace/builds/worker-4-tc1/source
[INFO] started tweaking crates.io crate zeughaus-termwiz 0.24.0
[INFO] removed 0 missing examples
[INFO] finished tweaking crates.io crate zeughaus-termwiz 0.24.0
[INFO] tweaked toml for crates.io crate zeughaus-termwiz 0.24.0 written to /workspace/builds/worker-4-tc1/source/Cargo.toml
[INFO] validating manifest of crates.io crate zeughaus-termwiz 0.24.0 on toolchain 1.99.0-beta.8
[INFO] running `Command { std: CARGO_HOME="/workspace/cargo-home" RUSTUP_HOME="/workspace/rustup-home" "/workspace/cargo-home/bin/cargo" "+1.99.0-beta.8" "metadata" "--manifest-path" "Cargo.toml" "--no-deps", kill_on_drop: false }`
[INFO] crate crates.io crate zeughaus-termwiz 0.24.0 already has a lockfile, it will not be regenerated
[INFO] running `Command { std: CARGO_HOME="/workspace/cargo-home" RUSTUP_HOME="/workspace/rustup-home" "/workspace/cargo-home/bin/cargo" "+1.99.0-beta.8" "fetch" "--manifest-path" "Cargo.toml", kill_on_drop: false }`
[INFO] [stderr]     Updating crates.io index
[INFO] [stderr]  Downloading crates ...
[INFO] [stderr]   Downloaded zeughaus-wezterm-dynamic v0.2.1
[INFO] [stderr]   Downloaded zeughaus-wezterm-escape-parser v0.1.0
[INFO] [stderr]   Downloaded zeughaus-wezterm-blob-leases v0.1.1
[INFO] [stderr]   Downloaded zeughaus-finl-unicode v1.3.0
[INFO] [stderr]   Downloaded zeughaus-wezterm-bidi v0.2.3
[INFO] [stderr]   Downloaded zeughaus-wezterm-dynamic-derive v0.1.1
[INFO] [stderr]   Downloaded zeughaus-wezterm-char-props v0.1.3
[INFO] [stderr]   Downloaded zeughaus-vtparse v0.7.0
[INFO] [stderr]   Downloaded k9 v0.12.0
[INFO] [stderr]   Downloaded zeughaus-wezterm-input-types v0.1.0
[INFO] [stderr]   Downloaded zeughaus-wezterm-color-types v0.3.0
[INFO] [stderr]   Downloaded zeughaus-filedescriptor v0.8.3
[INFO] [stderr]   Downloaded zeughaus-wezterm-surface v0.1.0
[INFO] [stderr]   Downloaded zeughaus-wezterm-cell v0.1.0
[INFO] running `Command { std: "docker" "create" "-v" "/var/lib/crater-agent-workspace/builds/worker-4-tc1/source:/opt/rustwide/workdir:ro,Z" "-v" "/var/lib/crater-agent-workspace/builds/worker-4-tc1/target:/opt/rustwide/target:rw,Z" "-v" "/var/lib/crater-agent-workspace/cargo-home:/opt/rustwide/cargo-home:ro,Z" "-v" "/var/lib/crater-agent-workspace/rustup-home:/opt/rustwide/rustup-home:ro,Z" "-m" "1610612736" "--network" "none" "ghcr.io/rust-lang/crates-build-env/linux@sha256:77db811e55d90add9212f6832c23229e3de5f1c1f9905e8cb07319ea15df73ac" "sleep" "infinity", kill_on_drop: false }`
[INFO] [stdout] 547c5e453ba2ad08998587558f9469e6e1c44dd8aaeb9a1f24e0e1df7fee84b4
[INFO] running `Command { std: "docker" "start" "547c5e453ba2ad08998587558f9469e6e1c44dd8aaeb9a1f24e0e1df7fee84b4", kill_on_drop: false }`
[INFO] running `Command { std: "docker" "inspect" "547c5e453ba2ad08998587558f9469e6e1c44dd8aaeb9a1f24e0e1df7fee84b4", kill_on_drop: false }`
[INFO] running `Command { std: "docker" "exec" "-e" "SOURCE_DIR=/opt/rustwide/workdir" "-e" "CARGO_HOME=/opt/rustwide/cargo-home" "-e" "RUSTUP_HOME=/opt/rustwide/rustup-home" "-e" "CARGO_TARGET_DIR=/opt/rustwide/target" "-w" "/opt/rustwide/workdir" "--user" "0:0" "547c5e453ba2ad08998587558f9469e6e1c44dd8aaeb9a1f24e0e1df7fee84b4" "/opt/rustwide/cargo-home/bin/cargo" "+1.99.0-beta.8" "metadata" "--no-deps" "--format-version=1", kill_on_drop: false }`
[INFO] running `Command { std: "docker" "inspect" "547c5e453ba2ad08998587558f9469e6e1c44dd8aaeb9a1f24e0e1df7fee84b4", kill_on_drop: false }`
[INFO] running `Command { std: "docker" "exec" "-e" "SOURCE_DIR=/opt/rustwide/workdir" "-e" "CARGO_HOME=/opt/rustwide/cargo-home" "-e" "RUSTUP_HOME=/opt/rustwide/rustup-home" "-e" "CARGO_TARGET_DIR=/opt/rustwide/target" "-e" "CARGO_INCREMENTAL=0" "-e" "RUST_BACKTRACE=full" "-e" "RUSTFLAGS=--cap-lints=warn" "-e" "RUSTDOCFLAGS=--cap-lints=warn" "-w" "/opt/rustwide/workdir" "--user" "0:0" "547c5e453ba2ad08998587558f9469e6e1c44dd8aaeb9a1f24e0e1df7fee84b4" "/opt/rustwide/cargo-home/bin/cargo" "+1.99.0-beta.8" "build" "--frozen" "--message-format=json" "--release", kill_on_drop: false }`
[INFO] [stderr]    Compiling libc v0.2.189
[INFO] [stderr]    Compiling siphasher v1.0.4
[INFO] [stderr]    Compiling syn v2.0.119
[INFO] [stderr]    Compiling thiserror-impl v2.0.21
[INFO] [stderr]    Compiling syn v1.0.109
[INFO] [stderr]    Compiling serde v1.0.229
[INFO] [stderr]    Compiling rand v0.8.8
[INFO] [stderr]    Compiling num-traits v0.2.19
[INFO] [stderr]    Compiling memchr v2.8.3
[INFO] [stderr]    Compiling generic-array v0.14.7
[INFO] [stderr]    Compiling lab v0.11.0
[INFO] [stderr]    Compiling deltae v0.3.2
[INFO] [stderr]    Compiling zeughaus-vtparse v0.7.0
[INFO] [stderr]    Compiling pest v2.9.2
[INFO] [stderr]    Compiling bit-vec v0.8.0
[INFO] [stderr]    Compiling phf_shared v0.11.3
[INFO] [stderr]    Compiling cfg_aliases v0.2.2
[INFO] [stderr]    Compiling base64 v0.22.1
[INFO] [stderr]    Compiling hex v0.4.3
[INFO] [stderr]    Compiling regex-automata v0.4.18
[INFO] [stderr]    Compiling nix v0.29.0
[INFO] [stderr]    Compiling bit-set v0.8.0
[INFO] [stderr]    Compiling zeughaus-finl-unicode v1.3.0
[INFO] [stderr]    Compiling nom v7.1.3
[INFO] [stderr]    Compiling phf_generator v0.11.3
[INFO] [stderr]    Compiling fixedbitset v0.4.2
[INFO] [stderr]    Compiling memmem v0.1.1
[INFO] [stderr]    Compiling block-buffer v0.10.4
[INFO] [stderr]    Compiling crypto-common v0.1.7
[INFO] [stderr]    Compiling phf_codegen v0.11.3
[INFO] [stderr]    Compiling digest v0.10.7
[INFO] [stderr]    Compiling terminfo v0.9.0
[INFO] [stderr]    Compiling sha2 v0.10.9
[INFO] [stderr]    Compiling thiserror v2.0.21
[INFO] [stderr]    Compiling ordered-float v4.6.0
[INFO] [stderr]    Compiling euclid v0.22.14
[INFO] [stderr]    Compiling zeughaus-wezterm-dynamic-derive v0.1.1
[INFO] [stderr]    Compiling pest_meta v2.9.2
[INFO] [stderr]    Compiling getrandom v0.4.3
[INFO] [stderr]    Compiling getrandom v0.3.4
[INFO] [stderr]    Compiling errno v0.3.14
[INFO] [stderr]    Compiling termios v0.3.3
[INFO] [stderr]    Compiling zeughaus-filedescriptor v0.8.3
[INFO] [stderr]    Compiling signal-hook-registry v1.4.8
[INFO] [stderr]    Compiling uuid v1.26.1
[INFO] [stderr]    Compiling signal-hook v0.3.18
[INFO] [stderr]    Compiling zeughaus-wezterm-blob-leases v0.1.1
[INFO] [stderr]    Compiling phf_macros v0.11.3
[INFO] [stderr]    Compiling num-derive v0.4.2
[INFO] [stderr]    Compiling zeughaus-wezterm-dynamic v0.2.1
[INFO] [stderr]    Compiling phf v0.11.3
[INFO] [stderr]    Compiling csscolorparser v0.6.2
[INFO] [stderr]    Compiling zeughaus-wezterm-char-props v0.1.3
[INFO] [stderr]    Compiling zeughaus-wezterm-input-types v0.1.0
[INFO] [stderr]    Compiling zeughaus-wezterm-color-types v0.3.0
[INFO] [stderr]    Compiling zeughaus-wezterm-bidi v0.2.3
[INFO] [stderr]    Compiling pest_generator v2.9.2
[INFO] [stderr]    Compiling pest_derive v2.9.2
[INFO] [stderr]    Compiling zeughaus-wezterm-escape-parser v0.1.0
[INFO] [stderr]    Compiling fancy-regex v0.14.0
[INFO] [stderr]    Compiling zeughaus-wezterm-cell v0.1.0
[INFO] [stderr]    Compiling zeughaus-wezterm-surface v0.1.0
[INFO] [stderr]    Compiling zeughaus-termwiz v0.24.0 (/opt/rustwide/workdir)
[INFO] [stderr]     Finished `release` profile [optimized] target(s) in 43.73s
[INFO] running `Command { std: "docker" "inspect" "547c5e453ba2ad08998587558f9469e6e1c44dd8aaeb9a1f24e0e1df7fee84b4", kill_on_drop: false }`
[INFO] running `Command { std: "docker" "exec" "-e" "SOURCE_DIR=/opt/rustwide/workdir" "-e" "CARGO_HOME=/opt/rustwide/cargo-home" "-e" "RUSTUP_HOME=/opt/rustwide/rustup-home" "-e" "CARGO_TARGET_DIR=/opt/rustwide/target" "-e" "CARGO_INCREMENTAL=0" "-e" "RUST_BACKTRACE=full" "-e" "RUSTFLAGS=--cap-lints=warn" "-e" "RUSTDOCFLAGS=--cap-lints=warn" "-w" "/opt/rustwide/workdir" "--user" "0:0" "547c5e453ba2ad08998587558f9469e6e1c44dd8aaeb9a1f24e0e1df7fee84b4" "/opt/rustwide/cargo-home/bin/cargo" "+1.99.0-beta.8" "test" "--frozen" "--no-run" "--message-format=json" "--release", kill_on_drop: false }`
[INFO] [stderr]    Compiling num-traits v0.2.19
[INFO] [stderr]    Compiling regex-automata v0.4.18
[INFO] [stderr]    Compiling zerocopy v0.8.59
[INFO] [stderr]    Compiling serde v1.0.229
[INFO] [stderr]    Compiling zerocopy-derive v0.8.59
[INFO] [stderr]    Compiling proc-macro2 v1.0.107
[INFO] [stderr]    Compiling rustix v0.37.28
[INFO] [stderr]    Compiling unicode-ident v1.0.26
[INFO] [stderr]    Compiling quote v1.0.47
[INFO] [stderr]    Compiling io-lifetimes v1.0.11
[INFO] [stderr]    Compiling clap_builder v4.6.7
[INFO] [stderr]    Compiling serde_json v1.0.151
[INFO] [stderr]    Compiling itertools v0.10.5
[INFO] [stderr]    Compiling jiff-core v0.1.1
[INFO] [stderr]    Compiling colored v2.2.0
[INFO] [stderr]    Compiling is-terminal v0.4.17
[INFO] [stderr]    Compiling zeughaus-wezterm-char-props v0.1.3
[INFO] [stderr]    Compiling ordered-float v4.6.0
[INFO] [stderr]    Compiling euclid v0.22.14
[INFO] [stderr]    Compiling plotters v0.3.7
[INFO] [stderr]    Compiling zeughaus-wezterm-dynamic v0.2.1
[INFO] [stderr]    Compiling syn v2.0.119
[INFO] [stderr]    Compiling tinytemplate v1.2.1
[INFO] [stderr]    Compiling zeughaus-wezterm-color-types v0.3.0
[INFO] [stderr]    Compiling zeughaus-wezterm-bidi v0.2.3
[INFO] [stderr]    Compiling terminal_size v0.2.6
[INFO] [stderr]    Compiling jiff v0.2.37
[INFO] [stderr]    Compiling zeughaus-wezterm-input-types v0.1.0
[INFO] [stderr]    Compiling criterion-plot v0.5.0
[INFO] [stderr]    Compiling clap v4.6.7
[INFO] [stderr]    Compiling zeughaus-wezterm-escape-parser v0.1.0
[INFO] [stderr]    Compiling regex v1.13.1
[INFO] [stderr]    Compiling fancy-regex v0.14.0
[INFO] [stderr]    Compiling env_filter v2.0.0
[INFO] [stderr]    Compiling zeughaus-wezterm-cell v0.1.0
[INFO] [stderr]    Compiling zeughaus-wezterm-surface v0.1.0
[INFO] [stderr]    Compiling env_logger v0.11.11
[INFO] [stderr]    Compiling half v2.7.1
[INFO] [stderr]    Compiling zeughaus-termwiz v0.24.0 (/opt/rustwide/workdir)
[INFO] [stderr]    Compiling ciborium-ll v0.2.2
[INFO] [stderr]    Compiling ciborium v0.2.2
[INFO] [stderr]    Compiling k9 v0.12.0
[INFO] [stderr]    Compiling criterion v0.5.1
[INFO] [stdout] error[E0433]: cannot find module or crate `termwiz` in this scope
[INFO] [stdout]  --> examples/key_tester.rs:1:5
[INFO] [stdout]   |
[INFO] [stdout] 1 | use termwiz::caps::Capabilities;
[INFO] [stdout]   |     ^^^^^^^ use of unresolved module or unlinked crate `termwiz`
[INFO] [stdout]   |
[INFO] [stdout]   = help: if you wanted to use a crate named `termwiz`, use `cargo add termwiz` to add it to your `Cargo.toml`
[INFO] [stdout] 
[INFO] [stdout] 
[INFO] [stdout] error[E0433]: cannot find module or crate `termwiz` in this scope
[INFO] [stdout]  --> examples/key_tester.rs:2:5
[INFO] [stdout]   |
[INFO] [stdout] 2 | use termwiz::input::{InputEvent, KeyCode, KeyEvent, Modifiers};
[INFO] [stdout]   |     ^^^^^^^ use of unresolved module or unlinked crate `termwiz`
[INFO] [stdout]   |
[INFO] [stdout]   = help: if you wanted to use a crate named `termwiz`, use `cargo add termwiz` to add it to your `Cargo.toml`
[INFO] [stdout] 
[INFO] [stdout] 
[INFO] [stdout] error[E0433]: cannot find module or crate `termwiz` in this scope
[INFO] [stdout]  --> examples/key_tester.rs:3:5
[INFO] [stdout]   |
[INFO] [stdout] 3 | use termwiz::terminal::{new_terminal, Terminal};
[INFO] [stdout]   |     ^^^^^^^ use of unresolved module or unlinked crate `termwiz`
[INFO] [stdout]   |
[INFO] [stdout]   = help: if you wanted to use a crate named `termwiz`, use `cargo add termwiz` to add it to your `Cargo.toml`
[INFO] [stdout] 
[INFO] [stdout] 
[INFO] [stdout] error[E0433]: cannot find module or crate `termwiz` in this scope
[INFO] [stdout]  --> examples/line_editor.rs:4:5
[INFO] [stdout]   |
[INFO] [stdout] 4 | use termwiz::lineedit::*;
[INFO] [stdout]   |     ^^^^^^^ use of unresolved module or unlinked crate `termwiz`
[INFO] [stdout]   |
[INFO] [stdout]   = help: if you wanted to use a crate named `termwiz`, use `cargo add termwiz` to add it to your `Cargo.toml`
[INFO] [stdout] 
[INFO] [stdout] 
[INFO] [stdout] error[E0433]: cannot find module or crate `termwiz` in this scope
[INFO] [stdout]  --> examples/line_editor.rs:2:5
[INFO] [stdout]   |
[INFO] [stdout] 2 | use termwiz::cell::AttributeChange;
[INFO] [stdout]   |     ^^^^^^^ use of unresolved module or unlinked crate `termwiz`
[INFO] [stdout]   |
[INFO] [stdout]   = help: if you wanted to use a crate named `termwiz`, use `cargo add termwiz` to add it to your `Cargo.toml`
[INFO] [stdout] 
[INFO] [stdout] 
[INFO] [stdout] error[E0433]: cannot find module or crate `termwiz` in this scope
[INFO] [stdout]  --> examples/line_editor.rs:3:5
[INFO] [stdout]   |
[INFO] [stdout] 3 | use termwiz::color::{AnsiColor, ColorAttribute, SrgbaTuple};
[INFO] [stdout]   |     ^^^^^^^ use of unresolved module or unlinked crate `termwiz`
[INFO] [stdout]   |
[INFO] [stdout]   = help: if you wanted to use a crate named `termwiz`, use `cargo add termwiz` to add it to your `Cargo.toml`
[INFO] [stdout] 
[INFO] [stdout] 
[INFO] [stdout] error[E0432]: unresolved imports `termwiz::cell::AttributeChange`, `termwiz::color::AnsiColor`, `termwiz::color::ColorAttribute`, `termwiz::color::SrgbaTuple`
[INFO] [stdout]  --> examples/line_editor.rs:2:5
[INFO] [stdout]   |
[INFO] [stdout] 2 | use termwiz::cell::AttributeChange;
[INFO] [stdout]   |     ^^^^^^^^^^^^^^^^^^^^^^^^^^^^^^
[INFO] [stdout] 3 | use termwiz::color::{AnsiColor, ColorAttribute, SrgbaTuple};
[INFO] [stdout]   |                      ^^^^^^^^^  ^^^^^^^^^^^^^^  ^^^^^^^^^^
[INFO] [stdout] 
[INFO] [stdout] 
[INFO] [stdout] error[E0433]: cannot find module or crate `termwiz` in this scope
[INFO] [stdout]  --> examples/terminal_direct.rs:8:5
[INFO] [stdout]   |
[INFO] [stdout] 8 | use termwiz::caps::Capabilities;
[INFO] [stdout]   |     ^^^^^^^ use of unresolved module or unlinked crate `termwiz`
[INFO] [stdout]   |
[INFO] [stdout]   = help: if you wanted to use a crate named `termwiz`, use `cargo add termwiz` to add it to your `Cargo.toml`
[INFO] [stdout] 
[INFO] [stdout] 
[INFO] [stdout] error[E0433]: cannot find module or crate `termwiz` in this scope
[INFO] [stdout]  --> examples/terminal_direct.rs:9:5
[INFO] [stdout]   |
[INFO] [stdout] 9 | use termwiz::cell::AttributeChange;
[INFO] [stdout]   |     ^^^^^^^ use of unresolved module or unlinked crate `termwiz`
[INFO] [stdout]   |
[INFO] [stdout]   = help: if you wanted to use a crate named `termwiz`, use `cargo add termwiz` to add it to your `Cargo.toml`
[INFO] [stdout] 
[INFO] [stdout] 
[INFO] [stdout] error[E0433]: cannot find module or crate `termwiz` in this scope
[INFO] [stdout]   --> examples/terminal_direct.rs:10:5
[INFO] [stdout]    |
[INFO] [stdout] 10 | use termwiz::color::AnsiColor;
[INFO] [stdout]    |     ^^^^^^^ use of unresolved module or unlinked crate `termwiz`
[INFO] [stdout]    |
[INFO] [stdout]    = help: if you wanted to use a crate named `termwiz`, use `cargo add termwiz` to add it to your `Cargo.toml`
[INFO] [stdout] 
[INFO] [stdout] 
[INFO] [stdout] error[E0433]: cannot find module or crate `termwiz` in this scope
[INFO] [stdout]   --> examples/terminal_direct.rs:11:5
[INFO] [stdout]    |
[INFO] [stdout] 11 | use termwiz::surface::Change;
[INFO] [stdout]    |     ^^^^^^^ use of unresolved module or unlinked crate `termwiz`
[INFO] [stdout]    |
[INFO] [stdout]    = help: if you wanted to use a crate named `termwiz`, use `cargo add termwiz` to add it to your `Cargo.toml`
[INFO] [stdout] 
[INFO] [stdout] 
[INFO] [stdout] error[E0433]: cannot find module or crate `termwiz` in this scope
[INFO] [stdout]   --> examples/terminal_direct.rs:12:5
[INFO] [stdout]    |
[INFO] [stdout] 12 | use termwiz::terminal::{new_terminal, Terminal};
[INFO] [stdout]    |     ^^^^^^^ use of unresolved module or unlinked crate `termwiz`
[INFO] [stdout]    |
[INFO] [stdout]    = help: if you wanted to use a crate named `termwiz`, use `cargo add termwiz` to add it to your `Cargo.toml`
[INFO] [stdout] 
[INFO] [stdout] 
[INFO] [stdout] error[E0433]: cannot find module or crate `termwiz` in this scope
[INFO] [stdout]  --> examples/buffered_terminal.rs:5:5
[INFO] [stdout]   |
[INFO] [stdout] 5 | use termwiz::caps::Capabilities;
[INFO] [stdout]   |     ^^^^^^^ use of unresolved module or unlinked crate `termwiz`
[INFO] [stdout]   |
[INFO] [stdout]   = help: if you wanted to use a crate named `termwiz`, use `cargo add termwiz` to add it to your `Cargo.toml`
[INFO] [stdout] 
[INFO] [stdout] 
[INFO] [stdout] error[E0433]: cannot find module or crate `termwiz` in this scope
[INFO] [stdout]  --> examples/buffered_terminal.rs:6:5
[INFO] [stdout]   |
[INFO] [stdout] 6 | use termwiz::cell::AttributeChange;
[INFO] [stdout]   |     ^^^^^^^ use of unresolved module or unlinked crate `termwiz`
[INFO] [stdout]   |
[INFO] [stdout]   = help: if you wanted to use a crate named `termwiz`, use `cargo add termwiz` to add it to your `Cargo.toml`
[INFO] [stdout] 
[INFO] [stdout] 
[INFO] [stdout] error[E0433]: cannot find module or crate `termwiz` in this scope
[INFO] [stdout]  --> examples/buffered_terminal.rs:7:5
[INFO] [stdout]   |
[INFO] [stdout] 7 | use termwiz::color::AnsiColor;
[INFO] [stdout]   |     ^^^^^^^ use of unresolved module or unlinked crate `termwiz`
[INFO] [stdout]   |
[INFO] [stdout]   = help: if you wanted to use a crate named `termwiz`, use `cargo add termwiz` to add it to your `Cargo.toml`
[INFO] [stdout] 
[INFO] [stdout] 
[INFO] [stdout] error[E0433]: cannot find module or crate `termwiz` in this scope
[INFO] [stdout]  --> examples/buffered_terminal.rs:8:5
[INFO] [stdout]   |
[INFO] [stdout] 8 | use termwiz::surface::Change;
[INFO] [stdout]   |     ^^^^^^^ use of unresolved module or unlinked crate `termwiz`
[INFO] [stdout]   |
[INFO] [stdout]   = help: if you wanted to use a crate named `termwiz`, use `cargo add termwiz` to add it to your `Cargo.toml`
[INFO] [stdout] 
[INFO] [stdout] 
[INFO] [stdout] error[E0433]: cannot find module or crate `termwiz` in this scope
[INFO] [stdout]  --> examples/buffered_terminal.rs:9:5
[INFO] [stdout]   |
[INFO] [stdout] 9 | use termwiz::terminal::buffered::BufferedTerminal;
[INFO] [stdout]   |     ^^^^^^^ use of unresolved module or unlinked crate `termwiz`
[INFO] [stdout]   |
[INFO] [stdout]   = help: if you wanted to use a crate named `termwiz`, use `cargo add termwiz` to add it to your `Cargo.toml`
[INFO] [stdout] 
[INFO] [stdout] 
[INFO] [stdout] error[E0433]: cannot find module or crate `termwiz` in this scope
[INFO] [stdout]   --> examples/buffered_terminal.rs:10:5
[INFO] [stdout]    |
[INFO] [stdout] 10 | use termwiz::terminal::{new_terminal, Terminal};
[INFO] [stdout]    |     ^^^^^^^ use of unresolved module or unlinked crate `termwiz`
[INFO] [stdout]    |
[INFO] [stdout]    = help: if you wanted to use a crate named `termwiz`, use `cargo add termwiz` to add it to your `Cargo.toml`
[INFO] [stdout] 
[INFO] [stdout] 
[INFO] [stdout] error[E0433]: cannot find module or crate `termwiz` in this scope
[INFO] [stdout]  --> examples/strip-ansi-escapes.rs:5:5
[INFO] [stdout]   |
[INFO] [stdout] 5 | use termwiz::escape::parser::Parser;
[INFO] [stdout]   |     ^^^^^^^ use of unresolved module or unlinked crate `termwiz`
[INFO] [stdout]   |
[INFO] [stdout]   = help: if you wanted to use a crate named `termwiz`, use `cargo add termwiz` to add it to your `Cargo.toml`
[INFO] [stdout] 
[INFO] [stdout] 
[INFO] [stdout] error[E0433]: cannot find module or crate `termwiz` in this scope
[INFO] [stdout]  --> examples/widgets_basic.rs:9:5
[INFO] [stdout]   |
[INFO] [stdout] 9 | use termwiz::input::*;
[INFO] [stdout]   |     ^^^^^^^ use of unresolved module or unlinked crate `termwiz`
[INFO] [stdout]   |
[INFO] [stdout]   = help: if you wanted to use a crate named `termwiz`, use `cargo add termwiz` to add it to your `Cargo.toml`
[INFO] [stdout] 
[INFO] [stdout] 
[INFO] [stdout] error[E0433]: cannot find module or crate `termwiz` in this scope
[INFO] [stdout]  --> examples/widgets_basic.rs:6:5
[INFO] [stdout]   |
[INFO] [stdout] 6 | use termwiz::caps::Capabilities;
[INFO] [stdout]   |     ^^^^^^^ use of unresolved module or unlinked crate `termwiz`
[INFO] [stdout]   |
[INFO] [stdout]   = help: if you wanted to use a crate named `termwiz`, use `cargo add termwiz` to add it to your `Cargo.toml`
[INFO] [stdout] 
[INFO] [stdout] 
[INFO] [stdout] error[E0433]: cannot find module or crate `termwiz` in this scope
[INFO] [stdout]  --> examples/widgets_basic.rs:7:5
[INFO] [stdout]   |
[INFO] [stdout] 7 | use termwiz::cell::AttributeChange;
[INFO] [stdout]   |     ^^^^^^^ use of unresolved module or unlinked crate `termwiz`
[INFO] [stdout]   |
[INFO] [stdout]   = help: if you wanted to use a crate named `termwiz`, use `cargo add termwiz` to add it to your `Cargo.toml`
[INFO] [stdout] 
[INFO] [stdout] 
[INFO] [stdout] error[E0433]: cannot find module or crate `termwiz` in this scope
[INFO] [stdout]  --> examples/widgets_basic.rs:8:5
[INFO] [stdout]   |
[INFO] [stdout] 8 | use termwiz::color::{AnsiColor, ColorAttribute};
[INFO] [stdout]   |     ^^^^^^^ use of unresolved module or unlinked crate `termwiz`
[INFO] [stdout]   |
[INFO] [stdout]   = help: if you wanted to use a crate named `termwiz`, use `cargo add termwiz` to add it to your `Cargo.toml`
[INFO] [stdout] 
[INFO] [stdout] 
[INFO] [stdout] error[E0433]: cannot find module or crate `termwiz` in this scope
[INFO] [stdout]   --> examples/widgets_basic.rs:10:5
[INFO] [stdout]    |
[INFO] [stdout] 10 | use termwiz::surface::Change;
[INFO] [stdout]    |     ^^^^^^^ use of unresolved module or unlinked crate `termwiz`
[INFO] [stdout]    |
[INFO] [stdout]    = help: if you wanted to use a crate named `termwiz`, use `cargo add termwiz` to add it to your `Cargo.toml`
[INFO] [stdout] 
[INFO] [stdout] 
[INFO] [stdout] error[E0433]: cannot find module or crate `termwiz` in this scope
[INFO] [stdout]   --> examples/widgets_basic.rs:11:5
[INFO] [stdout]    |
[INFO] [stdout] 11 | use termwiz::terminal::buffered::BufferedTerminal;
[INFO] [stdout]    |     ^^^^^^^ use of unresolved module or unlinked crate `termwiz`
[INFO] [stdout]    |
[INFO] [stdout]    = help: if you wanted to use a crate named `termwiz`, use `cargo add termwiz` to add it to your `Cargo.toml`
[INFO] [stdout] 
[INFO] [stdout] 
[INFO] [stdout] error[E0433]: cannot find module or crate `termwiz` in this scope
[INFO] [stdout]   --> examples/widgets_basic.rs:12:5
[INFO] [stdout]    |
[INFO] [stdout] 12 | use termwiz::terminal::{new_terminal, Terminal};
[INFO] [stdout]    |     ^^^^^^^ use of unresolved module or unlinked crate `termwiz`
[INFO] [stdout]    |
[INFO] [stdout]    = help: if you wanted to use a crate named `termwiz`, use `cargo add termwiz` to add it to your `Cargo.toml`
[INFO] [stdout] 
[INFO] [stdout] 
[INFO] [stdout] error[E0433]: cannot find module or crate `termwiz` in this scope
[INFO] [stdout]  --> examples/strip-ansi-escapes.rs:6:5
[INFO] [stdout]   |
[INFO] [stdout] 6 | use termwiz::escape::{Action, ControlCode};
[INFO] [stdout]   |     ^^^^^^^ use of unresolved module or unlinked crate `termwiz`
[INFO] [stdout]   |
[INFO] [stdout]   = help: if you wanted to use a crate named `termwiz`, use `cargo add termwiz` to add it to your `Cargo.toml`
[INFO] [stdout] 
[INFO] [stdout] 
[INFO] [stdout] For more information about this error, try `rustc --explain E0433`.
[INFO] [stdout] 
[INFO] [stderr] error: could not compile `zeughaus-termwiz` (example "strip-ansi-escapes") due to 2 previous errors
[INFO] [stderr] warning: build failed, waiting for other jobs to finish...
[INFO] [stdout] error[E0433]: cannot find module or crate `termwiz` in this scope
[INFO] [stdout]  --> examples/hello.rs:1:5
[INFO] [stdout]   |
[INFO] [stdout] 1 | use termwiz::caps::Capabilities;
[INFO] [stdout]   |     ^^^^^^^ use of unresolved module or unlinked crate `termwiz`
[INFO] [stdout]   |
[INFO] [stdout]   = help: if you wanted to use a crate named `termwiz`, use `cargo add termwiz` to add it to your `Cargo.toml`
[INFO] [stdout] 
[INFO] [stdout] 
[INFO] [stdout] error[E0433]: cannot find module or crate `termwiz` in this scope
[INFO] [stdout]  --> examples/hello.rs:2:5
[INFO] [stdout]   |
[INFO] [stdout] 2 | use termwiz::cell::AttributeChange;
[INFO] [stdout]   |     ^^^^^^^ use of unresolved module or unlinked crate `termwiz`
[INFO] [stdout]   |
[INFO] [stdout]   = help: if you wanted to use a crate named `termwiz`, use `cargo add termwiz` to add it to your `Cargo.toml`
[INFO] [stdout] 
[INFO] [stdout] 
[INFO] [stdout] error[E0433]: cannot find module or crate `termwiz` in this scope
[INFO] [stdout]  --> examples/hello.rs:3:5
[INFO] [stdout]   |
[INFO] [stdout] 3 | use termwiz::color::AnsiColor;
[INFO] [stdout]   |     ^^^^^^^ use of unresolved module or unlinked crate `termwiz`
[INFO] [stdout]   |
[INFO] [stdout]   = help: if you wanted to use a crate named `termwiz`, use `cargo add termwiz` to add it to your `Cargo.toml`
[INFO] [stdout] 
[INFO] [stdout] 
[INFO] [stdout] error[E0433]: cannot find module or crate `termwiz` in this scope
[INFO] [stdout]  --> examples/hello.rs:4:5
[INFO] [stdout]   |
[INFO] [stdout] 4 | use termwiz::input::{InputEvent, KeyCode, KeyEvent};
[INFO] [stdout]   |     ^^^^^^^ use of unresolved module or unlinked crate `termwiz`
[INFO] [stdout]   |
[INFO] [stdout]   = help: if you wanted to use a crate named `termwiz`, use `cargo add termwiz` to add it to your `Cargo.toml`
[INFO] [stdout] 
[INFO] [stdout] 
[INFO] [stdout] error[E0433]: cannot find module or crate `termwiz` in this scope
[INFO] [stdout]  --> examples/hello.rs:5:5
[INFO] [stdout]   |
[INFO] [stdout] 5 | use termwiz::surface::{Change, Position, Surface};
[INFO] [stdout]   |     ^^^^^^^ use of unresolved module or unlinked crate `termwiz`
[INFO] [stdout]   |
[INFO] [stdout]   = help: if you wanted to use a crate named `termwiz`, use `cargo add termwiz` to add it to your `Cargo.toml`
[INFO] [stdout] 
[INFO] [stdout] 
[INFO] [stdout] error[E0433]: cannot find module or crate `termwiz` in this scope
[INFO] [stdout]  --> examples/hello.rs:6:5
[INFO] [stdout]   |
[INFO] [stdout] 6 | use termwiz::terminal::buffered::BufferedTerminal;
[INFO] [stdout]   |     ^^^^^^^ use of unresolved module or unlinked crate `termwiz`
[INFO] [stdout]   |
[INFO] [stdout]   = help: if you wanted to use a crate named `termwiz`, use `cargo add termwiz` to add it to your `Cargo.toml`
[INFO] [stdout] 
[INFO] [stdout] 
[INFO] [stdout] error[E0433]: cannot find module or crate `termwiz` in this scope
[INFO] [stdout]  --> examples/hello.rs:7:5
[INFO] [stdout]   |
[INFO] [stdout] 7 | use termwiz::terminal::{new_terminal, Terminal};
[INFO] [stdout]   |     ^^^^^^^ use of unresolved module or unlinked crate `termwiz`
[INFO] [stdout]   |
[INFO] [stdout]   = help: if you wanted to use a crate named `termwiz`, use `cargo add termwiz` to add it to your `Cargo.toml`
[INFO] [stdout] 
[INFO] [stdout] 
[INFO] [stdout] error[E0432]: unresolved import `termwiz`
[INFO] [stdout]  --> examples/key_tester.rs:4:5
[INFO] [stdout]   |
[INFO] [stdout] 4 | use termwiz::Error;
[INFO] [stdout]   |     ^^^^^^^ use of unresolved module or unlinked crate `termwiz`
[INFO] [stdout]   |
[INFO] [stdout]   = help: if you wanted to use a crate named `termwiz`, use `cargo add termwiz` to add it to your `Cargo.toml`
[INFO] [stdout] 
[INFO] [stdout] 
[INFO] [stdout] Some errors have detailed explanations: E0432, E0433.
[INFO] [stdout] 
[INFO] [stdout] For more information about an error, try `rustc --explain E0432`.
[INFO] [stdout] 
[INFO] [stderr] error: could not compile `zeughaus-termwiz` (example "key_tester") due to 4 previous errors
[INFO] [stdout] error[E0432]: unresolved import `termwiz`
[INFO] [stdout]   --> examples/terminal_direct.rs:13:5
[INFO] [stdout]    |
[INFO] [stdout] 13 | use termwiz::Error;
[INFO] [stdout]    |     ^^^^^^^ use of unresolved module or unlinked crate `termwiz`
[INFO] [stdout]    |
[INFO] [stdout]    = help: if you wanted to use a crate named `termwiz`, use `cargo add termwiz` to add it to your `Cargo.toml`
[INFO] [stdout] 
[INFO] [stdout] 
[INFO] [stdout] Some errors have detailed explanations: E0432, E0433.
[INFO] [stdout] 
[INFO] [stdout] For more information about an error, try `rustc --explain E0432`.
[INFO] [stdout] 
[INFO] [stdout] error[E0432]: unresolved import `termwiz`
[INFO] [stdout]   --> examples/buffered_terminal.rs:11:5
[INFO] [stdout]    |
[INFO] [stdout] 11 | use termwiz::Error;
[INFO] [stdout]    |     ^^^^^^^ use of unresolved module or unlinked crate `termwiz`
[INFO] [stdout]    |
[INFO] [stdout]    = help: if you wanted to use a crate named `termwiz`, use `cargo add termwiz` to add it to your `Cargo.toml`
[INFO] [stdout] 
[INFO] [stdout] 
[INFO] [stderr] error: could not compile `zeughaus-termwiz` (example "terminal_direct") due to 6 previous errors
[INFO] [stdout] Some errors have detailed explanations: E0432, E0433.
[INFO] [stdout] 
[INFO] [stdout] For more information about an error, try `rustc --explain E0432`.
[INFO] [stdout] 
[INFO] [stderr] error: could not compile `zeughaus-termwiz` (example "buffered_terminal") due to 7 previous errors
[INFO] [stdout] error[E0432]: unresolved import `termwiz`
[INFO] [stdout]   --> examples/widgets_basic.rs:15:5
[INFO] [stdout]    |
[INFO] [stdout] 15 | use termwiz::Error;
[INFO] [stdout]    |     ^^^^^^^ use of unresolved module or unlinked crate `termwiz`
[INFO] [stdout]    |
[INFO] [stdout]    = help: if you wanted to use a crate named `termwiz`, use `cargo add termwiz` to add it to your `Cargo.toml`
[INFO] [stdout] 
[INFO] [stdout] 
[INFO] [stdout] error[E0433]: cannot find module or crate `termwiz` in this scope
[INFO] [stdout]  --> examples/gennerdfonts.rs:6:24
[INFO] [stdout]   |
[INFO] [stdout] 6 |     for &(label, c) in termwiz::nerdfonts::NERD_FONT_GLYPHS {
[INFO] [stdout]   |                        ^^^^^^^ use of unresolved module or unlinked crate `termwiz`
[INFO] [stdout]   |
[INFO] [stdout]   = help: if you wanted to use a crate named `termwiz`, use `cargo add termwiz` to add it to your `Cargo.toml`
[INFO] [stdout] 
[INFO] [stdout] 
[INFO] [stdout] Some errors have detailed explanations: E0432, E0433.
[INFO] [stdout] 
[INFO] [stdout] For more information about an error, try `rustc --explain E0432`.
[INFO] [stdout] 
[INFO] [stdout] error[E0432]: unresolved import `termwiz`
[INFO] [stdout]  --> examples/hello.rs:8:5
[INFO] [stdout]   |
[INFO] [stdout] 8 | use termwiz::Error;
[INFO] [stdout]   |     ^^^^^^^ use of unresolved module or unlinked crate `termwiz`
[INFO] [stdout]   |
[INFO] [stdout]   = help: if you wanted to use a crate named `termwiz`, use `cargo add termwiz` to add it to your `Cargo.toml`
[INFO] [stdout] 
[INFO] [stdout] 
[INFO] [stderr] error: could not compile `zeughaus-termwiz` (example "widgets_basic") due to 8 previous errors
[INFO] [stdout] For more information about this error, try `rustc --explain E0433`.
[INFO] [stdout] 
[INFO] [stderr] error: could not compile `zeughaus-termwiz` (example "gennerdfonts") due to 1 previous error
[INFO] [stdout] error[E0433]: cannot find module or crate `termwiz` in this scope
[INFO] [stdout]    --> examples/widgets_nested.rs:205:21
[INFO] [stdout]     |
[INFO] [stdout] 205 |     pub fn run() -> termwiz::Result<()> {
[INFO] [stdout]     |                     ^^^^^^^ use of unresolved module or unlinked crate `termwiz`
[INFO] [stdout]     |
[INFO] [stdout]     = help: if you wanted to use a crate named `termwiz`, use `cargo add termwiz` to add it to your `Cargo.toml`
[INFO] [stdout] 
[INFO] [stdout] 
[INFO] [stdout] error[E0433]: cannot find module or crate `termwiz` in this scope
[INFO] [stdout]    --> examples/widgets_nested.rs:211:14
[INFO] [stdout]     |
[INFO] [stdout] 211 | fn main() -> termwiz::Result<()> {
[INFO] [stdout]     |              ^^^^^^^ use of unresolved module or unlinked crate `termwiz`
[INFO] [stdout]     |
[INFO] [stdout]     = help: if you wanted to use a crate named `termwiz`, use `cargo add termwiz` to add it to your `Cargo.toml`
[INFO] [stdout] 
[INFO] [stdout] 
[INFO] [stdout] For more information about this error, try `rustc --explain E0433`.
[INFO] [stdout] 
[INFO] [stdout] Some errors have detailed explanations: E0432, E0433.
[INFO] [stdout] 
[INFO] [stdout] For more information about an error, try `rustc --explain E0432`.
[INFO] [stdout] 
[INFO] [stderr] error: could not compile `zeughaus-termwiz` (example "widgets_nested") due to 2 previous errors
[INFO] [stderr] error: could not compile `zeughaus-termwiz` (example "hello") due to 8 previous errors
[INFO] [stdout] error[E0425]: cannot find type `BasicHistory` in this scope
[INFO] [stdout]  --> examples/line_editor.rs:8:14
[INFO] [stdout]   |
[INFO] [stdout] 8 |     history: BasicHistory,
[INFO] [stdout]   |              ^^^^^^^^^^^^ not found in this scope
[INFO] [stdout] 
[INFO] [stdout] 
[INFO] [stdout] error[E0405]: cannot find trait `LineEditorHost` in this scope
[INFO] [stdout]   --> examples/line_editor.rs:11:6
[INFO] [stdout]    |
[INFO] [stdout] 11 | impl LineEditorHost for Host {
[INFO] [stdout]    |      ^^^^^^^^^^^^^^ not found in this scope
[INFO] [stdout] 
[INFO] [stdout] 
[INFO] [stdout] error[E0425]: cannot find type `OutputElement` in this scope
[INFO] [stdout]   --> examples/line_editor.rs:15:50
[INFO] [stdout]    |
[INFO] [stdout] 15 |     fn render_prompt(&self, prompt: &str) -> Vec<OutputElement> {
[INFO] [stdout]    |                                                  ^^^^^^^^^^^^^ not found in this scope
[INFO] [stdout]    |
[INFO] [stdout] help: you might be missing a type parameter
[INFO] [stdout]    |
[INFO] [stdout] 11 | impl<OutputElement> LineEditorHost for Host {
[INFO] [stdout]    |     +++++++++++++++
[INFO] [stdout] 
[INFO] [stdout] 
[INFO] [stdout] error[E0405]: cannot find trait `History` in this scope
[INFO] [stdout]   --> examples/line_editor.rs:27:39
[INFO] [stdout]    |
[INFO] [stdout] 27 |     fn history(&mut self) -> &mut dyn History {
[INFO] [stdout]    |                                       ^^^^^^^ not found in this scope
[INFO] [stdout] 
[INFO] [stdout] 
[INFO] [stdout] error[E0425]: cannot find type `CompletionCandidate` in this scope
[INFO] [stdout]   --> examples/line_editor.rs:32:67
[INFO] [stdout]    |
[INFO] [stdout] 32 |     fn complete(&self, line: &str, cursor_position: usize) -> Vec<CompletionCandidate> {
[INFO] [stdout]    |                                                                   ^^^^^^^^^^^^^^^^^^^ not found in this scope
[INFO] [stdout]    |
[INFO] [stdout] help: you might be missing a type parameter
[INFO] [stdout]    |
[INFO] [stdout] 11 | impl<CompletionCandidate> LineEditorHost for Host {
[INFO] [stdout]    |     +++++++++++++++++++++
[INFO] [stdout] 
[INFO] [stdout] 
[INFO] [stdout] error[E0422]: cannot find struct, variant or union type `CompletionCandidate` in this scope
[INFO] [stdout]   --> examples/line_editor.rs:39:37
[INFO] [stdout]    |
[INFO] [stdout] 39 |                     candidates.push(CompletionCandidate {
[INFO] [stdout]    |                                     ^^^^^^^^^^^^^^^^^^^ not found in this scope
[INFO] [stdout] 
[INFO] [stdout] 
[INFO] [stdout] warning: unused import: `std::str::FromStr`
[INFO] [stdout]  --> examples/line_editor.rs:1:5
[INFO] [stdout]   |
[INFO] [stdout] 1 | use std::str::FromStr;
[INFO] [stdout]   |     ^^^^^^^^^^^^^^^^^
[INFO] [stdout]   |
[INFO] [stdout]   = note: `#[warn(unused_imports)]` (part of `#[warn(unused)]`) on by default
[INFO] [stdout] 
[INFO] [stdout] 
[INFO] [stdout] error[E0433]: cannot find type `OutputElement` in this scope
[INFO] [stdout]   --> examples/line_editor.rs:17:13
[INFO] [stdout]    |
[INFO] [stdout] 17 |             OutputElement::Attribute(AttributeChange::Background(
[INFO] [stdout]    |             ^^^^^^^^^^^^^ use of undeclared type `OutputElement`
[INFO] [stdout] 
[INFO] [stdout] 
[INFO] [stdout] error[E0433]: cannot find type `OutputElement` in this scope
[INFO] [stdout]   --> examples/line_editor.rs:23:13
[INFO] [stdout]    |
[INFO] [stdout] 23 |             OutputElement::Text(prompt.to_owned()),
[INFO] [stdout]    |             ^^^^^^^^^^^^^ use of undeclared type `OutputElement`
[INFO] [stdout] 
[INFO] [stdout] 
[INFO] [stdout] error[E0433]: cannot find module or crate `termwiz` in this scope
[INFO] [stdout]   --> examples/line_editor.rs:94:14
[INFO] [stdout]    |
[INFO] [stdout] 94 | fn main() -> termwiz::Result<()> {
[INFO] [stdout]    |              ^^^^^^^ use of unresolved module or unlinked crate `termwiz`
[INFO] [stdout]    |
[INFO] [stdout]    = help: if you wanted to use a crate named `termwiz`, use `cargo add termwiz` to add it to your `Cargo.toml`
[INFO] [stdout] 
[INFO] [stdout] 
[INFO] [stdout] error[E0433]: cannot find type `LineEditor` in this scope
[INFO] [stdout]   --> examples/line_editor.rs:97:22
[INFO] [stdout]    |
[INFO] [stdout] 97 |     let mut editor = LineEditor::new(&mut terminal);
[INFO] [stdout]    |                      ^^^^^^^^^^ use of undeclared type `LineEditor`
[INFO] [stdout] 
[INFO] [stdout] 
[INFO] [stdout] error[E0425]: cannot find function `line_editor_terminal` in this scope
[INFO] [stdout]   --> examples/line_editor.rs:96:24
[INFO] [stdout]    |
[INFO] [stdout] 96 |     let mut terminal = line_editor_terminal()?;
[INFO] [stdout]    |                        ^^^^^^^^^^^^^^^^^^^^ not found in this scope
[INFO] [stdout] 
[INFO] [stdout] 
[INFO] [stdout] Some errors have detailed explanations: E0405, E0422, E0425, E0432, E0433.
[INFO] [stdout] 
[INFO] [stdout] For more information about an error, try `rustc --explain E0405`.
[INFO] [stdout] 
[INFO] [stderr] error: could not compile `zeughaus-termwiz` (example "line_editor") due to 15 previous errors; 1 warning emitted
[INFO] running `Command { std: "docker" "inspect" "547c5e453ba2ad08998587558f9469e6e1c44dd8aaeb9a1f24e0e1df7fee84b4", kill_on_drop: false }`
[INFO] running `Command { std: "docker" "rm" "-f" "547c5e453ba2ad08998587558f9469e6e1c44dd8aaeb9a1f24e0e1df7fee84b4", kill_on_drop: false }`
[INFO] [stdout] 547c5e453ba2ad08998587558f9469e6e1c44dd8aaeb9a1f24e0e1df7fee84b4
